[INFO] fetching crate roughenough-keys 2.2.0...
[INFO] testing roughenough-keys-2.2.0 against 1.99.0-beta.8+cargoflags=--release for beta-release-1.100-2
[INFO] extracting crate roughenough-keys 2.2.0 into /workspace/builds/worker-6-tc1/source
[INFO] started tweaking crates.io crate roughenough-keys 2.2.0
[INFO] finished tweaking crates.io crate roughenough-keys 2.2.0
[INFO] tweaked toml for crates.io crate roughenough-keys 2.2.0 written to /workspace/builds/worker-6-tc1/source/Cargo.toml
[INFO] validating manifest of crates.io crate roughenough-keys 2.2.0 on toolchain 1.99.0-beta.8
[INFO] running `Command { std: CARGO_HOME="/workspace/cargo-home" RUSTUP_HOME="/workspace/rustup-home" "/workspace/cargo-home/bin/cargo" "+1.99.0-beta.8" "metadata" "--manifest-path" "Cargo.toml" "--no-deps", kill_on_drop: false }`
[INFO] crate crates.io crate roughenough-keys 2.2.0 already has a lockfile, it will not be regenerated
[INFO] running `Command { std: CARGO_HOME="/workspace/cargo-home" RUSTUP_HOME="/workspace/rustup-home" "/workspace/cargo-home/bin/cargo" "+1.99.0-beta.8" "fetch" "--manifest-path" "Cargo.toml", kill_on_drop: false }`
[INFO] [stderr]     Updating crates.io index
[INFO] [stderr]  Downloading crates ...
[INFO] [stderr]   Downloaded ssh-agent-client-rs v1.1.3
[INFO] [stderr]   Downloaded interprocess v2.4.3
[INFO] [stderr]   Downloaded roughenough-common v2.2.0
[INFO] [stderr]   Downloaded doctest-file v1.1.1
[INFO] [stderr]   Downloaded linux-keyutils v0.2.5
[INFO] [stderr]   Downloaded zerovec-derive v0.11.5
[INFO] [stderr]   Downloaded google-cloud-location v1.12.0
[INFO] [stderr]   Downloaded roughenough-protocol v2.2.0
[INFO] [stderr]   Downloaded google-cloud-secretmanager-v1 v1.14.0
[INFO] [stderr]   Downloaded icu_provider v2.3.0
[INFO] [stderr]   Downloaded google-cloud-wkt v1.9.0
[INFO] [stderr]   Downloaded zerovec v0.11.7
[INFO] [stderr]   Downloaded google-cloud-gax-internal v0.7.20
[INFO] [stderr]   Downloaded google-cloud-gax v1.15.0
[INFO] [stderr]   Downloaded google-cloud-auth v1.17.0
[INFO] [stderr]   Downloaded google-cloud-iam-v1 v1.13.0
[INFO] [stderr]   Downloaded google-cloud-lro v1.11.0
[INFO] [stderr]   Downloaded google-cloud-kms-v1 v1.15.0
[INFO] [stderr]   Downloaded google-cloud-longrunning v1.14.0
[INFO] [stderr]   Downloaded cryptoki v0.12.1
[INFO] [stderr]   Downloaded aws-types v1.6.0
[INFO] [stderr]   Downloaded aws-sdk-secretsmanager v1.120.0
[INFO] [stderr]   Downloaded aws-smithy-types v1.8.1
[INFO] [stderr]   Downloaded aws-smithy-schema v0.2.1
[INFO] [stderr]   Downloaded aws-smithy-runtime-api v1.19.0
[INFO] [stderr]   Downloaded aws-smithy-runtime v1.16.0
[INFO] [stderr]   Downloaded aws-smithy-json v0.63.1
[INFO] [stderr]   Downloaded uuid v1.24.1
[INFO] [stderr]   Downloaded aws-smithy-http v0.64.1
[INFO] [stderr]   Downloaded aws-runtime v1.10.0
[INFO] [stderr]   Downloaded aws-smithy-query v0.62.1
[INFO] [stderr]   Downloaded aws-sigv4 v1.6.0
[INFO] [stderr]   Downloaded aws-sdk-sts v1.118.0
[INFO] [stderr]   Downloaded aws-config v1.12.0
[INFO] [stderr]   Downloaded aws-smithy-xml v0.62.1
[INFO] [stderr]   Downloaded aws-smithy-http-client v1.5.0
[INFO] [stderr]   Downloaded aws-sdk-kms v1.123.0
[INFO] running `Command { std: "docker" "create" "-v" "/var/lib/crater-agent-workspace/builds/worker-6-tc1/source:/opt/rustwide/workdir:ro,Z" "-v" "/var/lib/crater-agent-workspace/builds/worker-6-tc1/target:/opt/rustwide/target:rw,Z" "-v" "/var/lib/crater-agent-workspace/cargo-home:/opt/rustwide/cargo-home:ro,Z" "-v" "/var/lib/crater-agent-workspace/rustup-home:/opt/rustwide/rustup-home:ro,Z" "-m" "1610612736" "--network" "none" "ghcr.io/rust-lang/crates-build-env/linux@sha256:77db811e55d90add9212f6832c23229e3de5f1c1f9905e8cb07319ea15df73ac" "sleep" "infinity", kill_on_drop: false }`
[INFO] [stdout] 69d36ee492ae9517f7d58f5a8c5ffd00f4fde55bc6930b887a6536f37fc8332f
[INFO] running `Command { std: "docker" "start" "69d36ee492ae9517f7d58f5a8c5ffd00f4fde55bc6930b887a6536f37fc8332f", kill_on_drop: false }`
[INFO] running `Command { std: "docker" "inspect" "69d36ee492ae9517f7d58f5a8c5ffd00f4fde55bc6930b887a6536f37fc8332f", kill_on_drop: false }`
[INFO] running `Command { std: "docker" "exec" "-e" "SOURCE_DIR=/opt/rustwide/workdir" "-e" "CARGO_HOME=/opt/rustwide/cargo-home" "-e" "RUSTUP_HOME=/opt/rustwide/rustup-home" "-e" "CARGO_TARGET_DIR=/opt/rustwide/target" "-w" "/opt/rustwide/workdir" "--user" "0:0" "69d36ee492ae9517f7d58f5a8c5ffd00f4fde55bc6930b887a6536f37fc8332f" "/opt/rustwide/cargo-home/bin/cargo" "+1.99.0-beta.8" "metadata" "--no-deps" "--format-version=1", kill_on_drop: false }`
[INFO] running `Command { std: "docker" "inspect" "69d36ee492ae9517f7d58f5a8c5ffd00f4fde55bc6930b887a6536f37fc8332f", kill_on_drop: false }`
[INFO] running `Command { std: "docker" "exec" "-e" "SOURCE_DIR=/opt/rustwide/workdir" "-e" "CARGO_HOME=/opt/rustwide/cargo-home" "-e" "RUSTUP_HOME=/opt/rustwide/rustup-home" "-e" "CARGO_TARGET_DIR=/opt/rustwide/target" "-e" "CARGO_INCREMENTAL=0" "-e" "RUST_BACKTRACE=full" "-e" "RUSTFLAGS=--cap-lints=warn" "-e" "RUSTDOCFLAGS=--cap-lints=warn" "-w" "/opt/rustwide/workdir" "--user" "0:0" "69d36ee492ae9517f7d58f5a8c5ffd00f4fde55bc6930b887a6536f37fc8332f" "/opt/rustwide/cargo-home/bin/cargo" "+1.99.0-beta.8" "build" "--frozen" "--message-format=json" "--release", kill_on_drop: false }`
[INFO] [stderr]    Compiling syn v3.0.3
[INFO] [stderr]    Compiling syn v2.0.119
[INFO] [stderr]    Compiling cc v1.4.3
[INFO] [stderr]    Compiling aws-lc-rs v1.18.1
[INFO] [stderr]    Compiling pastey v0.2.3
[INFO] [stderr]    Compiling clap_builder v4.6.7
[INFO] [stderr]    Compiling tracing-subscriber v0.3.23
[INFO] [stderr]    Compiling linux-keyutils v0.2.5
[INFO] [stderr]    Compiling cmake v0.1.58
[INFO] [stderr]    Compiling aws-lc-sys v0.45.0
[INFO] [stderr]    Compiling thiserror-impl v2.0.21
[INFO] [stderr]    Compiling clap_derive v4.6.7
[INFO] [stderr]    Compiling serde_derive v1.0.229
[INFO] [stderr]    Compiling thiserror v2.0.21
[INFO] [stderr]    Compiling roughenough-protocol v2.2.0
[INFO] [stderr]    Compiling zeroize_derive v1.5.0
[INFO] [stderr]    Compiling clap v4.6.7
[INFO] [stderr]    Compiling zeroize v1.9.0
[INFO] [stderr]    Compiling serde v1.0.229
[INFO] [stderr]    Compiling roughenough-common v2.2.0
[INFO] [stderr]    Compiling roughenough-keys v2.2.0 (/opt/rustwide/workdir)
[INFO] [stderr]     Finished `release` profile [optimized] target(s) in 1m 16s
[INFO] running `Command { std: "docker" "inspect" "69d36ee492ae9517f7d58f5a8c5ffd00f4fde55bc6930b887a6536f37fc8332f", kill_on_drop: false }`
[INFO] running `Command { std: "docker" "exec" "-e" "SOURCE_DIR=/opt/rustwide/workdir" "-e" "CARGO_HOME=/opt/rustwide/cargo-home" "-e" "RUSTUP_HOME=/opt/rustwide/rustup-home" "-e" "CARGO_TARGET_DIR=/opt/rustwide/target" "-e" "CARGO_INCREMENTAL=0" "-e" "RUST_BACKTRACE=full" "-e" "RUSTFLAGS=--cap-lints=warn" "-e" "RUSTDOCFLAGS=--cap-lints=warn" "-w" "/opt/rustwide/workdir" "--user" "0:0" "69d36ee492ae9517f7d58f5a8c5ffd00f4fde55bc6930b887a6536f37fc8332f" "/opt/rustwide/cargo-home/bin/cargo" "+1.99.0-beta.8" "test" "--frozen" "--no-run" "--message-format=json" "--release", kill_on_drop: false }`
[INFO] [stderr]    Compiling roughenough-keys v2.2.0 (/opt/rustwide/workdir)
[INFO] [stderr]     Finished `release` profile [optimized] target(s) in 5.02s
[INFO] running `Command { std: "docker" "inspect" "69d36ee492ae9517f7d58f5a8c5ffd00f4fde55bc6930b887a6536f37fc8332f", kill_on_drop: false }`
[INFO] running `Command { std: "docker" "exec" "-e" "SOURCE_DIR=/opt/rustwide/workdir" "-e" "CARGO_HOME=/opt/rustwide/cargo-home" "-e" "RUSTUP_HOME=/opt/rustwide/rustup-home" "-e" "CARGO_TARGET_DIR=/opt/rustwide/target" "-e" "CARGO_INCREMENTAL=0" "-e" "RUST_BACKTRACE=full" "-e" "RUSTFLAGS=--cap-lints=warn" "-e" "RUSTDOCFLAGS=--cap-lints=warn" "-w" "/opt/rustwide/workdir" "--user" "0:0" "69d36ee492ae9517f7d58f5a8c5ffd00f4fde55bc6930b887a6536f37fc8332f" "/opt/rustwide/cargo-home/bin/cargo" "+1.99.0-beta.8" "test" "--frozen" "--release", kill_on_drop: false }`
[INFO] [stderr]     Finished `release` profile [optimized] target(s) in 0.22s
[INFO] [stderr]      Running unittests src/lib.rs (/opt/rustwide/target/release/deps/roughenough_keys-987db8faca8126df)
[INFO] [stdout] 
[INFO] [stdout] running 43 tests
[INFO] [stdout] test longterm::envelope::tests::open_seed_too_short_input_fails ... ok
[INFO] [stdout] test online::linuxkrs::krs_backend::tests::confirm_drop_clears_the_seed_key ... FAILED
[INFO] [stdout] test online::onlinekey::tests::rfc8032_test_vector_1 ... ok
[INFO] [stdout] test online::onlinekey::tests::rfc8032_test_vector_3 ... ok
[INFO] [stdout] test online::linuxkrs::krs_backend::tests::init_keyring_succeeds ... ok
[INFO] [stdout] test seed::tests::unimplemented_and_unknown_backends_return_err_not_panic ... ok
[INFO] [stdout] test storage::tests::encoded_envelope_round_trips_through_load_dispatch ... ok
[INFO] [stdout] test storage::tests::aws_kms_without_feature_is_not_implemented ... ok
[INFO] [stdout] test seed::tests::pkcs11_without_feature_is_backend_not_available ... ok
[INFO] [stdout] test storage::tests::from_prefix_routes_every_scheme ... ok
[INFO] [stdout] test storage::tests::gcp_kms_without_feature_is_not_implemented ... ok
[INFO] [stdout] test storage::tests::aws_secret_manager_without_feature_is_not_implemented ... ok
[INFO] [stdout] test online::linuxkrs::krs_backend::tests::read_what_we_stored_roundtrip ... FAILED
[INFO] [stdout] test storage::tests::encoded_kms_envelope_preserves_ciphertexts ... ok
[INFO] [stdout] test storage::tests::plain_seed_loads_from_hex ... ok
[INFO] [stdout] test storage::tests::gcp_secret_manager_without_feature_is_not_implemented ... ok
[INFO] [stdout] test seed::tests::memory_backend_is_always_available ... ok
[INFO] [stdout] test storage::tests::plain_seed_with_wrong_length_is_an_error ... ok
[INFO] [stdout] test storage::tests::prefix_round_trips_through_from_prefix ... ok
[INFO] [stdout] test storage::tests::storage_error_display_formats ... ok
[INFO] [stdout] test storage::tests::storing_a_plain_seed_is_an_error_not_a_panic ... ok
[INFO] [stdout] test tests::invalid_seed_length_should_panic - should panic ... ok
[INFO] [stdout] test storage::tests::storing_with_unknown_scheme_is_an_error ... ok
[INFO] [stdout] test longterm::envelope::tests::seal_open_seed_wrong_aad_fails ... ok
[INFO] [stdout] test tests::lifecycle_tests::tests::detect_expired_online_key ... ok
[INFO] [stdout] test online::linuxkrs::krs_backend::tests::concurrent_access_from_multiple_threads ... FAILED
[INFO] [stdout] test tests::lifecycle_tests::tests::multiple_key_rotations_over_time ... ok
[INFO] [stdout] test tests::cert_is_created_correctly ... ok
[INFO] [stdout] test tests::lifecycle_tests::tests::key_properties_remain_consistent ... ok
[INFO] [stdout] test online::onlinekey::tests::public_key_methods_are_consistent ... ok
[INFO] [stdout] test longterm::envelope::tests::open_seed_rejects_non_seed_length_plaintext ... ok
[INFO] [stdout] test online::linuxkrs::krs_backend::tests::sign_verify_roundtrip ... FAILED
[INFO] [stdout] test longterm::envelope::tests::seal_open_seed_corrupted_data_fails ... ok
[INFO] [stdout] test longterm::envelope::tests::seal_open_seed_roundtrip ... ok
[INFO] [stdout] test online::linuxkrs::krs_backend::tests::init_on_thread_1_then_ops_from_thread_2 ... FAILED
[INFO] [stdout] test online::memory::tests::sign_verify_roundtrip ... ok
[INFO] [stdout] test online::onlinekey::tests::from_random_produces_different_keys ... ok
[INFO] [stdout] test tests::lifecycle_tests::tests::ensure_key_validity_overlap ... ok
[INFO] [stdout] test tests::lifecycle_tests::tests::handle_request_at_validity_boundary ... ok
[INFO] [stdout] test tests::lifecycle_tests::tests::online_key_has_correct_validity_period ... ok
[INFO] [stdout] test tests::signer_verifier_roundtrip ... ok
[INFO] [stdout] test tests::version_one_signatures_use_rfc_context_strings ... ok
[INFO] [stdout] test tests::online_key_generates_valid_srep_values ... ok
[INFO] [stdout] 
[INFO] [stdout] failures:
[INFO] [stdout] 
[INFO] [stdout] ---- online::linuxkrs::krs_backend::tests::confirm_drop_clears_the_seed_key stdout ----
[INFO] [stdout] 
[INFO] [stdout] thread 'online::linuxkrs::krs_backend::tests::confirm_drop_clears_the_seed_key' (1963) panicked at src/online/linuxkrs.rs:348:51:
[INFO] [stdout] called `Result::unwrap()` on an `Err` value: WorkerDisconnect
[INFO] [stdout] stack backtrace:
[INFO] [stdout]    0:     0x6525c9028ac1 - <<std[70759c8f55707aa4]::sys::backtrace::BacktraceLock>::print::DisplayBacktrace as core[df12db4294e9bfd3]::fmt::Display>::fmt
[INFO] [stdout]    1:     0x6525c903e22a - core[df12db4294e9bfd3]::fmt::write
[INFO] [stdout]    2:     0x6525c902cf5c - <alloc[2182bb758b4b3781]::vec::Vec<u8> as core[df12db4294e9bfd3]::io::write::Write>::write_fmt
[INFO] [stdout]    3:     0x6525c9004ef6 - std[70759c8f55707aa4]::panicking::default_hook::{closure#0}
[INFO] [stdout]    4:     0x6525c90210a9 - std[70759c8f55707aa4]::panicking::default_hook
[INFO] [stdout]    5:     0x6525c8da9dd0 - test[9d35eded1c95d3be]::test_main_inner::<test[9d35eded1c95d3be]::test_main_static::{closure#0}>::{closure#0}
[INFO] [stdout]    6:     0x6525c9021262 - std[70759c8f55707aa4]::panicking::panic_with_hook
[INFO] [stdout]    7:     0x6525c9004fa2 - std[70759c8f55707aa4]::panicking::panic_handler::{closure#0}
[INFO] [stdout]    8:     0x6525c8ffdd29 - std[70759c8f55707aa4]::sys::backtrace::__rust_end_short_backtrace::<std[70759c8f55707aa4]::panicking::panic_handler::{closure#0}, !>
[INFO] [stdout]    9:     0x6525c9005b9d - __rustc[8fa7c3cbc660c2b3]::rust_begin_unwind
[INFO] [stdout]   10:     0x6525c903e98c - core[df12db4294e9bfd3]::panicking::panic_fmt
[INFO] [stdout]   11:     0x6525c903e762 - core[df12db4294e9bfd3]::result::unwrap_failed
[INFO] [stdout]   12:     0x6525c8d7754a - roughenough_keys[51f29936c2668e75]::online::linuxkrs::krs_backend::tests::confirm_drop_clears_the_seed_key
[INFO] [stdout]   13:     0x6525c8d8e8e9 - <roughenough_keys[51f29936c2668e75]::online::linuxkrs::krs_backend::tests::confirm_drop_clears_the_seed_key::{closure#0} as core[df12db4294e9bfd3]::ops::function::FnOnce<()>>::call_once
[INFO] [stdout]   14:     0x6525c8d9d0bb - test[9d35eded1c95d3be]::__rust_begin_short_backtrace::<core[df12db4294e9bfd3]::result::Result<(), alloc[2182bb758b4b3781]::string::String>, fn() -> core[df12db4294e9bfd3]::result::Result<(), alloc[2182bb758b4b3781]::string::String>>
[INFO] [stdout]   15:     0x6525c8daa725 - test[9d35eded1c95d3be]::run_test::{closure#0}
[INFO] [stdout]   16:     0x6525c8da3fe4 - std[70759c8f55707aa4]::sys::backtrace::__rust_begin_short_backtrace::<test[9d35eded1c95d3be]::run_test::{closure#1}, ()>
[INFO] [stdout]   17:     0x6525c8dad882 - <std[70759c8f55707aa4]::thread::lifecycle::spawn_unchecked<test[9d35eded1c95d3be]::run_test::{closure#1}, ()>::{closure#1} as core[df12db4294e9bfd3]::ops::function::FnOnce<()>>::call_once::{shim:vtable#0}
[INFO] [stdout]   18:     0x6525c9028369 - <std[70759c8f55707aa4]::sys::thread::unix::Thread>::new::thread_start
[INFO] [stdout]   19:     0x7035b3218dfa - <unknown>
[INFO] [stdout]   20:     0x7035b32ac3d4 - clone
[INFO] [stdout]   21:                0x0 - <unknown>
[INFO] [stdout] 
[INFO] [stdout] ---- online::linuxkrs::krs_backend::tests::read_what_we_stored_roundtrip stdout ----
[INFO] [stdout] 
[INFO] [stdout] thread 'online::linuxkrs::krs_backend::tests::read_what_we_stored_roundtrip' (1968) panicked at src/online/linuxkrs.rs:332:51:
[INFO] [stdout] called `Result::unwrap()` on an `Err` value: WorkerDisconnect
[INFO] [stdout] stack backtrace:
[INFO] [stdout]    0:     0x6525c9028ac1 - <<std[70759c8f55707aa4]::sys::backtrace::BacktraceLock>::print::DisplayBacktrace as core[df12db4294e9bfd3]::fmt::Display>::fmt
[INFO] [stdout]    1:     0x6525c903e22a - core[df12db4294e9bfd3]::fmt::write
[INFO] [stdout]    2:     0x6525c902cf5c - <alloc[2182bb758b4b3781]::vec::Vec<u8> as core[df12db4294e9bfd3]::io::write::Write>::write_fmt
[INFO] [stdout]    3:     0x6525c9004ef6 - std[70759c8f55707aa4]::panicking::default_hook::{closure#0}
[INFO] [stdout]    4:     0x6525c90210a9 - std[70759c8f55707aa4]::panicking::default_hook
[INFO] [stdout]    5:     0x6525c8da9dd0 - test[9d35eded1c95d3be]::test_main_inner::<test[9d35eded1c95d3be]::test_main_static::{closure#0}>::{closure#0}
[INFO] [stdout]    6:     0x6525c9021262 - std[70759c8f55707aa4]::panicking::panic_with_hook
[INFO] [stdout]    7:     0x6525c9004fa2 - std[70759c8f55707aa4]::panicking::panic_handler::{closure#0}
[INFO] [stdout]    8:     0x6525c8ffdd29 - std[70759c8f55707aa4]::sys::backtrace::__rust_end_short_backtrace::<std[70759c8f55707aa4]::panicking::panic_handler::{closure#0}, !>
[INFO] [stdout]    9:     0x6525c9005b9d - __rustc[8fa7c3cbc660c2b3]::rust_begin_unwind
[INFO] [stdout]   10:     0x6525c903e98c - core[df12db4294e9bfd3]::panicking::panic_fmt
[INFO] [stdout]   11:     0x6525c903e762 - core[df12db4294e9bfd3]::result::unwrap_failed
[INFO] [stdout]   12:     0x6525c8d76ec3 - roughenough_keys[51f29936c2668e75]::online::linuxkrs::krs_backend::tests::read_what_we_stored_roundtrip
[INFO] [stdout]   13:     0x6525c8d8e8c9 - <roughenough_keys[51f29936c2668e75]::online::linuxkrs::krs_backend::tests::read_what_we_stored_roundtrip::{closure#0} as core[df12db4294e9bfd3]::ops::function::FnOnce<()>>::call_once
[INFO] [stdout]   14:     0x6525c8d9d0bb - test[9d35eded1c95d3be]::__rust_begin_short_backtrace::<core[df12db4294e9bfd3]::result::Result<(), alloc[2182bb758b4b3781]::string::String>, fn() -> core[df12db4294e9bfd3]::result::Result<(), alloc[2182bb758b4b3781]::string::String>>
[INFO] [stdout]   15:     0x6525c8daa725 - test[9d35eded1c95d3be]::run_test::{closure#0}
[INFO] [stdout]   16:     0x6525c8da3fe4 - std[70759c8f55707aa4]::sys::backtrace::__rust_begin_short_backtrace::<test[9d35eded1c95d3be]::run_test::{closure#1}, ()>
[INFO] [stdout]   17:     0x6525c8dad882 - <std[70759c8f55707aa4]::thread::lifecycle::spawn_unchecked<test[9d35eded1c95d3be]::run_test::{closure#1}, ()>::{closure#1} as core[df12db4294e9bfd3]::ops::function::FnOnce<()>>::call_once::{shim:vtable#0}
[INFO] [stdout]   18:     0x6525c9028369 - <std[70759c8f55707aa4]::sys::thread::unix::Thread>::new::thread_start
[INFO] [stdout]   19:     0x7035b3218dfa - <unknown>
[INFO] [stdout]   20:     0x7035b32ac3d4 - clone
[INFO] [stdout]   21:                0x0 - <unknown>
[INFO] [stdout] 
[INFO] [stdout] ---- online::linuxkrs::krs_backend::tests::concurrent_access_from_multiple_threads stdout ----
[INFO] [stdout] 
[INFO] [stdout] thread 'online::linuxkrs::krs_backend::tests::concurrent_access_from_multiple_threads' (1962) panicked at src/online/linuxkrs.rs:398:54:
[INFO] [stdout] called `Result::unwrap()` on an `Err` value: WorkerDisconnect
[INFO] [stdout] stack backtrace:
[INFO] [stdout]    0:     0x6525c9028ac1 - <<std[70759c8f55707aa4]::sys::backtrace::BacktraceLock>::print::DisplayBacktrace as core[df12db4294e9bfd3]::fmt::Display>::fmt
[INFO] [stdout]    1:     0x6525c903e22a - core[df12db4294e9bfd3]::fmt::write
[INFO] [stdout]    2:     0x6525c902cf5c - <alloc[2182bb758b4b3781]::vec::Vec<u8> as core[df12db4294e9bfd3]::io::write::Write>::write_fmt
[INFO] [stdout]    3:     0x6525c9004ef6 - std[70759c8f55707aa4]::panicking::default_hook::{closure#0}
[INFO] [stdout]    4:     0x6525c90210a9 - std[70759c8f55707aa4]::panicking::default_hook
[INFO] [stdout]    5:     0x6525c8da9dd0 - test[9d35eded1c95d3be]::test_main_inner::<test[9d35eded1c95d3be]::test_main_static::{closure#0}>::{closure#0}
[INFO] [stdout]    6:     0x6525c9021262 - std[70759c8f55707aa4]::panicking::panic_with_hook
[INFO] [stdout]    7:     0x6525c9004fa2 - std[70759c8f55707aa4]::panicking::panic_handler::{closure#0}
[INFO] [stdout]    8:     0x6525c8ffdd29 - std[70759c8f55707aa4]::sys::backtrace::__rust_end_short_backtrace::<std[70759c8f55707aa4]::panicking::panic_handler::{closure#0}, !>
[INFO] [stdout]    9:     0x6525c9005b9d - __rustc[8fa7c3cbc660c2b3]::rust_begin_unwind
[INFO] [stdout]   10:     0x6525c903e98c - core[df12db4294e9bfd3]::panicking::panic_fmt
[INFO] [stdout]   11:     0x6525c903e762 - core[df12db4294e9bfd3]::result::unwrap_failed
[INFO] [stdout]   12:     0x6525c8d7800e - roughenough_keys[51f29936c2668e75]::online::linuxkrs::krs_backend::tests::concurrent_access_from_multiple_threads
[INFO] [stdout]   13:     0x6525c8d8e909 - <roughenough_keys[51f29936c2668e75]::online::linuxkrs::krs_backend::tests::concurrent_access_from_multiple_threads::{closure#0} as core[df12db4294e9bfd3]::ops::function::FnOnce<()>>::call_once
[INFO] [stdout]   14:     0x6525c8d9d0bb - test[9d35eded1c95d3be]::__rust_begin_short_backtrace::<core[df12db4294e9bfd3]::result::Result<(), alloc[2182bb758b4b3781]::string::String>, fn() -> core[df12db4294e9bfd3]::result::Result<(), alloc[2182bb758b4b3781]::string::String>>
[INFO] [stdout]   15:     0x6525c8daa725 - test[9d35eded1c95d3be]::run_test::{closure#0}
[INFO] [stdout]   16:     0x6525c8da3fe4 - std[70759c8f55707aa4]::sys::backtrace::__rust_begin_short_backtrace::<test[9d35eded1c95d3be]::run_test::{closure#1}, ()>
[INFO] [stdout]   17:     0x6525c8dad882 - <std[70759c8f55707aa4]::thread::lifecycle::spawn_unchecked<test[9d35eded1c95d3be]::run_test::{closure#1}, ()>::{closure#1} as core[df12db4294e9bfd3]::ops::function::FnOnce<()>>::call_once::{shim:vtable#0}
[INFO] [stdout]   18:     0x6525c9028369 - <std[70759c8f55707aa4]::sys::thread::unix::Thread>::new::thread_start
[INFO] [stdout]   19:     0x7035b3218dfa - <unknown>
[INFO] [stdout]   20:     0x7035b32ac3d4 - clone
[INFO] [stdout]   21:                0x0 - <unknown>
[INFO] [stdout] 
[INFO] [stdout] ---- online::linuxkrs::krs_backend::tests::sign_verify_roundtrip stdout ----
[INFO] [stdout] 
[INFO] [stdout] thread 'online::linuxkrs::krs_backend::tests::sign_verify_roundtrip' (1969) panicked at src/online/linuxkrs.rs:378:38:
[INFO] [stdout] called `Result::unwrap()` on an `Err` value: WorkerDisconnect
[INFO] [stdout] stack backtrace:
[INFO] [stdout]    0:     0x6525c9028ac1 - <<std[70759c8f55707aa4]::sys::backtrace::BacktraceLock>::print::DisplayBacktrace as core[df12db4294e9bfd3]::fmt::Display>::fmt
[INFO] [stdout]    1:     0x6525c903e22a - core[df12db4294e9bfd3]::fmt::write
[INFO] [stdout]    2:     0x6525c902cf5c - <alloc[2182bb758b4b3781]::vec::Vec<u8> as core[df12db4294e9bfd3]::io::write::Write>::write_fmt
[INFO] [stdout]    3:     0x6525c9004ef6 - std[70759c8f55707aa4]::panicking::default_hook::{closure#0}
[INFO] [stdout]    4:     0x6525c90210a9 - std[70759c8f55707aa4]::panicking::default_hook
[INFO] [stdout]    5:     0x6525c8da9dd0 - test[9d35eded1c95d3be]::test_main_inner::<test[9d35eded1c95d3be]::test_main_static::{closure#0}>::{closure#0}
[INFO] [stdout]    6:     0x6525c9021262 - std[70759c8f55707aa4]::panicking::panic_with_hook
[INFO] [stdout]    7:     0x6525c9004fa2 - std[70759c8f55707aa4]::panicking::panic_handler::{closure#0}
[INFO] [stdout]    8:     0x6525c8ffdd29 - std[70759c8f55707aa4]::sys::backtrace::__rust_end_short_backtrace::<std[70759c8f55707aa4]::panicking::panic_handler::{closure#0}, !>
[INFO] [stdout]    9:     0x6525c9005b9d - __rustc[8fa7c3cbc660c2b3]::rust_begin_unwind
[INFO] [stdout]   10:     0x6525c903e98c - core[df12db4294e9bfd3]::panicking::panic_fmt
[INFO] [stdout]   11:     0x6525c903e762 - core[df12db4294e9bfd3]::result::unwrap_failed
[INFO] [stdout]   12:     0x6525c8d76965 - roughenough_keys[51f29936c2668e75]::online::linuxkrs::krs_backend::tests::sign_verify_roundtrip
[INFO] [stdout]   13:     0x6525c8d8e8a9 - <roughenough_keys[51f29936c2668e75]::online::linuxkrs::krs_backend::tests::sign_verify_roundtrip::{closure#0} as core[df12db4294e9bfd3]::ops::function::FnOnce<()>>::call_once
[INFO] [stdout]   14:     0x6525c8d9d0bb - test[9d35eded1c95d3be]::__rust_begin_short_backtrace::<core[df12db4294e9bfd3]::result::Result<(), alloc[2182bb758b4b3781]::string::String>, fn() -> core[df12db4294e9bfd3]::result::Result<(), alloc[2182bb758b4b3781]::string::String>>
[INFO] [stdout]   15:     0x6525c8daa725 - test[9d35eded1c95d3be]::run_test::{closure#0}
[INFO] [stdout]   16:     0x6525c8da3fe4 - std[70759c8f55707aa4]::sys::backtrace::__rust_begin_short_backtrace::<test[9d35eded1c95d3be]::run_test::{closure#1}, ()>
[INFO] [stdout]   17:     0x6525c8dad882 - <std[70759c8f55707aa4]::thread::lifecycle::spawn_unchecked<test[9d35eded1c95d3be]::run_test::{closure#1}, ()>::{closure#1} as core[df12db4294e9bfd3]::ops::function::FnOnce<()>>::call_once::{shim:vtable#0}
[INFO] [stdout]   18:     0x6525c9028369 - <std[70759c8f55707aa4]::sys::thread::unix::Thread>::new::thread_start
[INFO] [stdout]   19:     0x7035b3218dfa - <unknown>
[INFO] [stdout]   20:     0x7035b32ac3d4 - clone
[INFO] [stdout]   21:                0x0 - <unknown>
[INFO] [stdout] 
[INFO] [stdout] ---- online::linuxkrs::krs_backend::tests::init_on_thread_1_then_ops_from_thread_2 stdout ----
[INFO] [stdout] 
[INFO] [stdout] thread 'online::linuxkrs::krs_backend::tests::init_on_thread_1_then_ops_from_thread_2' (1965) panicked at src/online/linuxkrs.rs:442:38:
[INFO] [stdout] called `Result::unwrap()` on an `Err` value: WorkerDisconnect
[INFO] [stdout] stack backtrace:
[INFO] [stdout]    0:     0x6525c9028ac1 - <<std[70759c8f55707aa4]::sys::backtrace::BacktraceLock>::print::DisplayBacktrace as core[df12db4294e9bfd3]::fmt::Display>::fmt
[INFO] [stdout]    1:     0x6525c903e22a - core[df12db4294e9bfd3]::fmt::write
[INFO] [stdout]    2:     0x6525c902cf5c - <alloc[2182bb758b4b3781]::vec::Vec<u8> as core[df12db4294e9bfd3]::io::write::Write>::write_fmt
[INFO] [stdout]    3:     0x6525c9004ef6 - std[70759c8f55707aa4]::panicking::default_hook::{closure#0}
[INFO] [stdout]    4:     0x6525c90210a9 - std[70759c8f55707aa4]::panicking::default_hook
[INFO] [stdout]    5:     0x6525c8da9dd0 - test[9d35eded1c95d3be]::test_main_inner::<test[9d35eded1c95d3be]::test_main_static::{closure#0}>::{closure#0}
[INFO] [stdout]    6:     0x6525c9021262 - std[70759c8f55707aa4]::panicking::panic_with_hook
[INFO] [stdout]    7:     0x6525c9004fa2 - std[70759c8f55707aa4]::panicking::panic_handler::{closure#0}
[INFO] [stdout]    8:     0x6525c8ffdd29 - std[70759c8f55707aa4]::sys::backtrace::__rust_end_short_backtrace::<std[70759c8f55707aa4]::panicking::panic_handler::{closure#0}, !>
[INFO] [stdout]    9:     0x6525c9005b9d - __rustc[8fa7c3cbc660c2b3]::rust_begin_unwind
[INFO] [stdout]   10:     0x6525c903e98c - core[df12db4294e9bfd3]::panicking::panic_fmt
[INFO] [stdout]   11:     0x6525c903e762 - core[df12db4294e9bfd3]::result::unwrap_failed
[INFO] [stdout]   12:     0x6525c8d7867d - roughenough_keys[51f29936c2668e75]::online::linuxkrs::krs_backend::tests::init_on_thread_1_then_ops_from_thread_2
[INFO] [stdout]   13:     0x6525c8d8e929 - <roughenough_keys[51f29936c2668e75]::online::linuxkrs::krs_backend::tests::init_on_thread_1_then_ops_from_thread_2::{closure#0} as core[df12db4294e9bfd3]::ops::function::FnOnce<()>>::call_once
[INFO] [stdout]   14:     0x6525c8d9d0bb - test[9d35eded1c95d3be]::__rust_begin_short_backtrace::<core[df12db4294e9bfd3]::result::Result<(), alloc[2182bb758b4b3781]::string::String>, fn() -> core[df12db4294e9bfd3]::result::Result<(), alloc[2182bb758b4b3781]::string::String>>
[INFO] [stdout]   15:     0x6525c8daa725 - test[9d35eded1c95d3be]::run_test::{closure#0}
[INFO] [stdout]   16:     0x6525c8da3fe4 - std[70759c8f55707aa4]::sys::backtrace::__rust_begin_short_backtrace::<test[9d35eded1c95d3be]::run_test::{closure#1}, ()>
[INFO] [stdout]   17:     0x6525c8dad882 - <std[70759c8f55707aa4]::thread::lifecycle::spawn_unchecked<test[9d35eded1c95d3be]::run_test::{closure#1}, ()>::{closure#1} as core[df12db4294e9bfd3]::ops::function::FnOnce<()>>::call_once::{shim:vtable#0}
[INFO] [stdout]   18:     0x6525c9028369 - <std[70759c8f55707aa4]::sys::thread::unix::Thread>::new::thread_start
[INFO] [stdout]   19:     0x7035b3218dfa - <unknown>
[INFO] [stdout]   20:     0x7035b32ac3d4 - clone
[INFO] [stdout]   21:                0x0 - <unknown>
[INFO] [stdout] 
[INFO] [stdout] 
[INFO] [stdout] failures:
[INFO] [stdout]     online::linuxkrs::krs_backend::tests::concurrent_access_from_multiple_threads
[INFO] [stdout]     online::linuxkrs::krs_backend::tests::confirm_drop_clears_the_seed_key
[INFO] [stdout]     online::linuxkrs::krs_backend::tests::init_on_thread_1_then_ops_from_thread_2
[INFO] [stdout]     online::linuxkrs::krs_backend::tests::read_what_we_stored_roundtrip
[INFO] [stdout]     online::linuxkrs::krs_backend::tests::sign_verify_roundtrip
[INFO] [stdout] 
[INFO] [stdout] test result: FAILED. 38 passed; 5 failed; 0 ignored; 0 measured; 0 filtered out; finished in 0.12s
[INFO] [stdout] 
[INFO] [stderr] error: test failed, to rerun pass `--lib`
[INFO] running `Command { std: "docker" "inspect" "69d36ee492ae9517f7d58f5a8c5ffd00f4fde55bc6930b887a6536f37fc8332f", kill_on_drop: false }`
[INFO] running `Command { std: "docker" "rm" "-f" "69d36ee492ae9517f7d58f5a8c5ffd00f4fde55bc6930b887a6536f37fc8332f", kill_on_drop: false }`
[INFO] [stdout] 69d36ee492ae9517f7d58f5a8c5ffd00f4fde55bc6930b887a6536f37fc8332f
