[INFO] fetching crate rotenv 0.15.0...
[INFO] testing rotenv-0.15.0 against 1.100.0-beta.1+cargoflags=--release for beta-release-1.100-2
[INFO] extracting crate rotenv 0.15.0 into /workspace/builds/worker-0-tc2/source
[INFO] started tweaking crates.io crate rotenv 0.15.0
[INFO] finished tweaking crates.io crate rotenv 0.15.0
[INFO] tweaked toml for crates.io crate rotenv 0.15.0 written to /workspace/builds/worker-0-tc2/source/Cargo.toml
[INFO] validating manifest of crates.io crate rotenv 0.15.0 on toolchain 1.100.0-beta.1
[INFO] running `Command { std: CARGO_HOME="/workspace/cargo-home" RUSTUP_HOME="/workspace/rustup-home" "/workspace/cargo-home/bin/cargo" "+1.100.0-beta.1" "metadata" "--manifest-path" "Cargo.toml" "--no-deps", kill_on_drop: false }`
[INFO] crate crates.io crate rotenv 0.15.0 already has a lockfile, it will not be regenerated
[INFO] running `Command { std: CARGO_HOME="/workspace/cargo-home" RUSTUP_HOME="/workspace/rustup-home" "/workspace/cargo-home/bin/cargo" "+1.100.0-beta.1" "fetch" "--manifest-path" "Cargo.toml", kill_on_drop: false }`
[INFO] [stderr] warning: `package.homepage` is redundant with `package.repository`
[INFO] [stderr]   --> Cargo.toml:19:12
[INFO] [stderr]    |
[INFO] [stderr] 19 | homepage = "https://github.com/jewlexx/dotenv"
[INFO] [stderr]    |            ^^^^^^^^^^^^^^^^^^^^^^^^^^^^^^^^^^^
[INFO] [stderr] ...
[INFO] [stderr] 24 | repository = "https://github.com/jewlexx/dotenv"
[INFO] [stderr]    |              -----------------------------------
[INFO] [stderr]    |
[INFO] [stderr]    = note: `cargo::redundant_homepage` is set to `warn` by default
[INFO] [stderr] help: consider removing `package.homepage`
[INFO] [stderr] warning: `rotenv` (manifest) generated 1 warning
[INFO] running `Command { std: "docker" "create" "-v" "/var/lib/crater-agent-workspace/builds/worker-0-tc2/source:/opt/rustwide/workdir:ro,Z" "-v" "/var/lib/crater-agent-workspace/builds/worker-0-tc2/target:/opt/rustwide/target:rw,Z" "-v" "/var/lib/crater-agent-workspace/cargo-home:/opt/rustwide/cargo-home:ro,Z" "-v" "/var/lib/crater-agent-workspace/rustup-home:/opt/rustwide/rustup-home:ro,Z" "-m" "1610612736" "--network" "none" "ghcr.io/rust-lang/crates-build-env/linux@sha256:77db811e55d90add9212f6832c23229e3de5f1c1f9905e8cb07319ea15df73ac" "sleep" "infinity", kill_on_drop: false }`
[INFO] [stdout] d59868824b08fa465d9a6e793e84dac016d9e51043f57533c8a94da9423d013c
[INFO] running `Command { std: "docker" "start" "d59868824b08fa465d9a6e793e84dac016d9e51043f57533c8a94da9423d013c", kill_on_drop: false }`
[INFO] running `Command { std: "docker" "inspect" "d59868824b08fa465d9a6e793e84dac016d9e51043f57533c8a94da9423d013c", kill_on_drop: false }`
[INFO] running `Command { std: "docker" "exec" "-e" "SOURCE_DIR=/opt/rustwide/workdir" "-e" "CARGO_HOME=/opt/rustwide/cargo-home" "-e" "RUSTUP_HOME=/opt/rustwide/rustup-home" "-e" "CARGO_TARGET_DIR=/opt/rustwide/target" "-w" "/opt/rustwide/workdir" "--user" "0:0" "d59868824b08fa465d9a6e793e84dac016d9e51043f57533c8a94da9423d013c" "/opt/rustwide/cargo-home/bin/cargo" "+1.100.0-beta.1" "metadata" "--no-deps" "--format-version=1", kill_on_drop: false }`
[INFO] running `Command { std: "docker" "inspect" "d59868824b08fa465d9a6e793e84dac016d9e51043f57533c8a94da9423d013c", kill_on_drop: false }`
[INFO] running `Command { std: "docker" "exec" "-e" "SOURCE_DIR=/opt/rustwide/workdir" "-e" "CARGO_HOME=/opt/rustwide/cargo-home" "-e" "RUSTUP_HOME=/opt/rustwide/rustup-home" "-e" "CARGO_TARGET_DIR=/opt/rustwide/target" "-e" "CARGO_INCREMENTAL=0" "-e" "RUST_BACKTRACE=full" "-e" "RUSTFLAGS=--cap-lints=warn" "-e" "RUSTDOCFLAGS=--cap-lints=warn" "-w" "/opt/rustwide/workdir" "--user" "0:0" "d59868824b08fa465d9a6e793e84dac016d9e51043f57533c8a94da9423d013c" "/opt/rustwide/cargo-home/bin/cargo" "+1.100.0-beta.1" "build" "--frozen" "--message-format=json" "--release", kill_on_drop: false }`
[INFO] [stderr] warning: `package.homepage` is redundant with `package.repository`
[INFO] [stderr]   --> Cargo.toml:19:12
[INFO] [stderr]    |
[INFO] [stderr] 19 | homepage = "https://github.com/jewlexx/dotenv"
[INFO] [stderr]    |            ^^^^^^^^^^^^^^^^^^^^^^^^^^^^^^^^^^^
[INFO] [stderr] ...
[INFO] [stderr] 24 | repository = "https://github.com/jewlexx/dotenv"
[INFO] [stderr]    |              -----------------------------------
[INFO] [stderr]    |
[INFO] [stderr]    = note: `cargo::redundant_homepage` is set to `warn` by default
[INFO] [stderr] help: consider removing `package.homepage`
[INFO] [stderr] warning: `rotenv` (manifest) generated 1 warning
[INFO] [stderr]    Compiling rotenv v0.15.0 (/opt/rustwide/workdir)
[INFO] [stderr]     Finished `release` profile [optimized] target(s) in 0.68s
[INFO] running `Command { std: "docker" "inspect" "d59868824b08fa465d9a6e793e84dac016d9e51043f57533c8a94da9423d013c", kill_on_drop: false }`
[INFO] running `Command { std: "docker" "exec" "-e" "SOURCE_DIR=/opt/rustwide/workdir" "-e" "CARGO_HOME=/opt/rustwide/cargo-home" "-e" "RUSTUP_HOME=/opt/rustwide/rustup-home" "-e" "CARGO_TARGET_DIR=/opt/rustwide/target" "-e" "CARGO_INCREMENTAL=0" "-e" "RUST_BACKTRACE=full" "-e" "RUSTFLAGS=--cap-lints=warn" "-e" "RUSTDOCFLAGS=--cap-lints=warn" "-w" "/opt/rustwide/workdir" "--user" "0:0" "d59868824b08fa465d9a6e793e84dac016d9e51043f57533c8a94da9423d013c" "/opt/rustwide/cargo-home/bin/cargo" "+1.100.0-beta.1" "test" "--frozen" "--no-run" "--message-format=json" "--release", kill_on_drop: false }`
[INFO] [stderr] warning: `package.homepage` is redundant with `package.repository`
[INFO] [stderr]   --> Cargo.toml:19:12
[INFO] [stderr]    |
[INFO] [stderr] 19 | homepage = "https://github.com/jewlexx/dotenv"
[INFO] [stderr]    |            ^^^^^^^^^^^^^^^^^^^^^^^^^^^^^^^^^^^
[INFO] [stderr] ...
[INFO] [stderr] 24 | repository = "https://github.com/jewlexx/dotenv"
[INFO] [stderr]    |              -----------------------------------
[INFO] [stderr]    |
[INFO] [stderr]    = note: `cargo::redundant_homepage` is set to `warn` by default
[INFO] [stderr] help: consider removing `package.homepage`
[INFO] [stderr] warning: `rotenv` (manifest) generated 1 warning
[INFO] [stderr]    Compiling libc v0.2.132
[INFO] [stderr]    Compiling remove_dir_all v0.5.3
[INFO] [stderr]    Compiling fastrand v1.8.0
[INFO] [stderr]    Compiling tempfile v3.3.0
[INFO] [stderr]    Compiling rotenv v0.15.0 (/opt/rustwide/workdir)
[INFO] [stderr]     Finished `release` profile [optimized] target(s) in 3.90s
[INFO] running `Command { std: "docker" "inspect" "d59868824b08fa465d9a6e793e84dac016d9e51043f57533c8a94da9423d013c", kill_on_drop: false }`
[INFO] running `Command { std: "docker" "exec" "-e" "SOURCE_DIR=/opt/rustwide/workdir" "-e" "CARGO_HOME=/opt/rustwide/cargo-home" "-e" "RUSTUP_HOME=/opt/rustwide/rustup-home" "-e" "CARGO_TARGET_DIR=/opt/rustwide/target" "-e" "CARGO_INCREMENTAL=0" "-e" "RUST_BACKTRACE=full" "-e" "RUSTFLAGS=--cap-lints=warn" "-e" "RUSTDOCFLAGS=--cap-lints=warn" "-w" "/opt/rustwide/workdir" "--user" "0:0" "d59868824b08fa465d9a6e793e84dac016d9e51043f57533c8a94da9423d013c" "/opt/rustwide/cargo-home/bin/cargo" "+1.100.0-beta.1" "test" "--frozen" "--release", kill_on_drop: false }`
[INFO] [stderr] warning: `package.homepage` is redundant with `package.repository`
[INFO] [stderr]   --> Cargo.toml:19:12
[INFO] [stderr]    |
[INFO] [stderr] 19 | homepage = "https://github.com/jewlexx/dotenv"
[INFO] [stderr]    |            ^^^^^^^^^^^^^^^^^^^^^^^^^^^^^^^^^^^
[INFO] [stderr] ...
[INFO] [stderr] 24 | repository = "https://github.com/jewlexx/dotenv"
[INFO] [stderr]    |              -----------------------------------
[INFO] [stderr]    |
[INFO] [stderr]    = note: `cargo::redundant_homepage` is set to `warn` by default
[INFO] [stderr] help: consider removing `package.homepage`
[INFO] [stderr] warning: `rotenv` (manifest) generated 1 warning
[INFO] [stderr]     Finished `release` profile [optimized] target(s) in 0.04s
[INFO] [stderr]      Running unittests src/lib.rs (/opt/rustwide/target/release/build/rotenv/0f653a9f964208dc/out/rotenv-0f653a9f964208dc)
[INFO] [stdout] 
[INFO] [stdout] running 30 tests
[INFO] [stdout] test errors::test::test_error_not_found_true ... ok
[INFO] [stdout] test errors::test::test_lineparse_error_display ... ok
[INFO] [stdout] test errors::test::test_error_not_found_false ... ok
[INFO] [stdout] test errors::test::test_envvar_error_display ... ok
[INFO] [stdout] test parse::variable_substitution_tests::consequent_substitutions ... ok
[INFO] [stdout] test parse::variable_substitution_tests::consequent_substitutions_with_one_missing ... ok
[INFO] [stdout] test parse::variable_substitution_tests::do_not_substitute_variables_in_strong_quotes ... ok
[INFO] [stdout] test parse::variable_substitution_tests::do_not_substitute_variables_in_weak_quotes_with_dollar_escaped ... ok
[INFO] [stdout] test parse::variable_substitution_tests::do_not_substitute_variables_with_dollar_escaped ... ok
[INFO] [stdout] test parse::variable_substitution_tests::recursive_substitution ... ok
[INFO] [stdout] test errors::test::test_envvar_error_source ... ok
[INFO] [stdout] test parse::variable_substitution_tests::substitute_variable_from_env_variable ... ok
[INFO] [stdout] test parse::variable_substitution_tests::variable_in_parenthesis_surrounded_by_quotes ... ok
[INFO] [stdout] test errors::test::test_io_error_display ... ok
[INFO] [stdout] test parse::test::test_parse_line_env ... ok
[INFO] [stdout] test errors::test::test_io_error_source ... ok
[INFO] [stdout] test errors::test::test_lineparse_error_source ... ok
[INFO] [stdout] test parse::error_tests::should_not_parse_illegal_escape ... ok
[INFO] [stdout] test parse::error_tests::should_not_allow_dot_as_first_character_of_key ... ok
[INFO] [stdout] test parse::error_tests::should_not_parse_illegal_format ... ok
[INFO] [stdout] test parse::variable_substitution_tests::same_variable_reused ... ok
[INFO] [stdout] test parse::test::test_parse_value_escapes ... ok
[INFO] [stdout] test parse::variable_substitution_tests::variable_without_parenthesis_is_substituted_before_separators ... ok
[INFO] [stdout] test parse::variable_substitution_tests::with_dot ... ok
[INFO] [stdout] test parse::variable_substitution_tests::substitute_undefined_variables_to_empty_string ... ok
[INFO] [stdout] test parse::test::test_parse_line_comment ... ok
[INFO] [stdout] test parse::test::test_parse_value_escapes_invalid ... ok
[INFO] [stdout] test parse::error_tests::should_not_parse_unfinished_substitutions ... ok
[INFO] [stdout] test parse::variable_substitution_tests::substitute_variable_env_variable_overrides_dotenv_in_substitution ... ok
[INFO] [stdout] test parse::test::test_parse_line_invalid ... ok
[INFO] [stdout] 
[INFO] [stdout] test result: ok. 30 passed; 0 failed; 0 ignored; 0 measured; 0 filtered out; finished in 0.01s
[INFO] [stdout] 
[INFO] [stderr]      Running tests/test-child-dir.rs (/opt/rustwide/target/release/build/rotenv/7dbff140f8cff99c/out/test_child_dir-7dbff140f8cff99c)
[INFO] [stdout] 
[INFO] [stdout] running 1 test
[INFO] [stdout] test test_child_dir ... ok
[INFO] [stdout] 
[INFO] [stdout] test result: ok. 1 passed; 0 failed; 0 ignored; 0 measured; 0 filtered out; finished in 0.01s
[INFO] [stdout] 
[INFO] [stderr]      Running tests/test-default-location.rs (/opt/rustwide/target/release/build/rotenv/c14a9ba6215317fc/out/test_default_location-c14a9ba6215317fc)
[INFO] [stdout] 
[INFO] [stdout] running 1 test
[INFO] [stdout] test test_default_location ... ok
[INFO] [stdout] 
[INFO] [stdout] test result: ok. 1 passed; 0 failed; 0 ignored; 0 measured; 0 filtered out; finished in 0.01s
[INFO] [stdout] 
[INFO] [stderr]      Running tests/test-dotenv-iter.rs (/opt/rustwide/target/release/build/rotenv/c553f65d1fa11e5a/out/test_dotenv_iter-c553f65d1fa11e5a)
[INFO] [stdout] 
[INFO] [stdout] running 1 test
[INFO] [stdout] test test_dotenv_iter ... ok
[INFO] [stdout] 
[INFO] [stdout] test result: ok. 1 passed; 0 failed; 0 ignored; 0 measured; 0 filtered out; finished in 0.01s
[INFO] [stdout] 
[INFO] [stderr]      Running tests/test-from-filename.rs (/opt/rustwide/target/release/build/rotenv/386613b4b590a06f/out/test_from_filename-386613b4b590a06f)
[INFO] [stdout] 
[INFO] [stdout] running 1 test
[INFO] [stderr]      Running tests/test-from-filename-iter.rs (/opt/rustwide/target/release/build/rotenv/36c6d4b4d2fc4f53/out/test_from_filename_iter-36c6d4b4d2fc4f53)
[INFO] [stdout] test test_from_filename ... ok
[INFO] [stdout] 
[INFO] [stdout] test result: ok. 1 passed; 0 failed; 0 ignored; 0 measured; 0 filtered out; finished in 0.01s
[INFO] [stdout] 
[INFO] [stdout] 
[INFO] [stdout] running 1 test
[INFO] [stderr]      Running tests/test-from-path.rs (/opt/rustwide/target/release/build/rotenv/8d6461c9c2fdc7fe/out/test_from_path-8d6461c9c2fdc7fe)
[INFO] [stdout] test test_from_filename_iter ... ok
[INFO] [stdout] 
[INFO] [stdout] test result: ok. 1 passed; 0 failed; 0 ignored; 0 measured; 0 filtered out; finished in 0.02s
[INFO] [stdout] 
[INFO] [stdout] 
[INFO] [stdout] running 1 test
[INFO] [stdout] test test_from_path ... ok
[INFO] [stdout] 
[INFO] [stdout] test result: ok. 1 passed; 0 failed; 0 ignored; 0 measured; 0 filtered out; finished in 0.01s
[INFO] [stdout] 
[INFO] [stderr]      Running tests/test-from-path-iter.rs (/opt/rustwide/target/release/build/rotenv/e3d1fc1a5486248f/out/test_from_path_iter-e3d1fc1a5486248f)
[INFO] [stdout] 
[INFO] [stdout] running 1 test
[INFO] [stdout] test test_from_path_iter ... ok
[INFO] [stdout] 
[INFO] [stdout] test result: ok. 1 passed; 0 failed; 0 ignored; 0 measured; 0 filtered out; finished in 0.01s
[INFO] [stdout] 
[INFO] [stderr]      Running tests/test-var.rs (/opt/rustwide/target/release/build/rotenv/f73cade022482b7a/out/test_var-f73cade022482b7a)
[INFO] [stdout] 
[INFO] [stdout] running 1 test
[INFO] [stdout] test test_var ... ok
[INFO] [stdout] 
[INFO] [stdout] test result: ok. 1 passed; 0 failed; 0 ignored; 0 measured; 0 filtered out; finished in 0.01s
[INFO] [stdout] 
[INFO] [stderr]      Running tests/test-variable-substitution.rs (/opt/rustwide/target/release/build/rotenv/c3075c31503f72eb/out/test_variable_substitution-c3075c31503f72eb)
[INFO] [stdout] 
[INFO] [stdout] running 1 test
[INFO] [stdout] test test_variable_substitutions ... ok
[INFO] [stdout] 
[INFO] [stdout] test result: ok. 1 passed; 0 failed; 0 ignored; 0 measured; 0 filtered out; finished in 0.01s
[INFO] [stdout] 
[INFO] [stderr]      Running tests/test-vars.rs (/opt/rustwide/target/release/build/rotenv/56dea11abbaa2b9e/out/test_vars-56dea11abbaa2b9e)
[INFO] [stdout] 
[INFO] [stdout] running 1 test
[INFO] [stdout] test test_vars ... ok
[INFO] [stdout] 
[INFO] [stdout] test result: ok. 1 passed; 0 failed; 0 ignored; 0 measured; 0 filtered out; finished in 0.01s
[INFO] [stdout] 
[INFO] [stderr]    Doc-tests rotenv
[INFO] [stdout] 
[INFO] [stdout] running 10 tests
[INFO] [stdout] test src/lib.rs - dotenv_iter (line 171) - compile ... FAILED
[INFO] [stdout] test src/lib.rs - from_path_iter (line 91) - compile ... FAILED
[INFO] [stdout] test src/lib.rs - dotenv (line 158) ... FAILED
[INFO] [stdout] test src/lib.rs - from_filename_iter (line 140) - compile ... FAILED
[INFO] [stdout] test src/lib.rs - from_filename_iter (line 132) ... FAILED
[INFO] [stdout] test src/lib.rs - from_filename (line 111) ... FAILED
[INFO] [stdout] test src/lib.rs - from_filename (line 119) ... FAILED
[INFO] [stdout] test src/lib.rs - from_path (line 74) ... FAILED
[INFO] [stdout] test src/lib.rs - vars (line 56) - compile ... FAILED
[INFO] [stdout] test src/lib.rs - var (line 33) - compile ... FAILED
[INFO] [stdout] 
[INFO] [stdout] failures:
[INFO] [stdout] 
[INFO] [stdout] ---- src/lib.rs - dotenv_iter (line 171) stdout ----
[INFO] [stdout] error[E0432]: unresolved import `dotenv`
[INFO] [stdout]    --> src/lib.rs:173:5
[INFO] [stdout]     |
[INFO] [stdout] 173 | use dotenv;
[INFO] [stdout]     |     ^^^^^^ no external crate `dotenv`
[INFO] [stdout] 
[INFO] [stdout] error: aborting due to 1 previous error
[INFO] [stdout] 
[INFO] [stdout] For more information about this error, try `rustc --explain E0432`.
[INFO] [stdout] Couldn't compile the test.
[INFO] [stdout] ---- src/lib.rs - from_path_iter (line 91) stdout ----
[INFO] [stdout] error[E0432]: unresolved import `dotenv`
[INFO] [stdout]   --> src/lib.rs:93:5
[INFO] [stdout]    |
[INFO] [stdout] 93 | use dotenv;
[INFO] [stdout]    |     ^^^^^^ no external crate `dotenv`
[INFO] [stdout] 
[INFO] [stdout] error: aborting due to 1 previous error
[INFO] [stdout] 
[INFO] [stdout] For more information about this error, try `rustc --explain E0432`.
[INFO] [stdout] Couldn't compile the test.
[INFO] [stdout] ---- src/lib.rs - dotenv (line 158) stdout ----
[INFO] [stdout] error[E0432]: unresolved import `dotenv`
[INFO] [stdout]    --> src/lib.rs:160:5
[INFO] [stdout]     |
[INFO] [stdout] 160 | use dotenv;
[INFO] [stdout]     |     ^^^^^^ no external crate `dotenv`
[INFO] [stdout] 
[INFO] [stdout] error: aborting due to 1 previous error
[INFO] [stdout] 
[INFO] [stdout] For more information about this error, try `rustc --explain E0432`.
[INFO] [stdout] Couldn't compile the test.
[INFO] [stdout] ---- src/lib.rs - from_filename_iter (line 140) stdout ----
[INFO] [stdout] error[E0432]: unresolved import `dotenv`
[INFO] [stdout]    --> src/lib.rs:142:5
[INFO] [stdout]     |
[INFO] [stdout] 142 | use dotenv;
[INFO] [stdout]     |     ^^^^^^ no external crate `dotenv`
[INFO] [stdout] 
[INFO] [stdout] error: aborting due to 1 previous error
[INFO] [stdout] 
[INFO] [stdout] For more information about this error, try `rustc --explain E0432`.
[INFO] [stdout] Couldn't compile the test.
[INFO] [stdout] ---- src/lib.rs - from_filename_iter (line 132) stdout ----
[INFO] [stdout] error[E0432]: unresolved import `dotenv`
[INFO] [stdout]    --> src/lib.rs:134:5
[INFO] [stdout]     |
[INFO] [stdout] 134 | use dotenv;
[INFO] [stdout]     |     ^^^^^^ no external crate `dotenv`
[INFO] [stdout] 
[INFO] [stdout] error: aborting due to 1 previous error
[INFO] [stdout] 
[INFO] [stdout] For more information about this error, try `rustc --explain E0432`.
[INFO] [stdout] Couldn't compile the test.
[INFO] [stdout] ---- src/lib.rs - from_filename (line 111) stdout ----
[INFO] [stdout] error[E0432]: unresolved import `dotenv`
[INFO] [stdout]    --> src/lib.rs:113:5
[INFO] [stdout]     |
[INFO] [stdout] 113 | use dotenv;
[INFO] [stdout]     |     ^^^^^^ no external crate `dotenv`
[INFO] [stdout] 
[INFO] [stdout] error: aborting due to 1 previous error
[INFO] [stdout] 
[INFO] [stdout] For more information about this error, try `rustc --explain E0432`.
[INFO] [stdout] Couldn't compile the test.
[INFO] [stdout] ---- src/lib.rs - from_filename (line 119) stdout ----
[INFO] [stdout] error[E0432]: unresolved import `dotenv`
[INFO] [stdout]    --> src/lib.rs:121:5
[INFO] [stdout]     |
[INFO] [stdout] 121 | use dotenv;
[INFO] [stdout]     |     ^^^^^^ no external crate `dotenv`
[INFO] [stdout] 
[INFO] [stdout] error: aborting due to 1 previous error
[INFO] [stdout] 
[INFO] [stdout] For more information about this error, try `rustc --explain E0432`.
[INFO] [stdout] Couldn't compile the test.
[INFO] [stdout] ---- src/lib.rs - from_path (line 74) stdout ----
[INFO] [stdout] error[E0432]: unresolved import `dotenv`
[INFO] [stdout]   --> src/lib.rs:76:5
[INFO] [stdout]    |
[INFO] [stdout] 76 | use dotenv;
[INFO] [stdout]    |     ^^^^^^ no external crate `dotenv`
[INFO] [stdout] 
[INFO] [stdout] error: aborting due to 1 previous error
[INFO] [stdout] 
[INFO] [stdout] For more information about this error, try `rustc --explain E0432`.
[INFO] [stdout] Couldn't compile the test.
[INFO] [stdout] ---- src/lib.rs - vars (line 56) stdout ----
[INFO] [stdout] error[E0432]: unresolved import `dotenv`
[INFO] [stdout]   --> src/lib.rs:58:5
[INFO] [stdout]    |
[INFO] [stdout] 58 | use dotenv;
[INFO] [stdout]    |     ^^^^^^ no external crate `dotenv`
[INFO] [stdout] 
[INFO] [stdout] error: aborting due to 1 previous error
[INFO] [stdout] 
[INFO] [stdout] For more information about this error, try `rustc --explain E0432`.
[INFO] [stdout] Couldn't compile the test.
[INFO] [stdout] ---- src/lib.rs - var (line 33) stdout ----
[INFO] [stdout] error[E0432]: unresolved import `dotenv`
[INFO] [stdout]   --> src/lib.rs:35:5
[INFO] [stdout]    |
[INFO] [stdout] 35 | use dotenv;
[INFO] [stdout]    |     ^^^^^^ no external crate `dotenv`
[INFO] [stdout] 
[INFO] [stdout] error: aborting due to 1 previous error
[INFO] [stdout] 
[INFO] [stdout] For more information about this error, try `rustc --explain E0432`.
[INFO] [stdout] Couldn't compile the test.
[INFO] [stdout] 
[INFO] [stdout] failures:
[INFO] [stdout]     src/lib.rs - dotenv (line 158)
[INFO] [stdout]     src/lib.rs - dotenv_iter (line 171)
[INFO] [stdout]     src/lib.rs - from_filename (line 111)
[INFO] [stdout]     src/lib.rs - from_filename (line 119)
[INFO] [stdout]     src/lib.rs - from_filename_iter (line 132)
[INFO] [stdout]     src/lib.rs - from_filename_iter (line 140)
[INFO] [stdout]     src/lib.rs - from_path (line 74)
[INFO] [stdout]     src/lib.rs - from_path_iter (line 91)
[INFO] [stdout]     src/lib.rs - var (line 33)
[INFO] [stdout]     src/lib.rs - vars (line 56)
[INFO] [stdout] 
[INFO] [stdout] test result: FAILED. 0 passed; 10 failed; 0 ignored; 0 measured; 0 filtered out; finished in 0.19s
[INFO] [stdout] 
[INFO] [stderr] error: doctest failed, to rerun pass `--doc`
[INFO] running `Command { std: "docker" "inspect" "d59868824b08fa465d9a6e793e84dac016d9e51043f57533c8a94da9423d013c", kill_on_drop: false }`
[INFO] running `Command { std: "docker" "rm" "-f" "d59868824b08fa465d9a6e793e84dac016d9e51043f57533c8a94da9423d013c", kill_on_drop: false }`
[INFO] [stdout] d59868824b08fa465d9a6e793e84dac016d9e51043f57533c8a94da9423d013c
