[INFO] fetching crate rot-metrics 0.1.4...
[INFO] testing rot-metrics-0.1.4 against 1.99.0-beta.8+cargoflags=--release for beta-release-1.100-2
[INFO] extracting crate rot-metrics 0.1.4 into /workspace/builds/worker-7-tc1/source
[INFO] started tweaking crates.io crate rot-metrics 0.1.4
[INFO] finished tweaking crates.io crate rot-metrics 0.1.4
[INFO] tweaked toml for crates.io crate rot-metrics 0.1.4 written to /workspace/builds/worker-7-tc1/source/Cargo.toml
[INFO] validating manifest of crates.io crate rot-metrics 0.1.4 on toolchain 1.99.0-beta.8
[INFO] running `Command { std: CARGO_HOME="/workspace/cargo-home" RUSTUP_HOME="/workspace/rustup-home" "/workspace/cargo-home/bin/cargo" "+1.99.0-beta.8" "metadata" "--manifest-path" "Cargo.toml" "--no-deps", kill_on_drop: false }`
[INFO] crate crates.io crate rot-metrics 0.1.4 already has a lockfile, it will not be regenerated
[INFO] running `Command { std: CARGO_HOME="/workspace/cargo-home" RUSTUP_HOME="/workspace/rustup-home" "/workspace/cargo-home/bin/cargo" "+1.99.0-beta.8" "fetch" "--manifest-path" "Cargo.toml", kill_on_drop: false }`
[INFO] [stderr]     Updating crates.io index
[INFO] [stderr]  Downloading crates ...
[INFO] [stderr]   Downloaded triomphe v0.1.16
[INFO] [stderr]   Downloaded rustc-literal-escaper v0.0.7
[INFO] [stderr]   Downloaded rot-compiler-protocol v0.1.4
[INFO] [stderr]   Downloaded rowan v0.17.0
[INFO] [stderr]   Downloaded jod-thread v1.0.0
[INFO] [stderr]   Downloaded drop_bomb v0.1.5
[INFO] [stderr]   Downloaded ra_ap_edition v0.0.349
[INFO] [stderr]   Downloaded ra-ap-rustc_lexer v0.166.0
[INFO] [stderr]   Downloaded ra_ap_cfg v0.0.349
[INFO] [stderr]   Downloaded ra_ap_intern v0.0.349
[INFO] [stderr]   Downloaded ra_ap_syntax v0.0.349
[INFO] [stderr]   Downloaded ra_ap_stdx v0.0.349
[INFO] [stderr]   Downloaded ra_ap_parser v0.0.349
[INFO] running `Command { std: "docker" "create" "-v" "/var/lib/crater-agent-workspace/builds/worker-7-tc1/source:/opt/rustwide/workdir:ro,Z" "-v" "/var/lib/crater-agent-workspace/builds/worker-7-tc1/target:/opt/rustwide/target:rw,Z" "-v" "/var/lib/crater-agent-workspace/cargo-home:/opt/rustwide/cargo-home:ro,Z" "-v" "/var/lib/crater-agent-workspace/rustup-home:/opt/rustwide/rustup-home:ro,Z" "-m" "1610612736" "--network" "none" "ghcr.io/rust-lang/crates-build-env/linux@sha256:77db811e55d90add9212f6832c23229e3de5f1c1f9905e8cb07319ea15df73ac" "sleep" "infinity", kill_on_drop: false }`
[INFO] [stdout] cd4bf5d5fa9e0c986d7422e56b1fa4012f8e1433afb4bf6e9e9a8fc40003303b
[INFO] running `Command { std: "docker" "start" "cd4bf5d5fa9e0c986d7422e56b1fa4012f8e1433afb4bf6e9e9a8fc40003303b", kill_on_drop: false }`
[INFO] running `Command { std: "docker" "inspect" "cd4bf5d5fa9e0c986d7422e56b1fa4012f8e1433afb4bf6e9e9a8fc40003303b", kill_on_drop: false }`
[INFO] running `Command { std: "docker" "exec" "-e" "SOURCE_DIR=/opt/rustwide/workdir" "-e" "CARGO_HOME=/opt/rustwide/cargo-home" "-e" "RUSTUP_HOME=/opt/rustwide/rustup-home" "-e" "CARGO_TARGET_DIR=/opt/rustwide/target" "-w" "/opt/rustwide/workdir" "--user" "0:0" "cd4bf5d5fa9e0c986d7422e56b1fa4012f8e1433afb4bf6e9e9a8fc40003303b" "/opt/rustwide/cargo-home/bin/cargo" "+1.99.0-beta.8" "metadata" "--no-deps" "--format-version=1", kill_on_drop: false }`
[INFO] running `Command { std: "docker" "inspect" "cd4bf5d5fa9e0c986d7422e56b1fa4012f8e1433afb4bf6e9e9a8fc40003303b", kill_on_drop: false }`
[INFO] running `Command { std: "docker" "exec" "-e" "SOURCE_DIR=/opt/rustwide/workdir" "-e" "CARGO_HOME=/opt/rustwide/cargo-home" "-e" "RUSTUP_HOME=/opt/rustwide/rustup-home" "-e" "CARGO_TARGET_DIR=/opt/rustwide/target" "-e" "CARGO_INCREMENTAL=0" "-e" "RUST_BACKTRACE=full" "-e" "RUSTFLAGS=--cap-lints=warn" "-e" "RUSTDOCFLAGS=--cap-lints=warn" "-w" "/opt/rustwide/workdir" "--user" "0:0" "cd4bf5d5fa9e0c986d7422e56b1fa4012f8e1433afb4bf6e9e9a8fc40003303b" "/opt/rustwide/cargo-home/bin/cargo" "+1.99.0-beta.8" "build" "--frozen" "--message-format=json" "--release", kill_on_drop: false }`
[INFO] [stderr]    Compiling crossbeam-utils v0.8.22
[INFO] [stderr]    Compiling memchr v2.8.3
[INFO] [stderr]    Compiling serde_core v1.0.229
[INFO] [stderr]    Compiling proc-macro2 v1.0.107
[INFO] [stderr]    Compiling unicode-ident v1.0.24
[INFO] [stderr]    Compiling quote v1.0.47
[INFO] [stderr]    Compiling libc v0.2.189
[INFO] [stderr]    Compiling once_cell v1.21.4
[INFO] [stderr]    Compiling crossbeam-epoch v0.9.20
[INFO] [stderr]    Compiling crossbeam-deque v0.8.7
[INFO] [stderr]    Compiling autocfg v1.5.1
[INFO] [stderr]    Compiling either v1.18.0
[INFO] [stderr]    Compiling cfg-if v1.0.4
[INFO] [stderr]    Compiling pin-project-lite v0.2.17
[INFO] [stderr]    Compiling rayon-core v1.13.0
[INFO] [stderr]    Compiling hashbrown v0.14.5
[INFO] [stderr]    Compiling smallvec v1.15.2
[INFO] [stderr]    Compiling parking_lot_core v0.9.12
[INFO] [stderr]    Compiling scopeguard v1.2.0
[INFO] [stderr]    Compiling zmij v1.0.23
[INFO] [stderr]    Compiling unicode-properties v0.1.4
[INFO] [stderr]    Compiling utf8parse v0.2.2
[INFO] [stderr]    Compiling lock_api v0.4.14
[INFO] [stderr]    Compiling ra_ap_edition v0.0.349
[INFO] [stderr]    Compiling getrandom v0.4.3
[INFO] [stderr]    Compiling is_terminal_polyfill v1.70.2
[INFO] [stderr]    Compiling tracing-core v0.1.36
[INFO] [stderr]    Compiling anstyle-parse v1.0.0
[INFO] [stderr]    Compiling itertools v0.15.0
[INFO] [stderr]    Compiling winnow v0.7.15
[INFO] [stderr]    Compiling serde_json v1.0.151
[INFO] [stderr]    Compiling rustix v1.1.4
[INFO] [stderr]    Compiling thiserror v2.0.20
[INFO] [stderr]    Compiling colorchoice v1.0.5
[INFO] [stderr]    Compiling triomphe v0.1.16
[INFO] [stderr]    Compiling anstyle-query v1.1.5
[INFO] [stderr]    Compiling memoffset v0.9.1
[INFO] [stderr]    Compiling camino v1.2.5
[INFO] [stderr]    Compiling serde v1.0.229
[INFO] [stderr]    Compiling regex-syntax v0.8.11
[INFO] [stderr]    Compiling countme v3.0.1
[INFO] [stderr]    Compiling rustc-hash v2.1.3
[INFO] [stderr]    Compiling jod-thread v1.0.0
[INFO] [stderr]    Compiling drop_bomb v0.1.5
[INFO] [stderr]    Compiling text-size v1.1.1
[INFO] [stderr]    Compiling ra-ap-rustc_lexer v0.166.0
[INFO] [stderr]    Compiling aho-corasick v1.1.5
[INFO] [stderr]    Compiling rustc-hash v1.1.0
[INFO] [stderr]    Compiling anstyle v1.0.14
[INFO] [stderr]    Compiling tracing v0.1.44
[INFO] [stderr]    Compiling rustc-literal-escaper v0.0.7
[INFO] [stderr]    Compiling bstr v1.13.1
[INFO] [stderr]    Compiling crossbeam-channel v0.5.16
[INFO] [stderr]    Compiling anstream v1.0.0
[INFO] [stderr]    Compiling rowan v0.17.0
[INFO] [stderr]    Compiling linux-raw-sys v0.12.1
[INFO] [stderr]    Compiling syn v3.0.4
[INFO] [stderr]    Compiling smol_str v0.3.6
[INFO] [stderr]    Compiling itoa v1.0.18
[INFO] [stderr]    Compiling winnow v1.0.4
[INFO] [stderr]    Compiling arrayvec v0.7.8
[INFO] [stderr]    Compiling strsim v0.11.1
[INFO] [stderr]    Compiling clap_lex v1.1.0
[INFO] [stderr]    Compiling dashmap v6.2.1
[INFO] [stderr]    Compiling bitflags v2.13.1
[INFO] [stderr]    Compiling same-file v1.0.6
[INFO] [stderr]    Compiling heck v0.5.0
[INFO] [stderr]    Compiling anyhow v1.0.104
[INFO] [stderr]    Compiling log v0.4.34
[INFO] [stderr]    Compiling walkdir v2.5.0
[INFO] [stderr]    Compiling clap_builder v4.6.6
[INFO] [stderr]    Compiling rayon v1.12.0
[INFO] [stderr]    Compiling toml_parser v1.1.3+spec-1.1.0
[INFO] [stderr]    Compiling unicode-width v0.2.2
[INFO] [stderr]    Compiling fastrand v2.5.0
[INFO] [stderr]    Compiling toml_writer v1.1.2+spec-1.1.0
[INFO] [stderr]    Compiling tabwriter v1.4.1
[INFO] [stderr]    Compiling regex-automata v0.4.18
[INFO] [stderr]    Compiling ra_ap_stdx v0.0.349
[INFO] [stderr]    Compiling ra_ap_parser v0.0.349
[INFO] [stderr]    Compiling serde_spanned v1.1.1
[INFO] [stderr]    Compiling cargo-platform v0.3.3
[INFO] [stderr]    Compiling toml_datetime v1.1.1+spec-1.1.0
[INFO] [stderr]    Compiling semver v1.0.28
[INFO] [stderr]    Compiling ra_ap_syntax v0.0.349
[INFO] [stderr]    Compiling toml v1.1.4+spec-1.1.0
[INFO] [stderr]    Compiling thiserror-impl v2.0.20
[INFO] [stderr]    Compiling serde_derive v1.0.229
[INFO] [stderr]    Compiling clap_derive v4.6.4
[INFO] [stderr]    Compiling ra_ap_intern v0.0.349
[INFO] [stderr]    Compiling tempfile v3.27.0
[INFO] [stderr]    Compiling globset v0.4.20
[INFO] [stderr]    Compiling clap v4.6.6
[INFO] [stderr]    Compiling ignore v0.4.33
[INFO] [stderr]    Compiling cargo_metadata v0.23.1
[INFO] [stderr]    Compiling ra_ap_cfg v0.0.349
[INFO] [stderr]    Compiling rot-metrics v0.1.4 (/opt/rustwide/workdir)
[INFO] [stderr]     Finished `release` profile [optimized] target(s) in 1m 53s
[INFO] running `Command { std: "docker" "inspect" "cd4bf5d5fa9e0c986d7422e56b1fa4012f8e1433afb4bf6e9e9a8fc40003303b", kill_on_drop: false }`
[INFO] running `Command { std: "docker" "exec" "-e" "SOURCE_DIR=/opt/rustwide/workdir" "-e" "CARGO_HOME=/opt/rustwide/cargo-home" "-e" "RUSTUP_HOME=/opt/rustwide/rustup-home" "-e" "CARGO_TARGET_DIR=/opt/rustwide/target" "-e" "CARGO_INCREMENTAL=0" "-e" "RUST_BACKTRACE=full" "-e" "RUSTFLAGS=--cap-lints=warn" "-e" "RUSTDOCFLAGS=--cap-lints=warn" "-w" "/opt/rustwide/workdir" "--user" "0:0" "cd4bf5d5fa9e0c986d7422e56b1fa4012f8e1433afb4bf6e9e9a8fc40003303b" "/opt/rustwide/cargo-home/bin/cargo" "+1.99.0-beta.8" "test" "--frozen" "--no-run" "--message-format=json" "--release", kill_on_drop: false }`
[INFO] [stderr]    Compiling rot-metrics v0.1.4 (/opt/rustwide/workdir)
[INFO] [stderr]     Finished `release` profile [optimized] target(s) in 50.14s
[INFO] running `Command { std: "docker" "inspect" "cd4bf5d5fa9e0c986d7422e56b1fa4012f8e1433afb4bf6e9e9a8fc40003303b", kill_on_drop: false }`
[INFO] running `Command { std: "docker" "exec" "-e" "SOURCE_DIR=/opt/rustwide/workdir" "-e" "CARGO_HOME=/opt/rustwide/cargo-home" "-e" "RUSTUP_HOME=/opt/rustwide/rustup-home" "-e" "CARGO_TARGET_DIR=/opt/rustwide/target" "-e" "CARGO_INCREMENTAL=0" "-e" "RUST_BACKTRACE=full" "-e" "RUSTFLAGS=--cap-lints=warn" "-e" "RUSTDOCFLAGS=--cap-lints=warn" "-w" "/opt/rustwide/workdir" "--user" "0:0" "cd4bf5d5fa9e0c986d7422e56b1fa4012f8e1433afb4bf6e9e9a8fc40003303b" "/opt/rustwide/cargo-home/bin/cargo" "+1.99.0-beta.8" "test" "--frozen" "--release", kill_on_drop: false }`
[INFO] [stderr]     Finished `release` profile [optimized] target(s) in 0.14s
[INFO] [stderr]      Running unittests src/lib.rs (/opt/rustwide/target/release/deps/rot-fefd18a0bebc64d6)
[INFO] [stdout] 
[INFO] [stdout] running 31 tests
[INFO] [stdout] test source::tests::cfg_filtered_match_alternatives_use_the_first_active_arm ... ok
[INFO] [stdout] test cfg::tests::cfg_attr_without_a_gating_attribute_keeps_the_item ... ok
[INFO] [stdout] test source::tests::cognitive_nesting_tracks_branches_and_resets_for_nested_bodies ... ok
[INFO] [stdout] test revision::tests::ignore_context_refuses_a_reserved_git_symlink ... ok
[INFO] [stdout] test cfg::tests::compound_test_cfg_is_production_when_feature_is_enabled ... ok
[INFO] [stdout] test source::tests::authored_decisions_follow_rust_control_flow_instead_of_lexical_tokens ... ok
[INFO] [stdout] test cfg::tests::compound_test_cfg_is_test_only_without_feature ... ok
[INFO] [stdout] test model::tests::roles_resolve_in_priority_order_and_uncertain_gates_are_conditional ... ok
[INFO] [stdout] test revision::tests::baseline_checkout_without_a_sibling_parent_is_actionable ... ok
[INFO] [stdout] test revision::tests::baseline_ref_validation_rejects_only_revision_ranges ... ok
[INFO] [stdout] test diff::tests::percentage_change_handles_zero_without_non_finite_json ... ok
[INFO] [stdout] test source::tests::evaluated_and_deferred_blocks_are_independent_bodies ... ok
[INFO] [stdout] test source::tests::visually_blank_lines_inside_tokens_keep_their_content_kind ... ok
[INFO] [stdout] test source::tests::nested_cfg_attributes_gate_fields_and_statements ... ok
[INFO] [stdout] test source::tests::quote_character_does_not_hide_following_lines ... ok
[INFO] [stdout] test source::tests::scc_style_complexity_uses_rust_tokens ... ok
[INFO] [stdout] test source::tests::macro_token_trees_are_lexical_but_not_authored_control_flow ... ok
[INFO] [stdout] test cfg::tests::forced_key_value_does_not_close_a_custom_cfg_namespace ... ok
[INFO] [stdout] test report::tests::json_written_to_a_closed_pipe_is_reported_as_a_broken_pipe ... ok
[INFO] [stdout] test source::tests::executable_body_ownership_excludes_bare_anonymous_consts_in_signatures ... ok
[INFO] [stdout] test source::tests::recovered_typed_nodes_keep_authored_metrics ... ok
[INFO] [stdout] test source::tests::declarations_without_bodies_do_not_create_cyclomatic_bases ... ok
[INFO] [stdout] test workspace::tests::all_features_with_exclusions_has_an_explicit_mode ... ok
[INFO] [stdout] test source::tests::declared_public_counts_only_explicit_unrestricted_visibility ... ok
[INFO] [stdout] test source::tests::rust_lexer_handles_nested_comments_raw_strings_and_final_line ... ok
[INFO] [stdout] test workspace::tests::cfg_predicates_are_normalized ... ok
[INFO] [stdout] test workspace::tests::qualified_selector_rejects_an_unknown_package_feature ... FAILED
[INFO] [stdout] test workspace::tests::feature_exclusion_is_applied_after_feature_closure ... FAILED
[INFO] [stdout] test revision::tests::working_state_tracks_head_and_exact_porcelain ... ok
[INFO] [stdout] test revision::tests::baseline_checkout_is_a_sibling_of_the_repository ... ok
[INFO] [stdout] test revision::tests::working_state_fingerprint_changes_when_porcelain_shape_does_not ... ok
[INFO] [stdout] 
[INFO] [stdout] failures:
[INFO] [stdout] 
[INFO] [stdout] ---- workspace::tests::qualified_selector_rejects_an_unknown_package_feature stdout ----
[INFO] [stdout] 
[INFO] [stdout] thread 'workspace::tests::qualified_selector_rejects_an_unknown_package_feature' (1910) panicked at src/workspace.rs:1256:48:
[INFO] [stdout] load fixture metadata: failed to start `cargo metadata`: No such file or directory (os error 2)
[INFO] [stdout] 
[INFO] [stdout] Caused by:
[INFO] [stdout]     No such file or directory (os error 2)
[INFO] [stdout] 
[INFO] [stdout] Stack backtrace:
[INFO] [stdout]    0: <unknown>
[INFO] [stdout]    1: <unknown>
[INFO] [stdout]    2: <unknown>
[INFO] [stdout]    3: <unknown>
[INFO] [stdout]    4: <unknown>
[INFO] [stdout]    5: <unknown>
[INFO] [stdout]    6: <unknown>
[INFO] [stdout]    7: <unknown>
[INFO] [stdout]    8: <unknown>
[INFO] [stdout]    9: clone
[INFO] [stdout] stack backtrace:
[INFO] [stdout]    0:     0x5ed2fe342636 - <unknown>
[INFO] [stdout]    1:     0x5ed2fe21de5a - <unknown>
[INFO] [stdout]    2:     0x5ed2fe34923c - <unknown>
[INFO] [stdout]    3:     0x5ed2fe31b3f2 - <unknown>
[INFO] [stdout]    4:     0x5ed2fe3387c1 - <unknown>
[INFO] [stdout]    5:     0x5ed2fe3389a2 - <unknown>
[INFO] [stdout]    6:     0x5ed2fe31b4a2 - <unknown>
[INFO] [stdout]    7:     0x5ed2fe3139e9 - <unknown>
[INFO] [stdout]    8:     0x5ed2fe31c3ed - <unknown>
[INFO] [stdout]    9:     0x5ed2fe21e57c - <unknown>
[INFO] [stdout]   10:     0x5ed2fe21e352 - <unknown>
[INFO] [stdout]   11:     0x5ed2fe2f772a - <unknown>
[INFO] [stdout]   12:     0x5ed2fe34cb8b - <unknown>
[INFO] [stdout]   13:     0x5ed2fe35ace1 - <unknown>
[INFO] [stdout]   14:     0x5ed2fe3543f4 - <unknown>
[INFO] [stdout]   15:     0x5ed2fe35eb02 - <unknown>
[INFO] [stdout]   16:     0x5ed2fe3413ce - <unknown>
[INFO] [stdout]   17:     0x7ce1917e1dfa - <unknown>
[INFO] [stdout]   18:     0x7ce1918753d4 - clone
[INFO] [stdout]   19:                0x0 - <unknown>
[INFO] [stdout] 
[INFO] [stdout] ---- workspace::tests::feature_exclusion_is_applied_after_feature_closure stdout ----
[INFO] [stdout] 
[INFO] [stdout] thread 'workspace::tests::feature_exclusion_is_applied_after_feature_closure' (1909) panicked at src/workspace.rs:1188:51:
[INFO] [stdout] load fixture metadata: failed to start `cargo metadata`: No such file or directory (os error 2)
[INFO] [stdout] 
[INFO] [stdout] Caused by:
[INFO] [stdout]     No such file or directory (os error 2)
[INFO] [stdout] 
[INFO] [stdout] Stack backtrace:
[INFO] [stdout]    0: <unknown>
[INFO] [stdout]    1: <unknown>
[INFO] [stdout]    2: <unknown>
[INFO] [stdout]    3: <unknown>
[INFO] [stdout]    4: <unknown>
[INFO] [stdout]    5: <unknown>
[INFO] [stdout]    6: <unknown>
[INFO] [stdout]    7: <unknown>
[INFO] [stdout]    8: <unknown>
[INFO] [stdout]    9: clone
[INFO] [stdout] stack backtrace:
[INFO] [stdout]    0:     0x5ed2fe342636 - <unknown>
[INFO] [stdout]    1:     0x5ed2fe21de5a - <unknown>
[INFO] [stdout]    2:     0x5ed2fe34923c - <unknown>
[INFO] [stdout]    3:     0x5ed2fe31b3f2 - <unknown>
[INFO] [stdout]    4:     0x5ed2fe3387c1 - <unknown>
[INFO] [stdout]    5:     0x5ed2fe3389a2 - <unknown>
[INFO] [stdout]    6:     0x5ed2fe31b4a2 - <unknown>
[INFO] [stdout]    7:     0x5ed2fe3139e9 - <unknown>
[INFO] [stdout]    8:     0x5ed2fe31c3ed - <unknown>
[INFO] [stdout]    9:     0x5ed2fe21e57c - <unknown>
[INFO] [stdout]   10:     0x5ed2fe21e352 - <unknown>
[INFO] [stdout]   11:     0x5ed2fe2f64af - <unknown>
[INFO] [stdout]   12:     0x5ed2fe34cb8b - <unknown>
[INFO] [stdout]   13:     0x5ed2fe35ace1 - <unknown>
[INFO] [stdout]   14:     0x5ed2fe3543f4 - <unknown>
[INFO] [stdout]   15:     0x5ed2fe35eb02 - <unknown>
[INFO] [stdout]   16:     0x5ed2fe3413ce - <unknown>
[INFO] [stdout]   17:     0x7ce1917e1dfa - <unknown>
[INFO] [stdout]   18:     0x7ce1918753d4 - clone
[INFO] [stdout]   19:                0x0 - <unknown>
[INFO] [stdout] 
[INFO] [stdout] 
[INFO] [stdout] failures:
[INFO] [stdout]     workspace::tests::feature_exclusion_is_applied_after_feature_closure
[INFO] [stdout]     workspace::tests::qualified_selector_rejects_an_unknown_package_feature
[INFO] [stdout] 
[INFO] [stdout] test result: FAILED. 29 passed; 2 failed; 0 ignored; 0 measured; 0 filtered out; finished in 0.27s
[INFO] [stdout] 
[INFO] [stderr] error: test failed, to rerun pass `--lib`
[INFO] running `Command { std: "docker" "inspect" "cd4bf5d5fa9e0c986d7422e56b1fa4012f8e1433afb4bf6e9e9a8fc40003303b", kill_on_drop: false }`
[INFO] running `Command { std: "docker" "rm" "-f" "cd4bf5d5fa9e0c986d7422e56b1fa4012f8e1433afb4bf6e9e9a8fc40003303b", kill_on_drop: false }`
[INFO] [stdout] cd4bf5d5fa9e0c986d7422e56b1fa4012f8e1433afb4bf6e9e9a8fc40003303b
