[INFO] fetching crate rosu-render 0.5.3...
[INFO] testing rosu-render-0.5.3 against 1.99.0-beta.8+cargoflags=--release for beta-release-1.100-2
[INFO] extracting crate rosu-render 0.5.3 into /workspace/builds/worker-3-tc1/source
[INFO] started tweaking crates.io crate rosu-render 0.5.3
[INFO] removed 0 missing examples
[INFO] removed 0 missing tests
[INFO] finished tweaking crates.io crate rosu-render 0.5.3
[INFO] tweaked toml for crates.io crate rosu-render 0.5.3 written to /workspace/builds/worker-3-tc1/source/Cargo.toml
[INFO] validating manifest of crates.io crate rosu-render 0.5.3 on toolchain 1.99.0-beta.8
[INFO] running `Command { std: CARGO_HOME="/workspace/cargo-home" RUSTUP_HOME="/workspace/rustup-home" "/workspace/cargo-home/bin/cargo" "+1.99.0-beta.8" "metadata" "--manifest-path" "Cargo.toml" "--no-deps", kill_on_drop: false }`
[INFO] crate crates.io crate rosu-render 0.5.3 already has a lockfile, it will not be regenerated
[INFO] running `Command { std: CARGO_HOME="/workspace/cargo-home" RUSTUP_HOME="/workspace/rustup-home" "/workspace/cargo-home/bin/cargo" "+1.99.0-beta.8" "fetch" "--manifest-path" "Cargo.toml", kill_on_drop: false }`
[INFO] [stderr]     Updating crates.io index
[INFO] [stderr]  Downloading crates ...
[INFO] [stderr]   Downloaded webpki-root-certs v0.26.11
[INFO] [stderr]   Downloaded rustls-platform-verifier v0.5.3
[INFO] [stderr]   Downloaded tokio-websockets v0.11.4
[INFO] [stderr]   Downloaded hyper-hickory v0.7.0
[INFO] [stderr]   Downloaded hickory-resolver v0.24.4
[INFO] [stderr]   Downloaded hickory-proto v0.24.4
[INFO] running `Command { std: "docker" "create" "-v" "/var/lib/crater-agent-workspace/builds/worker-3-tc1/source:/opt/rustwide/workdir:ro,Z" "-v" "/var/lib/crater-agent-workspace/builds/worker-3-tc1/target:/opt/rustwide/target:rw,Z" "-v" "/var/lib/crater-agent-workspace/cargo-home:/opt/rustwide/cargo-home:ro,Z" "-v" "/var/lib/crater-agent-workspace/rustup-home:/opt/rustwide/rustup-home:ro,Z" "-m" "1610612736" "--network" "none" "ghcr.io/rust-lang/crates-build-env/linux@sha256:77db811e55d90add9212f6832c23229e3de5f1c1f9905e8cb07319ea15df73ac" "sleep" "infinity", kill_on_drop: false }`
[INFO] [stdout] d830c84330662f6de706f6e8ed42254dc7bd7672319990a5992ce359d3c505a3
[INFO] running `Command { std: "docker" "start" "d830c84330662f6de706f6e8ed42254dc7bd7672319990a5992ce359d3c505a3", kill_on_drop: false }`
[INFO] running `Command { std: "docker" "inspect" "d830c84330662f6de706f6e8ed42254dc7bd7672319990a5992ce359d3c505a3", kill_on_drop: false }`
[INFO] running `Command { std: "docker" "exec" "-e" "SOURCE_DIR=/opt/rustwide/workdir" "-e" "CARGO_HOME=/opt/rustwide/cargo-home" "-e" "RUSTUP_HOME=/opt/rustwide/rustup-home" "-e" "CARGO_TARGET_DIR=/opt/rustwide/target" "-w" "/opt/rustwide/workdir" "--user" "0:0" "d830c84330662f6de706f6e8ed42254dc7bd7672319990a5992ce359d3c505a3" "/opt/rustwide/cargo-home/bin/cargo" "+1.99.0-beta.8" "metadata" "--no-deps" "--format-version=1", kill_on_drop: false }`
[INFO] running `Command { std: "docker" "inspect" "d830c84330662f6de706f6e8ed42254dc7bd7672319990a5992ce359d3c505a3", kill_on_drop: false }`
[INFO] running `Command { std: "docker" "exec" "-e" "SOURCE_DIR=/opt/rustwide/workdir" "-e" "CARGO_HOME=/opt/rustwide/cargo-home" "-e" "RUSTUP_HOME=/opt/rustwide/rustup-home" "-e" "CARGO_TARGET_DIR=/opt/rustwide/target" "-e" "CARGO_INCREMENTAL=0" "-e" "RUST_BACKTRACE=full" "-e" "RUSTFLAGS=--cap-lints=warn" "-e" "RUSTDOCFLAGS=--cap-lints=warn" "-w" "/opt/rustwide/workdir" "--user" "0:0" "d830c84330662f6de706f6e8ed42254dc7bd7672319990a5992ce359d3c505a3" "/opt/rustwide/cargo-home/bin/cargo" "+1.99.0-beta.8" "build" "--frozen" "--message-format=json" "--release", kill_on_drop: false }`
[INFO] [stderr]    Compiling smallvec v1.16.2
[INFO] [stderr]    Compiling syn v3.0.6
[INFO] [stderr]    Compiling cc v1.5.1
[INFO] [stderr]    Compiling syn v2.0.119
[INFO] [stderr]    Compiling rustls v0.23.45
[INFO] [stderr]    Compiling getrandom v0.2.17
[INFO] [stderr]    Compiling tokio v1.53.1
[INFO] [stderr]    Compiling form_urlencoded v1.2.2
[INFO] [stderr]    Compiling futures-util v0.3.34
[INFO] [stderr]    Compiling simdutf8 v0.1.5
[INFO] [stderr]    Compiling fastrand v2.5.0
[INFO] [stderr]    Compiling time v0.3.55
[INFO] [stderr]    Compiling http-body-util v0.1.5
[INFO] [stderr]    Compiling parking_lot_core v0.9.12
[INFO] [stderr]    Compiling parking_lot v0.12.5
[INFO] [stderr]    Compiling ring v0.17.14
[INFO] [stderr]    Compiling synstructure v0.14.0
[INFO] [stderr]    Compiling zerovec-derive v0.11.6
[INFO] [stderr]    Compiling displaydoc v0.2.7
[INFO] [stderr]    Compiling serde_derive v1.0.229
[INFO] [stderr]    Compiling thiserror-impl v2.0.21
[INFO] [stderr]    Compiling zerofrom-derive v0.1.8
[INFO] [stderr]    Compiling yoke-derive v0.8.3
[INFO] [stderr]    Compiling zerofrom v0.1.8
[INFO] [stderr]    Compiling yoke v0.8.3
[INFO] [stderr]    Compiling thiserror v2.0.21
[INFO] [stderr]    Compiling zerovec v0.11.8
[INFO] [stderr]    Compiling zerotrie v0.2.5
[INFO] [stderr]    Compiling tracing-attributes v0.1.31
[INFO] [stderr]    Compiling pin-project-internal v1.1.13
[INFO] [stderr]    Compiling tinystr v0.8.4
[INFO] [stderr]    Compiling potential_utf v0.1.6
[INFO] [stderr]    Compiling tokio-util v0.7.19
[INFO] [stderr]    Compiling leaky-bucket v1.1.2
[INFO] [stderr]    Compiling icu_collections v2.3.0
[INFO] [stderr]    Compiling serde v1.0.229
[INFO] [stderr]    Compiling icu_locale_core v2.3.0
[INFO] [stderr]    Compiling pin-project v1.1.13
[INFO] [stderr]    Compiling tracing v0.1.44
[INFO] [stderr]    Compiling serde_urlencoded v0.7.1
[INFO] [stderr]    Compiling h2 v0.4.19
[INFO] [stderr]    Compiling icu_provider v2.3.1
[INFO] [stderr]    Compiling icu_normalizer v2.3.0
[INFO] [stderr]    Compiling icu_properties v2.3.0
[INFO] [stderr]    Compiling idna_adapter v1.2.2
[INFO] [stderr]    Compiling idna v1.1.0
[INFO] [stderr]    Compiling url v2.5.8
[INFO] [stderr]    Compiling hyper v1.11.1
[INFO] [stderr]    Compiling hyper-util v0.1.21
[INFO] [stderr]    Compiling rustls-webpki v0.103.15
[INFO] [stderr]    Compiling tokio-rustls v0.26.5
[INFO] [stderr]    Compiling tokio-websockets v0.11.4
[INFO] [stderr]    Compiling hyper-rustls v0.27.10
[INFO] [stderr]    Compiling rosu-render v0.5.3 (/opt/rustwide/workdir)
[INFO] [stderr]     Finished `release` profile [optimized] target(s) in 1m 11s
[INFO] running `Command { std: "docker" "inspect" "d830c84330662f6de706f6e8ed42254dc7bd7672319990a5992ce359d3c505a3", kill_on_drop: false }`
[INFO] running `Command { std: "docker" "exec" "-e" "SOURCE_DIR=/opt/rustwide/workdir" "-e" "CARGO_HOME=/opt/rustwide/cargo-home" "-e" "RUSTUP_HOME=/opt/rustwide/rustup-home" "-e" "CARGO_TARGET_DIR=/opt/rustwide/target" "-e" "CARGO_INCREMENTAL=0" "-e" "RUST_BACKTRACE=full" "-e" "RUSTFLAGS=--cap-lints=warn" "-e" "RUSTDOCFLAGS=--cap-lints=warn" "-w" "/opt/rustwide/workdir" "--user" "0:0" "d830c84330662f6de706f6e8ed42254dc7bd7672319990a5992ce359d3c505a3" "/opt/rustwide/cargo-home/bin/cargo" "+1.99.0-beta.8" "test" "--frozen" "--no-run" "--message-format=json" "--release", kill_on_drop: false }`
[INFO] [stderr]    Compiling syn v3.0.6
[INFO] [stderr]    Compiling synstructure v0.14.0
[INFO] [stderr]    Compiling zerofrom-derive v0.1.8
[INFO] [stderr]    Compiling yoke-derive v0.8.3
[INFO] [stderr]    Compiling zerovec-derive v0.11.6
[INFO] [stderr]    Compiling displaydoc v0.2.7
[INFO] [stderr]    Compiling tokio-macros v2.7.2
[INFO] [stderr]    Compiling serde_derive v1.0.229
[INFO] [stderr]    Compiling thiserror-impl v2.0.21
[INFO] [stderr]    Compiling tokio v1.53.1
[INFO] [stderr]    Compiling thiserror v2.0.21
[INFO] [stderr]    Compiling zerofrom v0.1.8
[INFO] [stderr]    Compiling yoke v0.8.3
[INFO] [stderr]    Compiling zerovec v0.11.8
[INFO] [stderr]    Compiling zerotrie v0.2.5
[INFO] [stderr]    Compiling tinystr v0.8.4
[INFO] [stderr]    Compiling potential_utf v0.1.6
[INFO] [stderr]    Compiling icu_collections v2.3.0
[INFO] [stderr]    Compiling icu_locale_core v2.3.0
[INFO] [stderr]    Compiling serde v1.0.229
[INFO] [stderr]    Compiling icu_provider v2.3.1
[INFO] [stderr]    Compiling icu_normalizer v2.3.0
[INFO] [stderr]    Compiling icu_properties v2.3.0
[INFO] [stderr]    Compiling serde_urlencoded v0.7.1
[INFO] [stderr]    Compiling idna_adapter v1.2.2
[INFO] [stderr]    Compiling idna v1.1.0
[INFO] [stderr]    Compiling tokio-util v0.7.19
[INFO] [stderr]    Compiling tokio-rustls v0.26.5
[INFO] [stderr]    Compiling leaky-bucket v1.1.2
[INFO] [stderr]    Compiling url v2.5.8
[INFO] [stderr]    Compiling h2 v0.4.19
[INFO] [stderr]    Compiling tokio-websockets v0.11.4
[INFO] [stderr]    Compiling hyper v1.11.1
[INFO] [stderr]    Compiling hyper-util v0.1.21
[INFO] [stderr]    Compiling hyper-rustls v0.27.10
[INFO] [stderr]    Compiling rosu-render v0.5.3 (/opt/rustwide/workdir)
[INFO] [stderr]     Finished `release` profile [optimized] target(s) in 50.30s
[INFO] running `Command { std: "docker" "inspect" "d830c84330662f6de706f6e8ed42254dc7bd7672319990a5992ce359d3c505a3", kill_on_drop: false }`
[INFO] running `Command { std: "docker" "exec" "-e" "SOURCE_DIR=/opt/rustwide/workdir" "-e" "CARGO_HOME=/opt/rustwide/cargo-home" "-e" "RUSTUP_HOME=/opt/rustwide/rustup-home" "-e" "CARGO_TARGET_DIR=/opt/rustwide/target" "-e" "CARGO_INCREMENTAL=0" "-e" "RUST_BACKTRACE=full" "-e" "RUSTFLAGS=--cap-lints=warn" "-e" "RUSTDOCFLAGS=--cap-lints=warn" "-w" "/opt/rustwide/workdir" "--user" "0:0" "d830c84330662f6de706f6e8ed42254dc7bd7672319990a5992ce359d3c505a3" "/opt/rustwide/cargo-home/bin/cargo" "+1.99.0-beta.8" "test" "--frozen" "--release", kill_on_drop: false }`
[INFO] [stderr]     Finished `release` profile [optimized] target(s) in 0.21s
[INFO] [stderr]      Running unittests src/lib.rs (/opt/rustwide/target/release/deps/rosu_render-c2e201ca86072a1d)
[INFO] [stdout] 
[INFO] [stdout] running 36 tests
[INFO] [stdout] test client::error::tests::api_error_bare_message ... ok
[INFO] [stdout] test client::error::tests::api_error_display ... ok
[INFO] [stdout] test model::render::tests::render_deserialize_without_discord_user_id ... ok
[INFO] [stdout] test client::error::tests::recent_error_codes_deserialize ... ok
[INFO] [stdout] test model::render::tests::render_deserialize ... ok
[INFO] [stdout] test util::datetime::tests::from_milliseconds ... ok
[INFO] [stdout] test util::multipart::serializer::tests::test_form_serializer ... ok
[INFO] [stdout] test routing::tests::endpoints ... ok
[INFO] [stdout] test util::multipart::serializer::tests::scalars ... ok
[INFO] [stdout] test util::multipart::form::tests::empty ... ok
[INFO] [stdout] test model::render::tests::render_list_deserialize ... ok
[INFO] [stdout] test websocket::event::tests::parse_custom_skin_event ... ok
[INFO] [stdout] test websocket::event::tests::parse_failed_event ... ok
[INFO] [stdout] test request::render::tests::custom_skin ... ok
[INFO] [stdout] test websocket::event::tests::reject_unknown_event ... ok
[INFO] [stdout] test websocket::packet::tests::parse_ack_packet_with_id ... ok
[INFO] [stdout] test websocket::packet::tests::parse_connect_packet ... ok
[INFO] [stdout] test util::multipart::serializer::tests::option_panics - should panic ... ok
[INFO] [stdout] test websocket::event::tests::parse_added_event ... ok
[INFO] [stdout] test request::render_list::tests::filters ... ok
[INFO] [stdout] test util::datetime::tests::from_rfc3339 ... ok
[INFO] [stdout] test util::datetime::tests::invalid ... ok
[INFO] [stdout] test util::multipart::form::tests::filled ... ok
[INFO] [stdout] test websocket::packet::tests::parse_event_packet ... ok
[INFO] [stdout] test websocket::packet::tests::reject_invalid_packet ... ok
[INFO] [stdout] test websocket::tests::bot_auth_ignores_other_events ... ok
[INFO] [stdout] test websocket::reconnect::tests::test_reconnect ... ok
[INFO] [stdout] test websocket::tests::bot_auth_failure_message_is_captured ... ok
[INFO] [stdout] test websocket::tests::bot_auth_reply_frame ... ok
[INFO] [stdout] test websocket::tests::bot_auth_emit_frame ... ok
[INFO] [stdout] test request::render_list::tests::paging_and_render_id ... ok
[INFO] [stdout] test websocket::event::tests::parse_done_event ... ok
[INFO] [stdout] test websocket::event::tests::parse_progress_event ... ok
[INFO] [stdout] test request::render::tests::missing_options_default_resolution ... ok
[INFO] [stderr]      Running tests/requests.rs (/opt/rustwide/target/release/deps/requests-ebeab2717a575ef3)
[INFO] [stdout] test websocket::event::tests::reject_event_without_render_id ... ok
[INFO] [stdout] test request::render::tests::options_form ... ok
[INFO] [stdout] 
[INFO] [stdout] test result: ok. 36 passed; 0 failed; 0 ignored; 0 measured; 0 filtered out; finished in 0.02s
[INFO] [stdout] 
[INFO] [stdout] 
[INFO] [stdout] running 5 tests
[INFO] [stdout] test bot_auth ... ok
[INFO] [stdout] test dyn_link ... ok
[INFO] [stdout] test custom_skin_error ... ok
[INFO] [stderr] error: test failed, to rerun pass `--test requests`
[INFO] [stdout] test dyn_link_invalid_id ... FAILED
[INFO] [stdout] test render_success ... FAILED
[INFO] [stdout] 
[INFO] [stdout] failures:
[INFO] [stdout] 
[INFO] [stdout] ---- dyn_link_invalid_id stdout ----
[INFO] [stdout] 
[INFO] [stdout] thread 'dyn_link_invalid_id' (2145) panicked at tests/requests.rs:60:5:
[INFO] [stdout] expected an API-level error, got: RequestError {
[INFO] [stdout]     source: hyper_util::client::legacy::Error(
[INFO] [stdout]         Connect,
[INFO] [stdout]         ConnectError(
[INFO] [stdout]             "dns error",
[INFO] [stdout]             Custom {
[INFO] [stdout]                 kind: Uncategorized,
[INFO] [stdout]                 error: "failed to lookup address information: Temporary failure in name resolution",
[INFO] [stdout]             },
[INFO] [stdout]         ),
[INFO] [stdout]     ),
[INFO] [stdout] }
[INFO] [stdout] stack backtrace:
[INFO] [stdout]    0:     0x617fc6b76591 - <<std[70759c8f55707aa4]::sys::backtrace::BacktraceLock>::print::DisplayBacktrace as core[df12db4294e9bfd3]::fmt::Display>::fmt
[INFO] [stdout]    1:     0x617fc6b8c91a - core[df12db4294e9bfd3]::fmt::write
[INFO] [stdout]    2:     0x617fc6b7afec - <alloc[2182bb758b4b3781]::vec::Vec<u8> as core[df12db4294e9bfd3]::io::write::Write>::write_fmt
[INFO] [stdout]    3:     0x617fc6b51646 - std[70759c8f55707aa4]::panicking::default_hook::{closure#0}
[INFO] [stdout]    4:     0x617fc6b6e2b9 - std[70759c8f55707aa4]::panicking::default_hook
[INFO] [stdout]    5:     0x617fc6907350 - test[9d35eded1c95d3be]::test_main_inner::<test[9d35eded1c95d3be]::test_main_static::{closure#0}>::{closure#0}
[INFO] [stdout]    6:     0x617fc6b6e5e2 - std[70759c8f55707aa4]::panicking::panic_with_hook
[INFO] [stdout]    7:     0x617fc6b516f2 - std[70759c8f55707aa4]::panicking::panic_handler::{closure#0}
[INFO] [stdout]    8:     0x617fc6b4a209 - std[70759c8f55707aa4]::sys::backtrace::__rust_end_short_backtrace::<std[70759c8f55707aa4]::panicking::panic_handler::{closure#0}, !>
[INFO] [stdout]    9:     0x617fc6b524dd - __rustc[8fa7c3cbc660c2b3]::rust_begin_unwind
[INFO] [stdout]   10:     0x617fc6b8d07c - core[df12db4294e9bfd3]::panicking::panic_fmt
[INFO] [stdout]   11:     0x617fc68cdf35 - requests[fe536a65cba9e99f]::dyn_link_invalid_id::{closure#0}
[INFO] [stdout]   12:     0x617fc68d8333 - <tokio[d244e6539d3e8db8]::runtime::scheduler::current_thread::Context>::enter::<core[df12db4294e9bfd3]::task::poll::Poll<()>, <tokio[d244e6539d3e8db8]::runtime::scheduler::current_thread::CoreGuard>::block_on<core[df12db4294e9bfd3]::pin::Pin<&mut core[df12db4294e9bfd3]::pin::Pin<&mut dyn core[df12db4294e9bfd3]::future::future::Future<Output = ()>>>>::{closure#0}::{closure#0}>
[INFO] [stdout]   13:     0x617fc68e43cc - <tokio[d244e6539d3e8db8]::runtime::context::scoped::Scoped<tokio[d244e6539d3e8db8]::runtime::scheduler::Context>>::set::<<tokio[d244e6539d3e8db8]::runtime::scheduler::current_thread::CoreGuard>::enter<<tokio[d244e6539d3e8db8]::runtime::scheduler::current_thread::CoreGuard>::block_on<core[df12db4294e9bfd3]::pin::Pin<&mut core[df12db4294e9bfd3]::pin::Pin<&mut dyn core[df12db4294e9bfd3]::future::future::Future<Output = ()>>>>::{closure#0}, core[df12db4294e9bfd3]::option::Option<()>>::{closure#0}, (alloc[2182bb758b4b3781]::boxed::Box<tokio[d244e6539d3e8db8]::runtime::scheduler::current_thread::Core>, core[df12db4294e9bfd3]::option::Option<()>)>
[INFO] [stdout]   14:     0x617fc68d84d7 - <tokio[d244e6539d3e8db8]::runtime::scheduler::current_thread::CoreGuard>::block_on::<core[df12db4294e9bfd3]::pin::Pin<&mut core[df12db4294e9bfd3]::pin::Pin<&mut dyn core[df12db4294e9bfd3]::future::future::Future<Output = ()>>>>
[INFO] [stdout]   15:     0x617fc68ec22d - tokio[d244e6539d3e8db8]::runtime::context::runtime::enter_runtime::<<tokio[d244e6539d3e8db8]::runtime::scheduler::current_thread::CurrentThread>::block_on<core[df12db4294e9bfd3]::pin::Pin<&mut dyn core[df12db4294e9bfd3]::future::future::Future<Output = ()>>>::{closure#0}, ()>
[INFO] [stdout]   16:     0x617fc68d8215 - <tokio[d244e6539d3e8db8]::runtime::runtime::Runtime>::block_on::<core[df12db4294e9bfd3]::pin::Pin<&mut dyn core[df12db4294e9bfd3]::future::future::Future<Output = ()>>>
[INFO] [stdout]   17:     0x617fc68d146e - <requests[fe536a65cba9e99f]::dyn_link_invalid_id::{closure#0} as core[df12db4294e9bfd3]::ops::function::FnOnce<()>>::call_once
[INFO] [stdout]   18:     0x617fc68fa63b - test[9d35eded1c95d3be]::__rust_begin_short_backtrace::<core[df12db4294e9bfd3]::result::Result<(), alloc[2182bb758b4b3781]::string::String>, fn() -> core[df12db4294e9bfd3]::result::Result<(), alloc[2182bb758b4b3781]::string::String>>
[INFO] [stdout]   19:     0x617fc6907ca5 - test[9d35eded1c95d3be]::run_test::{closure#0}
[INFO] [stdout]   20:     0x617fc6901564 - std[70759c8f55707aa4]::sys::backtrace::__rust_begin_short_backtrace::<test[9d35eded1c95d3be]::run_test::{closure#1}, ()>
[INFO] [stdout]   21:     0x617fc690ae02 - <std[70759c8f55707aa4]::thread::lifecycle::spawn_unchecked<test[9d35eded1c95d3be]::run_test::{closure#1}, ()>::{closure#1} as core[df12db4294e9bfd3]::ops::function::FnOnce<()>>::call_once::{shim:vtable#0}
[INFO] [stdout]   22:     0x617fc6b75799 - <std[70759c8f55707aa4]::sys::thread::unix::Thread>::new::thread_start
[INFO] [stdout]   23:     0x7119793b2dfa - <unknown>
[INFO] [stdout]   24:     0x7119794463d4 - clone
[INFO] [stdout]   25:                0x0 - <unknown>
[INFO] [stdout] 
[INFO] [stdout] ---- render_success stdout ----
[INFO] [stdout] 
[INFO] [stdout] thread 'render_success' (2146) panicked at tests/requests.rs:13:56:
[INFO] [stdout] called `Result::unwrap()` on an `Err` value: EngineIo(Reconnect(CannotResolveHost))
[INFO] [stdout] stack backtrace:
[INFO] [stdout]    0:     0x617fc6b76591 - <<std[70759c8f55707aa4]::sys::backtrace::BacktraceLock>::print::DisplayBacktrace as core[df12db4294e9bfd3]::fmt::Display>::fmt
[INFO] [stdout]    1:     0x617fc6b8c91a - core[df12db4294e9bfd3]::fmt::write
[INFO] [stdout]    2:     0x617fc6b7afec - <alloc[2182bb758b4b3781]::vec::Vec<u8> as core[df12db4294e9bfd3]::io::write::Write>::write_fmt
[INFO] [stdout]    3:     0x617fc6b51646 - std[70759c8f55707aa4]::panicking::default_hook::{closure#0}
[INFO] [stdout]    4:     0x617fc6b6e2b9 - std[70759c8f55707aa4]::panicking::default_hook
[INFO] [stdout]    5:     0x617fc6907350 - test[9d35eded1c95d3be]::test_main_inner::<test[9d35eded1c95d3be]::test_main_static::{closure#0}>::{closure#0}
[INFO] [stdout]    6:     0x617fc6b6e5e2 - std[70759c8f55707aa4]::panicking::panic_with_hook
[INFO] [stdout]    7:     0x617fc6b516f2 - std[70759c8f55707aa4]::panicking::panic_handler::{closure#0}
[INFO] [stdout]    8:     0x617fc6b4a209 - std[70759c8f55707aa4]::sys::backtrace::__rust_end_short_backtrace::<std[70759c8f55707aa4]::panicking::panic_handler::{closure#0}, !>
[INFO] [stdout]    9:     0x617fc6b524dd - __rustc[8fa7c3cbc660c2b3]::rust_begin_unwind
[INFO] [stdout]   10:     0x617fc6b8d07c - core[df12db4294e9bfd3]::panicking::panic_fmt
[INFO] [stdout]   11:     0x617fc6b8ce52 - core[df12db4294e9bfd3]::result::unwrap_failed
[INFO] [stdout]   12:     0x617fc68cd6e0 - requests[fe536a65cba9e99f]::render_success::{closure#0}
[INFO] [stdout]   13:     0x617fc68d8333 - <tokio[d244e6539d3e8db8]::runtime::scheduler::current_thread::Context>::enter::<core[df12db4294e9bfd3]::task::poll::Poll<()>, <tokio[d244e6539d3e8db8]::runtime::scheduler::current_thread::CoreGuard>::block_on<core[df12db4294e9bfd3]::pin::Pin<&mut core[df12db4294e9bfd3]::pin::Pin<&mut dyn core[df12db4294e9bfd3]::future::future::Future<Output = ()>>>>::{closure#0}::{closure#0}>
[INFO] [stdout]   14:     0x617fc68e43cc - <tokio[d244e6539d3e8db8]::runtime::context::scoped::Scoped<tokio[d244e6539d3e8db8]::runtime::scheduler::Context>>::set::<<tokio[d244e6539d3e8db8]::runtime::scheduler::current_thread::CoreGuard>::enter<<tokio[d244e6539d3e8db8]::runtime::scheduler::current_thread::CoreGuard>::block_on<core[df12db4294e9bfd3]::pin::Pin<&mut core[df12db4294e9bfd3]::pin::Pin<&mut dyn core[df12db4294e9bfd3]::future::future::Future<Output = ()>>>>::{closure#0}, core[df12db4294e9bfd3]::option::Option<()>>::{closure#0}, (alloc[2182bb758b4b3781]::boxed::Box<tokio[d244e6539d3e8db8]::runtime::scheduler::current_thread::Core>, core[df12db4294e9bfd3]::option::Option<()>)>
[INFO] [stdout]   15:     0x617fc68d84d7 - <tokio[d244e6539d3e8db8]::runtime::scheduler::current_thread::CoreGuard>::block_on::<core[df12db4294e9bfd3]::pin::Pin<&mut core[df12db4294e9bfd3]::pin::Pin<&mut dyn core[df12db4294e9bfd3]::future::future::Future<Output = ()>>>>
[INFO] [stdout]   16:     0x617fc68ec22d - tokio[d244e6539d3e8db8]::runtime::context::runtime::enter_runtime::<<tokio[d244e6539d3e8db8]::runtime::scheduler::current_thread::CurrentThread>::block_on<core[df12db4294e9bfd3]::pin::Pin<&mut dyn core[df12db4294e9bfd3]::future::future::Future<Output = ()>>>::{closure#0}, ()>
[INFO] [stdout]   17:     0x617fc68d8215 - <tokio[d244e6539d3e8db8]::runtime::runtime::Runtime>::block_on::<core[df12db4294e9bfd3]::pin::Pin<&mut dyn core[df12db4294e9bfd3]::future::future::Future<Output = ()>>>
[INFO] [stdout]   18:     0x617fc68d11bc - <requests[fe536a65cba9e99f]::render_success::{closure#0} as core[df12db4294e9bfd3]::ops::function::FnOnce<()>>::call_once
[INFO] [stdout]   19:     0x617fc68fa63b - test[9d35eded1c95d3be]::__rust_begin_short_backtrace::<core[df12db4294e9bfd3]::result::Result<(), alloc[2182bb758b4b3781]::string::String>, fn() -> core[df12db4294e9bfd3]::result::Result<(), alloc[2182bb758b4b3781]::string::String>>
[INFO] [stdout]   20:     0x617fc6907ca5 - test[9d35eded1c95d3be]::run_test::{closure#0}
[INFO] [stdout]   21:     0x617fc6901564 - std[70759c8f55707aa4]::sys::backtrace::__rust_begin_short_backtrace::<test[9d35eded1c95d3be]::run_test::{closure#1}, ()>
[INFO] [stdout]   22:     0x617fc690ae02 - <std[70759c8f55707aa4]::thread::lifecycle::spawn_unchecked<test[9d35eded1c95d3be]::run_test::{closure#1}, ()>::{closure#1} as core[df12db4294e9bfd3]::ops::function::FnOnce<()>>::call_once::{shim:vtable#0}
[INFO] [stdout]   23:     0x617fc6b75799 - <std[70759c8f55707aa4]::sys::thread::unix::Thread>::new::thread_start
[INFO] [stdout]   24:     0x7119793b2dfa - <unknown>
[INFO] [stdout]   25:     0x7119794463d4 - clone
[INFO] [stdout]   26:                0x0 - <unknown>
[INFO] [stdout] 
[INFO] [stdout] 
[INFO] [stdout] failures:
[INFO] [stdout]     dyn_link_invalid_id
[INFO] [stdout]     render_success
[INFO] [stdout] 
[INFO] [stdout] test result: FAILED. 3 passed; 2 failed; 0 ignored; 0 measured; 0 filtered out; finished in 0.02s
[INFO] [stdout] 
[INFO] running `Command { std: "docker" "inspect" "d830c84330662f6de706f6e8ed42254dc7bd7672319990a5992ce359d3c505a3", kill_on_drop: false }`
[INFO] running `Command { std: "docker" "rm" "-f" "d830c84330662f6de706f6e8ed42254dc7bd7672319990a5992ce359d3c505a3", kill_on_drop: false }`
[INFO] [stdout] d830c84330662f6de706f6e8ed42254dc7bd7672319990a5992ce359d3c505a3
