[INFO] fetching crate roslibrust_genmsg 0.26.0...
[INFO] testing roslibrust_genmsg-0.26.0 against 1.100.0-beta.1+cargoflags=--release for beta-release-1.100-2
[INFO] extracting crate roslibrust_genmsg 0.26.0 into /workspace/builds/worker-3-tc2/source
[INFO] started tweaking crates.io crate roslibrust_genmsg 0.26.0
[INFO] finished tweaking crates.io crate roslibrust_genmsg 0.26.0
[INFO] tweaked toml for crates.io crate roslibrust_genmsg 0.26.0 written to /workspace/builds/worker-3-tc2/source/Cargo.toml
[INFO] validating manifest of crates.io crate roslibrust_genmsg 0.26.0 on toolchain 1.100.0-beta.1
[INFO] running `Command { std: CARGO_HOME="/workspace/cargo-home" RUSTUP_HOME="/workspace/rustup-home" "/workspace/cargo-home/bin/cargo" "+1.100.0-beta.1" "metadata" "--manifest-path" "Cargo.toml" "--no-deps", kill_on_drop: false }`
[INFO] crate crates.io crate roslibrust_genmsg 0.26.0 already has a lockfile, it will not be regenerated
[INFO] running `Command { std: CARGO_HOME="/workspace/cargo-home" RUSTUP_HOME="/workspace/rustup-home" "/workspace/cargo-home/bin/cargo" "+1.100.0-beta.1" "fetch" "--manifest-path" "Cargo.toml", kill_on_drop: false }`
[INFO] running `Command { std: "docker" "create" "-v" "/var/lib/crater-agent-workspace/builds/worker-3-tc2/source:/opt/rustwide/workdir:ro,Z" "-v" "/var/lib/crater-agent-workspace/builds/worker-3-tc2/target:/opt/rustwide/target:rw,Z" "-v" "/var/lib/crater-agent-workspace/cargo-home:/opt/rustwide/cargo-home:ro,Z" "-v" "/var/lib/crater-agent-workspace/rustup-home:/opt/rustwide/rustup-home:ro,Z" "-m" "1610612736" "--network" "none" "ghcr.io/rust-lang/crates-build-env/linux@sha256:77db811e55d90add9212f6832c23229e3de5f1c1f9905e8cb07319ea15df73ac" "sleep" "infinity", kill_on_drop: false }`
[INFO] [stdout] ed132488cbe955d7bc72dcf82fab6d7812748a07f0cb41994371ac5f558e842d
[INFO] running `Command { std: "docker" "start" "ed132488cbe955d7bc72dcf82fab6d7812748a07f0cb41994371ac5f558e842d", kill_on_drop: false }`
[INFO] running `Command { std: "docker" "inspect" "ed132488cbe955d7bc72dcf82fab6d7812748a07f0cb41994371ac5f558e842d", kill_on_drop: false }`
[INFO] running `Command { std: "docker" "exec" "-e" "SOURCE_DIR=/opt/rustwide/workdir" "-e" "CARGO_HOME=/opt/rustwide/cargo-home" "-e" "RUSTUP_HOME=/opt/rustwide/rustup-home" "-e" "CARGO_TARGET_DIR=/opt/rustwide/target" "-w" "/opt/rustwide/workdir" "--user" "0:0" "ed132488cbe955d7bc72dcf82fab6d7812748a07f0cb41994371ac5f558e842d" "/opt/rustwide/cargo-home/bin/cargo" "+1.100.0-beta.1" "metadata" "--no-deps" "--format-version=1", kill_on_drop: false }`
[INFO] running `Command { std: "docker" "inspect" "ed132488cbe955d7bc72dcf82fab6d7812748a07f0cb41994371ac5f558e842d", kill_on_drop: false }`
[INFO] running `Command { std: "docker" "exec" "-e" "SOURCE_DIR=/opt/rustwide/workdir" "-e" "CARGO_HOME=/opt/rustwide/cargo-home" "-e" "RUSTUP_HOME=/opt/rustwide/rustup-home" "-e" "CARGO_TARGET_DIR=/opt/rustwide/target" "-e" "CARGO_INCREMENTAL=0" "-e" "RUST_BACKTRACE=full" "-e" "RUSTFLAGS=--cap-lints=warn" "-e" "RUSTDOCFLAGS=--cap-lints=warn" "-w" "/opt/rustwide/workdir" "--user" "0:0" "ed132488cbe955d7bc72dcf82fab6d7812748a07f0cb41994371ac5f558e842d" "/opt/rustwide/cargo-home/bin/cargo" "+1.100.0-beta.1" "build" "--frozen" "--message-format=json" "--release", kill_on_drop: false }`
[INFO] [stderr]    Compiling syn v2.0.114
[INFO] [stderr]    Compiling typeid v1.0.3
[INFO] [stderr]    Compiling proc-macro2 v1.0.106
[INFO] [stderr]    Compiling unicode-ident v1.0.22
[INFO] [stderr]    Compiling erased-serde v0.4.10
[INFO] [stderr]    Compiling zmij v1.0.17
[INFO] [stderr]    Compiling quote v1.0.44
[INFO] [stderr]    Compiling syn v1.0.109
[INFO] [stderr]    Compiling clap_lex v0.7.7
[INFO] [stderr]    Compiling env_filter v0.1.4
[INFO] [stderr]    Compiling serde_bytes v0.11.19
[INFO] [stderr]    Compiling xml-rs v0.8.28
[INFO] [stderr]    Compiling jiff v0.2.18
[INFO] [stderr]    Compiling simple-error v0.3.2
[INFO] [stderr]    Compiling itertools v0.12.1
[INFO] [stderr]    Compiling clap_builder v4.5.56
[INFO] [stderr]    Compiling serde_json v1.0.149
[INFO] [stderr]    Compiling serde_derive v1.0.228
[INFO] [stderr]    Compiling thiserror-impl v2.0.18
[INFO] [stderr]    Compiling async-stream-impl v0.3.6
[INFO] [stderr]    Compiling smart-default v0.7.1
[INFO] [stderr]    Compiling clap_derive v4.5.55
[INFO] [stderr]    Compiling async-stream v0.3.6
[INFO] [stderr]    Compiling clap v4.5.56
[INFO] [stderr]    Compiling thiserror v2.0.18
[INFO] [stderr]    Compiling env_logger v0.11.8
[INFO] [stderr]    Compiling serde v1.0.228
[INFO] [stderr]    Compiling roslibrust_common v0.26.0
[INFO] [stderr]    Compiling serde-big-array v0.5.1
[INFO] [stderr]    Compiling minijinja v2.15.1
[INFO] [stderr]    Compiling roslibrust_codegen v0.26.0
[INFO] [stderr]    Compiling roslibrust_genmsg v0.26.0 (/opt/rustwide/workdir)
[INFO] [stderr] warning: unused dependency `itertools`
[INFO] [stderr]   --> Cargo.toml:12:15
[INFO] [stderr]    |
[INFO] [stderr] 12 | [dependencies.itertools]
[INFO] [stderr]    |               ^^^^^^^^^^
[INFO] [stderr]    |
[INFO] [stderr]    = note: `cargo::unused_dependencies` is set to `warn` by default
[INFO] [stderr] help: consider removing the dependency on `itertools`
[INFO] [stderr] warning: `roslibrust_genmsg` (manifest) generated 1 warning
[INFO] [stderr]     Finished `release` profile [optimized] target(s) in 53.82s
[INFO] [stderr] warning: the following packages contain code that will be rejected by a future version of Rust: roslibrust_codegen v0.26.0
[INFO] [stderr] note: to see what the problems were, use the option `--future-incompat-report`, or run `cargo report future-incompatibilities --id 11`
[INFO] running `Command { std: "docker" "inspect" "ed132488cbe955d7bc72dcf82fab6d7812748a07f0cb41994371ac5f558e842d", kill_on_drop: false }`
[INFO] running `Command { std: "docker" "exec" "-e" "SOURCE_DIR=/opt/rustwide/workdir" "-e" "CARGO_HOME=/opt/rustwide/cargo-home" "-e" "RUSTUP_HOME=/opt/rustwide/rustup-home" "-e" "CARGO_TARGET_DIR=/opt/rustwide/target" "-e" "CARGO_INCREMENTAL=0" "-e" "RUST_BACKTRACE=full" "-e" "RUSTFLAGS=--cap-lints=warn" "-e" "RUSTDOCFLAGS=--cap-lints=warn" "-w" "/opt/rustwide/workdir" "--user" "0:0" "ed132488cbe955d7bc72dcf82fab6d7812748a07f0cb41994371ac5f558e842d" "/opt/rustwide/cargo-home/bin/cargo" "+1.100.0-beta.1" "test" "--frozen" "--no-run" "--message-format=json" "--release", kill_on_drop: false }`
[INFO] [stderr]    Compiling const_format_proc_macros v0.2.34
[INFO] [stderr]    Compiling const_format v0.2.35
[INFO] [stderr]    Compiling roslibrust_genmsg v0.26.0 (/opt/rustwide/workdir)
[INFO] [stderr] warning: unused dependency `itertools`
[INFO] [stderr]   --> Cargo.toml:12:15
[INFO] [stderr]    |
[INFO] [stderr] 12 | [dependencies.itertools]
[INFO] [stderr]    |               ^^^^^^^^^^
[INFO] [stderr]    |
[INFO] [stderr]    = note: `cargo::unused_dependencies` is set to `warn` by default
[INFO] [stderr] help: consider removing the dependency on `itertools`
[INFO] [stderr] warning: `roslibrust_genmsg` (manifest) generated 1 warning
[INFO] [stderr]     Finished `release` profile [optimized] target(s) in 2.62s
[INFO] [stderr] warning: the following packages contain code that will be rejected by a future version of Rust: roslibrust_codegen v0.26.0
[INFO] [stderr] note: to see what the problems were, use the option `--future-incompat-report`, or run `cargo report future-incompatibilities --id 11`
[INFO] running `Command { std: "docker" "inspect" "ed132488cbe955d7bc72dcf82fab6d7812748a07f0cb41994371ac5f558e842d", kill_on_drop: false }`
[INFO] running `Command { std: "docker" "exec" "-e" "SOURCE_DIR=/opt/rustwide/workdir" "-e" "CARGO_HOME=/opt/rustwide/cargo-home" "-e" "RUSTUP_HOME=/opt/rustwide/rustup-home" "-e" "CARGO_TARGET_DIR=/opt/rustwide/target" "-e" "CARGO_INCREMENTAL=0" "-e" "RUST_BACKTRACE=full" "-e" "RUSTFLAGS=--cap-lints=warn" "-e" "RUSTDOCFLAGS=--cap-lints=warn" "-w" "/opt/rustwide/workdir" "--user" "0:0" "ed132488cbe955d7bc72dcf82fab6d7812748a07f0cb41994371ac5f558e842d" "/opt/rustwide/cargo-home/bin/cargo" "+1.100.0-beta.1" "test" "--frozen" "--release", kill_on_drop: false }`
[INFO] [stderr] warning: unused dependency `itertools`
[INFO] [stderr]   --> Cargo.toml:12:15
[INFO] [stderr]    |
[INFO] [stderr] 12 | [dependencies.itertools]
[INFO] [stderr]    |               ^^^^^^^^^^
[INFO] [stderr]    |
[INFO] [stderr]    = note: `cargo::unused_dependencies` is set to `warn` by default
[INFO] [stderr] help: consider removing the dependency on `itertools`
[INFO] [stderr] warning: `roslibrust_genmsg` (manifest) generated 1 warning
[INFO] [stderr]     Finished `release` profile [optimized] target(s) in 0.11s
[INFO] [stderr] warning: the following packages contain code that will be rejected by a future version of Rust: roslibrust_codegen v0.26.0
[INFO] [stderr] note: to see what the problems were, use the option `--future-incompat-report`, or run `cargo report future-incompatibilities --id 11`
[INFO] [stderr]      Running unittests src/lib.rs (/opt/rustwide/target/release/build/roslibrust_genmsg/2ede34201c2b2177/out/roslibrust_genmsg-2ede34201c2b2177)
[INFO] [stdout] 
[INFO] [stdout] running 0 tests
[INFO] [stdout] 
[INFO] [stdout] test result: ok. 0 passed; 0 failed; 0 ignored; 0 measured; 0 filtered out; finished in 0.00s
[INFO] [stdout] 
[INFO] [stderr]      Running unittests src/main.rs (/opt/rustwide/target/release/build/roslibrust_genmsg/06c387310dd9cd2a/out/gencpp-06c387310dd9cd2a)
[INFO] [stdout] 
[INFO] [stdout] running 4 tests
[INFO] [stdout] test test::sensor_msgs_battery_state_up_to_date ... FAILED
[INFO] [stdout] test test::std_srvs_trigger_up_to_date ... FAILED
[INFO] [stdout] test test::transform_stamped_with_user_template ... FAILED
[INFO] [stderr] error: test failed, to rerun pass `--bin gencpp`
[INFO] [stdout] test test::std_msgs_header_up_to_date ... FAILED
[INFO] [stdout] 
[INFO] [stdout] failures:
[INFO] [stdout] 
[INFO] [stdout] ---- test::sensor_msgs_battery_state_up_to_date stdout ----
[INFO] [stdout] 
[INFO] [stdout] thread 'test::sensor_msgs_battery_state_up_to_date' (1006) panicked at src/lib.rs:93:78:
[INFO] [stdout] called `Result::unwrap()` on an `Err` value: SimpleError { err: "Codegen was instructed to search a path that could not be canonicalized relative to \"/opt/rustwide/workdir\": \"/opt/rustwide/workdir/../assets/ros1_common_interfaces/std_msgs\", No such file or directory (os error 2)" }
[INFO] [stdout] stack backtrace:
[INFO] [stdout]    0:     0x58afd5362f01 - <<std[617be2ca0a6fd877]::sys::backtrace::BacktraceLock>::print::DisplayBacktrace as core[a373ad73a504971]::fmt::Display>::fmt
[INFO] [stdout]    1:     0x58afd537a49a - core[a373ad73a504971]::fmt::write
[INFO] [stdout]    2:     0x58afd536790c - <alloc[2e1b2a31b91974c5]::vec::Vec<u8> as core[a373ad73a504971]::io::write::Write>::write_fmt
[INFO] [stdout]    3:     0x58afd533e156 - std[617be2ca0a6fd877]::panicking::default_hook::{closure#0}
[INFO] [stdout]    4:     0x58afd535af69 - std[617be2ca0a6fd877]::panicking::default_hook
[INFO] [stdout]    5:     0x58afd51abbb0 - test[aada8e7e76ba119b]::test_main_inner::{closure#0}
[INFO] [stdout]    6:     0x58afd535b122 - std[617be2ca0a6fd877]::panicking::panic_with_hook
[INFO] [stdout]    7:     0x58afd533e202 - std[617be2ca0a6fd877]::panicking::panic_handler::{closure#0}
[INFO] [stdout]    8:     0x58afd5336759 - std[617be2ca0a6fd877]::sys::backtrace::__rust_end_short_backtrace::<std[617be2ca0a6fd877]::panicking::panic_handler::{closure#0}, !>
[INFO] [stdout]    9:     0x58afd533ef1d - __rustc[ea4f61d10b84890b]::rust_begin_unwind
[INFO] [stdout]   10:     0x58afd537ac7c - core[a373ad73a504971]::panicking::panic_fmt
[INFO] [stdout]   11:     0x58afd537aa52 - core[a373ad73a504971]::result::unwrap_failed
[INFO] [stdout]   12:     0x58afd51e534d - <roslibrust_genmsg[5299c3e16f064f19]::CodeGeneratorBuilder>::build
[INFO] [stdout]   13:     0x58afd5196e9f - roslibrust_genmsg[5299c3e16f064f19]::make_cpp_generator::<&str>
[INFO] [stdout]   14:     0x58afd519cb9a - <gencpp[1bfa2ffde497b451]::test::sensor_msgs_battery_state_up_to_date::{closure#0} as core[a373ad73a504971]::ops::function::FnOnce<()>>::call_once
[INFO] [stdout]   15:     0x58afd519effb - test[aada8e7e76ba119b]::__rust_begin_short_backtrace::<core[a373ad73a504971]::result::Result<(), alloc[2e1b2a31b91974c5]::string::String>, fn() -> core[a373ad73a504971]::result::Result<(), alloc[2e1b2a31b91974c5]::string::String>>
[INFO] [stdout]   16:     0x58afd51ac1d5 - test[aada8e7e76ba119b]::run_test::{closure#0}
[INFO] [stdout]   17:     0x58afd51a5ac4 - std[617be2ca0a6fd877]::sys::backtrace::__rust_begin_short_backtrace::<test[aada8e7e76ba119b]::run_test::{closure#1}, ()>
[INFO] [stdout]   18:     0x58afd51af262 - <std[617be2ca0a6fd877]::thread::lifecycle::spawn_unchecked<test[aada8e7e76ba119b]::run_test::{closure#1}, ()>::{closure#1} as core[a373ad73a504971]::ops::function::FnOnce<()>>::call_once::{shim:vtable#0}
[INFO] [stdout]   19:     0x58afd53623ff - <std[617be2ca0a6fd877]::sys::thread::unix::Thread>::new::thread_start
[INFO] [stdout]   20:     0x7aa9a04eddfa - <unknown>
[INFO] [stdout]   21:     0x7aa9a05813d4 - clone
[INFO] [stdout]   22:                0x0 - <unknown>
[INFO] [stdout] 
[INFO] [stdout] ---- test::std_srvs_trigger_up_to_date stdout ----
[INFO] [stdout] 
[INFO] [stdout] thread 'test::std_srvs_trigger_up_to_date' (1008) panicked at src/lib.rs:93:78:
[INFO] [stdout] called `Result::unwrap()` on an `Err` value: SimpleError { err: "Codegen was instructed to search a path that could not be canonicalized relative to \"/opt/rustwide/workdir\": \"/opt/rustwide/workdir/../assets/ros1_common_interfaces/ros_comm_msgs/std_srvs\", No such file or directory (os error 2)" }
[INFO] [stdout] stack backtrace:
[INFO] [stdout]    0:     0x58afd5362f01 - <<std[617be2ca0a6fd877]::sys::backtrace::BacktraceLock>::print::DisplayBacktrace as core[a373ad73a504971]::fmt::Display>::fmt
[INFO] [stdout]    1:     0x58afd537a49a - core[a373ad73a504971]::fmt::write
[INFO] [stdout]    2:     0x58afd536790c - <alloc[2e1b2a31b91974c5]::vec::Vec<u8> as core[a373ad73a504971]::io::write::Write>::write_fmt
[INFO] [stdout]    3:     0x58afd533e156 - std[617be2ca0a6fd877]::panicking::default_hook::{closure#0}
[INFO] [stdout]    4:     0x58afd535af69 - std[617be2ca0a6fd877]::panicking::default_hook
[INFO] [stdout]    5:     0x58afd51abbb0 - test[aada8e7e76ba119b]::test_main_inner::{closure#0}
[INFO] [stdout]    6:     0x58afd535b122 - std[617be2ca0a6fd877]::panicking::panic_with_hook
[INFO] [stdout]    7:     0x58afd533e202 - std[617be2ca0a6fd877]::panicking::panic_handler::{closure#0}
[INFO] [stdout]    8:     0x58afd5336759 - std[617be2ca0a6fd877]::sys::backtrace::__rust_end_short_backtrace::<std[617be2ca0a6fd877]::panicking::panic_handler::{closure#0}, !>
[INFO] [stdout]    9:     0x58afd533ef1d - __rustc[ea4f61d10b84890b]::rust_begin_unwind
[INFO] [stdout]   10:     0x58afd537ac7c - core[a373ad73a504971]::panicking::panic_fmt
[INFO] [stdout]   11:     0x58afd537aa52 - core[a373ad73a504971]::result::unwrap_failed
[INFO] [stdout]   12:     0x58afd51e534d - <roslibrust_genmsg[5299c3e16f064f19]::CodeGeneratorBuilder>::build
[INFO] [stdout]   13:     0x58afd5196e9f - roslibrust_genmsg[5299c3e16f064f19]::make_cpp_generator::<&str>
[INFO] [stdout]   14:     0x58afd519c6da - <gencpp[1bfa2ffde497b451]::test::std_srvs_trigger_up_to_date::{closure#0} as core[a373ad73a504971]::ops::function::FnOnce<()>>::call_once
[INFO] [stdout]   15:     0x58afd519effb - test[aada8e7e76ba119b]::__rust_begin_short_backtrace::<core[a373ad73a504971]::result::Result<(), alloc[2e1b2a31b91974c5]::string::String>, fn() -> core[a373ad73a504971]::result::Result<(), alloc[2e1b2a31b91974c5]::string::String>>
[INFO] [stdout]   16:     0x58afd51ac1d5 - test[aada8e7e76ba119b]::run_test::{closure#0}
[INFO] [stdout]   17:     0x58afd51a5ac4 - std[617be2ca0a6fd877]::sys::backtrace::__rust_begin_short_backtrace::<test[aada8e7e76ba119b]::run_test::{closure#1}, ()>
[INFO] [stdout]   18:     0x58afd51af262 - <std[617be2ca0a6fd877]::thread::lifecycle::spawn_unchecked<test[aada8e7e76ba119b]::run_test::{closure#1}, ()>::{closure#1} as core[a373ad73a504971]::ops::function::FnOnce<()>>::call_once::{shim:vtable#0}
[INFO] [stdout]   19:     0x58afd53623ff - <std[617be2ca0a6fd877]::sys::thread::unix::Thread>::new::thread_start
[INFO] [stdout]   20:     0x7aa9a04eddfa - <unknown>
[INFO] [stdout]   21:     0x7aa9a05813d4 - clone
[INFO] [stdout]   22:                0x0 - <unknown>
[INFO] [stdout] 
[INFO] [stdout] ---- test::transform_stamped_with_user_template stdout ----
[INFO] [stdout] 
[INFO] [stdout] thread 'test::transform_stamped_with_user_template' (1009) panicked at src/lib.rs:93:78:
[INFO] [stdout] called `Result::unwrap()` on an `Err` value: SimpleError { err: "Codegen was instructed to search a path that could not be canonicalized relative to \"/opt/rustwide/workdir\": \"/opt/rustwide/workdir/../assets/ros1_common_interfaces/std_msgs\", No such file or directory (os error 2)" }
[INFO] [stdout] stack backtrace:
[INFO] [stdout]    0:     0x58afd5362f01 - <<std[617be2ca0a6fd877]::sys::backtrace::BacktraceLock>::print::DisplayBacktrace as core[a373ad73a504971]::fmt::Display>::fmt
[INFO] [stdout]    1:     0x58afd537a49a - core[a373ad73a504971]::fmt::write
[INFO] [stdout]    2:     0x58afd536790c - <alloc[2e1b2a31b91974c5]::vec::Vec<u8> as core[a373ad73a504971]::io::write::Write>::write_fmt
[INFO] [stdout]    3:     0x58afd533e156 - std[617be2ca0a6fd877]::panicking::default_hook::{closure#0}
[INFO] [stdout]    4:     0x58afd535af69 - std[617be2ca0a6fd877]::panicking::default_hook
[INFO] [stdout]    5:     0x58afd51abbb0 - test[aada8e7e76ba119b]::test_main_inner::{closure#0}
[INFO] [stdout]    6:     0x58afd535b122 - std[617be2ca0a6fd877]::panicking::panic_with_hook
[INFO] [stdout]    7:     0x58afd533e202 - std[617be2ca0a6fd877]::panicking::panic_handler::{closure#0}
[INFO] [stdout]    8:     0x58afd5336759 - std[617be2ca0a6fd877]::sys::backtrace::__rust_end_short_backtrace::<std[617be2ca0a6fd877]::panicking::panic_handler::{closure#0}, !>
[INFO] [stdout]    9:     0x58afd533ef1d - __rustc[ea4f61d10b84890b]::rust_begin_unwind
[INFO] [stdout]   10:     0x58afd537ac7c - core[a373ad73a504971]::panicking::panic_fmt
[INFO] [stdout]   11:     0x58afd537aa52 - core[a373ad73a504971]::result::unwrap_failed
[INFO] [stdout]   12:     0x58afd51e534d - <roslibrust_genmsg[5299c3e16f064f19]::CodeGeneratorBuilder>::build
[INFO] [stdout]   13:     0x58afd519d201 - <gencpp[1bfa2ffde497b451]::test::transform_stamped_with_user_template::{closure#0} as core[a373ad73a504971]::ops::function::FnOnce<()>>::call_once
[INFO] [stdout]   14:     0x58afd519effb - test[aada8e7e76ba119b]::__rust_begin_short_backtrace::<core[a373ad73a504971]::result::Result<(), alloc[2e1b2a31b91974c5]::string::String>, fn() -> core[a373ad73a504971]::result::Result<(), alloc[2e1b2a31b91974c5]::string::String>>
[INFO] [stdout]   15:     0x58afd51ac1d5 - test[aada8e7e76ba119b]::run_test::{closure#0}
[INFO] [stdout]   16:     0x58afd51a5ac4 - std[617be2ca0a6fd877]::sys::backtrace::__rust_begin_short_backtrace::<test[aada8e7e76ba119b]::run_test::{closure#1}, ()>
[INFO] [stdout]   17:     0x58afd51af262 - <std[617be2ca0a6fd877]::thread::lifecycle::spawn_unchecked<test[aada8e7e76ba119b]::run_test::{closure#1}, ()>::{closure#1} as core[a373ad73a504971]::ops::function::FnOnce<()>>::call_once::{shim:vtable#0}
[INFO] [stdout]   18:     0x58afd53623ff - <std[617be2ca0a6fd877]::sys::thread::unix::Thread>::new::thread_start
[INFO] [stdout]   19:     0x7aa9a04eddfa - <unknown>
[INFO] [stdout]   20:     0x7aa9a05813d4 - clone
[INFO] [stdout]   21:                0x0 - <unknown>
[INFO] [stdout] 
[INFO] [stdout] ---- test::std_msgs_header_up_to_date stdout ----
[INFO] [stdout] 
[INFO] [stdout] thread 'test::std_msgs_header_up_to_date' (1007) panicked at src/lib.rs:93:78:
[INFO] [stdout] called `Result::unwrap()` on an `Err` value: SimpleError { err: "Codegen was instructed to search a path that could not be canonicalized relative to \"/opt/rustwide/workdir\": \"/opt/rustwide/workdir/../assets/ros1_common_interfaces/std_msgs\", No such file or directory (os error 2)" }
[INFO] [stdout] stack backtrace:
[INFO] [stdout]    0:     0x58afd5362f01 - <<std[617be2ca0a6fd877]::sys::backtrace::BacktraceLock>::print::DisplayBacktrace as core[a373ad73a504971]::fmt::Display>::fmt
[INFO] [stdout]    1:     0x58afd537a49a - core[a373ad73a504971]::fmt::write
[INFO] [stdout]    2:     0x58afd536790c - <alloc[2e1b2a31b91974c5]::vec::Vec<u8> as core[a373ad73a504971]::io::write::Write>::write_fmt
[INFO] [stdout]    3:     0x58afd533e156 - std[617be2ca0a6fd877]::panicking::default_hook::{closure#0}
[INFO] [stdout]    4:     0x58afd535af69 - std[617be2ca0a6fd877]::panicking::default_hook
[INFO] [stdout]    5:     0x58afd51abbb0 - test[aada8e7e76ba119b]::test_main_inner::{closure#0}
[INFO] [stdout]    6:     0x58afd535b122 - std[617be2ca0a6fd877]::panicking::panic_with_hook
[INFO] [stdout]    7:     0x58afd533e202 - std[617be2ca0a6fd877]::panicking::panic_handler::{closure#0}
[INFO] [stdout]    8:     0x58afd5336759 - std[617be2ca0a6fd877]::sys::backtrace::__rust_end_short_backtrace::<std[617be2ca0a6fd877]::panicking::panic_handler::{closure#0}, !>
[INFO] [stdout]    9:     0x58afd533ef1d - __rustc[ea4f61d10b84890b]::rust_begin_unwind
[INFO] [stdout]   10:     0x58afd537ac7c - core[a373ad73a504971]::panicking::panic_fmt
[INFO] [stdout]   11:     0x58afd537aa52 - core[a373ad73a504971]::result::unwrap_failed
[INFO] [stdout]   12:     0x58afd51e534d - <roslibrust_genmsg[5299c3e16f064f19]::CodeGeneratorBuilder>::build
[INFO] [stdout]   13:     0x58afd5196e9f - roslibrust_genmsg[5299c3e16f064f19]::make_cpp_generator::<&str>
[INFO] [stdout]   14:     0x58afd519c22a - <gencpp[1bfa2ffde497b451]::test::std_msgs_header_up_to_date::{closure#0} as core[a373ad73a504971]::ops::function::FnOnce<()>>::call_once
[INFO] [stdout]   15:     0x58afd519effb - test[aada8e7e76ba119b]::__rust_begin_short_backtrace::<core[a373ad73a504971]::result::Result<(), alloc[2e1b2a31b91974c5]::string::String>, fn() -> core[a373ad73a504971]::result::Result<(), alloc[2e1b2a31b91974c5]::string::String>>
[INFO] [stdout]   16:     0x58afd51ac1d5 - test[aada8e7e76ba119b]::run_test::{closure#0}
[INFO] [stdout]   17:     0x58afd51a5ac4 - std[617be2ca0a6fd877]::sys::backtrace::__rust_begin_short_backtrace::<test[aada8e7e76ba119b]::run_test::{closure#1}, ()>
[INFO] [stdout]   18:     0x58afd51af262 - <std[617be2ca0a6fd877]::thread::lifecycle::spawn_unchecked<test[aada8e7e76ba119b]::run_test::{closure#1}, ()>::{closure#1} as core[a373ad73a504971]::ops::function::FnOnce<()>>::call_once::{shim:vtable#0}
[INFO] [stdout]   19:     0x58afd53623ff - <std[617be2ca0a6fd877]::sys::thread::unix::Thread>::new::thread_start
[INFO] [stdout]   20:     0x7aa9a04eddfa - <unknown>
[INFO] [stdout]   21:     0x7aa9a05813d4 - clone
[INFO] [stdout]   22:                0x0 - <unknown>
[INFO] [stdout] 
[INFO] [stdout] 
[INFO] [stdout] failures:
[INFO] [stdout]     test::sensor_msgs_battery_state_up_to_date
[INFO] [stdout]     test::std_msgs_header_up_to_date
[INFO] [stdout]     test::std_srvs_trigger_up_to_date
[INFO] [stdout]     test::transform_stamped_with_user_template
[INFO] [stdout] 
[INFO] [stdout] test result: FAILED. 0 passed; 4 failed; 0 ignored; 0 measured; 0 filtered out; finished in 0.01s
[INFO] [stdout] 
[INFO] running `Command { std: "docker" "inspect" "ed132488cbe955d7bc72dcf82fab6d7812748a07f0cb41994371ac5f558e842d", kill_on_drop: false }`
[INFO] running `Command { std: "docker" "rm" "-f" "ed132488cbe955d7bc72dcf82fab6d7812748a07f0cb41994371ac5f558e842d", kill_on_drop: false }`
[INFO] [stdout] ed132488cbe955d7bc72dcf82fab6d7812748a07f0cb41994371ac5f558e842d
