[INFO] fetching crate rosetta-squint-hash 1.0.0...
[INFO] testing rosetta-squint-hash-1.0.0 against 1.100.0-beta.1+cargoflags=--release for beta-release-1.100-2
[INFO] extracting crate rosetta-squint-hash 1.0.0 into /workspace/builds/worker-4-tc2/source
[INFO] started tweaking crates.io crate rosetta-squint-hash 1.0.0
[INFO] removed 0 missing tests
[INFO] finished tweaking crates.io crate rosetta-squint-hash 1.0.0
[INFO] tweaked toml for crates.io crate rosetta-squint-hash 1.0.0 written to /workspace/builds/worker-4-tc2/source/Cargo.toml
[INFO] validating manifest of crates.io crate rosetta-squint-hash 1.0.0 on toolchain 1.100.0-beta.1
[INFO] running `Command { std: CARGO_HOME="/workspace/cargo-home" RUSTUP_HOME="/workspace/rustup-home" "/workspace/cargo-home/bin/cargo" "+1.100.0-beta.1" "metadata" "--manifest-path" "Cargo.toml" "--no-deps", kill_on_drop: false }`
[INFO] crate crates.io crate rosetta-squint-hash 1.0.0 already has a lockfile, it will not be regenerated
[INFO] running `Command { std: CARGO_HOME="/workspace/cargo-home" RUSTUP_HOME="/workspace/rustup-home" "/workspace/cargo-home/bin/cargo" "+1.100.0-beta.1" "fetch" "--manifest-path" "Cargo.toml", kill_on_drop: false }`
[INFO] [stderr] warning: `package.homepage` is redundant with `package.repository`
[INFO] [stderr]   --> Cargo.toml:31:12
[INFO] [stderr]    |
[INFO] [stderr] 31 | homepage = "https://github.com/wmetcalf/rosetta-squint"
[INFO] [stderr]    |            ^^^^^^^^^^^^^^^^^^^^^^^^^^^^^^^^^^^^^^^^^^^^
[INFO] [stderr] ...
[INFO] [stderr] 36 | repository = "https://github.com/wmetcalf/rosetta-squint"
[INFO] [stderr]    |              --------------------------------------------
[INFO] [stderr]    |
[INFO] [stderr]    = note: `cargo::redundant_homepage` is set to `warn` by default
[INFO] [stderr] help: consider removing `package.homepage`
[INFO] [stderr] warning: `rosetta-squint-hash` (manifest) generated 1 warning
[INFO] running `Command { std: "docker" "create" "-v" "/var/lib/crater-agent-workspace/builds/worker-4-tc2/source:/opt/rustwide/workdir:ro,Z" "-v" "/var/lib/crater-agent-workspace/builds/worker-4-tc2/target:/opt/rustwide/target:rw,Z" "-v" "/var/lib/crater-agent-workspace/cargo-home:/opt/rustwide/cargo-home:ro,Z" "-v" "/var/lib/crater-agent-workspace/rustup-home:/opt/rustwide/rustup-home:ro,Z" "-m" "1610612736" "--network" "none" "ghcr.io/rust-lang/crates-build-env/linux@sha256:77db811e55d90add9212f6832c23229e3de5f1c1f9905e8cb07319ea15df73ac" "sleep" "infinity", kill_on_drop: false }`
[INFO] [stdout] b4e7e2a21ae3eac5e84b6881c5e95064408438f2e52002f425ae17a1de587c4a
[INFO] running `Command { std: "docker" "start" "b4e7e2a21ae3eac5e84b6881c5e95064408438f2e52002f425ae17a1de587c4a", kill_on_drop: false }`
[INFO] running `Command { std: "docker" "inspect" "b4e7e2a21ae3eac5e84b6881c5e95064408438f2e52002f425ae17a1de587c4a", kill_on_drop: false }`
[INFO] running `Command { std: "docker" "exec" "-e" "SOURCE_DIR=/opt/rustwide/workdir" "-e" "CARGO_HOME=/opt/rustwide/cargo-home" "-e" "RUSTUP_HOME=/opt/rustwide/rustup-home" "-e" "CARGO_TARGET_DIR=/opt/rustwide/target" "-w" "/opt/rustwide/workdir" "--user" "0:0" "b4e7e2a21ae3eac5e84b6881c5e95064408438f2e52002f425ae17a1de587c4a" "/opt/rustwide/cargo-home/bin/cargo" "+1.100.0-beta.1" "metadata" "--no-deps" "--format-version=1", kill_on_drop: false }`
[INFO] running `Command { std: "docker" "inspect" "b4e7e2a21ae3eac5e84b6881c5e95064408438f2e52002f425ae17a1de587c4a", kill_on_drop: false }`
[INFO] running `Command { std: "docker" "exec" "-e" "SOURCE_DIR=/opt/rustwide/workdir" "-e" "CARGO_HOME=/opt/rustwide/cargo-home" "-e" "RUSTUP_HOME=/opt/rustwide/rustup-home" "-e" "CARGO_TARGET_DIR=/opt/rustwide/target" "-e" "CARGO_INCREMENTAL=0" "-e" "RUST_BACKTRACE=full" "-e" "RUSTFLAGS=--cap-lints=warn" "-e" "RUSTDOCFLAGS=--cap-lints=warn" "-w" "/opt/rustwide/workdir" "--user" "0:0" "b4e7e2a21ae3eac5e84b6881c5e95064408438f2e52002f425ae17a1de587c4a" "/opt/rustwide/cargo-home/bin/cargo" "+1.100.0-beta.1" "build" "--frozen" "--message-format=json" "--release", kill_on_drop: false }`
[INFO] [stderr] warning: `package.homepage` is redundant with `package.repository`
[INFO] [stderr]   --> Cargo.toml:31:12
[INFO] [stderr]    |
[INFO] [stderr] 31 | homepage = "https://github.com/wmetcalf/rosetta-squint"
[INFO] [stderr]    |            ^^^^^^^^^^^^^^^^^^^^^^^^^^^^^^^^^^^^^^^^^^^^
[INFO] [stderr] ...
[INFO] [stderr] 36 | repository = "https://github.com/wmetcalf/rosetta-squint"
[INFO] [stderr]    |              --------------------------------------------
[INFO] [stderr]    |
[INFO] [stderr]    = note: `cargo::redundant_homepage` is set to `warn` by default
[INFO] [stderr] help: consider removing `package.homepage`
[INFO] [stderr] warning: `rosetta-squint-hash` (manifest) generated 1 warning
[INFO] [stderr]    Compiling autocfg v1.5.1
[INFO] [stderr]    Compiling simd-adler32 v0.3.9
[INFO] [stderr]    Compiling bitflags v2.11.1
[INFO] [stderr]    Compiling pxfm v0.1.29
[INFO] [stderr]    Compiling bytemuck v1.25.0
[INFO] [stderr]    Compiling byteorder-lite v0.1.0
[INFO] [stderr]    Compiling syn v2.0.117
[INFO] [stderr]    Compiling miniz_oxide v0.8.9
[INFO] [stderr]    Compiling fdeflate v0.3.7
[INFO] [stderr]    Compiling num-traits v0.2.19
[INFO] [stderr]    Compiling flate2 v1.1.9
[INFO] [stderr]    Compiling png v0.18.1
[INFO] [stderr]    Compiling moxcms v0.8.1
[INFO] [stderr]    Compiling thiserror-impl v2.0.18
[INFO] [stderr]    Compiling thiserror v2.0.18
[INFO] [stderr]    Compiling image v0.25.10
[INFO] [stderr]    Compiling rosetta-squint-hash v1.0.0 (/opt/rustwide/workdir)
[INFO] [stderr]     Finished `release` profile [optimized] target(s) in 45.33s
[INFO] running `Command { std: "docker" "inspect" "b4e7e2a21ae3eac5e84b6881c5e95064408438f2e52002f425ae17a1de587c4a", kill_on_drop: false }`
[INFO] running `Command { std: "docker" "exec" "-e" "SOURCE_DIR=/opt/rustwide/workdir" "-e" "CARGO_HOME=/opt/rustwide/cargo-home" "-e" "RUSTUP_HOME=/opt/rustwide/rustup-home" "-e" "CARGO_TARGET_DIR=/opt/rustwide/target" "-e" "CARGO_INCREMENTAL=0" "-e" "RUST_BACKTRACE=full" "-e" "RUSTFLAGS=--cap-lints=warn" "-e" "RUSTDOCFLAGS=--cap-lints=warn" "-w" "/opt/rustwide/workdir" "--user" "0:0" "b4e7e2a21ae3eac5e84b6881c5e95064408438f2e52002f425ae17a1de587c4a" "/opt/rustwide/cargo-home/bin/cargo" "+1.100.0-beta.1" "test" "--frozen" "--no-run" "--message-format=json" "--release", kill_on_drop: false }`
[INFO] [stderr] warning: `package.homepage` is redundant with `package.repository`
[INFO] [stderr]   --> Cargo.toml:31:12
[INFO] [stderr]    |
[INFO] [stderr] 31 | homepage = "https://github.com/wmetcalf/rosetta-squint"
[INFO] [stderr]    |            ^^^^^^^^^^^^^^^^^^^^^^^^^^^^^^^^^^^^^^^^^^^^
[INFO] [stderr] ...
[INFO] [stderr] 36 | repository = "https://github.com/wmetcalf/rosetta-squint"
[INFO] [stderr]    |              --------------------------------------------
[INFO] [stderr]    |
[INFO] [stderr]    = note: `cargo::redundant_homepage` is set to `warn` by default
[INFO] [stderr] help: consider removing `package.homepage`
[INFO] [stderr] warning: `rosetta-squint-hash` (manifest) generated 1 warning
[INFO] [stderr]    Compiling serde_json v1.0.150
[INFO] [stderr]    Compiling itoa v1.0.18
[INFO] [stderr]    Compiling serde_derive v1.0.228
[INFO] [stderr]    Compiling serde v1.0.228
[INFO] [stderr]    Compiling rosetta-squint-hash v1.0.0 (/opt/rustwide/workdir)
[INFO] [stderr]     Finished `release` profile [optimized] target(s) in 14.35s
[INFO] running `Command { std: "docker" "inspect" "b4e7e2a21ae3eac5e84b6881c5e95064408438f2e52002f425ae17a1de587c4a", kill_on_drop: false }`
[INFO] running `Command { std: "docker" "exec" "-e" "SOURCE_DIR=/opt/rustwide/workdir" "-e" "CARGO_HOME=/opt/rustwide/cargo-home" "-e" "RUSTUP_HOME=/opt/rustwide/rustup-home" "-e" "CARGO_TARGET_DIR=/opt/rustwide/target" "-e" "CARGO_INCREMENTAL=0" "-e" "RUST_BACKTRACE=full" "-e" "RUSTFLAGS=--cap-lints=warn" "-e" "RUSTDOCFLAGS=--cap-lints=warn" "-w" "/opt/rustwide/workdir" "--user" "0:0" "b4e7e2a21ae3eac5e84b6881c5e95064408438f2e52002f425ae17a1de587c4a" "/opt/rustwide/cargo-home/bin/cargo" "+1.100.0-beta.1" "test" "--frozen" "--release", kill_on_drop: false }`
[INFO] [stderr] warning: `package.homepage` is redundant with `package.repository`
[INFO] [stderr]   --> Cargo.toml:31:12
[INFO] [stderr]    |
[INFO] [stderr] 31 | homepage = "https://github.com/wmetcalf/rosetta-squint"
[INFO] [stderr]    |            ^^^^^^^^^^^^^^^^^^^^^^^^^^^^^^^^^^^^^^^^^^^^
[INFO] [stderr] ...
[INFO] [stderr] 36 | repository = "https://github.com/wmetcalf/rosetta-squint"
[INFO] [stderr]    |              --------------------------------------------
[INFO] [stderr]    |
[INFO] [stderr]    = note: `cargo::redundant_homepage` is set to `warn` by default
[INFO] [stderr] help: consider removing `package.homepage`
[INFO] [stderr] warning: `rosetta-squint-hash` (manifest) generated 1 warning
[INFO] [stderr]     Finished `release` profile [optimized] target(s) in 0.05s
[INFO] [stderr]      Running unittests src/lib.rs (/opt/rustwide/target/release/build/rosetta-squint-hash/bbd6b89e7ccc150c/out/rosetta_squint_hash-bbd6b89e7ccc150c)
[INFO] [stdout] 
[INFO] [stdout] running 25 tests
[INFO] [stdout] test internal::bitpack::tests::pack_4x4_pattern ... ok
[INFO] [stdout] test internal::bitpack::tests::pack_all_zeros_8x8 ... ok
[INFO] [stdout] test internal::bitpack::tests::unpack_invalid_chars_errors ... ok
[INFO] [stdout] test internal::bitpack::tests::unpack_square_is_inverse ... ok
[INFO] [stdout] test internal::bitpack::tests::unpack_square_non_square_errors ... ok
[INFO] [stdout] test internal::img_rgb::tests::rgba_opaque_passes_through ... ok
[INFO] [stdout] test internal::img_rgb::tests::rgba_transparent_composites_on_black ... ok
[INFO] [stdout] test internal::bitpack::tests::unpack_flat_zeros ... ok
[INFO] [stdout] test internal::img_rgb::tests::shape_matches_image_size ... ok
[INFO] [stdout] test internal::dct::tests::arange_first_output_is_992 ... ok
[INFO] [stdout] test internal::bitpack::tests::pack_all_ones_8x8 ... ok
[INFO] [stdout] test internal::pil_hsv::tests::negative_h_pre_wrap ... ok
[INFO] [stdout] test internal::haar::tests::zero_ll_of_full_decomp_removes_dc ... ok
[INFO] [stdout] test internal::pil_gray::tests::all_cases_match_spec ... FAILED
[INFO] [stdout] test internal::db4::tests::round_trip_reconstruction ... ok
[INFO] [stdout] test internal::pil_hsv::tests::half_boundary_floor_not_round ... ok
[INFO] [stdout] test internal::img_rgb::tests::rgb8_passthrough ... ok
[INFO] [stdout] test internal::db4::tests::round_trip_matches_pywt ... FAILED
[INFO] [stdout] test internal::pil_hsv::tests::saturation_170_boundary ... ok
[INFO] [stdout] test internal::dct::tests::dct1d_matches_scipy ... FAILED
[INFO] [stdout] test internal::db4::tests::wavedec2_ca_matches_pywt ... FAILED
[INFO] [stdout] test internal::db4::tests::dwt2d_matches_pywt ... FAILED
[INFO] [stdout] test internal::haar::tests::single_level_matches_pywt ... FAILED
[INFO] [stdout] test internal::haar::tests::multi_level_ll_and_reconstruction ... FAILED
[INFO] [stderr] error: test failed, to rerun pass `--lib`
[INFO] [stdout] test internal::pil_hsv::tests::all_cases_match_spec ... FAILED
[INFO] [stdout] 
[INFO] [stdout] failures:
[INFO] [stdout] 
[INFO] [stdout] ---- internal::pil_gray::tests::all_cases_match_spec stdout ----
[INFO] [stdout] 
[INFO] [stdout] thread 'internal::pil_gray::tests::all_cases_match_spec' (902) panicked at src/internal/pil_gray.rs:29:45:
[INFO] [stdout] read grayscale_cases.json: Os { code: 2, kind: NotFound, message: "No such file or directory" }
[INFO] [stdout] stack backtrace:
[INFO] [stdout]    0:     0x5a90ed5f1111 - <<std[617be2ca0a6fd877]::sys::backtrace::BacktraceLock>::print::DisplayBacktrace as core[a373ad73a504971]::fmt::Display>::fmt
[INFO] [stdout]    1:     0x5a90ed605b7a - core[a373ad73a504971]::fmt::write
[INFO] [stdout]    2:     0x5a90ed5f532c - <alloc[2e1b2a31b91974c5]::vec::Vec<u8> as core[a373ad73a504971]::io::write::Write>::write_fmt
[INFO] [stdout]    3:     0x5a90ed5cd216 - std[617be2ca0a6fd877]::panicking::default_hook::{closure#0}
[INFO] [stdout]    4:     0x5a90ed5e9449 - std[617be2ca0a6fd877]::panicking::default_hook
[INFO] [stdout]    5:     0x5a90ed57d620 - test[aada8e7e76ba119b]::test_main_inner::{closure#0}
[INFO] [stdout]    6:     0x5a90ed5e9602 - std[617be2ca0a6fd877]::panicking::panic_with_hook
[INFO] [stdout]    7:     0x5a90ed5cd2c2 - std[617be2ca0a6fd877]::panicking::panic_handler::{closure#0}
[INFO] [stdout]    8:     0x5a90ed5c5e49 - std[617be2ca0a6fd877]::sys::backtrace::__rust_end_short_backtrace::<std[617be2ca0a6fd877]::panicking::panic_handler::{closure#0}, !>
[INFO] [stdout]    9:     0x5a90ed5cdecd - __rustc[ea4f61d10b84890b]::rust_begin_unwind
[INFO] [stdout]   10:     0x5a90ed6062ac - core[a373ad73a504971]::panicking::panic_fmt
[INFO] [stdout]   11:     0x5a90ed606082 - core[a373ad73a504971]::result::unwrap_failed
[INFO] [stdout]   12:     0x5a90ed56690b - <rosetta_squint_hash[194362f1980b774a]::internal::pil_gray::tests::all_cases_match_spec::{closure#0} as core[a373ad73a504971]::ops::function::FnOnce<()>>::call_once
[INFO] [stdout]   13:     0x5a90ed570a6b - test[aada8e7e76ba119b]::__rust_begin_short_backtrace::<core[a373ad73a504971]::result::Result<(), alloc[2e1b2a31b91974c5]::string::String>, fn() -> core[a373ad73a504971]::result::Result<(), alloc[2e1b2a31b91974c5]::string::String>>
[INFO] [stdout]   14:     0x5a90ed57dc45 - test[aada8e7e76ba119b]::run_test::{closure#0}
[INFO] [stdout]   15:     0x5a90ed577534 - std[617be2ca0a6fd877]::sys::backtrace::__rust_begin_short_backtrace::<test[aada8e7e76ba119b]::run_test::{closure#1}, ()>
[INFO] [stdout]   16:     0x5a90ed580cd2 - <std[617be2ca0a6fd877]::thread::lifecycle::spawn_unchecked<test[aada8e7e76ba119b]::run_test::{closure#1}, ()>::{closure#1} as core[a373ad73a504971]::ops::function::FnOnce<()>>::call_once::{shim:vtable#0}
[INFO] [stdout]   17:     0x5a90ed5f060f - <std[617be2ca0a6fd877]::sys::thread::unix::Thread>::new::thread_start
[INFO] [stdout]   18:     0x71f8d74fedfa - <unknown>
[INFO] [stdout]   19:     0x71f8d75923d4 - clone
[INFO] [stdout]   20:                0x0 - <unknown>
[INFO] [stdout] 
[INFO] [stdout] ---- internal::db4::tests::round_trip_matches_pywt stdout ----
[INFO] [stdout] 
[INFO] [stdout] thread 'internal::db4::tests::round_trip_matches_pywt' (890) panicked at src/internal/db4.rs:347:68:
[INFO] [stdout] read db4_cases.json: Os { code: 2, kind: NotFound, message: "No such file or directory" }
[INFO] [stdout] stack backtrace:
[INFO] [stdout]    0:     0x5a90ed5f1111 - <<std[617be2ca0a6fd877]::sys::backtrace::BacktraceLock>::print::DisplayBacktrace as core[a373ad73a504971]::fmt::Display>::fmt
[INFO] [stdout]    1:     0x5a90ed605b7a - core[a373ad73a504971]::fmt::write
[INFO] [stdout]    2:     0x5a90ed5f532c - <alloc[2e1b2a31b91974c5]::vec::Vec<u8> as core[a373ad73a504971]::io::write::Write>::write_fmt
[INFO] [stdout]    3:     0x5a90ed5cd216 - std[617be2ca0a6fd877]::panicking::default_hook::{closure#0}
[INFO] [stdout]    4:     0x5a90ed5e9449 - std[617be2ca0a6fd877]::panicking::default_hook
[INFO] [stdout]    5:     0x5a90ed57d620 - test[aada8e7e76ba119b]::test_main_inner::{closure#0}
[INFO] [stdout]    6:     0x5a90ed5e9602 - std[617be2ca0a6fd877]::panicking::panic_with_hook
[INFO] [stdout]    7:     0x5a90ed5cd2c2 - std[617be2ca0a6fd877]::panicking::panic_handler::{closure#0}
[INFO] [stdout]    8:     0x5a90ed5c5e49 - std[617be2ca0a6fd877]::sys::backtrace::__rust_end_short_backtrace::<std[617be2ca0a6fd877]::panicking::panic_handler::{closure#0}, !>
[INFO] [stdout]    9:     0x5a90ed5cdecd - __rustc[ea4f61d10b84890b]::rust_begin_unwind
[INFO] [stdout]   10:     0x5a90ed6062ac - core[a373ad73a504971]::panicking::panic_fmt
[INFO] [stdout]   11:     0x5a90ed606082 - core[a373ad73a504971]::result::unwrap_failed
[INFO] [stdout]   12:     0x5a90ed5598cf - rosetta_squint_hash[194362f1980b774a]::internal::db4::tests::load
[INFO] [stdout]   13:     0x5a90ed55a443 - <rosetta_squint_hash[194362f1980b774a]::internal::db4::tests::round_trip_matches_pywt::{closure#0} as core[a373ad73a504971]::ops::function::FnOnce<()>>::call_once
[INFO] [stdout]   14:     0x5a90ed570a6b - test[aada8e7e76ba119b]::__rust_begin_short_backtrace::<core[a373ad73a504971]::result::Result<(), alloc[2e1b2a31b91974c5]::string::String>, fn() -> core[a373ad73a504971]::result::Result<(), alloc[2e1b2a31b91974c5]::string::String>>
[INFO] [stdout]   15:     0x5a90ed57dc45 - test[aada8e7e76ba119b]::run_test::{closure#0}
[INFO] [stdout]   16:     0x5a90ed577534 - std[617be2ca0a6fd877]::sys::backtrace::__rust_begin_short_backtrace::<test[aada8e7e76ba119b]::run_test::{closure#1}, ()>
[INFO] [stdout]   17:     0x5a90ed580cd2 - <std[617be2ca0a6fd877]::thread::lifecycle::spawn_unchecked<test[aada8e7e76ba119b]::run_test::{closure#1}, ()>::{closure#1} as core[a373ad73a504971]::ops::function::FnOnce<()>>::call_once::{shim:vtable#0}
[INFO] [stdout]   18:     0x5a90ed5f060f - <std[617be2ca0a6fd877]::sys::thread::unix::Thread>::new::thread_start
[INFO] [stdout]   19:     0x71f8d74fedfa - <unknown>
[INFO] [stdout]   20:     0x71f8d75923d4 - clone
[INFO] [stdout]   21:                0x0 - <unknown>
[INFO] [stdout] 
[INFO] [stdout] ---- internal::dct::tests::dct1d_matches_scipy stdout ----
[INFO] [stdout] 
[INFO] [stdout] thread 'internal::dct::tests::dct1d_matches_scipy' (894) panicked at src/internal/dct.rs:144:45:
[INFO] [stdout] read: Os { code: 2, kind: NotFound, message: "No such file or directory" }
[INFO] [stdout] stack backtrace:
[INFO] [stdout]    0:     0x5a90ed5f1111 - <<std[617be2ca0a6fd877]::sys::backtrace::BacktraceLock>::print::DisplayBacktrace as core[a373ad73a504971]::fmt::Display>::fmt
[INFO] [stdout]    1:     0x5a90ed605b7a - core[a373ad73a504971]::fmt::write
[INFO] [stdout]    2:     0x5a90ed5f532c - <alloc[2e1b2a31b91974c5]::vec::Vec<u8> as core[a373ad73a504971]::io::write::Write>::write_fmt
[INFO] [stdout]    3:     0x5a90ed5cd216 - std[617be2ca0a6fd877]::panicking::default_hook::{closure#0}
[INFO] [stdout]    4:     0x5a90ed5e9449 - std[617be2ca0a6fd877]::panicking::default_hook
[INFO] [stdout]    5:     0x5a90ed57d620 - test[aada8e7e76ba119b]::test_main_inner::{closure#0}
[INFO] [stdout]    6:     0x5a90ed5e9602 - std[617be2ca0a6fd877]::panicking::panic_with_hook
[INFO] [stdout]    7:     0x5a90ed5cd2c2 - std[617be2ca0a6fd877]::panicking::panic_handler::{closure#0}
[INFO] [stdout]    8:     0x5a90ed5c5e49 - std[617be2ca0a6fd877]::sys::backtrace::__rust_end_short_backtrace::<std[617be2ca0a6fd877]::panicking::panic_handler::{closure#0}, !>
[INFO] [stdout]    9:     0x5a90ed5cdecd - __rustc[ea4f61d10b84890b]::rust_begin_unwind
[INFO] [stdout]   10:     0x5a90ed6062ac - core[a373ad73a504971]::panicking::panic_fmt
[INFO] [stdout]   11:     0x5a90ed606082 - core[a373ad73a504971]::result::unwrap_failed
[INFO] [stdout]   12:     0x5a90ed55b627 - <rosetta_squint_hash[194362f1980b774a]::internal::dct::tests::dct1d_matches_scipy::{closure#0} as core[a373ad73a504971]::ops::function::FnOnce<()>>::call_once
[INFO] [stdout]   13:     0x5a90ed570a6b - test[aada8e7e76ba119b]::__rust_begin_short_backtrace::<core[a373ad73a504971]::result::Result<(), alloc[2e1b2a31b91974c5]::string::String>, fn() -> core[a373ad73a504971]::result::Result<(), alloc[2e1b2a31b91974c5]::string::String>>
[INFO] [stdout]   14:     0x5a90ed57dc45 - test[aada8e7e76ba119b]::run_test::{closure#0}
[INFO] [stdout]   15:     0x5a90ed577534 - std[617be2ca0a6fd877]::sys::backtrace::__rust_begin_short_backtrace::<test[aada8e7e76ba119b]::run_test::{closure#1}, ()>
[INFO] [stdout]   16:     0x5a90ed580cd2 - <std[617be2ca0a6fd877]::thread::lifecycle::spawn_unchecked<test[aada8e7e76ba119b]::run_test::{closure#1}, ()>::{closure#1} as core[a373ad73a504971]::ops::function::FnOnce<()>>::call_once::{shim:vtable#0}
[INFO] [stdout]   17:     0x5a90ed5f060f - <std[617be2ca0a6fd877]::sys::thread::unix::Thread>::new::thread_start
[INFO] [stdout]   18:     0x71f8d74fedfa - <unknown>
[INFO] [stdout]   19:     0x71f8d75923d4 - clone
[INFO] [stdout]   20:                0x0 - <unknown>
[INFO] [stdout] 
[INFO] [stdout] ---- internal::db4::tests::wavedec2_ca_matches_pywt stdout ----
[INFO] [stdout] 
[INFO] [stdout] thread 'internal::db4::tests::wavedec2_ca_matches_pywt' (892) panicked at src/internal/db4.rs:347:68:
[INFO] [stdout] read db4_cases.json: Os { code: 2, kind: NotFound, message: "No such file or directory" }
[INFO] [stdout] stack backtrace:
[INFO] [stdout]    0:     0x5a90ed5f1111 - <<std[617be2ca0a6fd877]::sys::backtrace::BacktraceLock>::print::DisplayBacktrace as core[a373ad73a504971]::fmt::Display>::fmt
[INFO] [stdout]    1:     0x5a90ed605b7a - core[a373ad73a504971]::fmt::write
[INFO] [stdout]    2:     0x5a90ed5f532c - <alloc[2e1b2a31b91974c5]::vec::Vec<u8> as core[a373ad73a504971]::io::write::Write>::write_fmt
[INFO] [stdout]    3:     0x5a90ed5cd216 - std[617be2ca0a6fd877]::panicking::default_hook::{closure#0}
[INFO] [stdout]    4:     0x5a90ed5e9449 - std[617be2ca0a6fd877]::panicking::default_hook
[INFO] [stdout]    5:     0x5a90ed57d620 - test[aada8e7e76ba119b]::test_main_inner::{closure#0}
[INFO] [stdout]    6:     0x5a90ed5e9602 - std[617be2ca0a6fd877]::panicking::panic_with_hook
[INFO] [stdout]    7:     0x5a90ed5cd2c2 - std[617be2ca0a6fd877]::panicking::panic_handler::{closure#0}
[INFO] [stdout]    8:     0x5a90ed5c5e49 - std[617be2ca0a6fd877]::sys::backtrace::__rust_end_short_backtrace::<std[617be2ca0a6fd877]::panicking::panic_handler::{closure#0}, !>
[INFO] [stdout]    9:     0x5a90ed5cdecd - __rustc[ea4f61d10b84890b]::rust_begin_unwind
[INFO] [stdout]   10:     0x5a90ed6062ac - core[a373ad73a504971]::panicking::panic_fmt
[INFO] [stdout]   11:     0x5a90ed606082 - core[a373ad73a504971]::result::unwrap_failed
[INFO] [stdout]   12:     0x5a90ed5598cf - rosetta_squint_hash[194362f1980b774a]::internal::db4::tests::load
[INFO] [stdout]   13:     0x5a90ed55a683 - <rosetta_squint_hash[194362f1980b774a]::internal::db4::tests::wavedec2_ca_matches_pywt::{closure#0} as core[a373ad73a504971]::ops::function::FnOnce<()>>::call_once
[INFO] [stdout]   14:     0x5a90ed570a6b - test[aada8e7e76ba119b]::__rust_begin_short_backtrace::<core[a373ad73a504971]::result::Result<(), alloc[2e1b2a31b91974c5]::string::String>, fn() -> core[a373ad73a504971]::result::Result<(), alloc[2e1b2a31b91974c5]::string::String>>
[INFO] [stdout]   15:     0x5a90ed57dc45 - test[aada8e7e76ba119b]::run_test::{closure#0}
[INFO] [stdout]   16:     0x5a90ed577534 - std[617be2ca0a6fd877]::sys::backtrace::__rust_begin_short_backtrace::<test[aada8e7e76ba119b]::run_test::{closure#1}, ()>
[INFO] [stdout]   17:     0x5a90ed580cd2 - <std[617be2ca0a6fd877]::thread::lifecycle::spawn_unchecked<test[aada8e7e76ba119b]::run_test::{closure#1}, ()>::{closure#1} as core[a373ad73a504971]::ops::function::FnOnce<()>>::call_once::{shim:vtable#0}
[INFO] [stdout]   18:     0x5a90ed5f060f - <std[617be2ca0a6fd877]::sys::thread::unix::Thread>::new::thread_start
[INFO] [stdout]   19:     0x71f8d74fedfa - <unknown>
[INFO] [stdout]   20:     0x71f8d75923d4 - clone
[INFO] [stdout]   21:                0x0 - <unknown>
[INFO] [stdout] 
[INFO] [stdout] ---- internal::db4::tests::dwt2d_matches_pywt stdout ----
[INFO] [stdout] 
[INFO] [stdout] thread 'internal::db4::tests::dwt2d_matches_pywt' (889) panicked at src/internal/db4.rs:347:68:
[INFO] [stdout] read db4_cases.json: Os { code: 2, kind: NotFound, message: "No such file or directory" }
[INFO] [stdout] stack backtrace:
[INFO] [stdout]    0:     0x5a90ed5f1111 - <<std[617be2ca0a6fd877]::sys::backtrace::BacktraceLock>::print::DisplayBacktrace as core[a373ad73a504971]::fmt::Display>::fmt
[INFO] [stdout]    1:     0x5a90ed605b7a - core[a373ad73a504971]::fmt::write
[INFO] [stdout]    2:     0x5a90ed5f532c - <alloc[2e1b2a31b91974c5]::vec::Vec<u8> as core[a373ad73a504971]::io::write::Write>::write_fmt
[INFO] [stdout]    3:     0x5a90ed5cd216 - std[617be2ca0a6fd877]::panicking::default_hook::{closure#0}
[INFO] [stdout]    4:     0x5a90ed5e9449 - std[617be2ca0a6fd877]::panicking::default_hook
[INFO] [stdout]    5:     0x5a90ed57d620 - test[aada8e7e76ba119b]::test_main_inner::{closure#0}
[INFO] [stdout]    6:     0x5a90ed5e9602 - std[617be2ca0a6fd877]::panicking::panic_with_hook
[INFO] [stdout]    7:     0x5a90ed5cd2c2 - std[617be2ca0a6fd877]::panicking::panic_handler::{closure#0}
[INFO] [stdout]    8:     0x5a90ed5c5e49 - std[617be2ca0a6fd877]::sys::backtrace::__rust_end_short_backtrace::<std[617be2ca0a6fd877]::panicking::panic_handler::{closure#0}, !>
[INFO] [stdout]    9:     0x5a90ed5cdecd - __rustc[ea4f61d10b84890b]::rust_begin_unwind
[INFO] [stdout]   10:     0x5a90ed6062ac - core[a373ad73a504971]::panicking::panic_fmt
[INFO] [stdout]   11:     0x5a90ed606082 - core[a373ad73a504971]::result::unwrap_failed
[INFO] [stdout]   12:     0x5a90ed5598cf - rosetta_squint_hash[194362f1980b774a]::internal::db4::tests::load
[INFO] [stdout]   13:     0x5a90ed559e46 - <rosetta_squint_hash[194362f1980b774a]::internal::db4::tests::dwt2d_matches_pywt::{closure#0} as core[a373ad73a504971]::ops::function::FnOnce<()>>::call_once
[INFO] [stdout]   14:     0x5a90ed570a6b - test[aada8e7e76ba119b]::__rust_begin_short_backtrace::<core[a373ad73a504971]::result::Result<(), alloc[2e1b2a31b91974c5]::string::String>, fn() -> core[a373ad73a504971]::result::Result<(), alloc[2e1b2a31b91974c5]::string::String>>
[INFO] [stdout]   15:     0x5a90ed57dc45 - test[aada8e7e76ba119b]::run_test::{closure#0}
[INFO] [stdout]   16:     0x5a90ed577534 - std[617be2ca0a6fd877]::sys::backtrace::__rust_begin_short_backtrace::<test[aada8e7e76ba119b]::run_test::{closure#1}, ()>
[INFO] [stdout]   17:     0x5a90ed580cd2 - <std[617be2ca0a6fd877]::thread::lifecycle::spawn_unchecked<test[aada8e7e76ba119b]::run_test::{closure#1}, ()>::{closure#1} as core[a373ad73a504971]::ops::function::FnOnce<()>>::call_once::{shim:vtable#0}
[INFO] [stdout]   18:     0x5a90ed5f060f - <std[617be2ca0a6fd877]::sys::thread::unix::Thread>::new::thread_start
[INFO] [stdout]   19:     0x71f8d74fedfa - <unknown>
[INFO] [stdout]   20:     0x71f8d75923d4 - clone
[INFO] [stdout]   21:                0x0 - <unknown>
[INFO] [stdout] 
[INFO] [stdout] ---- internal::haar::tests::single_level_matches_pywt stdout ----
[INFO] [stdout] 
[INFO] [stdout] thread 'internal::haar::tests::single_level_matches_pywt' (896) panicked at src/internal/haar.rs:209:69:
[INFO] [stdout] read: Os { code: 2, kind: NotFound, message: "No such file or directory" }
[INFO] [stdout] stack backtrace:
[INFO] [stdout]    0:     0x5a90ed5f1111 - <<std[617be2ca0a6fd877]::sys::backtrace::BacktraceLock>::print::DisplayBacktrace as core[a373ad73a504971]::fmt::Display>::fmt
[INFO] [stdout]    1:     0x5a90ed605b7a - core[a373ad73a504971]::fmt::write
[INFO] [stdout]    2:     0x5a90ed5f532c - <alloc[2e1b2a31b91974c5]::vec::Vec<u8> as core[a373ad73a504971]::io::write::Write>::write_fmt
[INFO] [stdout]    3:     0x5a90ed5cd216 - std[617be2ca0a6fd877]::panicking::default_hook::{closure#0}
[INFO] [stdout]    4:     0x5a90ed5e9449 - std[617be2ca0a6fd877]::panicking::default_hook
[INFO] [stdout]    5:     0x5a90ed57d620 - test[aada8e7e76ba119b]::test_main_inner::{closure#0}
[INFO] [stdout]    6:     0x5a90ed5e9602 - std[617be2ca0a6fd877]::panicking::panic_with_hook
[INFO] [stdout]    7:     0x5a90ed5cd2c2 - std[617be2ca0a6fd877]::panicking::panic_handler::{closure#0}
[INFO] [stdout]    8:     0x5a90ed5c5e49 - std[617be2ca0a6fd877]::sys::backtrace::__rust_end_short_backtrace::<std[617be2ca0a6fd877]::panicking::panic_handler::{closure#0}, !>
[INFO] [stdout]    9:     0x5a90ed5cdecd - __rustc[ea4f61d10b84890b]::rust_begin_unwind
[INFO] [stdout]   10:     0x5a90ed6062ac - core[a373ad73a504971]::panicking::panic_fmt
[INFO] [stdout]   11:     0x5a90ed606082 - core[a373ad73a504971]::result::unwrap_failed
[INFO] [stdout]   12:     0x5a90ed559c94 - rosetta_squint_hash[194362f1980b774a]::internal::haar::tests::load
[INFO] [stdout]   13:     0x5a90ed55b9f1 - <rosetta_squint_hash[194362f1980b774a]::internal::haar::tests::single_level_matches_pywt::{closure#0} as core[a373ad73a504971]::ops::function::FnOnce<()>>::call_once
[INFO] [stdout]   14:     0x5a90ed570a6b - test[aada8e7e76ba119b]::__rust_begin_short_backtrace::<core[a373ad73a504971]::result::Result<(), alloc[2e1b2a31b91974c5]::string::String>, fn() -> core[a373ad73a504971]::result::Result<(), alloc[2e1b2a31b91974c5]::string::String>>
[INFO] [stdout]   15:     0x5a90ed57dc45 - test[aada8e7e76ba119b]::run_test::{closure#0}
[INFO] [stdout]   16:     0x5a90ed577534 - std[617be2ca0a6fd877]::sys::backtrace::__rust_begin_short_backtrace::<test[aada8e7e76ba119b]::run_test::{closure#1}, ()>
[INFO] [stdout]   17:     0x5a90ed580cd2 - <std[617be2ca0a6fd877]::thread::lifecycle::spawn_unchecked<test[aada8e7e76ba119b]::run_test::{closure#1}, ()>::{closure#1} as core[a373ad73a504971]::ops::function::FnOnce<()>>::call_once::{shim:vtable#0}
[INFO] [stdout]   18:     0x5a90ed5f060f - <std[617be2ca0a6fd877]::sys::thread::unix::Thread>::new::thread_start
[INFO] [stdout]   19:     0x71f8d74fedfa - <unknown>
[INFO] [stdout]   20:     0x71f8d75923d4 - clone
[INFO] [stdout]   21:                0x0 - <unknown>
[INFO] [stdout] 
[INFO] [stdout] ---- internal::haar::tests::multi_level_ll_and_reconstruction stdout ----
[INFO] [stdout] 
[INFO] [stdout] thread 'internal::haar::tests::multi_level_ll_and_reconstruction' (895) panicked at src/internal/haar.rs:209:69:
[INFO] [stdout] read: Os { code: 2, kind: NotFound, message: "No such file or directory" }
[INFO] [stdout] stack backtrace:
[INFO] [stdout]    0:     0x5a90ed5f1111 - <<std[617be2ca0a6fd877]::sys::backtrace::BacktraceLock>::print::DisplayBacktrace as core[a373ad73a504971]::fmt::Display>::fmt
[INFO] [stdout]    1:     0x5a90ed605b7a - core[a373ad73a504971]::fmt::write
[INFO] [stdout]    2:     0x5a90ed5f532c - <alloc[2e1b2a31b91974c5]::vec::Vec<u8> as core[a373ad73a504971]::io::write::Write>::write_fmt
[INFO] [stdout]    3:     0x5a90ed5cd216 - std[617be2ca0a6fd877]::panicking::default_hook::{closure#0}
[INFO] [stdout]    4:     0x5a90ed5e9449 - std[617be2ca0a6fd877]::panicking::default_hook
[INFO] [stdout]    5:     0x5a90ed57d620 - test[aada8e7e76ba119b]::test_main_inner::{closure#0}
[INFO] [stdout]    6:     0x5a90ed5e9602 - std[617be2ca0a6fd877]::panicking::panic_with_hook
[INFO] [stdout]    7:     0x5a90ed5cd2c2 - std[617be2ca0a6fd877]::panicking::panic_handler::{closure#0}
[INFO] [stdout]    8:     0x5a90ed5c5e49 - std[617be2ca0a6fd877]::sys::backtrace::__rust_end_short_backtrace::<std[617be2ca0a6fd877]::panicking::panic_handler::{closure#0}, !>
[INFO] [stdout]    9:     0x5a90ed5cdecd - __rustc[ea4f61d10b84890b]::rust_begin_unwind
[INFO] [stdout]   10:     0x5a90ed6062ac - core[a373ad73a504971]::panicking::panic_fmt
[INFO] [stdout]   11:     0x5a90ed606082 - core[a373ad73a504971]::result::unwrap_failed
[INFO] [stdout]   12:     0x5a90ed559c94 - rosetta_squint_hash[194362f1980b774a]::internal::haar::tests::load
[INFO] [stdout]   13:     0x5a90ed55be2e - <rosetta_squint_hash[194362f1980b774a]::internal::haar::tests::multi_level_ll_and_reconstruction::{closure#0} as core[a373ad73a504971]::ops::function::FnOnce<()>>::call_once
[INFO] [stdout]   14:     0x5a90ed570a6b - test[aada8e7e76ba119b]::__rust_begin_short_backtrace::<core[a373ad73a504971]::result::Result<(), alloc[2e1b2a31b91974c5]::string::String>, fn() -> core[a373ad73a504971]::result::Result<(), alloc[2e1b2a31b91974c5]::string::String>>
[INFO] [stdout]   15:     0x5a90ed57dc45 - test[aada8e7e76ba119b]::run_test::{closure#0}
[INFO] [stdout]   16:     0x5a90ed577534 - std[617be2ca0a6fd877]::sys::backtrace::__rust_begin_short_backtrace::<test[aada8e7e76ba119b]::run_test::{closure#1}, ()>
[INFO] [stdout]   17:     0x5a90ed580cd2 - <std[617be2ca0a6fd877]::thread::lifecycle::spawn_unchecked<test[aada8e7e76ba119b]::run_test::{closure#1}, ()>::{closure#1} as core[a373ad73a504971]::ops::function::FnOnce<()>>::call_once::{shim:vtable#0}
[INFO] [stdout]   18:     0x5a90ed5f060f - <std[617be2ca0a6fd877]::sys::thread::unix::Thread>::new::thread_start
[INFO] [stdout]   19:     0x71f8d74fedfa - <unknown>
[INFO] [stdout]   20:     0x71f8d75923d4 - clone
[INFO] [stdout]   21:                0x0 - <unknown>
[INFO] [stdout] 
[INFO] [stdout] ---- internal::pil_hsv::tests::all_cases_match_spec stdout ----
[INFO] [stdout] 
[INFO] [stdout] thread 'internal::pil_hsv::tests::all_cases_match_spec' (903) panicked at src/internal/pil_hsv.rs:63:45:
[INFO] [stdout] read hsv_cases.json: Os { code: 2, kind: NotFound, message: "No such file or directory" }
[INFO] [stdout] stack backtrace:
[INFO] [stdout]    0:     0x5a90ed5f1111 - <<std[617be2ca0a6fd877]::sys::backtrace::BacktraceLock>::print::DisplayBacktrace as core[a373ad73a504971]::fmt::Display>::fmt
[INFO] [stdout]    1:     0x5a90ed605b7a - core[a373ad73a504971]::fmt::write
[INFO] [stdout]    2:     0x5a90ed5f532c - <alloc[2e1b2a31b91974c5]::vec::Vec<u8> as core[a373ad73a504971]::io::write::Write>::write_fmt
[INFO] [stdout]    3:     0x5a90ed5cd216 - std[617be2ca0a6fd877]::panicking::default_hook::{closure#0}
[INFO] [stdout]    4:     0x5a90ed5e9449 - std[617be2ca0a6fd877]::panicking::default_hook
[INFO] [stdout]    5:     0x5a90ed57d620 - test[aada8e7e76ba119b]::test_main_inner::{closure#0}
[INFO] [stdout]    6:     0x5a90ed5e9602 - std[617be2ca0a6fd877]::panicking::panic_with_hook
[INFO] [stdout]    7:     0x5a90ed5cd2c2 - std[617be2ca0a6fd877]::panicking::panic_handler::{closure#0}
[INFO] [stdout]    8:     0x5a90ed5c5e49 - std[617be2ca0a6fd877]::sys::backtrace::__rust_end_short_backtrace::<std[617be2ca0a6fd877]::panicking::panic_handler::{closure#0}, !>
[INFO] [stdout]    9:     0x5a90ed5cdecd - __rustc[ea4f61d10b84890b]::rust_begin_unwind
[INFO] [stdout]   10:     0x5a90ed6062ac - core[a373ad73a504971]::panicking::panic_fmt
[INFO] [stdout]   11:     0x5a90ed606082 - core[a373ad73a504971]::result::unwrap_failed
[INFO] [stdout]   12:     0x5a90ed563588 - <rosetta_squint_hash[194362f1980b774a]::internal::pil_hsv::tests::all_cases_match_spec::{closure#0} as core[a373ad73a504971]::ops::function::FnOnce<()>>::call_once
[INFO] [stdout]   13:     0x5a90ed570a6b - test[aada8e7e76ba119b]::__rust_begin_short_backtrace::<core[a373ad73a504971]::result::Result<(), alloc[2e1b2a31b91974c5]::string::String>, fn() -> core[a373ad73a504971]::result::Result<(), alloc[2e1b2a31b91974c5]::string::String>>
[INFO] [stdout]   14:     0x5a90ed57dc45 - test[aada8e7e76ba119b]::run_test::{closure#0}
[INFO] [stdout]   15:     0x5a90ed577534 - std[617be2ca0a6fd877]::sys::backtrace::__rust_begin_short_backtrace::<test[aada8e7e76ba119b]::run_test::{closure#1}, ()>
[INFO] [stdout]   16:     0x5a90ed580cd2 - <std[617be2ca0a6fd877]::thread::lifecycle::spawn_unchecked<test[aada8e7e76ba119b]::run_test::{closure#1}, ()>::{closure#1} as core[a373ad73a504971]::ops::function::FnOnce<()>>::call_once::{shim:vtable#0}
[INFO] [stdout]   17:     0x5a90ed5f060f - <std[617be2ca0a6fd877]::sys::thread::unix::Thread>::new::thread_start
[INFO] [stdout]   18:     0x71f8d74fedfa - <unknown>
[INFO] [stdout]   19:     0x71f8d75923d4 - clone
[INFO] [stdout]   20:                0x0 - <unknown>
[INFO] [stdout] 
[INFO] [stdout] 
[INFO] [stdout] failures:
[INFO] [stdout]     internal::db4::tests::dwt2d_matches_pywt
[INFO] [stdout]     internal::db4::tests::round_trip_matches_pywt
[INFO] [stdout]     internal::db4::tests::wavedec2_ca_matches_pywt
[INFO] [stdout]     internal::dct::tests::dct1d_matches_scipy
[INFO] [stdout]     internal::haar::tests::multi_level_ll_and_reconstruction
[INFO] [stdout]     internal::haar::tests::single_level_matches_pywt
[INFO] [stdout]     internal::pil_gray::tests::all_cases_match_spec
[INFO] [stdout]     internal::pil_hsv::tests::all_cases_match_spec
[INFO] [stdout] 
[INFO] [stdout] test result: FAILED. 17 passed; 8 failed; 0 ignored; 0 measured; 0 filtered out; finished in 0.02s
[INFO] [stdout] 
[INFO] running `Command { std: "docker" "inspect" "b4e7e2a21ae3eac5e84b6881c5e95064408438f2e52002f425ae17a1de587c4a", kill_on_drop: false }`
[INFO] running `Command { std: "docker" "rm" "-f" "b4e7e2a21ae3eac5e84b6881c5e95064408438f2e52002f425ae17a1de587c4a", kill_on_drop: false }`
[INFO] [stdout] b4e7e2a21ae3eac5e84b6881c5e95064408438f2e52002f425ae17a1de587c4a
