[INFO] fetching crate rosetta-date 0.3.0...
[INFO] testing rosetta-date-0.3.0 against 1.99.0-beta.8+cargoflags=--release for beta-release-1.100-2
[INFO] extracting crate rosetta-date 0.3.0 into /workspace/builds/worker-1-tc1/source
[INFO] started tweaking crates.io crate rosetta-date 0.3.0
[INFO] removed 0 missing examples
[INFO] removed 0 missing tests
[INFO] finished tweaking crates.io crate rosetta-date 0.3.0
[INFO] tweaked toml for crates.io crate rosetta-date 0.3.0 written to /workspace/builds/worker-1-tc1/source/Cargo.toml
[INFO] validating manifest of crates.io crate rosetta-date 0.3.0 on toolchain 1.99.0-beta.8
[INFO] running `Command { std: CARGO_HOME="/workspace/cargo-home" RUSTUP_HOME="/workspace/rustup-home" "/workspace/cargo-home/bin/cargo" "+1.99.0-beta.8" "metadata" "--manifest-path" "Cargo.toml" "--no-deps", kill_on_drop: false }`
[INFO] crate crates.io crate rosetta-date 0.3.0 already has a lockfile, it will not be regenerated
[INFO] running `Command { std: CARGO_HOME="/workspace/cargo-home" RUSTUP_HOME="/workspace/rustup-home" "/workspace/cargo-home/bin/cargo" "+1.99.0-beta.8" "fetch" "--manifest-path" "Cargo.toml", kill_on_drop: false }`
[INFO] [stderr]  Downloading crates ...
[INFO] [stderr]   Downloaded wasm-bindgen-test-macro v0.3.71
[INFO] [stderr]   Downloaded wasm-bindgen-test-shared v0.2.121
[INFO] [stderr]   Downloaded wasm-bindgen-test v0.3.71
[INFO] running `Command { std: "docker" "create" "-v" "/var/lib/crater-agent-workspace/builds/worker-1-tc1/source:/opt/rustwide/workdir:ro,Z" "-v" "/var/lib/crater-agent-workspace/builds/worker-1-tc1/target:/opt/rustwide/target:rw,Z" "-v" "/var/lib/crater-agent-workspace/cargo-home:/opt/rustwide/cargo-home:ro,Z" "-v" "/var/lib/crater-agent-workspace/rustup-home:/opt/rustwide/rustup-home:ro,Z" "-m" "1610612736" "--network" "none" "ghcr.io/rust-lang/crates-build-env/linux@sha256:77db811e55d90add9212f6832c23229e3de5f1c1f9905e8cb07319ea15df73ac" "sleep" "infinity", kill_on_drop: false }`
[INFO] [stdout] f405f5f068be17444f89866cc84cd2be8a32997d7c90c9f2b28af258848fcdee
[INFO] running `Command { std: "docker" "start" "f405f5f068be17444f89866cc84cd2be8a32997d7c90c9f2b28af258848fcdee", kill_on_drop: false }`
[INFO] running `Command { std: "docker" "inspect" "f405f5f068be17444f89866cc84cd2be8a32997d7c90c9f2b28af258848fcdee", kill_on_drop: false }`
[INFO] running `Command { std: "docker" "exec" "-e" "SOURCE_DIR=/opt/rustwide/workdir" "-e" "CARGO_HOME=/opt/rustwide/cargo-home" "-e" "RUSTUP_HOME=/opt/rustwide/rustup-home" "-e" "CARGO_TARGET_DIR=/opt/rustwide/target" "-w" "/opt/rustwide/workdir" "--user" "0:0" "f405f5f068be17444f89866cc84cd2be8a32997d7c90c9f2b28af258848fcdee" "/opt/rustwide/cargo-home/bin/cargo" "+1.99.0-beta.8" "metadata" "--no-deps" "--format-version=1", kill_on_drop: false }`
[INFO] running `Command { std: "docker" "inspect" "f405f5f068be17444f89866cc84cd2be8a32997d7c90c9f2b28af258848fcdee", kill_on_drop: false }`
[INFO] running `Command { std: "docker" "exec" "-e" "SOURCE_DIR=/opt/rustwide/workdir" "-e" "CARGO_HOME=/opt/rustwide/cargo-home" "-e" "RUSTUP_HOME=/opt/rustwide/rustup-home" "-e" "CARGO_TARGET_DIR=/opt/rustwide/target" "-e" "CARGO_INCREMENTAL=0" "-e" "RUST_BACKTRACE=full" "-e" "RUSTFLAGS=--cap-lints=warn" "-e" "RUSTDOCFLAGS=--cap-lints=warn" "-w" "/opt/rustwide/workdir" "--user" "0:0" "f405f5f068be17444f89866cc84cd2be8a32997d7c90c9f2b28af258848fcdee" "/opt/rustwide/cargo-home/bin/cargo" "+1.99.0-beta.8" "build" "--frozen" "--message-format=json" "--release", kill_on_drop: false }`
[INFO] [stderr]    Compiling time v0.3.47
[INFO] [stderr]    Compiling rosetta-date v0.3.0 (/opt/rustwide/workdir)
[INFO] [stderr]     Finished `release` profile [optimized] target(s) in 6.03s
[INFO] running `Command { std: "docker" "inspect" "f405f5f068be17444f89866cc84cd2be8a32997d7c90c9f2b28af258848fcdee", kill_on_drop: false }`
[INFO] running `Command { std: "docker" "exec" "-e" "SOURCE_DIR=/opt/rustwide/workdir" "-e" "CARGO_HOME=/opt/rustwide/cargo-home" "-e" "RUSTUP_HOME=/opt/rustwide/rustup-home" "-e" "CARGO_TARGET_DIR=/opt/rustwide/target" "-e" "CARGO_INCREMENTAL=0" "-e" "RUST_BACKTRACE=full" "-e" "RUSTFLAGS=--cap-lints=warn" "-e" "RUSTDOCFLAGS=--cap-lints=warn" "-w" "/opt/rustwide/workdir" "--user" "0:0" "f405f5f068be17444f89866cc84cd2be8a32997d7c90c9f2b28af258848fcdee" "/opt/rustwide/cargo-home/bin/cargo" "+1.99.0-beta.8" "test" "--frozen" "--no-run" "--message-format=json" "--release", kill_on_drop: false }`
[INFO] [stderr]    Compiling wasm-bindgen-shared v0.2.121
[INFO] [stderr]    Compiling bumpalo v3.20.2
[INFO] [stderr]    Compiling zerocopy v0.8.48
[INFO] [stderr]    Compiling unicode-ident v1.0.24
[INFO] [stderr]    Compiling num-traits v0.2.19
[INFO] [stderr]    Compiling zerocopy-derive v0.8.48
[INFO] [stderr]    Compiling cc v1.2.62
[INFO] [stderr]    Compiling wasm-bindgen v0.2.121
[INFO] [stderr]    Compiling serde v1.0.228
[INFO] [stderr]    Compiling once_cell v1.21.4
[INFO] [stderr]    Compiling serde_json v1.0.149
[INFO] [stderr]    Compiling futures-util v0.3.32
[INFO] [stderr]    Compiling regex-automata v0.4.14
[INFO] [stderr]    Compiling clap_builder v4.6.0
[INFO] [stderr]    Compiling itertools v0.13.0
[INFO] [stderr]    Compiling rayon v1.12.0
[INFO] [stderr]    Compiling page_size v0.6.0
[INFO] [stderr]    Compiling wasm-bindgen-test-macro v0.3.71
[INFO] [stderr]    Compiling async-trait v0.1.89
[INFO] [stderr]    Compiling nu-ansi-term v0.50.3
[INFO] [stderr]    Compiling wasm-bindgen-test-shared v0.2.121
[INFO] [stderr]    Compiling wasm-bindgen-macro-support v0.2.121
[INFO] [stderr]    Compiling rosetta-date v0.3.0 (/opt/rustwide/workdir)
[INFO] [stderr]    Compiling plotters v0.3.7
[INFO] [stderr]    Compiling tinytemplate v1.2.1
[INFO] [stderr]    Compiling alloca v0.4.0
[INFO] [stderr]    Compiling criterion-plot v0.8.2
[INFO] [stderr]    Compiling regex v1.12.3
[INFO] [stderr]    Compiling clap v4.6.1
[INFO] [stderr]    Compiling wasm-bindgen-macro v0.2.121
[INFO] [stderr]    Compiling js-sys v0.3.98
[INFO] [stderr]    Compiling half v2.7.1
[INFO] [stderr]    Compiling ciborium-ll v0.2.2
[INFO] [stderr]    Compiling ciborium v0.2.2
[INFO] [stderr]    Compiling criterion v0.8.2
[INFO] [stderr]    Compiling wasm-bindgen-futures v0.4.71
[INFO] [stderr]    Compiling wasm-bindgen-test v0.3.71
[INFO] [stderr]     Finished `release` profile [optimized] target(s) in 52.90s
[INFO] running `Command { std: "docker" "inspect" "f405f5f068be17444f89866cc84cd2be8a32997d7c90c9f2b28af258848fcdee", kill_on_drop: false }`
[INFO] running `Command { std: "docker" "exec" "-e" "SOURCE_DIR=/opt/rustwide/workdir" "-e" "CARGO_HOME=/opt/rustwide/cargo-home" "-e" "RUSTUP_HOME=/opt/rustwide/rustup-home" "-e" "CARGO_TARGET_DIR=/opt/rustwide/target" "-e" "CARGO_INCREMENTAL=0" "-e" "RUST_BACKTRACE=full" "-e" "RUSTFLAGS=--cap-lints=warn" "-e" "RUSTDOCFLAGS=--cap-lints=warn" "-w" "/opt/rustwide/workdir" "--user" "0:0" "f405f5f068be17444f89866cc84cd2be8a32997d7c90c9f2b28af258848fcdee" "/opt/rustwide/cargo-home/bin/cargo" "+1.99.0-beta.8" "test" "--frozen" "--release", kill_on_drop: false }`
[INFO] [stderr]     Finished `release` profile [optimized] target(s) in 0.14s
[INFO] [stderr]      Running unittests src/lib.rs (/opt/rustwide/target/release/deps/rosetta_date-566485d86e8c3878)
[INFO] [stdout] 
[INFO] [stdout] running 26 tests
[INFO] [stdout] test delta::tests::test_delta_negative ... ok
[INFO] [stdout] test delta::tests::test_delta_display ... ok
[INFO] [stdout] test nlp::tests::test_english_3_weeks_ago ... ok
[INFO] [stdout] test nlp::tests::test_english_hours_ago ... ok
[INFO] [stdout] test parser::tests::test_parse_date_only ... ok
[INFO] [stdout] test parser::tests::test_parse_datetime_space ... ok
[INFO] [stdout] test parser::tests::test_parse_nlp_3_hours_ago ... ok
[INFO] [stdout] test parser::tests::test_parse_slash_format ... ok
[INFO] [stdout] test formatter::tests::test_format_weekday_month ... ok
[INFO] [stdout] test formatter::tests::test_format_strftime ... ok
[INFO] [stdout] test nlp::tests::test_english_tomorrow ... ok
[INFO] [stdout] test timezone::tests::test_parse_iana ... ok
[INFO] [stdout] test nlp::tests::test_english_month_day_year ... ok
[INFO] [stdout] test nlp::tests::test_english_yesterday ... ok
[INFO] [stdout] test nlp::tests::test_english_in_5_days ... ok
[INFO] [stdout] test parser::tests::test_parse_nlp_yesterday ... ok
[INFO] [stdout] test parser::tests::test_parse_rfc3339 ... ok
[INFO] [stdout] test timezone::tests::test_parse_numeric_offsets ... ok
[INFO] [stdout] test timezone::tests::test_tz_display ... ok
[INFO] [stdout] test nlp::tests::test_english_month_day ... ok
[INFO] [stdout] test parser::tests::test_parse_with_tz_suffix ... ok
[INFO] [stdout] test timezone::tests::test_extract_trailing_tz ... ok
[INFO] [stdout] test timezone::tests::test_parse_abbreviations ... ok
[INFO] [stdout] test timezone::tests::test_parse_utc ... ok
[INFO] [stdout] test formatter::tests::test_time_ago_english ... ok
[INFO] [stderr]      Running tests/debug_hours.rs (/opt/rustwide/target/release/deps/debug_hours-18981443fee3cea2)
[INFO] [stdout] test delta::tests::test_delta_basic ... ok
[INFO] [stdout] 
[INFO] [stdout] test result: ok. 26 passed; 0 failed; 0 ignored; 0 measured; 0 filtered out; finished in 0.11s
[INFO] [stdout] 
[INFO] [stdout] 
[INFO] [stdout] running 1 test
[INFO] [stdout] test test_hours ... ok
[INFO] [stdout] 
[INFO] [stdout] test result: ok. 1 passed; 0 failed; 0 ignored; 0 measured; 0 filtered out; finished in 0.00s
[INFO] [stdout] 
[INFO] [stderr]      Running tests/debug_hours2.rs (/opt/rustwide/target/release/deps/debug_hours2-dff80002874c4651)
[INFO] [stdout] 
[INFO] [stderr]      Running tests/edge_cases.rs (/opt/rustwide/target/release/deps/edge_cases-07c0173776b9955b)
[INFO] [stdout] running 1 test
[INFO] [stdout] test test_hours_debug ... ok
[INFO] [stdout] 
[INFO] [stdout] test result: ok. 1 passed; 0 failed; 0 ignored; 0 measured; 0 filtered out; finished in 0.00s
[INFO] [stdout] 
[INFO] [stdout] 
[INFO] [stdout] running 7 tests
[INFO] [stdout] test test_invalid_nlp_missing_numbers ... ok
[INFO] [stdout] test test_leap_year_invalid ... ok
[INFO] [stdout] test test_relative_time_boundary_crossing ... ok
[INFO] [stdout] test test_leap_year_valid ... ok
[INFO] [stdout] test test_extreme_timezones ... ok
[INFO] [stdout] test test_timezone_crossover_local_components ... ok
[INFO] [stdout] test test_messy_nlp_spacing_and_case ... ok
[INFO] [stderr]      Running tests/multilang.rs (/opt/rustwide/target/release/deps/multilang-c383420c43bbefc7)
[INFO] [stdout] 
[INFO] [stdout] test result: ok. 7 passed; 0 failed; 0 ignored; 0 measured; 0 filtered out; finished in 0.08s
[INFO] [stdout] 
[INFO] [stderr]      Running tests/multilang_dates.rs (/opt/rustwide/target/release/deps/multilang_dates-5106bf99767383c5)
[INFO] [stdout] 
[INFO] [stdout] running 0 tests
[INFO] [stdout] 
[INFO] [stdout] test result: ok. 0 passed; 0 failed; 0 ignored; 0 measured; 0 filtered out; finished in 0.00s
[INFO] [stdout] 
[INFO] [stdout] 
[INFO] [stdout] running 1 test
[INFO] [stderr] error: test failed, to rerun pass `--test multilang_dates`
[INFO] [stdout] test test_multi_lang_dates ... FAILED
[INFO] [stdout] 
[INFO] [stdout] failures:
[INFO] [stdout] 
[INFO] [stdout] ---- test_multi_lang_dates stdout ----
[INFO] [stdout] 
[INFO] [stdout] thread 'test_multi_lang_dates' (1338) panicked at tests/multilang_dates.rs:6:19:
[INFO] [stdout] Failed to parse '29 agosto 2023'. Error: Failed to parse date: Could not parse natural language date: '29 agosto 2023'
[INFO] [stdout] stack backtrace:
[INFO] [stdout]    0:     0x64f693b5ec11 - <<std[70759c8f55707aa4]::sys::backtrace::BacktraceLock>::print::DisplayBacktrace as core[df12db4294e9bfd3]::fmt::Display>::fmt
[INFO] [stdout]    1:     0x64f693b739da - core[df12db4294e9bfd3]::fmt::write
[INFO] [stdout]    2:     0x64f693b630ac - <alloc[2182bb758b4b3781]::vec::Vec<u8> as core[df12db4294e9bfd3]::io::write::Write>::write_fmt
[INFO] [stdout]    3:     0x64f693b3b206 - std[70759c8f55707aa4]::panicking::default_hook::{closure#0}
[INFO] [stdout]    4:     0x64f693b57379 - std[70759c8f55707aa4]::panicking::default_hook
[INFO] [stdout]    5:     0x64f693aca120 - test[9d35eded1c95d3be]::test_main_inner::<test[9d35eded1c95d3be]::test_main_static::{closure#0}>::{closure#0}
[INFO] [stdout]    6:     0x64f693b57532 - std[70759c8f55707aa4]::panicking::panic_with_hook
[INFO] [stdout]    7:     0x64f693b3b2b2 - std[70759c8f55707aa4]::panicking::panic_handler::{closure#0}
[INFO] [stdout]    8:     0x64f693b34039 - std[70759c8f55707aa4]::sys::backtrace::__rust_end_short_backtrace::<std[70759c8f55707aa4]::panicking::panic_handler::{closure#0}, !>
[INFO] [stdout]    9:     0x64f693b3bead - __rustc[8fa7c3cbc660c2b3]::rust_begin_unwind
[INFO] [stdout]   10:     0x64f693b7410c - core[df12db4294e9bfd3]::panicking::panic_fmt
[INFO] [stdout]   11:     0x64f693abd1ee - multilang_dates[88628078d0fd981b]::check
[INFO] [stdout]   12:     0x64f693abd2d5 - <multilang_dates[88628078d0fd981b]::test_multi_lang_dates::{closure#0} as core[df12db4294e9bfd3]::ops::function::FnOnce<()>>::call_once
[INFO] [stdout]   13:     0x64f693abd40b - test[9d35eded1c95d3be]::__rust_begin_short_backtrace::<core[df12db4294e9bfd3]::result::Result<(), alloc[2182bb758b4b3781]::string::String>, fn() -> core[df12db4294e9bfd3]::result::Result<(), alloc[2182bb758b4b3781]::string::String>>
[INFO] [stdout]   14:     0x64f693acaa75 - test[9d35eded1c95d3be]::run_test::{closure#0}
[INFO] [stdout]   15:     0x64f693ac4334 - std[70759c8f55707aa4]::sys::backtrace::__rust_begin_short_backtrace::<test[9d35eded1c95d3be]::run_test::{closure#1}, ()>
[INFO] [stdout]   16:     0x64f693acdbd2 - <std[70759c8f55707aa4]::thread::lifecycle::spawn_unchecked<test[9d35eded1c95d3be]::run_test::{closure#1}, ()>::{closure#1} as core[df12db4294e9bfd3]::ops::function::FnOnce<()>>::call_once::{shim:vtable#0}
[INFO] [stdout]   17:     0x64f693b5e4e9 - <std[70759c8f55707aa4]::sys::thread::unix::Thread>::new::thread_start
[INFO] [stdout]   18:     0x74c9fb5e3dfa - <unknown>
[INFO] [stdout]   19:     0x74c9fb6773d4 - clone
[INFO] [stdout]   20:                0x0 - <unknown>
[INFO] [stdout] 
[INFO] [stdout] 
[INFO] [stdout] failures:
[INFO] [stdout]     test_multi_lang_dates
[INFO] [stdout] 
[INFO] [stdout] test result: FAILED. 0 passed; 1 failed; 0 ignored; 0 measured; 0 filtered out; finished in 0.00s
[INFO] [stdout] 
[INFO] running `Command { std: "docker" "inspect" "f405f5f068be17444f89866cc84cd2be8a32997d7c90c9f2b28af258848fcdee", kill_on_drop: false }`
[INFO] running `Command { std: "docker" "rm" "-f" "f405f5f068be17444f89866cc84cd2be8a32997d7c90c9f2b28af258848fcdee", kill_on_drop: false }`
[INFO] [stdout] f405f5f068be17444f89866cc84cd2be8a32997d7c90c9f2b28af258848fcdee
