[INFO] fetching crate rosbag2-rs 0.2.1...
[INFO] testing rosbag2-rs-0.2.1 against 1.99.0-beta.8+cargoflags=--release for beta-release-1.100-2
[INFO] extracting crate rosbag2-rs 0.2.1 into /workspace/builds/worker-0-tc1/source
[INFO] started tweaking crates.io crate rosbag2-rs 0.2.1
[INFO] finished tweaking crates.io crate rosbag2-rs 0.2.1
[INFO] tweaked toml for crates.io crate rosbag2-rs 0.2.1 written to /workspace/builds/worker-0-tc1/source/Cargo.toml
[INFO] validating manifest of crates.io crate rosbag2-rs 0.2.1 on toolchain 1.99.0-beta.8
[INFO] running `Command { std: CARGO_HOME="/workspace/cargo-home" RUSTUP_HOME="/workspace/rustup-home" "/workspace/cargo-home/bin/cargo" "+1.99.0-beta.8" "metadata" "--manifest-path" "Cargo.toml" "--no-deps", kill_on_drop: false }`
[INFO] crate crates.io crate rosbag2-rs 0.2.1 already has a lockfile, it will not be regenerated
[INFO] running `Command { std: CARGO_HOME="/workspace/cargo-home" RUSTUP_HOME="/workspace/rustup-home" "/workspace/cargo-home/bin/cargo" "+1.99.0-beta.8" "fetch" "--manifest-path" "Cargo.toml", kill_on_drop: false }`
[INFO] [stderr]  Downloading crates ...
[INFO] [stderr]   Downloaded proc-macro2 v1.0.71
[INFO] [stderr]   Downloaded ahash v0.8.6
[INFO] [stderr]   Downloaded anyhow v1.0.76
[INFO] [stderr]   Downloaded unsafe-libyaml v0.2.10
[INFO] [stderr]   Downloaded serde_yaml v0.9.29
[INFO] [stderr]   Downloaded syn v2.0.42
[INFO] running `Command { std: "docker" "create" "-v" "/var/lib/crater-agent-workspace/builds/worker-0-tc1/source:/opt/rustwide/workdir:ro,Z" "-v" "/var/lib/crater-agent-workspace/builds/worker-0-tc1/target:/opt/rustwide/target:rw,Z" "-v" "/var/lib/crater-agent-workspace/cargo-home:/opt/rustwide/cargo-home:ro,Z" "-v" "/var/lib/crater-agent-workspace/rustup-home:/opt/rustwide/rustup-home:ro,Z" "-m" "1610612736" "--network" "none" "ghcr.io/rust-lang/crates-build-env/linux@sha256:77db811e55d90add9212f6832c23229e3de5f1c1f9905e8cb07319ea15df73ac" "sleep" "infinity", kill_on_drop: false }`
[INFO] [stdout] b7e64a7903d35ff61702403929792fe06809f6588bd8cb26b276739d87148e6e
[INFO] running `Command { std: "docker" "start" "b7e64a7903d35ff61702403929792fe06809f6588bd8cb26b276739d87148e6e", kill_on_drop: false }`
[INFO] running `Command { std: "docker" "inspect" "b7e64a7903d35ff61702403929792fe06809f6588bd8cb26b276739d87148e6e", kill_on_drop: false }`
[INFO] running `Command { std: "docker" "exec" "-e" "SOURCE_DIR=/opt/rustwide/workdir" "-e" "CARGO_HOME=/opt/rustwide/cargo-home" "-e" "RUSTUP_HOME=/opt/rustwide/rustup-home" "-e" "CARGO_TARGET_DIR=/opt/rustwide/target" "-w" "/opt/rustwide/workdir" "--user" "0:0" "b7e64a7903d35ff61702403929792fe06809f6588bd8cb26b276739d87148e6e" "/opt/rustwide/cargo-home/bin/cargo" "+1.99.0-beta.8" "metadata" "--no-deps" "--format-version=1", kill_on_drop: false }`
[INFO] running `Command { std: "docker" "inspect" "b7e64a7903d35ff61702403929792fe06809f6588bd8cb26b276739d87148e6e", kill_on_drop: false }`
[INFO] running `Command { std: "docker" "exec" "-e" "SOURCE_DIR=/opt/rustwide/workdir" "-e" "CARGO_HOME=/opt/rustwide/cargo-home" "-e" "RUSTUP_HOME=/opt/rustwide/rustup-home" "-e" "CARGO_TARGET_DIR=/opt/rustwide/target" "-e" "CARGO_INCREMENTAL=0" "-e" "RUST_BACKTRACE=full" "-e" "RUSTFLAGS=--cap-lints=warn" "-e" "RUSTDOCFLAGS=--cap-lints=warn" "-w" "/opt/rustwide/workdir" "--user" "0:0" "b7e64a7903d35ff61702403929792fe06809f6588bd8cb26b276739d87148e6e" "/opt/rustwide/cargo-home/bin/cargo" "+1.99.0-beta.8" "build" "--frozen" "--message-format=json" "--release", kill_on_drop: false }`
[INFO] [stderr]    Compiling ahash v0.8.6
[INFO] [stderr]    Compiling proc-macro2 v1.0.71
[INFO] [stderr]    Compiling once_cell v1.19.0
[INFO] [stderr]    Compiling pkg-config v0.3.28
[INFO] [stderr]    Compiling serde v1.0.193
[INFO] [stderr]    Compiling anyhow v1.0.76
[INFO] [stderr]    Compiling unsafe-libyaml v0.2.10
[INFO] [stderr]    Compiling ryu v1.0.16
[INFO] [stderr]    Compiling smallvec v1.11.2
[INFO] [stderr]    Compiling bitflags v2.4.1
[INFO] [stderr]    Compiling hashbrown v0.14.3
[INFO] [stderr]    Compiling libsqlite3-sys v0.27.0
[INFO] [stderr]    Compiling quote v1.0.33
[INFO] [stderr]    Compiling syn v2.0.42
[INFO] [stderr]    Compiling hashlink v0.8.4
[INFO] [stderr]    Compiling indexmap v2.1.0
[INFO] [stderr]    Compiling rusqlite v0.30.0
[INFO] [stderr]    Compiling serde_derive v1.0.193
[INFO] [stderr]    Compiling serde_yaml v0.9.29
[INFO] [stderr]    Compiling rosbag2-rs v0.2.1 (/opt/rustwide/workdir)
[INFO] [stdout] warning: hiding a lifetime that's elided elsewhere is confusing
[INFO] [stdout]   --> src/sqlite3_storage.rs:89:9
[INFO] [stdout]    |
[INFO] [stdout] 89 |         &self,
[INFO] [stdout]    |         ^^^^^ the lifetime is elided here
[INFO] [stdout] ...
[INFO] [stdout] 93 |     ) -> Result<Statement> {
[INFO] [stdout]    |                 ^^^^^^^^^ the same lifetime is hidden here
[INFO] [stdout]    |
[INFO] [stdout]    = help: the same lifetime is referred to in inconsistent ways, making the signature confusing
[INFO] [stdout]    = note: `#[warn(mismatched_lifetime_syntaxes)]` on by default
[INFO] [stdout] help: use `'_` for type paths
[INFO] [stdout]    |
[INFO] [stdout] 93 |     ) -> Result<Statement<'_>> {
[INFO] [stdout]    |                          ++++
[INFO] [stdout] 
[INFO] [stdout] 
[INFO] [stderr]     Finished `release` profile [optimized] target(s) in 19.29s
[INFO] running `Command { std: "docker" "inspect" "b7e64a7903d35ff61702403929792fe06809f6588bd8cb26b276739d87148e6e", kill_on_drop: false }`
[INFO] running `Command { std: "docker" "exec" "-e" "SOURCE_DIR=/opt/rustwide/workdir" "-e" "CARGO_HOME=/opt/rustwide/cargo-home" "-e" "RUSTUP_HOME=/opt/rustwide/rustup-home" "-e" "CARGO_TARGET_DIR=/opt/rustwide/target" "-e" "CARGO_INCREMENTAL=0" "-e" "RUST_BACKTRACE=full" "-e" "RUSTFLAGS=--cap-lints=warn" "-e" "RUSTDOCFLAGS=--cap-lints=warn" "-w" "/opt/rustwide/workdir" "--user" "0:0" "b7e64a7903d35ff61702403929792fe06809f6588bd8cb26b276739d87148e6e" "/opt/rustwide/cargo-home/bin/cargo" "+1.99.0-beta.8" "test" "--frozen" "--no-run" "--message-format=json" "--release", kill_on_drop: false }`
[INFO] [stderr]    Compiling bitflags v2.4.1
[INFO] [stderr]    Compiling rustix v0.38.28
[INFO] [stderr]    Compiling linux-raw-sys v0.4.12
[INFO] [stderr]    Compiling fastrand v2.0.1
[INFO] [stderr]    Compiling rusqlite v0.30.0
[INFO] [stderr]    Compiling rosbag2-rs v0.2.1 (/opt/rustwide/workdir)
[INFO] [stdout] warning: hiding a lifetime that's elided elsewhere is confusing
[INFO] [stdout]   --> src/sqlite3_storage.rs:89:9
[INFO] [stdout]    |
[INFO] [stdout] 89 |         &self,
[INFO] [stdout]    |         ^^^^^ the lifetime is elided here
[INFO] [stdout] ...
[INFO] [stdout] 93 |     ) -> Result<Statement> {
[INFO] [stdout]    |                 ^^^^^^^^^ the same lifetime is hidden here
[INFO] [stdout]    |
[INFO] [stdout]    = help: the same lifetime is referred to in inconsistent ways, making the signature confusing
[INFO] [stdout]    = note: `#[warn(mismatched_lifetime_syntaxes)]` on by default
[INFO] [stdout] help: use `'_` for type paths
[INFO] [stdout]    |
[INFO] [stdout] 93 |     ) -> Result<Statement<'_>> {
[INFO] [stdout]    |                          ++++
[INFO] [stdout] 
[INFO] [stdout] 
[INFO] [stderr]    Compiling tempfile v3.8.1
[INFO] [stdout] warning: hiding a lifetime that's elided elsewhere is confusing
[INFO] [stdout]   --> src/sqlite3_storage.rs:89:9
[INFO] [stdout]    |
[INFO] [stdout] 89 |         &self,
[INFO] [stdout]    |         ^^^^^ the lifetime is elided here
[INFO] [stdout] ...
[INFO] [stdout] 93 |     ) -> Result<Statement> {
[INFO] [stdout]    |                 ^^^^^^^^^ the same lifetime is hidden here
[INFO] [stdout]    |
[INFO] [stdout]    = help: the same lifetime is referred to in inconsistent ways, making the signature confusing
[INFO] [stdout]    = note: `#[warn(mismatched_lifetime_syntaxes)]` on by default
[INFO] [stdout] help: use `'_` for type paths
[INFO] [stdout]    |
[INFO] [stdout] 93 |     ) -> Result<Statement<'_>> {
[INFO] [stdout]    |                          ++++
[INFO] [stdout] 
[INFO] [stdout] 
[INFO] [stderr]     Finished `release` profile [optimized] target(s) in 9.72s
[INFO] running `Command { std: "docker" "inspect" "b7e64a7903d35ff61702403929792fe06809f6588bd8cb26b276739d87148e6e", kill_on_drop: false }`
[INFO] running `Command { std: "docker" "exec" "-e" "SOURCE_DIR=/opt/rustwide/workdir" "-e" "CARGO_HOME=/opt/rustwide/cargo-home" "-e" "RUSTUP_HOME=/opt/rustwide/rustup-home" "-e" "CARGO_TARGET_DIR=/opt/rustwide/target" "-e" "CARGO_INCREMENTAL=0" "-e" "RUST_BACKTRACE=full" "-e" "RUSTFLAGS=--cap-lints=warn" "-e" "RUSTDOCFLAGS=--cap-lints=warn" "-w" "/opt/rustwide/workdir" "--user" "0:0" "b7e64a7903d35ff61702403929792fe06809f6588bd8cb26b276739d87148e6e" "/opt/rustwide/cargo-home/bin/cargo" "+1.99.0-beta.8" "test" "--frozen" "--release", kill_on_drop: false }`
[INFO] [stderr] warning: hiding a lifetime that's elided elsewhere is confusing
[INFO] [stderr]   --> src/sqlite3_storage.rs:89:9
[INFO] [stderr]    |
[INFO] [stderr] 89 |         &self,
[INFO] [stderr]    |         ^^^^^ the lifetime is elided here
[INFO] [stderr] ...
[INFO] [stderr] 93 |     ) -> Result<Statement> {
[INFO] [stderr]    |                 ^^^^^^^^^ the same lifetime is hidden here
[INFO] [stderr]    |
[INFO] [stderr]    = help: the same lifetime is referred to in inconsistent ways, making the signature confusing
[INFO] [stderr]    = note: `#[warn(mismatched_lifetime_syntaxes)]` on by default
[INFO] [stderr] help: use `'_` for type paths
[INFO] [stderr]    |
[INFO] [stderr] 93 |     ) -> Result<Statement<'_>> {
[INFO] [stderr]    |                          ++++
[INFO] [stderr] 
[INFO] [stderr] warning: `rosbag2-rs` (lib) generated 1 warning (run `cargo fix --lib -p rosbag2-rs` to apply 1 suggestion)
[INFO] [stderr] warning: `rosbag2-rs` (lib test) generated 1 warning (1 duplicate)
[INFO] [stderr]     Finished `release` profile [optimized] target(s) in 0.06s
[INFO] [stderr]      Running unittests src/lib.rs (/opt/rustwide/target/release/deps/rosbag2_rs-eaa96d2151027202)
[INFO] [stdout] 
[INFO] [stdout] running 0 tests
[INFO] [stdout] 
[INFO] [stdout] test result: ok. 0 passed; 0 failed; 0 ignored; 0 measured; 0 filtered out; finished in 0.00s
[INFO] [stdout] 
[INFO] [stderr]      Running tests/reader_tests.rs (/opt/rustwide/target/release/deps/reader_tests-4a6852b5efa98e45)
[INFO] [stdout] 
[INFO] [stdout] running 1 test
[INFO] [stderr]      Running tests/writer_tests.rs (/opt/rustwide/target/release/deps/writer_tests-f60d53e14257aefe)
[INFO] [stdout] test test_messages_iterator_initialization ... ok
[INFO] [stdout] 
[INFO] [stdout] test result: ok. 1 passed; 0 failed; 0 ignored; 0 measured; 0 filtered out; finished in 0.22s
[INFO] [stdout] 
[INFO] [stdout] 
[INFO] [stdout] running 3 tests
[INFO] [stdout] test test_open_existing_db ... ok
[INFO] [stdout] test test_writer_creation_and_opening ... FAILED
[INFO] [stderr] error: test failed, to rerun pass `--test writer_tests`
[INFO] [stdout] test test_write_operations ... ok
[INFO] [stdout] 
[INFO] [stdout] failures:
[INFO] [stdout] 
[INFO] [stdout] ---- test_writer_creation_and_opening stdout ----
[INFO] [stdout] 
[INFO] [stdout] thread 'test_writer_creation_and_opening' (818) panicked at tests/writer_tests.rs:14:5:
[INFO] [stdout] assertion failed: writer.open().is_ok()
[INFO] [stdout] stack backtrace:
[INFO] [stdout]    0:     0x600617eeeec1 - <<std[70759c8f55707aa4]::sys::backtrace::BacktraceLock>::print::DisplayBacktrace as core[df12db4294e9bfd3]::fmt::Display>::fmt
[INFO] [stdout]    1:     0x600617f045aa - core[df12db4294e9bfd3]::fmt::write
[INFO] [stdout]    2:     0x600617ef363c - <alloc[2182bb758b4b3781]::vec::Vec<u8> as core[df12db4294e9bfd3]::io::write::Write>::write_fmt
[INFO] [stdout]    3:     0x600617ec9c26 - std[70759c8f55707aa4]::panicking::default_hook::{closure#0}
[INFO] [stdout]    4:     0x600617ee6b29 - std[70759c8f55707aa4]::panicking::default_hook
[INFO] [stdout]    5:     0x600617e53090 - test[9d35eded1c95d3be]::test_main_inner::<test[9d35eded1c95d3be]::test_main_static::{closure#0}>::{closure#0}
[INFO] [stdout]    6:     0x600617ee6ce2 - std[70759c8f55707aa4]::panicking::panic_with_hook
[INFO] [stdout]    7:     0x600617ec9d04 - std[70759c8f55707aa4]::panicking::panic_handler::{closure#0}
[INFO] [stdout]    8:     0x600617ec27a9 - std[70759c8f55707aa4]::sys::backtrace::__rust_end_short_backtrace::<std[70759c8f55707aa4]::panicking::panic_handler::{closure#0}, !>
[INFO] [stdout]    9:     0x600617eca8cd - __rustc[8fa7c3cbc660c2b3]::rust_begin_unwind
[INFO] [stdout]   10:     0x600617f04d0c - core[df12db4294e9bfd3]::panicking::panic_fmt
[INFO] [stdout]   11:     0x600617f04cd2 - core[df12db4294e9bfd3]::panicking::panic
[INFO] [stdout]   12:     0x600617e44ebb - <writer_tests[e9648a29718d74e7]::test_writer_creation_and_opening::{closure#0} as core[df12db4294e9bfd3]::ops::function::FnOnce<()>>::call_once
[INFO] [stdout]   13:     0x600617e4637b - test[9d35eded1c95d3be]::__rust_begin_short_backtrace::<core[df12db4294e9bfd3]::result::Result<(), alloc[2182bb758b4b3781]::string::String>, fn() -> core[df12db4294e9bfd3]::result::Result<(), alloc[2182bb758b4b3781]::string::String>>
[INFO] [stdout]   14:     0x600617e539e5 - test[9d35eded1c95d3be]::run_test::{closure#0}
[INFO] [stdout]   15:     0x600617e4d2a4 - std[70759c8f55707aa4]::sys::backtrace::__rust_begin_short_backtrace::<test[9d35eded1c95d3be]::run_test::{closure#1}, ()>
[INFO] [stdout]   16:     0x600617e56b42 - <std[70759c8f55707aa4]::thread::lifecycle::spawn_unchecked<test[9d35eded1c95d3be]::run_test::{closure#1}, ()>::{closure#1} as core[df12db4294e9bfd3]::ops::function::FnOnce<()>>::call_once::{shim:vtable#0}
[INFO] [stdout]   17:     0x600617eee429 - <std[70759c8f55707aa4]::sys::thread::unix::Thread>::new::thread_start
[INFO] [stdout]   18:     0x7b6226d10dfa - <unknown>
[INFO] [stdout]   19:     0x7b6226da43d4 - clone
[INFO] [stdout]   20:                0x0 - <unknown>
[INFO] [stdout] 
[INFO] [stdout] 
[INFO] [stdout] failures:
[INFO] [stdout]     test_writer_creation_and_opening
[INFO] [stdout] 
[INFO] [stdout] test result: FAILED. 2 passed; 1 failed; 0 ignored; 0 measured; 0 filtered out; finished in 0.19s
[INFO] [stdout] 
[INFO] running `Command { std: "docker" "inspect" "b7e64a7903d35ff61702403929792fe06809f6588bd8cb26b276739d87148e6e", kill_on_drop: false }`
[INFO] running `Command { std: "docker" "rm" "-f" "b7e64a7903d35ff61702403929792fe06809f6588bd8cb26b276739d87148e6e", kill_on_drop: false }`
[INFO] [stdout] b7e64a7903d35ff61702403929792fe06809f6588bd8cb26b276739d87148e6e
