[INFO] fetching crate rosa 0.1.0...
[INFO] testing rosa-0.1.0 against 1.99.0-beta.8+cargoflags=--release for beta-release-1.100-2
[INFO] extracting crate rosa 0.1.0 into /workspace/builds/worker-0-tc1/source
[INFO] started tweaking crates.io crate rosa 0.1.0
[INFO] removed 0 missing tests
[INFO] finished tweaking crates.io crate rosa 0.1.0
[INFO] tweaked toml for crates.io crate rosa 0.1.0 written to /workspace/builds/worker-0-tc1/source/Cargo.toml
[INFO] validating manifest of crates.io crate rosa 0.1.0 on toolchain 1.99.0-beta.8
[INFO] running `Command { std: CARGO_HOME="/workspace/cargo-home" RUSTUP_HOME="/workspace/rustup-home" "/workspace/cargo-home/bin/cargo" "+1.99.0-beta.8" "metadata" "--manifest-path" "Cargo.toml" "--no-deps", kill_on_drop: false }`
[INFO] crate crates.io crate rosa 0.1.0 already has a lockfile, it will not be regenerated
[INFO] running `Command { std: CARGO_HOME="/workspace/cargo-home" RUSTUP_HOME="/workspace/rustup-home" "/workspace/cargo-home/bin/cargo" "+1.99.0-beta.8" "fetch" "--manifest-path" "Cargo.toml", kill_on_drop: false }`
[INFO] [stderr]     Updating crates.io index
[INFO] [stderr]  Downloading crates ...
[INFO] [stderr]   Downloaded symphonia-format-isomp4 v0.5.5
[INFO] [stderr]   Downloaded primal-check v0.3.4
[INFO] [stderr]   Downloaded zerocopy-derive v0.8.40
[INFO] [stderr]   Downloaded symphonia-format-caf v0.5.5
[INFO] [stderr]   Downloaded realfft v3.5.0
[INFO] [stderr]   Downloaded transpose v0.2.3
[INFO] [stderr]   Downloaded matrixmultiply v0.3.10
[INFO] [stderr]   Downloaded rubato v0.14.1
[INFO] [stderr]   Downloaded simba v0.9.1
[INFO] [stderr]   Downloaded safe_arch v0.7.4
[INFO] [stderr]   Downloaded wide v0.7.33
[INFO] [stderr]   Downloaded statrs v0.18.0
[INFO] [stderr]   Downloaded zerocopy v0.8.40
[INFO] [stderr]   Downloaded rustfft v6.4.1
[INFO] [stderr]   Downloaded nalgebra v0.33.2
[INFO] running `Command { std: "docker" "create" "-v" "/var/lib/crater-agent-workspace/builds/worker-0-tc1/source:/opt/rustwide/workdir:ro,Z" "-v" "/var/lib/crater-agent-workspace/builds/worker-0-tc1/target:/opt/rustwide/target:rw,Z" "-v" "/var/lib/crater-agent-workspace/cargo-home:/opt/rustwide/cargo-home:ro,Z" "-v" "/var/lib/crater-agent-workspace/rustup-home:/opt/rustwide/rustup-home:ro,Z" "-m" "1610612736" "--network" "none" "ghcr.io/rust-lang/crates-build-env/linux@sha256:77db811e55d90add9212f6832c23229e3de5f1c1f9905e8cb07319ea15df73ac" "sleep" "infinity", kill_on_drop: false }`
[INFO] [stdout] 3984c6c1f20ecc66366184b2f35fff0a15b306886c2cf6f09b5206c749395031
[INFO] running `Command { std: "docker" "start" "3984c6c1f20ecc66366184b2f35fff0a15b306886c2cf6f09b5206c749395031", kill_on_drop: false }`
[INFO] running `Command { std: "docker" "inspect" "3984c6c1f20ecc66366184b2f35fff0a15b306886c2cf6f09b5206c749395031", kill_on_drop: false }`
[INFO] running `Command { std: "docker" "exec" "-e" "SOURCE_DIR=/opt/rustwide/workdir" "-e" "CARGO_HOME=/opt/rustwide/cargo-home" "-e" "RUSTUP_HOME=/opt/rustwide/rustup-home" "-e" "CARGO_TARGET_DIR=/opt/rustwide/target" "-w" "/opt/rustwide/workdir" "--user" "0:0" "3984c6c1f20ecc66366184b2f35fff0a15b306886c2cf6f09b5206c749395031" "/opt/rustwide/cargo-home/bin/cargo" "+1.99.0-beta.8" "metadata" "--no-deps" "--format-version=1", kill_on_drop: false }`
[INFO] running `Command { std: "docker" "inspect" "3984c6c1f20ecc66366184b2f35fff0a15b306886c2cf6f09b5206c749395031", kill_on_drop: false }`
[INFO] running `Command { std: "docker" "exec" "-e" "SOURCE_DIR=/opt/rustwide/workdir" "-e" "CARGO_HOME=/opt/rustwide/cargo-home" "-e" "RUSTUP_HOME=/opt/rustwide/rustup-home" "-e" "CARGO_TARGET_DIR=/opt/rustwide/target" "-e" "CARGO_INCREMENTAL=0" "-e" "RUST_BACKTRACE=full" "-e" "RUSTFLAGS=--cap-lints=warn" "-e" "RUSTDOCFLAGS=--cap-lints=warn" "-w" "/opt/rustwide/workdir" "--user" "0:0" "3984c6c1f20ecc66366184b2f35fff0a15b306886c2cf6f09b5206c749395031" "/opt/rustwide/cargo-home/bin/cargo" "+1.99.0-beta.8" "build" "--frozen" "--message-format=json" "--release", kill_on_drop: false }`
[INFO] [stderr]    Compiling bytemuck v1.25.0
[INFO] [stderr]    Compiling bitflags v1.3.2
[INFO] [stderr]    Compiling arrayvec v0.7.6
[INFO] [stderr]    Compiling num-traits v0.2.19
[INFO] [stderr]    Compiling libc v0.2.182
[INFO] [stderr]    Compiling zerocopy v0.8.40
[INFO] [stderr]    Compiling matrixmultiply v0.3.10
[INFO] [stderr]    Compiling strength_reduce v0.2.4
[INFO] [stderr]    Compiling typenum v1.19.0
[INFO] [stderr]    Compiling symphonia-core v0.5.5
[INFO] [stderr]    Compiling safe_arch v0.7.4
[INFO] [stderr]    Compiling extended v0.1.0
[INFO] [stderr]    Compiling wide v0.7.33
[INFO] [stderr]    Compiling num-integer v0.1.46
[INFO] [stderr]    Compiling num-complex v0.4.6
[INFO] [stderr]    Compiling approx v0.5.1
[INFO] [stderr]    Compiling primal-check v0.3.4
[INFO] [stderr]    Compiling transpose v0.2.3
[INFO] [stderr]    Compiling num-rational v0.4.2
[INFO] [stderr]    Compiling getrandom v0.2.17
[INFO] [stderr]    Compiling symphonia-metadata v0.5.5
[INFO] [stderr]    Compiling rand_core v0.6.4
[INFO] [stderr]    Compiling rustfft v6.4.1
[INFO] [stderr]    Compiling symphonia-codec-adpcm v0.5.5
[INFO] [stderr]    Compiling symphonia-codec-alac v0.5.5
[INFO] [stderr]    Compiling symphonia-utils-xiph v0.5.5
[INFO] [stderr]    Compiling symphonia-codec-vorbis v0.5.5
[INFO] [stderr]    Compiling symphonia-format-mkv v0.5.5
[INFO] [stderr]    Compiling symphonia-format-isomp4 v0.5.5
[INFO] [stderr]    Compiling symphonia-bundle-flac v0.5.5
[INFO] [stderr]    Compiling simba v0.9.1
[INFO] [stderr]    Compiling symphonia-format-ogg v0.5.5
[INFO] [stderr]    Compiling ppv-lite86 v0.2.21
[INFO] [stderr]    Compiling symphonia-bundle-mp3 v0.5.5
[INFO] [stderr]    Compiling rand_chacha v0.3.1
[INFO] [stderr]    Compiling rand v0.8.5
[INFO] [stderr]    Compiling symphonia-format-riff v0.5.5
[INFO] [stderr]    Compiling symphonia-format-caf v0.5.5
[INFO] [stderr]    Compiling symphonia-codec-pcm v0.5.5
[INFO] [stderr]    Compiling symphonia-codec-aac v0.5.5
[INFO] [stderr]    Compiling rand_distr v0.4.3
[INFO] [stderr]    Compiling symphonia v0.5.5
[INFO] [stderr]    Compiling realfft v3.5.0
[INFO] [stderr]    Compiling rubato v0.14.1
[INFO] [stderr]    Compiling nalgebra v0.33.2
[INFO] [stderr]    Compiling statrs v0.18.0
[INFO] [stderr]    Compiling rosa v0.1.0 (/opt/rustwide/workdir)
[INFO] [stderr]     Finished `release` profile [optimized] target(s) in 1m 46s
[INFO] running `Command { std: "docker" "inspect" "3984c6c1f20ecc66366184b2f35fff0a15b306886c2cf6f09b5206c749395031", kill_on_drop: false }`
[INFO] running `Command { std: "docker" "exec" "-e" "SOURCE_DIR=/opt/rustwide/workdir" "-e" "CARGO_HOME=/opt/rustwide/cargo-home" "-e" "RUSTUP_HOME=/opt/rustwide/rustup-home" "-e" "CARGO_TARGET_DIR=/opt/rustwide/target" "-e" "CARGO_INCREMENTAL=0" "-e" "RUST_BACKTRACE=full" "-e" "RUSTFLAGS=--cap-lints=warn" "-e" "RUSTDOCFLAGS=--cap-lints=warn" "-w" "/opt/rustwide/workdir" "--user" "0:0" "3984c6c1f20ecc66366184b2f35fff0a15b306886c2cf6f09b5206c749395031" "/opt/rustwide/cargo-home/bin/cargo" "+1.99.0-beta.8" "test" "--frozen" "--no-run" "--message-format=json" "--release", kill_on_drop: false }`
[INFO] [stderr]    Compiling quote v1.0.44
[INFO] [stderr]    Compiling hound v3.5.1
[INFO] [stderr]    Compiling serde_json v1.0.149
[INFO] [stderr]    Compiling syn v2.0.117
[INFO] [stderr]    Compiling serde_derive v1.0.228
[INFO] [stderr]    Compiling serde v1.0.228
[INFO] [stderr]    Compiling rosa v0.1.0 (/opt/rustwide/workdir)
[INFO] [stderr]     Finished `release` profile [optimized] target(s) in 1m 15s
[INFO] running `Command { std: "docker" "inspect" "3984c6c1f20ecc66366184b2f35fff0a15b306886c2cf6f09b5206c749395031", kill_on_drop: false }`
[INFO] running `Command { std: "docker" "exec" "-e" "SOURCE_DIR=/opt/rustwide/workdir" "-e" "CARGO_HOME=/opt/rustwide/cargo-home" "-e" "RUSTUP_HOME=/opt/rustwide/rustup-home" "-e" "CARGO_TARGET_DIR=/opt/rustwide/target" "-e" "CARGO_INCREMENTAL=0" "-e" "RUST_BACKTRACE=full" "-e" "RUSTFLAGS=--cap-lints=warn" "-e" "RUSTDOCFLAGS=--cap-lints=warn" "-w" "/opt/rustwide/workdir" "--user" "0:0" "3984c6c1f20ecc66366184b2f35fff0a15b306886c2cf6f09b5206c749395031" "/opt/rustwide/cargo-home/bin/cargo" "+1.99.0-beta.8" "test" "--frozen" "--release", kill_on_drop: false }`
[INFO] [stderr]     Finished `release` profile [optimized] target(s) in 0.11s
[INFO] [stderr]      Running unittests src/lib.rs (/opt/rustwide/target/release/deps/rosa-4075a7598942cf15)
[INFO] [stdout] 
[INFO] [stdout] running 228 tests
[INFO] [stdout] test audio::mu_law::tests::test_mu_expand_matches_librosa ... ok
[INFO] [stdout] test audio::zero_crossings::tests::test_zero_crossings_matches_librosa ... ok
[INFO] [stdout] test audio::mono::tests::test_to_mono_matches_librosa ... ok
[INFO] [stdout] test autocorrelate::tests::test_autocorrelate_matches_librosa ... ok
[INFO] [stdout] test buffer::circular_buffer::tests::clear_resets_state ... ok
[INFO] [stdout] test audio::mu_law::tests::test_mu_compress_matches_librosa ... ok
[INFO] [stdout] test buffer::circular_buffer::tests::capacity_is_power_of_two ... ok
[INFO] [stdout] test buffer::circular_buffer::tests::read_into_across_wrap ... ok
[INFO] [stdout] test buffer::circular_buffer::tests::read_into_basic ... ok
[INFO] [stdout] test buffer::circular_buffer::tests::stft_scenario ... ok
[INFO] [stdout] test audio::generate::tests::test_tone_matches_librosa ... ok
[INFO] [stdout] test buffer::sliding_window::tests::empty_window ... ok
[INFO] [stdout] test buffer::sliding_window::tests::is_full_transitions ... ok
[INFO] [stdout] test buffer::sliding_window::tests::iter_after_overflow ... ok
[INFO] [stdout] test buffer::circular_buffer::tests::total_written_monotonic ... ok
[INFO] [stdout] test buffer::sliding_window::tests::iter_oldest_to_newest ... ok
[INFO] [stdout] test buffer::sliding_window::tests::push_at_capacity ... ok
[INFO] [stdout] test buffer::sliding_window::tests::push_beyond_capacity_drops_oldest ... ok
[INFO] [stdout] test buffer::sliding_window::tests::push_within_capacity ... ok
[INFO] [stdout] test audio::generate::tests::test_clicks_matches_librosa ... ok
[INFO] [stdout] test buffer::circular_buffer::tests::wrap_around ... ok
[INFO] [stdout] test buffer::circular_buffer::tests::write_and_read_back ... ok
[INFO] [stdout] test convert::frequency::tests::test_hz_to_midi ... ok
[INFO] [stdout] test convert::frequency::tests::test_hz_to_octs ... ok
[INFO] [stdout] test convert::frequency::tests::test_hz_to_octs_roundtrip ... ok
[INFO] [stdout] test convert::frequency::tests::test_midi_to_hz ... ok
[INFO] [stdout] test convert::frequency::tests::test_octs_to_hz ... ok
[INFO] [stdout] test buffer::sliding_window::tests::variable_frame_sizes ... ok
[INFO] [stdout] test convert::notation::tests::test_key_to_notes_a_sharp_minor ... ok
[INFO] [stdout] test convert::notation::tests::test_key_to_notes_a_minor ... ok
[INFO] [stdout] test convert::notation::tests::test_key_to_notes_ascii ... ok
[INFO] [stdout] test convert::frequency::tests::test_hz_midi_roundtrip ... ok
[INFO] [stdout] test convert::notation::tests::test_key_to_notes_c_major ... ok
[INFO] [stdout] test convert::notation::tests::test_key_to_notes_d_dorian ... ok
[INFO] [stdout] test convert::notation::tests::test_key_to_notes_f_minor ... ok
[INFO] [stdout] test convert::note::tests::test_hz_to_note_with_cents ... ok
[INFO] [stdout] test convert::notation::tests::test_key_to_notes_fb_minor ... ok
[INFO] [stdout] test convert::note::tests::test_midi_to_note_basic ... ok
[INFO] [stdout] test convert::note::tests::test_midi_to_note_cents_requires_octave ... ok
[INFO] [stdout] test convert::notation::tests::test_key_to_notes_g_sharp_major ... ok
[INFO] [stdout] test convert::notation::tests::test_key_to_notes_g_sharp_major_ascii ... ok
[INFO] [stdout] test convert::note::tests::test_hz_to_note ... ok
[INFO] [stdout] test convert::note::tests::test_midi_to_note_chromatic ... ok
[INFO] [stdout] test convert::notation::tests::test_key_to_notes_g_locrian ... ok
[INFO] [stdout] test convert::notation::tests::test_parse_key_invalid ... ok
[INFO] [stdout] test convert::note::tests::test_midi_to_note_ascii ... ok
[INFO] [stdout] test audio::generate::tests::test_chirp_matches_librosa ... ok
[INFO] [stdout] test convert::note::tests::test_note_hz_roundtrip ... ok
[INFO] [stdout] test convert::note::tests::test_note_to_midi_array ... ok
[INFO] [stdout] test convert::note::tests::test_midi_to_note_with_key ... ok
[INFO] [stdout] test convert::note::tests::test_note_to_midi_basic ... ok
[INFO] [stdout] test convert::note::tests::test_note_to_midi_multiple_accidentals ... ok
[INFO] [stdout] test convert::note::tests::test_note_to_midi_unicode ... ok
[INFO] [stdout] test convert::note::tests::test_midi_to_note_negative ... ok
[INFO] [stdout] test convert::note::tests::test_note_to_midi_with_cents ... ok
[INFO] [stdout] test convert::note::tests::test_midi_to_note_no_octave ... ok
[INFO] [stdout] test convert::note::tests::test_midi_to_note_with_cents ... ok
[INFO] [stdout] test convert::note::tests::test_note_to_hz ... ok
[INFO] [stdout] test convert::time::tests::test_time_to_frames ... ok
[INFO] [stdout] test convert::time::tests::test_frames_to_samples ... ok
[INFO] [stdout] test convert::time::tests::test_frames_to_time ... ok
[INFO] [stdout] test convert::time::tests::test_samples_to_frames ... ok
[INFO] [stdout] test convert::time::tests::test_samples_to_time ... ok
[INFO] [stdout] test convert::time::tests::test_time_to_samples ... ok
[INFO] [stdout] test convert::weighting::tests::test_a_weighting_1khz_approx_zero ... ok
[INFO] [stdout] test convert::weighting::tests::test_a_weighting_matches_librosa ... ok
[INFO] [stdout] test convert::weighting::tests::test_b_weighting_matches_librosa ... ok
[INFO] [stdout] test convert::weighting::tests::test_c_weighting_matches_librosa ... ok
[INFO] [stdout] test convert::note::tests::test_note_midi_roundtrip ... ok
[INFO] [stdout] test convert::weighting::tests::test_d_weighting_matches_librosa ... ok
[INFO] [stdout] test cqt::harmonic::tests::test_interp1d_linear_basic ... ok
[INFO] [stdout] test convert::weighting::tests::test_frequency_weighting_dispatcher ... ok
[INFO] [stdout] test cqt::harmonic::tests::test_interp1d_linear_out_of_bounds ... ok
[INFO] [stdout] test convert::note::tests::test_note_to_midi_double_accidentals ... ok
[INFO] [stdout] test convert::weighting::tests::test_z_weighting_all_zeros ... ok
[INFO] [stdout] test cqt::harmonic::tests::test_interp_harmonics_shape ... ok
[INFO] [stdout] test cqt::transform::tests::test_complex_matmul_simple ... ok
[INFO] [stdout] test convert::note::tests::test_note_to_midi_invalid ... ok
[INFO] [stdout] test cqt::harmonic::tests::test_tonnetz_shape ... ok
[INFO] [stdout] test cqt::transform::tests::test_complex_magnitude ... ok
[INFO] [stdout] test cqt::wavelet::tests::test_cqt_frequencies_basic ... ok
[INFO] [stdout] test cqt::wavelet::tests::test_window_bandwidth_hann ... ok
[INFO] [stdout] test cqt::wavelet::tests::test_wavelet_lengths_cqt ... ok
[INFO] [stdout] test dsp::complex::tests::test_abs2_basic ... ok
[INFO] [stdout] test dsp::complex::tests::test_phasor_at_zero ... ok
[INFO] [stdout] test dsp::complex::tests::test_phasor_mag_matches_numpy ... ok
[INFO] [stdout] test dsp::complex::tests::test_phasor_matches_numpy ... ok
[INFO] [stdout] test dsp::complex::tests::test_abs2_matches_numpy ... ok
[INFO] [stdout] test dsp::db::tests::test_amplitude_roundtrip ... ok
[INFO] [stdout] test dsp::db::tests::test_db_to_amplitude_matches_librosa ... ok
[INFO] [stdout] test dsp::db::tests::test_amplitude_to_db_matches_librosa ... ok
[INFO] [stdout] test dsp::db::tests::test_db_to_power_matches_librosa ... ok
[INFO] [stdout] test dsp::db::tests::test_power_roundtrip ... ok
[INFO] [stdout] test dsp::util::tests::test_localmin_matches_scipy ... ok
[INFO] [stdout] test dsp::db::tests::test_power_to_db_matches_librosa ... ok
[INFO] [stdout] test dsp::util::tests::test_maximum_filter1d_matches_scipy ... ok
[INFO] [stdout] test dsp::util::tests::test_pad_center_matches_scipy ... ok
[INFO] [stdout] test dsp::util::tests::test_fix_length_matches_scipy ... ok
[INFO] [stdout] test dsp::util::tests::test_normalize_matches_scipy ... ok
[INFO] [stdout] test dsp::util::tests::test_localmax_matches_scipy ... ok
[INFO] [stdout] test dsp::util::tests::test_peak_pick_matches_librosa ... ok
[INFO] [stdout] test dsp::util::tests::test_softmask_matches_scipy ... ok
[INFO] [stdout] test dsp::util::tests::test_tiny ... ok
[INFO] [stdout] test dsp::util::tests::test_pad_center_panics_if_too_small ... ok
[INFO] [stdout] test matrix::core::tests::test_access ... ok
[INFO] [stdout] test matrix::core::tests::test_add_scalar ... ok
[INFO] [stdout] test matrix::core::tests::test_clone_independent ... ok
[INFO] [stdout] test matrix::core::tests::test_debug_large ... ok
[INFO] [stdout] test matrix::core::tests::test_debug_small ... ok
[INFO] [stdout] test matrix::core::tests::test_from_columns ... ok
[INFO] [stdout] test matrix::core::tests::test_from_rows ... ok
[INFO] [stdout] test matrix::core::tests::test_from_vec_wrong_size - should panic ... ok
[INFO] [stdout] test matrix::core::tests::test_get_col_out_of_bounds - should panic ... ok
[INFO] [stdout] test matrix::core::tests::test_get_out_of_bounds - should panic ... ok
[INFO] [stdout] test matrix::core::tests::test_index_syntax ... ok
[INFO] [stdout] test matrix::core::tests::test_map ... ok
[INFO] [stdout] test matrix::core::tests::test_map_inplace ... ok
[INFO] [stdout] test matrix::core::tests::test_partial_eq ... ok
[INFO] [stdout] test matrix::core::tests::test_zeros ... ok
[INFO] [stdout] test matrix::core::tests::test_from_columns_roundtrip ... ok
[INFO] [stdout] test matrix::core::tests::test_from_fn ... ok
[INFO] [stdout] test matrix::core::tests::test_from_vec ... ok
[INFO] [stdout] test matrix::core::tests::test_scale ... ok
[INFO] [stdout] test matrix::core::tests::test_zip_map_shape_mismatch - should panic ... ok
[INFO] [stdout] test matrix::core::tests::test_zip_map ... ok
[INFO] [stdout] test matrix::frame_iter::tests::test_basic_framing ... ok
[INFO] [stdout] test matrix::frame_iter::tests::test_frame_equals_data_length ... ok
[INFO] [stdout] test matrix::frame_iter::tests::test_hop_length_one ... ok
[INFO] [stdout] test matrix::frame_iter::tests::test_data_shorter_than_frame ... ok
[INFO] [stdout] test matrix::frame_iter::tests::test_iterator_count_matches_n_frames ... ok
[INFO] [stdout] test matrix::frame_iter::tests::test_random_access_matches_sequential ... ok
[INFO] [stdout] test matrix::frame_iter::tests::test_size_hint_exact ... ok
[INFO] [stdout] test matrix::matrix_broadcast::tests::test_mul_cols_by ... ok
[INFO] [stdout] test matrix::matrix_broadcast::tests::test_mul_rows_by ... ok
[INFO] [stdout] test matrix::matrix_broadcast::tests::test_mul_rows_by_wrong_length - should panic ... ok
[INFO] [stdout] test matrix::matrix_broadcast::tests::test_outer_mul ... ok
[INFO] [stdout] test matrix::matrix_mul::tests::test_matmul_2x3_3x2 ... ok
[INFO] [stdout] test matrix::matrix_mul::tests::test_matmul_dimension_mismatch - should panic ... ok
[INFO] [stdout] test matrix::matrix_broadcast::tests::test_outer_sub ... ok
[INFO] [stdout] test matrix::matrix_mul::tests::test_matmul_identity ... ok
[INFO] [stdout] test matrix::matrix_mul::tests::test_matmul_transpose_property ... ok
[INFO] [stdout] test matrix::matrix_mul::tests::test_transpose ... ok
[INFO] [stdout] test matrix::matrix_mul::tests::test_transpose_roundtrip ... ok
[INFO] [stdout] test matrix::matrix_mul::tests::test_transpose_shape_swap ... ok
[INFO] [stdout] test matrix::matrix_mul::tests::test_vecmul ... ok
[INFO] [stdout] test matrix::matrix_ops::tests::test_argmax_axis_col ... ok
[INFO] [stdout] test matrix::matrix_ops::tests::test_argmax_ties_first_wins ... ok
[INFO] [stdout] test matrix::matrix_ops::tests::test_argmin_axis_col ... ok
[INFO] [stdout] test matrix::matrix_ops::tests::test_argmin_axis_row ... ok
[INFO] [stdout] test matrix::matrix_ops::tests::test_cumsum_axis_col ... ok
[INFO] [stdout] test matrix::matrix_ops::tests::test_cumsum_axis_row ... ok
[INFO] [stdout] test matrix::matrix_ops::tests::test_max_axis_col ... ok
[INFO] [stdout] test matrix::matrix_ops::tests::test_max_axis_row ... ok
[INFO] [stdout] test matrix::matrix_ops::tests::test_mean_axis_col ... ok
[INFO] [stdout] test matrix::matrix_ops::tests::test_mean_axis_row ... ok
[INFO] [stdout] test matrix::matrix_ops::tests::test_min_axis_col ... ok
[INFO] [stdout] test matrix::matrix_ops::tests::test_min_axis_row ... ok
[INFO] [stdout] test matrix::matrix_ops::tests::test_normalize_l1_col ... ok
[INFO] [stdout] test matrix::matrix_ops::tests::test_normalize_l1_row ... ok
[INFO] [stdout] test matrix::matrix_ops::tests::test_normalize_l2_col ... ok
[INFO] [stdout] test matrix::matrix_ops::tests::test_normalize_linf_col ... ok
[INFO] [stdout] test matrix::matrix_ops::tests::test_normalize_zero_col ... ok
[INFO] [stdout] test matrix::matrix_ops::tests::test_normalize_zero_row ... ok
[INFO] [stdout] test matrix::matrix_ops::tests::test_reductions_1x1 ... ok
[INFO] [stdout] test matrix::matrix_ops::tests::test_sum_axis_col ... ok
[INFO] [stdout] test matrix::matrix_ops::tests::test_sum_axis_row ... ok
[INFO] [stdout] test matrix::matrix_view::tests::test_as_view_full_matrix ... ok
[INFO] [stdout] test matrix::matrix_view::tests::test_col_iter ... ok
[INFO] [stdout] test matrix::matrix_view::tests::test_col_iter_size_hint ... ok
[INFO] [stdout] test matrix::matrix_view::tests::test_col_single_column ... ok
[INFO] [stdout] test matrix::matrix_view::tests::test_rows_range ... ok
[INFO] [stdout] test matrix::matrix_view::tests::test_overlapping_rows_range ... ok
[INFO] [stdout] test matrix::matrix_view::tests::test_view_col ... ok
[INFO] [stdout] test matrix::matrix_broadcast::tests::test_mul_cols_by_wrong_length - should panic ... ok
[INFO] [stdout] test matrix::matrix_view::tests::test_view_mut_add_assign ... ok
[INFO] [stdout] test matrix::matrix_view::tests::test_view_mut_set ... ok
[INFO] [stdout] test matrix::matrix_view::tests::test_view_row ... ok
[INFO] [stdout] test matrix::matrix_view::tests::test_view_subregion ... ok
[INFO] [stdout] test matrix::memory::tests::test_stack_memory_basic ... ok
[INFO] [stdout] test matrix::memory::tests::test_stack_memory_delay_2 ... ok
[INFO] [stdout] test matrix::memory::tests::test_stack_memory_multirow ... ok
[INFO] [stdout] test matrix::memory::tests::test_stack_memory_n_steps_1 ... ok
[INFO] [stdout] test matrix::sync::tests::test_sync_empty_frames ... ok
[INFO] [stdout] test matrix::sync::tests::test_sync_mean_basic ... ok
[INFO] [stdout] test matrix::sync::tests::test_sync_median_basic ... ok
[INFO] [stdout] test pitch::lpc::tests::test_lpc_order_1 ... ok
[INFO] [stdout] test matrix::matrix_ops::tests::test_argmax_axis_row ... ok
[INFO] [stdout] test pitch::lpc::tests::test_lpc_panics_if_order_zero - should panic ... ok
[INFO] [stdout] test pitch::lpc::tests::test_lpc_panics_if_signal_too_short - should panic ... ok
[INFO] [stdout] test pitch::lpc::tests::test_lpc_returns_correct_length ... ok
[INFO] [stdout] test sequence::transition::tests::test_transition_local_rows_sum_to_one ... ok
[INFO] [stdout] test sequence::transition::tests::test_transition_local_wrap_rows_sum_to_one ... ok
[INFO] [stdout] test matrix::matrix_mul::tests::test_vecmul_dimension_mismatch - should panic ... ok
[INFO] [stdout] test sequence::transition::tests::test_transition_loop_per_state ... ok
[INFO] [stdout] test sequence::transition::tests::test_transition_loop_scalar ... ok
[INFO] [stdout] test sequence::transition::tests::test_transition_uniform ... ok
[INFO] [stdout] test sequence::viterbi::tests::test_viterbi_2state ... ok
[INFO] [stdout] test sequence::viterbi::tests::test_viterbi_uniform_init ... ok
[INFO] [stdout] test spectral::delta::tests::test_delta_interior_coefficients_sum_to_zero ... ok
[INFO] [stdout] test spectral::delta::tests::test_delta_linear_signal ... ok
[INFO] [stdout] test spectral::delta::tests::test_delta_shape ... ok
[INFO] [stdout] test spectral::mfcc::tests::test_mfcc_shape ... ok
[INFO] [stdout] test stft::convert::tests::test_fft_frequencies_matches_librosa ... ok
[INFO] [stdout] test stft::convert::tests::test_hz_to_mel_matches_librosa ... ok
[INFO] [stdout] test stft::convert::tests::test_mel_frequencies_matches_librosa ... ok
[INFO] [stdout] test stft::convert::tests::test_mel_to_hz_matches_librosa ... ok
[INFO] [stdout] test stft::tests::test_magphase_known_values ... ok
[INFO] [stdout] test matrix::matrix_mul::tests::test_vecmul_filterbank ... ok
[INFO] [stdout] test stft::tests::test_magphase_power ... ok
[INFO] [stdout] test stft::tests::test_magphase_roundtrip ... ok
[INFO] [stdout] test stft::tests::test_magphase_zero_phase ... ok
[INFO] [stdout] test spectral::mfcc::tests::test_dct_matrix_orthonormal ... ok
[INFO] [stdout] test windows::tests::test_blackman_matches_scipy ... ok
[INFO] [stdout] test windows::tests::test_get_window_dispatches_correctly ... ok
[INFO] [stdout] test cqt::wavelet::tests::test_wavelet_construction ... ok
[INFO] [stdout] test windows::tests::test_get_window_kaiser_invalid_beta ... ok
[INFO] [stdout] test windows::tests::test_blackmanharris_matches_scipy ... ok
[INFO] [stdout] test windows::tests::test_bartlett_matches_scipy ... ok
[INFO] [stdout] test windows::tests::test_n0_returns_empty ... ok
[INFO] [stdout] test windows::tests::test_boxcar_matches_scipy ... ok
[INFO] [stdout] test windows::tests::test_get_window_unknown ... ok
[INFO] [stdout] test windows::tests::test_n1_returns_one ... ok
[INFO] [stdout] test windows::tests::test_hann_matches_scipy ... ok
[INFO] [stdout] test windows::tests::test_hamming_matches_scipy ... ok
[INFO] [stdout] test windows::tests::test_kaiser_matches_scipy ... ok
[INFO] [stdout] test windows::tests::test_triangular_matches_scipy ... ok
[INFO] [stdout] test stft::mel::tests::test_mel_filter_matches_librosa ... ok
[INFO] [stderr]      Running tests/beat_test.rs (/opt/rustwide/target/release/deps/beat_test-eb6509fe8c119d4b)
[INFO] [stdout] test cqt::transform::tests::test_cqt_basic_shape ... ok
[INFO] [stdout] 
[INFO] [stdout] test result: ok. 228 passed; 0 failed; 0 ignored; 0 measured; 0 filtered out; finished in 0.10s
[INFO] [stdout] 
[INFO] [stdout] 
[INFO] [stdout] running 8 tests
[INFO] [stdout] test test_tempo_frequencies ... ok
[INFO] [stdout] test test_fourier_tempo_frequencies ... ok
[INFO] [stdout] test test_pad_linear_ramp ... ok
[INFO] [stdout] test test_istft_roundtrip ... ok
[INFO] [stdout] test test_clicks_beat_track ... ok
[INFO] [stdout] test test_tempogram ... ok
[INFO] [stdout] test test_beat_track ... ok
[INFO] [stdout] test test_tempo ... ok
[INFO] [stdout] 
[INFO] [stdout] test result: ok. 8 passed; 0 failed; 0 ignored; 0 measured; 0 filtered out; finished in 0.59s
[INFO] [stdout] 
[INFO] [stderr]      Running tests/common.rs (/opt/rustwide/target/release/deps/common-f66c4e777d115011)
[INFO] [stdout] 
[INFO] [stdout] running 0 tests
[INFO] [stdout] 
[INFO] [stdout] test result: ok. 0 passed; 0 failed; 0 ignored; 0 measured; 0 filtered out; finished in 0.00s
[INFO] [stdout] 
[INFO] [stderr]      Running tests/cqt_test.rs (/opt/rustwide/target/release/deps/cqt_test-ce7e7cae320acdc6)
[INFO] [stdout] 
[INFO] [stdout] running 11 tests
[INFO] [stdout] test test_cq_to_chroma_12 ... ok
[INFO] [stdout] test test_cq_to_chroma_36 ... ok
[INFO] [stdout] test test_wavelet_lengths_vqt ... ok
[INFO] [stdout] test test_cqt_magnitude ... FAILED
[INFO] [stdout] test test_interp_harmonics ... ok
[INFO] [stdout] test test_chroma_stft ... FAILED
[INFO] [stdout] test test_cqt_frequencies_84 ... ok
[INFO] [stdout] test test_cqt_frequencies_84_tuned ... ok
[INFO] [stdout] test test_window_bandwidth_hann ... ok
[INFO] [stdout] test test_chroma_filter ... ok
[INFO] [stderr] error: test failed, to rerun pass `--test cqt_test`
[INFO] [stdout] test test_wavelet_lengths_cqt ... ok
[INFO] [stdout] 
[INFO] [stdout] failures:
[INFO] [stdout] 
[INFO] [stdout] ---- test_cqt_magnitude stdout ----
[INFO] [stdout] 
[INFO] [stdout] thread 'test_cqt_magnitude' (1732) panicked at tests/cqt_test.rs:332:69:
[INFO] [stdout] called `Result::unwrap()` on an `Err` value: Io(Os { code: 2, kind: NotFound, message: "No such file or directory" })
[INFO] [stdout] stack backtrace:
[INFO] [stdout]    0:     0x57a17dcecd21 - <<std[70759c8f55707aa4]::sys::backtrace::BacktraceLock>::print::DisplayBacktrace as core[df12db4294e9bfd3]::fmt::Display>::fmt
[INFO] [stdout]    1:     0x57a17dd03b5a - core[df12db4294e9bfd3]::fmt::write
[INFO] [stdout]    2:     0x57a17dcf154c - <alloc[2182bb758b4b3781]::vec::Vec<u8> as core[df12db4294e9bfd3]::io::write::Write>::write_fmt
[INFO] [stdout]    3:     0x57a17dcc9116 - std[70759c8f55707aa4]::panicking::default_hook::{closure#0}
[INFO] [stdout]    4:     0x57a17dce5489 - std[70759c8f55707aa4]::panicking::default_hook
[INFO] [stdout]    5:     0x57a17dc81210 - test[9d35eded1c95d3be]::test_main_inner::<test[9d35eded1c95d3be]::test_main_static::{closure#0}>::{closure#0}
[INFO] [stdout]    6:     0x57a17dce5642 - std[70759c8f55707aa4]::panicking::panic_with_hook
[INFO] [stdout]    7:     0x57a17dcc91c2 - std[70759c8f55707aa4]::panicking::panic_handler::{closure#0}
[INFO] [stdout]    8:     0x57a17dcc1f19 - std[70759c8f55707aa4]::sys::backtrace::__rust_end_short_backtrace::<std[70759c8f55707aa4]::panicking::panic_handler::{closure#0}, !>
[INFO] [stdout]    9:     0x57a17dcc9dbd - __rustc[8fa7c3cbc660c2b3]::rust_begin_unwind
[INFO] [stdout]   10:     0x57a17dd0430c - core[df12db4294e9bfd3]::panicking::panic_fmt
[INFO] [stdout]   11:     0x57a17dd040e2 - core[df12db4294e9bfd3]::result::unwrap_failed
[INFO] [stdout]   12:     0x57a17dad33e9 - <cqt_test[7ad68cfd2100a16f]::test_cqt_magnitude::{closure#0} as core[df12db4294e9bfd3]::ops::function::FnOnce<()>>::call_once
[INFO] [stdout]   13:     0x57a17dc744fb - test[9d35eded1c95d3be]::__rust_begin_short_backtrace::<core[df12db4294e9bfd3]::result::Result<(), alloc[2182bb758b4b3781]::string::String>, fn() -> core[df12db4294e9bfd3]::result::Result<(), alloc[2182bb758b4b3781]::string::String>>
[INFO] [stdout]   14:     0x57a17dc81b65 - test[9d35eded1c95d3be]::run_test::{closure#0}
[INFO] [stdout]   15:     0x57a17dc7b424 - std[70759c8f55707aa4]::sys::backtrace::__rust_begin_short_backtrace::<test[9d35eded1c95d3be]::run_test::{closure#1}, ()>
[INFO] [stdout]   16:     0x57a17dc84cc2 - <std[70759c8f55707aa4]::thread::lifecycle::spawn_unchecked<test[9d35eded1c95d3be]::run_test::{closure#1}, ()>::{closure#1} as core[df12db4294e9bfd3]::ops::function::FnOnce<()>>::call_once::{shim:vtable#0}
[INFO] [stdout]   17:     0x57a17dcec5f9 - <std[70759c8f55707aa4]::sys::thread::unix::Thread>::new::thread_start
[INFO] [stdout]   18:     0x7b70e3756dfa - <unknown>
[INFO] [stdout]   19:     0x7b70e37ea3d4 - clone
[INFO] [stdout]   20:                0x0 - <unknown>
[INFO] [stdout] 
[INFO] [stdout] ---- test_chroma_stft stdout ----
[INFO] [stdout] 
[INFO] [stdout] thread 'test_chroma_stft' (1727) panicked at tests/cqt_test.rs:274:69:
[INFO] [stdout] called `Result::unwrap()` on an `Err` value: Io(Os { code: 2, kind: NotFound, message: "No such file or directory" })
[INFO] [stdout] stack backtrace:
[INFO] [stdout]    0:     0x57a17dcecd21 - <<std[70759c8f55707aa4]::sys::backtrace::BacktraceLock>::print::DisplayBacktrace as core[df12db4294e9bfd3]::fmt::Display>::fmt
[INFO] [stdout]    1:     0x57a17dd03b5a - core[df12db4294e9bfd3]::fmt::write
[INFO] [stdout]    2:     0x57a17dcf154c - <alloc[2182bb758b4b3781]::vec::Vec<u8> as core[df12db4294e9bfd3]::io::write::Write>::write_fmt
[INFO] [stdout]    3:     0x57a17dcc9116 - std[70759c8f55707aa4]::panicking::default_hook::{closure#0}
[INFO] [stdout]    4:     0x57a17dce5489 - std[70759c8f55707aa4]::panicking::default_hook
[INFO] [stdout]    5:     0x57a17dc81210 - test[9d35eded1c95d3be]::test_main_inner::<test[9d35eded1c95d3be]::test_main_static::{closure#0}>::{closure#0}
[INFO] [stdout]    6:     0x57a17dce5642 - std[70759c8f55707aa4]::panicking::panic_with_hook
[INFO] [stdout]    7:     0x57a17dcc91c2 - std[70759c8f55707aa4]::panicking::panic_handler::{closure#0}
[INFO] [stdout]    8:     0x57a17dcc1f19 - std[70759c8f55707aa4]::sys::backtrace::__rust_end_short_backtrace::<std[70759c8f55707aa4]::panicking::panic_handler::{closure#0}, !>
[INFO] [stdout]    9:     0x57a17dcc9dbd - __rustc[8fa7c3cbc660c2b3]::rust_begin_unwind
[INFO] [stdout]   10:     0x57a17dd0430c - core[df12db4294e9bfd3]::panicking::panic_fmt
[INFO] [stdout]   11:     0x57a17dd040e2 - core[df12db4294e9bfd3]::result::unwrap_failed
[INFO] [stdout]   12:     0x57a17dad21a5 - <cqt_test[7ad68cfd2100a16f]::test_chroma_stft::{closure#0} as core[df12db4294e9bfd3]::ops::function::FnOnce<()>>::call_once
[INFO] [stdout]   13:     0x57a17dc744fb - test[9d35eded1c95d3be]::__rust_begin_short_backtrace::<core[df12db4294e9bfd3]::result::Result<(), alloc[2182bb758b4b3781]::string::String>, fn() -> core[df12db4294e9bfd3]::result::Result<(), alloc[2182bb758b4b3781]::string::String>>
[INFO] [stdout]   14:     0x57a17dc81b65 - test[9d35eded1c95d3be]::run_test::{closure#0}
[INFO] [stdout]   15:     0x57a17dc7b424 - std[70759c8f55707aa4]::sys::backtrace::__rust_begin_short_backtrace::<test[9d35eded1c95d3be]::run_test::{closure#1}, ()>
[INFO] [stdout]   16:     0x57a17dc84cc2 - <std[70759c8f55707aa4]::thread::lifecycle::spawn_unchecked<test[9d35eded1c95d3be]::run_test::{closure#1}, ()>::{closure#1} as core[df12db4294e9bfd3]::ops::function::FnOnce<()>>::call_once::{shim:vtable#0}
[INFO] [stdout]   17:     0x57a17dcec5f9 - <std[70759c8f55707aa4]::sys::thread::unix::Thread>::new::thread_start
[INFO] [stdout]   18:     0x7b70e3756dfa - <unknown>
[INFO] [stdout]   19:     0x7b70e37ea3d4 - clone
[INFO] [stdout]   20:                0x0 - <unknown>
[INFO] [stdout] 
[INFO] [stdout] 
[INFO] [stdout] failures:
[INFO] [stdout]     test_chroma_stft
[INFO] [stdout]     test_cqt_magnitude
[INFO] [stdout] 
[INFO] [stdout] test result: FAILED. 9 passed; 2 failed; 0 ignored; 0 measured; 0 filtered out; finished in 0.02s
[INFO] [stdout] 
[INFO] running `Command { std: "docker" "inspect" "3984c6c1f20ecc66366184b2f35fff0a15b306886c2cf6f09b5206c749395031", kill_on_drop: false }`
[INFO] running `Command { std: "docker" "rm" "-f" "3984c6c1f20ecc66366184b2f35fff0a15b306886c2cf6f09b5206c749395031", kill_on_drop: false }`
[INFO] [stdout] 3984c6c1f20ecc66366184b2f35fff0a15b306886c2cf6f09b5206c749395031
