[INFO] fetching crate ros_remove 0.1.5...
[INFO] testing ros_remove-0.1.5 against 1.100.0-beta.1+cargoflags=--release for beta-release-1.100-2
[INFO] extracting crate ros_remove 0.1.5 into /workspace/builds/worker-5-tc2/source
[INFO] removed /workspace/builds/worker-5-tc2/source/rust-toolchain.toml
[INFO] started tweaking crates.io crate ros_remove 0.1.5
[INFO] removed 0 missing tests
[INFO] finished tweaking crates.io crate ros_remove 0.1.5
[INFO] tweaked toml for crates.io crate ros_remove 0.1.5 written to /workspace/builds/worker-5-tc2/source/Cargo.toml
[INFO] validating manifest of crates.io crate ros_remove 0.1.5 on toolchain 1.100.0-beta.1
[INFO] running `Command { std: CARGO_HOME="/workspace/cargo-home" RUSTUP_HOME="/workspace/rustup-home" "/workspace/cargo-home/bin/cargo" "+1.100.0-beta.1" "metadata" "--manifest-path" "Cargo.toml" "--no-deps", kill_on_drop: false }`
[INFO] crate crates.io crate ros_remove 0.1.5 already has a lockfile, it will not be regenerated
[INFO] running `Command { std: CARGO_HOME="/workspace/cargo-home" RUSTUP_HOME="/workspace/rustup-home" "/workspace/cargo-home/bin/cargo" "+1.100.0-beta.1" "fetch" "--manifest-path" "Cargo.toml", kill_on_drop: false }`
[INFO] running `Command { std: "docker" "create" "-v" "/var/lib/crater-agent-workspace/builds/worker-5-tc2/source:/opt/rustwide/workdir:ro,Z" "-v" "/var/lib/crater-agent-workspace/builds/worker-5-tc2/target:/opt/rustwide/target:rw,Z" "-v" "/var/lib/crater-agent-workspace/cargo-home:/opt/rustwide/cargo-home:ro,Z" "-v" "/var/lib/crater-agent-workspace/rustup-home:/opt/rustwide/rustup-home:ro,Z" "-m" "1610612736" "--network" "none" "ghcr.io/rust-lang/crates-build-env/linux@sha256:77db811e55d90add9212f6832c23229e3de5f1c1f9905e8cb07319ea15df73ac" "sleep" "infinity", kill_on_drop: false }`
[INFO] [stdout] 436ae337730c71983ee1a949d1695f6747c70af1e4f6b84dfe59c83a47eeaabe
[INFO] running `Command { std: "docker" "start" "436ae337730c71983ee1a949d1695f6747c70af1e4f6b84dfe59c83a47eeaabe", kill_on_drop: false }`
[INFO] running `Command { std: "docker" "inspect" "436ae337730c71983ee1a949d1695f6747c70af1e4f6b84dfe59c83a47eeaabe", kill_on_drop: false }`
[INFO] running `Command { std: "docker" "exec" "-e" "SOURCE_DIR=/opt/rustwide/workdir" "-e" "CARGO_HOME=/opt/rustwide/cargo-home" "-e" "RUSTUP_HOME=/opt/rustwide/rustup-home" "-e" "CARGO_TARGET_DIR=/opt/rustwide/target" "-w" "/opt/rustwide/workdir" "--user" "0:0" "436ae337730c71983ee1a949d1695f6747c70af1e4f6b84dfe59c83a47eeaabe" "/opt/rustwide/cargo-home/bin/cargo" "+1.100.0-beta.1" "metadata" "--no-deps" "--format-version=1", kill_on_drop: false }`
[INFO] running `Command { std: "docker" "inspect" "436ae337730c71983ee1a949d1695f6747c70af1e4f6b84dfe59c83a47eeaabe", kill_on_drop: false }`
[INFO] running `Command { std: "docker" "exec" "-e" "SOURCE_DIR=/opt/rustwide/workdir" "-e" "CARGO_HOME=/opt/rustwide/cargo-home" "-e" "RUSTUP_HOME=/opt/rustwide/rustup-home" "-e" "CARGO_TARGET_DIR=/opt/rustwide/target" "-e" "CARGO_INCREMENTAL=0" "-e" "RUST_BACKTRACE=full" "-e" "RUSTFLAGS=--cap-lints=warn" "-e" "RUSTDOCFLAGS=--cap-lints=warn" "-w" "/opt/rustwide/workdir" "--user" "0:0" "436ae337730c71983ee1a949d1695f6747c70af1e4f6b84dfe59c83a47eeaabe" "/opt/rustwide/cargo-home/bin/cargo" "+1.100.0-beta.1" "build" "--frozen" "--message-format=json" "--release", kill_on_drop: false }`
[INFO] [stderr]    Compiling libc v0.2.182
[INFO] [stderr]    Compiling getrandom v0.4.1
[INFO] [stderr]    Compiling winnow v1.0.2
[INFO] [stderr]    Compiling clap_lex v1.0.0
[INFO] [stderr]    Compiling toml_datetime v1.1.1+spec-1.1.0
[INFO] [stderr]    Compiling toml_writer v1.1.1+spec-1.1.0
[INFO] [stderr]    Compiling anstream v1.0.0
[INFO] [stderr]    Compiling rustix v1.1.4
[INFO] [stderr]    Compiling once_cell v1.21.3
[INFO] [stderr]    Compiling case_clause v0.1.3
[INFO] [stderr]    Compiling syn v2.0.115
[INFO] [stderr]    Compiling clap_builder v4.6.0
[INFO] [stderr]    Compiling toml_parser v1.1.2+spec-1.1.0
[INFO] [stderr]    Compiling toml_edit v0.25.11+spec-1.1.0
[INFO] [stderr]    Compiling tempfile v3.27.0
[INFO] [stderr]    Compiling serde_derive v1.0.228
[INFO] [stderr]    Compiling clap v4.6.1
[INFO] [stderr]    Compiling serde v1.0.228
[INFO] [stderr]    Compiling quick-xml v0.40.0
[INFO] [stderr]    Compiling ros_remove v0.1.5 (/opt/rustwide/workdir)
[INFO] [stderr] warning: unused dependency `tempfile`
[INFO] [stderr]   --> Cargo.toml:19:15
[INFO] [stderr]    |
[INFO] [stderr] 19 | [dependencies.tempfile]
[INFO] [stderr]    |               ^^^^^^^^^
[INFO] [stderr]    |
[INFO] [stderr]    = note: `cargo::unused_dependencies` is set to `warn` by default
[INFO] [stderr] help: consider removing the dependency on `tempfile`
[INFO] [stderr] warning: `ros_remove` (manifest) generated 1 warning
[INFO] [stderr]     Finished `release` profile [optimized] target(s) in 26.88s
[INFO] running `Command { std: "docker" "inspect" "436ae337730c71983ee1a949d1695f6747c70af1e4f6b84dfe59c83a47eeaabe", kill_on_drop: false }`
[INFO] running `Command { std: "docker" "exec" "-e" "SOURCE_DIR=/opt/rustwide/workdir" "-e" "CARGO_HOME=/opt/rustwide/cargo-home" "-e" "RUSTUP_HOME=/opt/rustwide/rustup-home" "-e" "CARGO_TARGET_DIR=/opt/rustwide/target" "-e" "CARGO_INCREMENTAL=0" "-e" "RUST_BACKTRACE=full" "-e" "RUSTFLAGS=--cap-lints=warn" "-e" "RUSTDOCFLAGS=--cap-lints=warn" "-w" "/opt/rustwide/workdir" "--user" "0:0" "436ae337730c71983ee1a949d1695f6747c70af1e4f6b84dfe59c83a47eeaabe" "/opt/rustwide/cargo-home/bin/cargo" "+1.100.0-beta.1" "test" "--frozen" "--no-run" "--message-format=json" "--release", kill_on_drop: false }`
[INFO] [stderr]    Compiling ros_remove v0.1.5 (/opt/rustwide/workdir)
[INFO] [stderr] warning: unused dependency `tempfile`
[INFO] [stderr]   --> Cargo.toml:19:15
[INFO] [stderr]    |
[INFO] [stderr] 19 | [dependencies.tempfile]
[INFO] [stderr]    |               ^^^^^^^^^
[INFO] [stderr]    |
[INFO] [stderr]    = note: `cargo::unused_dependencies` is set to `warn` by default
[INFO] [stderr] help: consider removing the dependency on `tempfile`
[INFO] [stderr] help: to still use for development builds, move to `dev-dependencies`
[INFO] [stderr] warning: `ros_remove` (manifest) generated 1 warning
[INFO] [stderr]     Finished `release` profile [optimized] target(s) in 2.23s
[INFO] running `Command { std: "docker" "inspect" "436ae337730c71983ee1a949d1695f6747c70af1e4f6b84dfe59c83a47eeaabe", kill_on_drop: false }`
[INFO] running `Command { std: "docker" "exec" "-e" "SOURCE_DIR=/opt/rustwide/workdir" "-e" "CARGO_HOME=/opt/rustwide/cargo-home" "-e" "RUSTUP_HOME=/opt/rustwide/rustup-home" "-e" "CARGO_TARGET_DIR=/opt/rustwide/target" "-e" "CARGO_INCREMENTAL=0" "-e" "RUST_BACKTRACE=full" "-e" "RUSTFLAGS=--cap-lints=warn" "-e" "RUSTDOCFLAGS=--cap-lints=warn" "-w" "/opt/rustwide/workdir" "--user" "0:0" "436ae337730c71983ee1a949d1695f6747c70af1e4f6b84dfe59c83a47eeaabe" "/opt/rustwide/cargo-home/bin/cargo" "+1.100.0-beta.1" "test" "--frozen" "--release", kill_on_drop: false }`
[INFO] [stderr] warning: unused dependency `tempfile`
[INFO] [stderr]   --> Cargo.toml:19:15
[INFO] [stderr]    |
[INFO] [stderr] 19 | [dependencies.tempfile]
[INFO] [stderr]    |               ^^^^^^^^^
[INFO] [stderr]    |
[INFO] [stderr]    = note: `cargo::unused_dependencies` is set to `warn` by default
[INFO] [stderr] help: consider removing the dependency on `tempfile`
[INFO] [stderr] help: to still use for development builds, move to `dev-dependencies`
[INFO] [stderr] warning: `ros_remove` (manifest) generated 1 warning
[INFO] [stderr]     Finished `release` profile [optimized] target(s) in 0.10s
[INFO] [stderr]      Running unittests src/lib.rs (/opt/rustwide/target/release/build/ros_remove/d9c63ae295182ebd/out/ros_remove-d9c63ae295182ebd)
[INFO] [stderr]      Running unittests src/main.rs (/opt/rustwide/target/release/build/ros_remove/a91c8ca1a5ca973d/out/cargo_ros_remove-a91c8ca1a5ca973d)
[INFO] [stdout] 
[INFO] [stdout] running 0 tests
[INFO] [stdout] 
[INFO] [stdout] test result: ok. 0 passed; 0 failed; 0 ignored; 0 measured; 0 filtered out; finished in 0.00s
[INFO] [stdout] 
[INFO] [stdout] 
[INFO] [stderr]      Running tests/integration_test.rs (/opt/rustwide/target/release/build/ros_remove/9c7ed0a083694b2e/out/integration_test-9c7ed0a083694b2e)
[INFO] [stdout] running 0 tests
[INFO] [stdout] 
[INFO] [stdout] test result: ok. 0 passed; 0 failed; 0 ignored; 0 measured; 0 filtered out; finished in 0.00s
[INFO] [stdout] 
[INFO] [stdout] 
[INFO] [stdout] running 31 tests
[INFO] [stdout] test tests::test_env_to_matches_basic ... ok
[INFO] [stdout] test tests::test_env_to_matches_no_package_xml ... ok
[INFO] [stdout] test tests::test_env_to_matches_no_cargo_toml ... ok
[INFO] [stdout] test tests::test_env_to_matches_build ... ok
[INFO] [stdout] test tests::test_env_to_matches_dev ... ok
[INFO] [stdout] test tests::test_env_to_matches_color_flag ... ok
[INFO] [stdout] test tests::test_remove_from_cargo_toml_last_dependency_keeps_section ... ok
[INFO] [stdout] test tests::test_remove_dependency_build_and_dev ... ok
[INFO] [stdout] test tests::test_remove_from_cargo_toml_empty_section ... ok
[INFO] [stdout] test tests::test_remove_from_cargo_toml_invalid_toml ... ok
[INFO] [stdout] test tests::test_remove_dependency ... ok
[INFO] [stdout] test tests::test_remove_from_cargo_toml_dependency_not_present ... ok
[INFO] [stdout] test tests::test_remove_from_cargo_toml_permission_denied ... FAILED
[INFO] [stdout] test tests::test_remove_from_cargo_toml_inline_table ... ok
[INFO] [stdout] test tests::test_remove_from_package_xml_dependency_not_present ... ok
[INFO] [stdout] test tests::test_remove_from_package_xml_doc_depend ... ok
[INFO] [stdout] test tests::test_remove_from_package_xml_test_depend ... ok
[INFO] [stdout] test tests::test_remove_from_package_xml_preserve_other_fields ... ok
[INFO] [stdout] test tests::test_remove_from_package_xml_invalid_xml ... ok
[INFO] [stdout] test tests::test_remove_from_package_xml ... ok
[INFO] [stdout] test tests::test_remove_dependency_cargo_toml_not_found ... ok
[INFO] [stdout] test tests::test_remove_dependency_no_package_xml ... ok
[INFO] [stdout] test tests::test_remove_from_package_xml_no_dependency_sections ... ok
[INFO] [stdout] test tests::test_remove_from_package_xml_permission_denied ... FAILED
[INFO] [stdout] test tests::test_remove_dependency_no_cargo_toml ... ok
[INFO] [stdout] test tests::test_remove_dependency_package_xml_not_found ... ok
[INFO] [stdout] test tests::test_remove_from_cargo_toml ... ok
[INFO] [stdout] test tests::test_remove_dependency_dev ... ok
[INFO] [stdout] test tests::test_remove_dependency_no_files ... ok
[INFO] [stdout] test tests::test_remove_dependency_build ... ok
[INFO] [stdout] test tests::test_remove_from_cargo_toml_multiple_sections_selective ... ok
[INFO] [stdout] 
[INFO] [stdout] failures:
[INFO] [stdout] 
[INFO] [stdout] ---- tests::test_remove_from_cargo_toml_permission_denied stdout ----
[INFO] [stdout] Removed `serde` "1.0" from `dependencies` in `Cargo.toml`
[INFO] [stdout] 
[INFO] [stdout] thread 'tests::test_remove_from_cargo_toml_permission_denied' (671) panicked at tests/integration_test.rs:566:9:
[INFO] [stdout] assertion failed: matches!(result, Err(ErrorKind::PermissionDenied))
[INFO] [stdout] stack backtrace:
[INFO] [stdout]    0:     0x5dac4751a371 - <<std[617be2ca0a6fd877]::sys::backtrace::BacktraceLock>::print::DisplayBacktrace as core[a373ad73a504971]::fmt::Display>::fmt
[INFO] [stdout]    1:     0x5dac4753027a - core[a373ad73a504971]::fmt::write
[INFO] [stdout]    2:     0x5dac4751f3cc - <alloc[2e1b2a31b91974c5]::vec::Vec<u8> as core[a373ad73a504971]::io::write::Write>::write_fmt
[INFO] [stdout]    3:     0x5dac474f49a6 - std[617be2ca0a6fd877]::panicking::default_hook::{closure#0}
[INFO] [stdout]    4:     0x5dac47511a89 - std[617be2ca0a6fd877]::panicking::default_hook
[INFO] [stdout]    5:     0x5dac47410fe0 - test[aada8e7e76ba119b]::test_main_inner::{closure#0}
[INFO] [stdout]    6:     0x5dac47511c42 - std[617be2ca0a6fd877]::panicking::panic_with_hook
[INFO] [stdout]    7:     0x5dac474f4a84 - std[617be2ca0a6fd877]::panicking::panic_handler::{closure#0}
[INFO] [stdout]    8:     0x5dac474ed429 - std[617be2ca0a6fd877]::sys::backtrace::__rust_end_short_backtrace::<std[617be2ca0a6fd877]::panicking::panic_handler::{closure#0}, !>
[INFO] [stdout]    9:     0x5dac474f571d - __rustc[ea4f61d10b84890b]::rust_begin_unwind
[INFO] [stdout]   10:     0x5dac475309ac - core[a373ad73a504971]::panicking::panic_fmt
[INFO] [stdout]   11:     0x5dac47530972 - core[a373ad73a504971]::panicking::panic
[INFO] [stdout]   12:     0x5dac473fd65e - <integration_test[e0e765831e1a547f]::tests::test_remove_from_cargo_toml_permission_denied::{closure#0} as core[a373ad73a504971]::ops::function::FnOnce<()>>::call_once
[INFO] [stdout]   13:     0x5dac4740442b - test[aada8e7e76ba119b]::__rust_begin_short_backtrace::<core[a373ad73a504971]::result::Result<(), alloc[2e1b2a31b91974c5]::string::String>, fn() -> core[a373ad73a504971]::result::Result<(), alloc[2e1b2a31b91974c5]::string::String>>
[INFO] [stdout]   14:     0x5dac47411605 - test[aada8e7e76ba119b]::run_test::{closure#0}
[INFO] [stdout]   15:     0x5dac4740aef4 - std[617be2ca0a6fd877]::sys::backtrace::__rust_begin_short_backtrace::<test[aada8e7e76ba119b]::run_test::{closure#1}, ()>
[INFO] [stdout]   16:     0x5dac47414692 - <std[617be2ca0a6fd877]::thread::lifecycle::spawn_unchecked<test[aada8e7e76ba119b]::run_test::{closure#1}, ()>::{closure#1} as core[a373ad73a504971]::ops::function::FnOnce<()>>::call_once::{shim:vtable#0}
[INFO] [stdout]   17:     0x5dac4751968f - <std[617be2ca0a6fd877]::sys::thread::unix::Thread>::new::thread_start
[INFO] [stdout]   18:     0x76f3433aadfa - <unknown>
[INFO] [stdout]   19:     0x76f34343e3d4 - clone
[INFO] [stdout]   20:                0x0 - <unknown>
[INFO] [stdout] 
[INFO] [stdout] ---- tests::test_remove_from_package_xml_permission_denied stdout ----
[INFO] [stdout] Removed `serde` from `package.xml` (formatting preserved)
[INFO] [stdout] 
[INFO] [stdout] thread 'tests::test_remove_from_package_xml_permission_denied' (677) panicked at tests/integration_test.rs:588:9:
[INFO] [stdout] assertion failed: matches!(result, Err(ErrorKind::PermissionDenied))
[INFO] [stdout] stack backtrace:
[INFO] [stdout]    0:     0x5dac4751a371 - <<std[617be2ca0a6fd877]::sys::backtrace::BacktraceLock>::print::DisplayBacktrace as core[a373ad73a504971]::fmt::Display>::fmt
[INFO] [stdout]    1:     0x5dac4753027a - core[a373ad73a504971]::fmt::write
[INFO] [stdout]    2:     0x5dac4751f3cc - <alloc[2e1b2a31b91974c5]::vec::Vec<u8> as core[a373ad73a504971]::io::write::Write>::write_fmt
[INFO] [stdout]    3:     0x5dac474f49a6 - std[617be2ca0a6fd877]::panicking::default_hook::{closure#0}
[INFO] [stdout]    4:     0x5dac47511a89 - std[617be2ca0a6fd877]::panicking::default_hook
[INFO] [stdout]    5:     0x5dac47410fe0 - test[aada8e7e76ba119b]::test_main_inner::{closure#0}
[INFO] [stdout]    6:     0x5dac47511c42 - std[617be2ca0a6fd877]::panicking::panic_with_hook
[INFO] [stdout]    7:     0x5dac474f4a84 - std[617be2ca0a6fd877]::panicking::panic_handler::{closure#0}
[INFO] [stdout]    8:     0x5dac474ed429 - std[617be2ca0a6fd877]::sys::backtrace::__rust_end_short_backtrace::<std[617be2ca0a6fd877]::panicking::panic_handler::{closure#0}, !>
[INFO] [stdout]    9:     0x5dac474f571d - __rustc[ea4f61d10b84890b]::rust_begin_unwind
[INFO] [stdout]   10:     0x5dac475309ac - core[a373ad73a504971]::panicking::panic_fmt
[INFO] [stdout]   11:     0x5dac47530972 - core[a373ad73a504971]::panicking::panic
[INFO] [stdout]   12:     0x5dac473fda71 - <integration_test[e0e765831e1a547f]::tests::test_remove_from_package_xml_permission_denied::{closure#0} as core[a373ad73a504971]::ops::function::FnOnce<()>>::call_once
[INFO] [stdout]   13:     0x5dac4740442b - test[aada8e7e76ba119b]::__rust_begin_short_backtrace::<core[a373ad73a504971]::result::Result<(), alloc[2e1b2a31b91974c5]::string::String>, fn() -> core[a373ad73a504971]::result::Result<(), alloc[2e1b2a31b91974c5]::string::String>>
[INFO] [stdout]   14:     0x5dac47411605 - test[aada8e7e76ba119b]::run_test::{closure#0}
[INFO] [stdout]   15:     0x5dac4740aef4 - std[617be2ca0a6fd877]::sys::backtrace::__rust_begin_short_backtrace::<test[aada8e7e76ba119b]::run_test::{closure#1}, ()>
[INFO] [stdout]   16:     0x5dac47414692 - <std[617be2ca0a6fd877]::thread::lifecycle::spawn_unchecked<test[aada8e7e76ba119b]::run_test::{closure#1}, ()>::{closure#1} as core[a373ad73a504971]::ops::function::FnOnce<()>>::call_once::{shim:vtable#0}
[INFO] [stdout]   17:     0x5dac4751968f - <std[617be2ca0a6fd877]::sys::thread::unix::Thread>::new::thread_start
[INFO] [stdout]   18:     0x76f3433aadfa - <unknown>
[INFO] [stdout]   19:     0x76f34343e3d4 - clone
[INFO] [stdout]   20:                0x0 - <unknown>
[INFO] [stdout] 
[INFO] [stdout] 
[INFO] [stdout] failures:
[INFO] [stdout]     tests::test_remove_from_cargo_toml_permission_denied
[INFO] [stdout]     tests::test_remove_from_package_xml_permission_denied
[INFO] [stdout] 
[INFO] [stdout] test result: FAILED. 29 passed; 2 failed; 0 ignored; 0 measured; 0 filtered out; finished in 0.03s
[INFO] [stdout] 
[INFO] [stderr] error: test failed, to rerun pass `--test integration_test`
[INFO] running `Command { std: "docker" "inspect" "436ae337730c71983ee1a949d1695f6747c70af1e4f6b84dfe59c83a47eeaabe", kill_on_drop: false }`
[INFO] running `Command { std: "docker" "rm" "-f" "436ae337730c71983ee1a949d1695f6747c70af1e4f6b84dfe59c83a47eeaabe", kill_on_drop: false }`
[INFO] [stdout] 436ae337730c71983ee1a949d1695f6747c70af1e4f6b84dfe59c83a47eeaabe
