[INFO] fetching crate ros2soc 0.1.0...
[INFO] testing ros2soc-0.1.0 against 1.100.0-beta.1+cargoflags=--release for beta-release-1.100-2
[INFO] extracting crate ros2soc 0.1.0 into /workspace/builds/worker-6-tc2/source
[INFO] started tweaking crates.io crate ros2soc 0.1.0
[INFO] finished tweaking crates.io crate ros2soc 0.1.0
[INFO] tweaked toml for crates.io crate ros2soc 0.1.0 written to /workspace/builds/worker-6-tc2/source/Cargo.toml
[INFO] validating manifest of crates.io crate ros2soc 0.1.0 on toolchain 1.100.0-beta.1
[INFO] running `Command { std: CARGO_HOME="/workspace/cargo-home" RUSTUP_HOME="/workspace/rustup-home" "/workspace/cargo-home/bin/cargo" "+1.100.0-beta.1" "metadata" "--manifest-path" "Cargo.toml" "--no-deps", kill_on_drop: false }`
[INFO] running `Command { std: CARGO_HOME="/workspace/cargo-home" RUSTUP_HOME="/workspace/rustup-home" "/workspace/cargo-home/bin/cargo" "+1.100.0-beta.1" "generate-lockfile" "--manifest-path" "Cargo.toml", kill_on_drop: false }`
[INFO] [stderr]     Updating crates.io index
[INFO] [stderr]      Locking 47 packages to highest compatible versions
[INFO] [stderr]       Adding clap v2.34.0 (available: v4.6.7)
[INFO] running `Command { std: CARGO_HOME="/workspace/cargo-home" RUSTUP_HOME="/workspace/rustup-home" "/workspace/cargo-home/bin/cargo" "+1.100.0-beta.1" "fetch" "--manifest-path" "Cargo.toml", kill_on_drop: false }`
[INFO] [stderr] warning: Cargo.toml: `package.edition` is unspecified, defaulting to `2015` while the latest is `2024`
[INFO] [stderr] warning: `ros2soc` (manifest) generated 1 warning
[INFO] running `Command { std: "docker" "create" "-v" "/var/lib/crater-agent-workspace/builds/worker-6-tc2/source:/opt/rustwide/workdir:ro,Z" "-v" "/var/lib/crater-agent-workspace/builds/worker-6-tc2/target:/opt/rustwide/target:rw,Z" "-v" "/var/lib/crater-agent-workspace/cargo-home:/opt/rustwide/cargo-home:ro,Z" "-v" "/var/lib/crater-agent-workspace/rustup-home:/opt/rustwide/rustup-home:ro,Z" "-m" "1610612736" "--network" "none" "ghcr.io/rust-lang/crates-build-env/linux@sha256:77db811e55d90add9212f6832c23229e3de5f1c1f9905e8cb07319ea15df73ac" "sleep" "infinity", kill_on_drop: false }`
[INFO] [stdout] 4f31a8350f6dcc49581b173cce65f0cb5fcb1d43d23a2c14fe43aa0ecfe66d6d
[INFO] running `Command { std: "docker" "start" "4f31a8350f6dcc49581b173cce65f0cb5fcb1d43d23a2c14fe43aa0ecfe66d6d", kill_on_drop: false }`
[INFO] running `Command { std: "docker" "inspect" "4f31a8350f6dcc49581b173cce65f0cb5fcb1d43d23a2c14fe43aa0ecfe66d6d", kill_on_drop: false }`
[INFO] running `Command { std: "docker" "exec" "-e" "SOURCE_DIR=/opt/rustwide/workdir" "-e" "CARGO_HOME=/opt/rustwide/cargo-home" "-e" "RUSTUP_HOME=/opt/rustwide/rustup-home" "-e" "CARGO_TARGET_DIR=/opt/rustwide/target" "-w" "/opt/rustwide/workdir" "--user" "0:0" "4f31a8350f6dcc49581b173cce65f0cb5fcb1d43d23a2c14fe43aa0ecfe66d6d" "/opt/rustwide/cargo-home/bin/cargo" "+1.100.0-beta.1" "metadata" "--no-deps" "--format-version=1", kill_on_drop: false }`
[INFO] running `Command { std: "docker" "inspect" "4f31a8350f6dcc49581b173cce65f0cb5fcb1d43d23a2c14fe43aa0ecfe66d6d", kill_on_drop: false }`
[INFO] running `Command { std: "docker" "exec" "-e" "SOURCE_DIR=/opt/rustwide/workdir" "-e" "CARGO_HOME=/opt/rustwide/cargo-home" "-e" "RUSTUP_HOME=/opt/rustwide/rustup-home" "-e" "CARGO_TARGET_DIR=/opt/rustwide/target" "-e" "CARGO_INCREMENTAL=0" "-e" "RUST_BACKTRACE=full" "-e" "RUSTFLAGS=--cap-lints=warn" "-e" "RUSTDOCFLAGS=--cap-lints=warn" "-w" "/opt/rustwide/workdir" "--user" "0:0" "4f31a8350f6dcc49581b173cce65f0cb5fcb1d43d23a2c14fe43aa0ecfe66d6d" "/opt/rustwide/cargo-home/bin/cargo" "+1.100.0-beta.1" "build" "--frozen" "--message-format=json" "--release", kill_on_drop: false }`
[INFO] [stderr] warning: Cargo.toml: `package.edition` is unspecified, defaulting to `2015` while the latest is `2024`
[INFO] [stderr] warning: `ros2soc` (manifest) generated 1 warning
[INFO] [stderr]    Compiling is-terminal v0.4.17
[INFO] [stderr]    Compiling difference v2.0.0
[INFO] [stderr]    Compiling textwrap v0.11.0
[INFO] [stderr]    Compiling ansi_term v0.12.1
[INFO] [stderr]    Compiling yaml-rust v0.3.5
[INFO] [stderr]    Compiling environment v0.1.1
[INFO] [stderr]    Compiling colored v1.9.4
[INFO] [stderr]    Compiling assert_cli v0.6.3
[INFO] [stderr]    Compiling clap v2.34.0
[INFO] [stderr]    Compiling ros2soc v0.1.0 (/opt/rustwide/workdir)
[INFO] [stderr] warning: unused dependency `assert_cli`
[INFO] [stderr]  --> Cargo.toml:5:15
[INFO] [stderr]   |
[INFO] [stderr] 5 | [dependencies.assert_cli]
[INFO] [stderr]   |               ^^^^^^^^^^^
[INFO] [stderr]   |
[INFO] [stderr]   = note: `cargo::unused_dependencies` is set to `warn` by default
[INFO] [stderr] help: consider removing the dependency on `assert_cli`
[INFO] [stderr] warning: `ros2soc` (manifest) generated 1 warning
[INFO] [stderr]     Finished `release` profile [optimized] target(s) in 12.45s
[INFO] running `Command { std: "docker" "inspect" "4f31a8350f6dcc49581b173cce65f0cb5fcb1d43d23a2c14fe43aa0ecfe66d6d", kill_on_drop: false }`
[INFO] running `Command { std: "docker" "exec" "-e" "SOURCE_DIR=/opt/rustwide/workdir" "-e" "CARGO_HOME=/opt/rustwide/cargo-home" "-e" "RUSTUP_HOME=/opt/rustwide/rustup-home" "-e" "CARGO_TARGET_DIR=/opt/rustwide/target" "-e" "CARGO_INCREMENTAL=0" "-e" "RUST_BACKTRACE=full" "-e" "RUSTFLAGS=--cap-lints=warn" "-e" "RUSTDOCFLAGS=--cap-lints=warn" "-w" "/opt/rustwide/workdir" "--user" "0:0" "4f31a8350f6dcc49581b173cce65f0cb5fcb1d43d23a2c14fe43aa0ecfe66d6d" "/opt/rustwide/cargo-home/bin/cargo" "+1.100.0-beta.1" "test" "--frozen" "--no-run" "--message-format=json" "--release", kill_on_drop: false }`
[INFO] [stderr] warning: Cargo.toml: `package.edition` is unspecified, defaulting to `2015` while the latest is `2024`
[INFO] [stderr] warning: `ros2soc` (manifest) generated 1 warning
[INFO] [stderr]    Compiling ros2soc v0.1.0 (/opt/rustwide/workdir)
[INFO] [stderr]     Finished `release` profile [optimized] target(s) in 0.57s
[INFO] running `Command { std: "docker" "inspect" "4f31a8350f6dcc49581b173cce65f0cb5fcb1d43d23a2c14fe43aa0ecfe66d6d", kill_on_drop: false }`
[INFO] running `Command { std: "docker" "exec" "-e" "SOURCE_DIR=/opt/rustwide/workdir" "-e" "CARGO_HOME=/opt/rustwide/cargo-home" "-e" "RUSTUP_HOME=/opt/rustwide/rustup-home" "-e" "CARGO_TARGET_DIR=/opt/rustwide/target" "-e" "CARGO_INCREMENTAL=0" "-e" "RUST_BACKTRACE=full" "-e" "RUSTFLAGS=--cap-lints=warn" "-e" "RUSTDOCFLAGS=--cap-lints=warn" "-w" "/opt/rustwide/workdir" "--user" "0:0" "4f31a8350f6dcc49581b173cce65f0cb5fcb1d43d23a2c14fe43aa0ecfe66d6d" "/opt/rustwide/cargo-home/bin/cargo" "+1.100.0-beta.1" "test" "--frozen" "--release", kill_on_drop: false }`
[INFO] [stderr] warning: Cargo.toml: `package.edition` is unspecified, defaulting to `2015` while the latest is `2024`
[INFO] [stderr] warning: `ros2soc` (manifest) generated 1 warning
[INFO] [stderr]     Finished `release` profile [optimized] target(s) in 0.07s
[INFO] [stderr]      Running unittests src/lib.rs (/opt/rustwide/target/release/build/ros2soc/1c63b3163c1c9cc6/out/ros2soc-1c63b3163c1c9cc6)
[INFO] [stdout] 
[INFO] [stdout] running 1 test
[INFO] [stdout] test tests::_run_bash_works ... ok
[INFO] [stderr]      Running unittests src/bin/ros2soc.rs (/opt/rustwide/target/release/build/ros2soc/7c5e088370e1b43e/out/ros2soc-7c5e088370e1b43e)
[INFO] [stdout] 
[INFO] [stdout] test result: ok. 1 passed; 0 failed; 0 ignored; 0 measured; 0 filtered out; finished in 0.01s
[INFO] [stdout] 
[INFO] [stdout] 
[INFO] [stdout] running 2 tests
[INFO] [stdout] test tests::level_arg_works ... FAILED
[INFO] [stdout] test tests::no_args_error_works ... ok
[INFO] [stdout] 
[INFO] [stdout] failures:
[INFO] [stdout] 
[INFO] [stdout] ---- tests::level_arg_works stdout ----
[INFO] [stdout] 
[INFO] [stdout] thread 'tests::level_arg_works' (341) panicked at /opt/rustwide/cargo-home/registry/src/index.crates.io-1949cf8c6b5b557f/assert_cli-0.6.3/src/assert.rs:441:13:
[INFO] [stdout] Assertion failed for `cargo run --release --quiet -- 1`
[INFO] [stdout] with: Unexpected return status: failure
[INFO] [stdout] stdout=``````
[INFO] [stdout] stderr=```warning: unused dependency `assert_cli`
[INFO] [stdout]  --> Cargo.toml:5:15
[INFO] [stdout]   |
[INFO] [stdout] 5 | [dependencies.assert_cli]
[INFO] [stdout]   |               ^^^^^^^^^^^
[INFO] [stdout]   |
[INFO] [stdout]   = note: `cargo::unused_dependencies` is set to `warn` by default
[INFO] [stdout] help: consider removing the dependency on `assert_cli`
[INFO] [stdout] 
[INFO] [stdout] thread 'main' (343) panicked at src/lib.rs:67:90:
[INFO] [stdout] called `Result::unwrap()` on an `Err` value: NotPresent
[INFO] [stdout] stack backtrace:
[INFO] [stdout]    0:     0x5f41e1d1ce31 - <<std[617be2ca0a6fd877]::sys::backtrace::BacktraceLock>::print::DisplayBacktrace as core[a373ad73a504971]::fmt::Display>::fmt
[INFO] [stdout]    1:     0x5f41e1d2fbfa - core[a373ad73a504971]::fmt::write
[INFO] [stdout]    2:     0x5f41e1d2105c - <std[617be2ca0a6fd877]::sys::stdio::unix::Stderr as core[a373ad73a504971]::io::write::Write>::write_fmt
[INFO] [stdout]    3:     0x5f41e1cff366 - std[617be2ca0a6fd877]::panicking::default_hook::{closure#0}
[INFO] [stdout]    4:     0x5f41e1d18441 - std[617be2ca0a6fd877]::panicking::default_hook
[INFO] [stderr] error: test failed, to rerun pass `--bin ros2soc`
[INFO] [stdout]    5:     0x5f41e1d185fb - std[617be2ca0a6fd877]::panicking::panic_with_hook
[INFO] [stdout]    6:     0x5f41e1cff412 - std[617be2ca0a6fd877]::panicking::panic_handler::{closure#0}
[INFO] [stdout]    7:     0x5f41e1cf8129 - std[617be2ca0a6fd877]::sys::backtrace::__rust_end_short_backtrace::<std[617be2ca0a6fd877]::panicking::panic_handler::{closure#0}, !>
[INFO] [stdout]    8:     0x5f41e1cffc7d - __rustc[ea4f61d10b84890b]::rust_begin_unwind
[INFO] [stdout]    9:     0x5f41e1d3032c - core[a373ad73a504971]::panicking::panic_fmt
[INFO] [stdout]   10:     0x5f41e1d30102 - core[a373ad73a504971]::result::unwrap_failed
[INFO] [stdout]   11:     0x5f41e1c788b5 - <ros2soc[8711891c35d54a59]::Ros2soc>::new
[INFO] [stdout]   12:     0x5f41e1c7663b - ros2soc[c7c8de5fbc432a00]::main
[INFO] [stdout]   13:     0x5f41e1c7646b - std[617be2ca0a6fd877]::sys::backtrace::__rust_begin_short_backtrace::<fn() -> core[a373ad73a504971]::result::Result<(), core[a373ad73a504971]::io::error::Error>, core[a373ad73a504971]::result::Result<(), core[a373ad73a504971]::io::error::Error>>
[INFO] [stdout]   14:     0x5f41e1c7647d - std[617be2ca0a6fd877]::rt::lang_start::<core[a373ad73a504971]::result::Result<(), core[a373ad73a504971]::io::error::Error>>::{closure#0}
[INFO] [stdout]   15:     0x5f41e1d17628 - std[617be2ca0a6fd877]::rt::lang_start_internal
[INFO] [stdout]   16:     0x5f41e1c76e15 - main
[INFO] [stdout]   17:     0x742edf7d3601 - <unknown>
[INFO] [stdout]   18:     0x742edf7d3718 - __libc_start_main
[INFO] [stdout]   19:     0x5f41e1c75a25 - _start
[INFO] [stdout]   20:                0x0 - <unknown>
[INFO] [stdout] ```
[INFO] [stdout] stack backtrace:
[INFO] [stdout]    0:     0x5734a8f86301 - <<std[617be2ca0a6fd877]::sys::backtrace::BacktraceLock>::print::DisplayBacktrace as core[a373ad73a504971]::fmt::Display>::fmt
[INFO] [stdout]    1:     0x5734a8f9adca - core[a373ad73a504971]::fmt::write
[INFO] [stdout]    2:     0x5734a8f8a63c - <alloc[2e1b2a31b91974c5]::vec::Vec<u8> as core[a373ad73a504971]::io::write::Write>::write_fmt
[INFO] [stdout]    3:     0x5734a8f61bc6 - std[617be2ca0a6fd877]::panicking::default_hook::{closure#0}
[INFO] [stdout]    4:     0x5734a8f7e8f9 - std[617be2ca0a6fd877]::panicking::default_hook
[INFO] [stdout]    5:     0x5734a8ed86d0 - test[aada8e7e76ba119b]::test_main_inner::{closure#0}
[INFO] [stdout]    6:     0x5734a8f7eab2 - std[617be2ca0a6fd877]::panicking::panic_with_hook
[INFO] [stdout]    7:     0x5734a8f0d00d - std[617be2ca0a6fd877]::panicking::begin_panic::<alloc[2e1b2a31b91974c5]::string::String>::{closure#0}
[INFO] [stdout]    8:     0x5734a8f0cd2e - std[617be2ca0a6fd877]::sys::backtrace::__rust_end_short_backtrace::<std[617be2ca0a6fd877]::panicking::begin_panic<alloc[2e1b2a31b91974c5]::string::String>::{closure#0}, !>
[INFO] [stdout]    9:     0x5734a8f0dd55 - std[617be2ca0a6fd877]::panicking::begin_panic::<alloc[2e1b2a31b91974c5]::string::String>
[INFO] [stdout]   10:     0x5734a8f1435d - <assert_cli[bfe181151eaad404]::assert::Assert>::unwrap
[INFO] [stdout]   11:     0x5734a8ecba15 - <ros2soc[eff22be52f97af40]::tests::level_arg_works::{closure#0} as core[a373ad73a504971]::ops::function::FnOnce<()>>::call_once
[INFO] [stdout]   12:     0x5734a8ecbb1b - test[aada8e7e76ba119b]::__rust_begin_short_backtrace::<core[a373ad73a504971]::result::Result<(), alloc[2e1b2a31b91974c5]::string::String>, fn() -> core[a373ad73a504971]::result::Result<(), alloc[2e1b2a31b91974c5]::string::String>>
[INFO] [stdout]   13:     0x5734a8ed8cf5 - test[aada8e7e76ba119b]::run_test::{closure#0}
[INFO] [stdout]   14:     0x5734a8ed25e4 - std[617be2ca0a6fd877]::sys::backtrace::__rust_begin_short_backtrace::<test[aada8e7e76ba119b]::run_test::{closure#1}, ()>
[INFO] [stdout]   15:     0x5734a8edbd82 - <std[617be2ca0a6fd877]::thread::lifecycle::spawn_unchecked<test[aada8e7e76ba119b]::run_test::{closure#1}, ()>::{closure#1} as core[a373ad73a504971]::ops::function::FnOnce<()>>::call_once::{shim:vtable#0}
[INFO] [stdout]   16:     0x5734a8f85b5f - <std[617be2ca0a6fd877]::sys::thread::unix::Thread>::new::thread_start
[INFO] [stdout]   17:     0x7e600c99adfa - <unknown>
[INFO] [stdout]   18:     0x7e600ca2e3d4 - clone
[INFO] [stdout]   19:                0x0 - <unknown>
[INFO] [stdout] 
[INFO] [stdout] 
[INFO] [stdout] failures:
[INFO] [stdout]     tests::level_arg_works
[INFO] [stdout] 
[INFO] [stdout] test result: FAILED. 1 passed; 1 failed; 0 ignored; 0 measured; 0 filtered out; finished in 0.13s
[INFO] [stdout] 
[INFO] running `Command { std: "docker" "inspect" "4f31a8350f6dcc49581b173cce65f0cb5fcb1d43d23a2c14fe43aa0ecfe66d6d", kill_on_drop: false }`
[INFO] running `Command { std: "docker" "rm" "-f" "4f31a8350f6dcc49581b173cce65f0cb5fcb1d43d23a2c14fe43aa0ecfe66d6d", kill_on_drop: false }`
[INFO] [stdout] 4f31a8350f6dcc49581b173cce65f0cb5fcb1d43d23a2c14fe43aa0ecfe66d6d
