[INFO] fetching crate ros2-mcap-schema-builder 0.1.0...
[INFO] testing ros2-mcap-schema-builder-0.1.0 against 1.99.0-beta.8+cargoflags=--release for beta-release-1.100-2
[INFO] extracting crate ros2-mcap-schema-builder 0.1.0 into /workspace/builds/worker-4-tc1/source
[INFO] started tweaking crates.io crate ros2-mcap-schema-builder 0.1.0
[INFO] finished tweaking crates.io crate ros2-mcap-schema-builder 0.1.0
[INFO] tweaked toml for crates.io crate ros2-mcap-schema-builder 0.1.0 written to /workspace/builds/worker-4-tc1/source/Cargo.toml
[INFO] validating manifest of crates.io crate ros2-mcap-schema-builder 0.1.0 on toolchain 1.99.0-beta.8
[INFO] running `Command { std: CARGO_HOME="/workspace/cargo-home" RUSTUP_HOME="/workspace/rustup-home" "/workspace/cargo-home/bin/cargo" "+1.99.0-beta.8" "metadata" "--manifest-path" "Cargo.toml" "--no-deps", kill_on_drop: false }`
[INFO] crate crates.io crate ros2-mcap-schema-builder 0.1.0 already has a lockfile, it will not be regenerated
[INFO] running `Command { std: CARGO_HOME="/workspace/cargo-home" RUSTUP_HOME="/workspace/rustup-home" "/workspace/cargo-home/bin/cargo" "+1.99.0-beta.8" "fetch" "--manifest-path" "Cargo.toml", kill_on_drop: false }`
[INFO] running `Command { std: "docker" "create" "-v" "/var/lib/crater-agent-workspace/builds/worker-4-tc1/source:/opt/rustwide/workdir:ro,Z" "-v" "/var/lib/crater-agent-workspace/builds/worker-4-tc1/target:/opt/rustwide/target:rw,Z" "-v" "/var/lib/crater-agent-workspace/cargo-home:/opt/rustwide/cargo-home:ro,Z" "-v" "/var/lib/crater-agent-workspace/rustup-home:/opt/rustwide/rustup-home:ro,Z" "-m" "1610612736" "--network" "none" "ghcr.io/rust-lang/crates-build-env/linux@sha256:77db811e55d90add9212f6832c23229e3de5f1c1f9905e8cb07319ea15df73ac" "sleep" "infinity", kill_on_drop: false }`
[INFO] [stdout] 166c3d201be2b5bd5e642cfc6615bc6b9e9419f8d38ed93201bc48e9a42fd3f5
[INFO] running `Command { std: "docker" "start" "166c3d201be2b5bd5e642cfc6615bc6b9e9419f8d38ed93201bc48e9a42fd3f5", kill_on_drop: false }`
[INFO] running `Command { std: "docker" "inspect" "166c3d201be2b5bd5e642cfc6615bc6b9e9419f8d38ed93201bc48e9a42fd3f5", kill_on_drop: false }`
[INFO] running `Command { std: "docker" "exec" "-e" "SOURCE_DIR=/opt/rustwide/workdir" "-e" "CARGO_HOME=/opt/rustwide/cargo-home" "-e" "RUSTUP_HOME=/opt/rustwide/rustup-home" "-e" "CARGO_TARGET_DIR=/opt/rustwide/target" "-w" "/opt/rustwide/workdir" "--user" "0:0" "166c3d201be2b5bd5e642cfc6615bc6b9e9419f8d38ed93201bc48e9a42fd3f5" "/opt/rustwide/cargo-home/bin/cargo" "+1.99.0-beta.8" "metadata" "--no-deps" "--format-version=1", kill_on_drop: false }`
[INFO] running `Command { std: "docker" "inspect" "166c3d201be2b5bd5e642cfc6615bc6b9e9419f8d38ed93201bc48e9a42fd3f5", kill_on_drop: false }`
[INFO] running `Command { std: "docker" "exec" "-e" "SOURCE_DIR=/opt/rustwide/workdir" "-e" "CARGO_HOME=/opt/rustwide/cargo-home" "-e" "RUSTUP_HOME=/opt/rustwide/rustup-home" "-e" "CARGO_TARGET_DIR=/opt/rustwide/target" "-e" "CARGO_INCREMENTAL=0" "-e" "RUST_BACKTRACE=full" "-e" "RUSTFLAGS=--cap-lints=warn" "-e" "RUSTDOCFLAGS=--cap-lints=warn" "-w" "/opt/rustwide/workdir" "--user" "0:0" "166c3d201be2b5bd5e642cfc6615bc6b9e9419f8d38ed93201bc48e9a42fd3f5" "/opt/rustwide/cargo-home/bin/cargo" "+1.99.0-beta.8" "build" "--frozen" "--message-format=json" "--release", kill_on_drop: false }`
[INFO] [stderr]    Compiling anyhow v1.0.100
[INFO] [stderr]    Compiling ros2-mcap-schema-builder v0.1.0 (/opt/rustwide/workdir)
[INFO] [stdout] warning: field `search_paths` is never read
[INFO] [stdout]   --> src/lib.rs:14:5
[INFO] [stdout]    |
[INFO] [stdout] 12 | pub struct CentralSchemaResolver {
[INFO] [stdout]    |            --------------------- field in this struct
[INFO] [stdout] 13 |     resolved_map: BTreeMap<String, PathBuf>,
[INFO] [stdout] 14 |     search_paths: Vec<PathBuf>,
[INFO] [stdout]    |     ^^^^^^^^^^^^
[INFO] [stdout]    |
[INFO] [stdout]    = note: `CentralSchemaResolver` has a derived impl for the trait `Debug`, but this is intentionally ignored during dead code analysis
[INFO] [stdout]    = note: `#[warn(dead_code)]` (part of `#[warn(unused)]`) on by default
[INFO] [stdout] 
[INFO] [stdout] 
[INFO] [stderr]     Finished `release` profile [optimized] target(s) in 2.15s
[INFO] running `Command { std: "docker" "inspect" "166c3d201be2b5bd5e642cfc6615bc6b9e9419f8d38ed93201bc48e9a42fd3f5", kill_on_drop: false }`
[INFO] running `Command { std: "docker" "exec" "-e" "SOURCE_DIR=/opt/rustwide/workdir" "-e" "CARGO_HOME=/opt/rustwide/cargo-home" "-e" "RUSTUP_HOME=/opt/rustwide/rustup-home" "-e" "CARGO_TARGET_DIR=/opt/rustwide/target" "-e" "CARGO_INCREMENTAL=0" "-e" "RUST_BACKTRACE=full" "-e" "RUSTFLAGS=--cap-lints=warn" "-e" "RUSTDOCFLAGS=--cap-lints=warn" "-w" "/opt/rustwide/workdir" "--user" "0:0" "166c3d201be2b5bd5e642cfc6615bc6b9e9419f8d38ed93201bc48e9a42fd3f5" "/opt/rustwide/cargo-home/bin/cargo" "+1.99.0-beta.8" "test" "--frozen" "--no-run" "--message-format=json" "--release", kill_on_drop: false }`
[INFO] [stderr]    Compiling ros2-mcap-schema-builder v0.1.0 (/opt/rustwide/workdir)
[INFO] [stdout] warning: field `search_paths` is never read
[INFO] [stdout]   --> src/lib.rs:14:5
[INFO] [stdout]    |
[INFO] [stdout] 12 | pub struct CentralSchemaResolver {
[INFO] [stdout]    |            --------------------- field in this struct
[INFO] [stdout] 13 |     resolved_map: BTreeMap<String, PathBuf>,
[INFO] [stdout] 14 |     search_paths: Vec<PathBuf>,
[INFO] [stdout]    |     ^^^^^^^^^^^^
[INFO] [stdout]    |
[INFO] [stdout]    = note: `CentralSchemaResolver` has a derived impl for the trait `Debug`, but this is intentionally ignored during dead code analysis
[INFO] [stdout]    = note: `#[warn(dead_code)]` (part of `#[warn(unused)]`) on by default
[INFO] [stdout] 
[INFO] [stdout] 
[INFO] [stdout] warning: unused variable: `flat_map`
[INFO] [stdout]    --> src/lib.rs:443:13
[INFO] [stdout]     |
[INFO] [stdout] 443 |         let flat_map = resolver.generate_all_flattened()?;
[INFO] [stdout]     |             ^^^^^^^^ help: if this is intentional, prefix it with an underscore: `_flat_map`
[INFO] [stdout]     |
[INFO] [stdout]     = note: `#[warn(unused_variables)]` (part of `#[warn(unused)]`) on by default
[INFO] [stdout] 
[INFO] [stdout] 
[INFO] [stdout] warning: field `search_paths` is never read
[INFO] [stdout]   --> src/lib.rs:14:5
[INFO] [stdout]    |
[INFO] [stdout] 12 | pub struct CentralSchemaResolver {
[INFO] [stdout]    |            --------------------- field in this struct
[INFO] [stdout] 13 |     resolved_map: BTreeMap<String, PathBuf>,
[INFO] [stdout] 14 |     search_paths: Vec<PathBuf>,
[INFO] [stdout]    |     ^^^^^^^^^^^^
[INFO] [stdout]    |
[INFO] [stdout]    = note: `CentralSchemaResolver` has a derived impl for the trait `Debug`, but this is intentionally ignored during dead code analysis
[INFO] [stdout]    = note: `#[warn(dead_code)]` (part of `#[warn(unused)]`) on by default
[INFO] [stdout] 
[INFO] [stdout] 
[INFO] [stderr]     Finished `release` profile [optimized] target(s) in 1.81s
[INFO] running `Command { std: "docker" "inspect" "166c3d201be2b5bd5e642cfc6615bc6b9e9419f8d38ed93201bc48e9a42fd3f5", kill_on_drop: false }`
[INFO] running `Command { std: "docker" "exec" "-e" "SOURCE_DIR=/opt/rustwide/workdir" "-e" "CARGO_HOME=/opt/rustwide/cargo-home" "-e" "RUSTUP_HOME=/opt/rustwide/rustup-home" "-e" "CARGO_TARGET_DIR=/opt/rustwide/target" "-e" "CARGO_INCREMENTAL=0" "-e" "RUST_BACKTRACE=full" "-e" "RUSTFLAGS=--cap-lints=warn" "-e" "RUSTDOCFLAGS=--cap-lints=warn" "-w" "/opt/rustwide/workdir" "--user" "0:0" "166c3d201be2b5bd5e642cfc6615bc6b9e9419f8d38ed93201bc48e9a42fd3f5" "/opt/rustwide/cargo-home/bin/cargo" "+1.99.0-beta.8" "test" "--frozen" "--release", kill_on_drop: false }`
[INFO] [stderr] warning: field `search_paths` is never read
[INFO] [stderr]   --> src/lib.rs:14:5
[INFO] [stderr]    |
[INFO] [stderr] 12 | pub struct CentralSchemaResolver {
[INFO] [stderr]    |            --------------------- field in this struct
[INFO] [stderr] 13 |     resolved_map: BTreeMap<String, PathBuf>,
[INFO] [stderr] 14 |     search_paths: Vec<PathBuf>,
[INFO] [stderr]    |     ^^^^^^^^^^^^
[INFO] [stderr]    |
[INFO] [stderr]    = note: `CentralSchemaResolver` has a derived impl for the trait `Debug`, but this is intentionally ignored during dead code analysis
[INFO] [stderr]    = note: `#[warn(dead_code)]` (part of `#[warn(unused)]`) on by default
[INFO] [stderr] 
[INFO] [stderr] warning: `ros2-mcap-schema-builder` (lib) generated 1 warning
[INFO] [stderr] warning: unused variable: `flat_map`
[INFO] [stderr]    --> src/lib.rs:443:13
[INFO] [stderr]     |
[INFO] [stderr] 443 |         let flat_map = resolver.generate_all_flattened()?;
[INFO] [stderr]     |             ^^^^^^^^ help: if this is intentional, prefix it with an underscore: `_flat_map`
[INFO] [stderr]     |
[INFO] [stderr]     = note: `#[warn(unused_variables)]` (part of `#[warn(unused)]`) on by default
[INFO] [stderr] 
[INFO] [stderr] warning: `ros2-mcap-schema-builder` (lib test) generated 2 warnings (1 duplicate) (run `cargo fix --lib -p ros2-mcap-schema-builder --tests` to apply 1 suggestion)
[INFO] [stderr]     Finished `release` profile [optimized] target(s) in 0.03s
[INFO] [stderr]      Running unittests src/lib.rs (/opt/rustwide/target/release/deps/ros2_mcap_schema_builder-3569739fc676314b)
[INFO] [stdout] 
[INFO] [stdout] running 8 tests
[INFO] [stdout] test tests::test_register_all ... FAILED
[INFO] [stdout] test tests::test_register_floating_point_range ... FAILED
[INFO] [stdout] test tests::test_strip_array_suffix ... ok
[INFO] [stdout] test tests::test_register_lowstate ... FAILED
[INFO] [stdout] test tests::test_register_battery ... FAILED
[INFO] [stdout] test tests::test_register_and_flatten_tf ... FAILED
[INFO] [stdout] test tests::test_register_and_flatten_image ... FAILED
[INFO] [stdout] test tests::test_register_joint_msg ... FAILED
[INFO] [stdout] 
[INFO] [stdout] failures:
[INFO] [stdout] 
[INFO] [stdout] ---- tests::test_register_all stdout ----
[INFO] [stdout] Error: AMENT_PREFIX_PATH is not set
[INFO] [stdout] 
[INFO] [stdout] Stack backtrace:
[INFO] [stdout]    0: <anyhow::Error>::msg::<&str>
[INFO] [stdout]    1: <once_cell::imp::OnceCell<ros2_mcap_schema_builder::CentralSchemaResolver>>::initialize::<<ros2_mcap_schema_builder::CentralSchemaResolver>::global::{closure#0}, anyhow::Error>::{closure#0}
[INFO] [stdout]    2: once_cell::imp::initialize_or_wait
[INFO] [stdout]    3: <once_cell::imp::OnceCell<ros2_mcap_schema_builder::CentralSchemaResolver>>::initialize::<<ros2_mcap_schema_builder::CentralSchemaResolver>::global::{closure#0}, anyhow::Error>
[INFO] [stdout]    4: <ros2_mcap_schema_builder::tests::test_register_all::{closure#0} as core::ops::function::FnOnce<()>>::call_once
[INFO] [stdout]    5: test::__rust_begin_short_backtrace::<core::result::Result<(), alloc::string::String>, fn() -> core::result::Result<(), alloc::string::String>>
[INFO] [stdout]    6: test::run_test::{closure#0}
[INFO] [stdout]    7: std::sys::backtrace::__rust_begin_short_backtrace::<test::run_test::{closure#1}, ()>
[INFO] [stdout]    8: <std::thread::lifecycle::spawn_unchecked<test::run_test::{closure#1}, ()>::{closure#1} as core::ops::function::FnOnce<()>>::call_once::{shim:vtable#0}
[INFO] [stdout]    9: <std::sys::thread::unix::Thread>::new::thread_start
[INFO] [stdout]   10: <unknown>
[INFO] [stdout]   11: clone
[INFO] [stdout] 
[INFO] [stdout] ---- tests::test_register_floating_point_range stdout ----
[INFO] [stdout] Error: Definition not found for: rcl_interfaces/msg/FloatingPointRange
[INFO] [stdout] 
[INFO] [stdout] Stack backtrace:
[INFO] [stdout]    0: <anyhow::Error>::msg::<alloc::string::String>
[INFO] [stdout]    1: <ros2_mcap_schema_builder::CentralSchemaResolver>::resolve::{closure#0}
[INFO] [stdout]    2: <ros2_mcap_schema_builder::CentralSchemaResolver>::resolve
[INFO] [stdout]    3: <ros2_mcap_schema_builder::CentralSchemaResolver>::flatten
[INFO] [stdout]    4: ros2_mcap_schema_builder::tests::test_register_floating_point_range
[INFO] [stdout]    5: <ros2_mcap_schema_builder::tests::test_register_floating_point_range::{closure#0} as core::ops::function::FnOnce<()>>::call_once
[INFO] [stdout]    6: test::__rust_begin_short_backtrace::<core::result::Result<(), alloc::string::String>, fn() -> core::result::Result<(), alloc::string::String>>
[INFO] [stdout]    7: test::run_test::{closure#0}
[INFO] [stdout]    8: std::sys::backtrace::__rust_begin_short_backtrace::<test::run_test::{closure#1}, ()>
[INFO] [stdout]    9: <std::thread::lifecycle::spawn_unchecked<test::run_test::{closure#1}, ()>::{closure#1} as core::ops::function::FnOnce<()>>::call_once::{shim:vtable#0}
[INFO] [stdout]   10: <std::sys::thread::unix::Thread>::new::thread_start
[INFO] [stdout]   11: <unknown>
[INFO] [stdout]   12: clone
[INFO] [stdout] 
[INFO] [stdout] ---- tests::test_register_lowstate stdout ----
[INFO] [stdout] Error: Definition not found for: unitree_hg/msg/LowState
[INFO] [stdout] 
[INFO] [stdout] Stack backtrace:
[INFO] [stdout]    0: <anyhow::Error>::msg::<alloc::string::String>
[INFO] [stdout]    1: <ros2_mcap_schema_builder::CentralSchemaResolver>::resolve::{closure#0}
[INFO] [stdout]    2: <ros2_mcap_schema_builder::CentralSchemaResolver>::resolve
[INFO] [stdout]    3: <ros2_mcap_schema_builder::CentralSchemaResolver>::flatten
[INFO] [stdout]    4: ros2_mcap_schema_builder::tests::test_register_lowstate
[INFO] [stdout]    5: <ros2_mcap_schema_builder::tests::test_register_lowstate::{closure#0} as core::ops::function::FnOnce<()>>::call_once
[INFO] [stdout]    6: test::__rust_begin_short_backtrace::<core::result::Result<(), alloc::string::String>, fn() -> core::result::Result<(), alloc::string::String>>
[INFO] [stdout]    7: test::run_test::{closure#0}
[INFO] [stdout]    8: std::sys::backtrace::__rust_begin_short_backtrace::<test::run_test::{closure#1}, ()>
[INFO] [stdout]    9: <std::thread::lifecycle::spawn_unchecked<test::run_test::{closure#1}, ()>::{closure#1} as core::ops::function::FnOnce<()>>::call_once::{shim:vtable#0}
[INFO] [stdout]   10: <std::sys::thread::unix::Thread>::new::thread_start
[INFO] [stdout]   11: <unknown>
[INFO] [stdout]   12: clone
[INFO] [stdout] 
[INFO] [stdout] ---- tests::test_register_battery stdout ----
[INFO] [stdout] Error: Definition not found for: sensor_msgs/msg/BatteryState
[INFO] [stdout] 
[INFO] [stdout] Stack backtrace:
[INFO] [stdout]    0: <anyhow::Error>::msg::<alloc::string::String>
[INFO] [stdout]    1: <ros2_mcap_schema_builder::CentralSchemaResolver>::resolve::{closure#0}
[INFO] [stdout]    2: <ros2_mcap_schema_builder::CentralSchemaResolver>::resolve
[INFO] [stdout]    3: <ros2_mcap_schema_builder::CentralSchemaResolver>::flatten
[INFO] [stdout]    4: ros2_mcap_schema_builder::tests::test_register_battery
[INFO] [stdout]    5: <ros2_mcap_schema_builder::tests::test_register_battery::{closure#0} as core::ops::function::FnOnce<()>>::call_once
[INFO] [stdout]    6: test::__rust_begin_short_backtrace::<core::result::Result<(), alloc::string::String>, fn() -> core::result::Result<(), alloc::string::String>>
[INFO] [stdout]    7: test::run_test::{closure#0}
[INFO] [stdout]    8: std::sys::backtrace::__rust_begin_short_backtrace::<test::run_test::{closure#1}, ()>
[INFO] [stdout]    9: <std::thread::lifecycle::spawn_unchecked<test::run_test::{closure#1}, ()>::{closure#1} as core::ops::function::FnOnce<()>>::call_once::{shim:vtable#0}
[INFO] [stdout]   10: <std::sys::thread::unix::Thread>::new::thread_start
[INFO] [stdout]   11: <unknown>
[INFO] [stdout]   12: clone
[INFO] [stdout] 
[INFO] [stdout] ---- tests::test_register_and_flatten_tf stdout ----
[INFO] [stdout] Error: Definition not found for: tf2_msgs/msg/TFMessage
[INFO] [stdout] 
[INFO] [stdout] Stack backtrace:
[INFO] [stdout]    0: <anyhow::Error>::msg::<alloc::string::String>
[INFO] [stdout]    1: <ros2_mcap_schema_builder::CentralSchemaResolver>::resolve::{closure#0}
[INFO] [stdout]    2: <ros2_mcap_schema_builder::CentralSchemaResolver>::resolve
[INFO] [stdout]    3: <ros2_mcap_schema_builder::CentralSchemaResolver>::flatten
[INFO] [stdout]    4: ros2_mcap_schema_builder::tests::test_register_and_flatten_tf
[INFO] [stdout]    5: <ros2_mcap_schema_builder::tests::test_register_and_flatten_tf::{closure#0} as core::ops::function::FnOnce<()>>::call_once
[INFO] [stdout]    6: test::__rust_begin_short_backtrace::<core::result::Result<(), alloc::string::String>, fn() -> core::result::Result<(), alloc::string::String>>
[INFO] [stdout]    7: test::run_test::{closure#0}
[INFO] [stdout]    8: std::sys::backtrace::__rust_begin_short_backtrace::<test::run_test::{closure#1}, ()>
[INFO] [stdout]    9: <std::thread::lifecycle::spawn_unchecked<test::run_test::{closure#1}, ()>::{closure#1} as core::ops::function::FnOnce<()>>::call_once::{shim:vtable#0}
[INFO] [stdout]   10: <std::sys::thread::unix::Thread>::new::thread_start
[INFO] [stdout]   11: <unknown>
[INFO] [stdout]   12: clone
[INFO] [stdout] 
[INFO] [stdout] ---- tests::test_register_and_flatten_image stdout ----
[INFO] [stdout] Error: Definition not found for: sensor_msgs/msg/CompressedImage
[INFO] [stdout] 
[INFO] [stdout] Stack backtrace:
[INFO] [stdout]    0: <anyhow::Error>::msg::<alloc::string::String>
[INFO] [stdout]    1: <ros2_mcap_schema_builder::CentralSchemaResolver>::resolve::{closure#0}
[INFO] [stdout]    2: <ros2_mcap_schema_builder::CentralSchemaResolver>::resolve
[INFO] [stdout]    3: <ros2_mcap_schema_builder::CentralSchemaResolver>::flatten
[INFO] [stdout]    4: ros2_mcap_schema_builder::tests::test_register_and_flatten_image
[INFO] [stdout]    5: <ros2_mcap_schema_builder::tests::test_register_and_flatten_image::{closure#0} as core::ops::function::FnOnce<()>>::call_once
[INFO] [stdout]    6: test::__rust_begin_short_backtrace::<core::result::Result<(), alloc::string::String>, fn() -> core::result::Result<(), alloc::string::String>>
[INFO] [stdout]    7: test::run_test::{closure#0}
[INFO] [stdout]    8: std::sys::backtrace::__rust_begin_short_backtrace::<test::run_test::{closure#1}, ()>
[INFO] [stdout]    9: <std::thread::lifecycle::spawn_unchecked<test::run_test::{closure#1}, ()>::{closure#1} as core::ops::function::FnOnce<()>>::call_once::{shim:vtable#0}
[INFO] [stdout]   10: <std::sys::thread::unix::Thread>::new::thread_start
[INFO] [stdout]   11: <unknown>
[INFO] [stdout]   12: clone
[INFO] [stdout] 
[INFO] [stdout] ---- tests::test_register_joint_msg stdout ----
[INFO] [stdout] Error: Definition not found for: std_msgs/msg/Float64MultiArray
[INFO] [stdout] 
[INFO] [stdout] Stack backtrace:
[INFO] [stdout]    0: <anyhow::Error>::msg::<alloc::string::String>
[INFO] [stdout]    1: <ros2_mcap_schema_builder::CentralSchemaResolver>::resolve::{closure#0}
[INFO] [stdout]    2: <ros2_mcap_schema_builder::CentralSchemaResolver>::resolve
[INFO] [stdout]    3: <ros2_mcap_schema_builder::CentralSchemaResolver>::flatten
[INFO] [stdout]    4: ros2_mcap_schema_builder::tests::test_register_joint_msg
[INFO] [stdout]    5: <ros2_mcap_schema_builder::tests::test_register_joint_msg::{closure#0} as core::ops::function::FnOnce<()>>::call_once
[INFO] [stdout]    6: test::__rust_begin_short_backtrace::<core::result::Result<(), alloc::string::String>, fn() -> core::result::Result<(), alloc::string::String>>
[INFO] [stdout]    7: test::run_test::{closure#0}
[INFO] [stdout]    8: std::sys::backtrace::__rust_begin_short_backtrace::<test::run_test::{closure#1}, ()>
[INFO] [stdout]    9: <std::thread::lifecycle::spawn_unchecked<test::run_test::{closure#1}, ()>::{closure#1} as core::ops::function::FnOnce<()>>::call_once::{shim:vtable#0}
[INFO] [stdout]   10: <std::sys::thread::unix::Thread>::new::thread_start
[INFO] [stdout]   11: <unknown>
[INFO] [stdout]   12: clone
[INFO] [stdout] 
[INFO] [stdout] 
[INFO] [stdout] failures:
[INFO] [stdout]     tests::test_register_all
[INFO] [stdout]     tests::test_register_and_flatten_image
[INFO] [stdout]     tests::test_register_and_flatten_tf
[INFO] [stdout]     tests::test_register_battery
[INFO] [stdout]     tests::test_register_floating_point_range
[INFO] [stdout]     tests::test_register_joint_msg
[INFO] [stdout]     tests::test_register_lowstate
[INFO] [stdout] 
[INFO] [stdout] test result: FAILED. 1 passed; 7 failed; 0 ignored; 0 measured; 0 filtered out; finished in 0.01s
[INFO] [stdout] 
[INFO] [stderr] error: test failed, to rerun pass `--lib`
[INFO] running `Command { std: "docker" "inspect" "166c3d201be2b5bd5e642cfc6615bc6b9e9419f8d38ed93201bc48e9a42fd3f5", kill_on_drop: false }`
[INFO] running `Command { std: "docker" "rm" "-f" "166c3d201be2b5bd5e642cfc6615bc6b9e9419f8d38ed93201bc48e9a42fd3f5", kill_on_drop: false }`
[INFO] [stdout] 166c3d201be2b5bd5e642cfc6615bc6b9e9419f8d38ed93201bc48e9a42fd3f5
