[INFO] fetching crate ros2-client-multi-rmw 0.14.0...
[INFO] testing ros2-client-multi-rmw-0.14.0 against 1.99.0-beta.8+cargoflags=--release for beta-release-1.100-2
[INFO] extracting crate ros2-client-multi-rmw 0.14.0 into /workspace/builds/worker-2-tc1/source
[INFO] started tweaking crates.io crate ros2-client-multi-rmw 0.14.0
[INFO] removed 0 missing examples
[INFO] removed 0 missing tests
[INFO] finished tweaking crates.io crate ros2-client-multi-rmw 0.14.0
[INFO] tweaked toml for crates.io crate ros2-client-multi-rmw 0.14.0 written to /workspace/builds/worker-2-tc1/source/Cargo.toml
[INFO] validating manifest of crates.io crate ros2-client-multi-rmw 0.14.0 on toolchain 1.99.0-beta.8
[INFO] running `Command { std: CARGO_HOME="/workspace/cargo-home" RUSTUP_HOME="/workspace/rustup-home" "/workspace/cargo-home/bin/cargo" "+1.99.0-beta.8" "metadata" "--manifest-path" "Cargo.toml" "--no-deps", kill_on_drop: false }`
[INFO] crate crates.io crate ros2-client-multi-rmw 0.14.0 already has a lockfile, it will not be regenerated
[INFO] running `Command { std: CARGO_HOME="/workspace/cargo-home" RUSTUP_HOME="/workspace/rustup-home" "/workspace/cargo-home/bin/cargo" "+1.99.0-beta.8" "fetch" "--manifest-path" "Cargo.toml", kill_on_drop: false }`
[INFO] [stderr]     Updating crates.io index
[INFO] [stderr]  Downloading crates ...
[INFO] [stderr]   Downloaded zenoh-util v1.10.1
[INFO] [stderr]   Downloaded zenoh-result v1.10.1
[INFO] [stderr]   Downloaded zenoh-runtime v1.10.1
[INFO] [stderr]   Downloaded zenoh-core v1.10.1
[INFO] [stderr]   Downloaded zenoh-ext v1.10.1
[INFO] [stderr]   Downloaded zenoh-buffers v1.10.1
[INFO] [stderr]   Downloaded const_format v0.2.36
[INFO] [stderr]   Downloaded token-cell v2.1.1
[INFO] [stderr]   Downloaded zenoh-task v1.10.1
[INFO] [stderr]   Downloaded zenoh-sync v1.10.1
[INFO] [stderr]   Downloaded pnet_sys v0.35.0
[INFO] [stderr]   Downloaded pnet_base v0.35.0
[INFO] [stderr]   Downloaded konst_macro_rules v0.2.19
[INFO] [stderr]   Downloaded zenoh-collections v1.10.1
[INFO] [stderr]   Downloaded validated_struct v2.2.0
[INFO] [stderr]   Downloaded validated_struct_macros v2.2.0
[INFO] [stderr]   Downloaded keyed-set v1.1.0
[INFO] [stderr]   Downloaded unzip-n v0.1.4
[INFO] [stderr]   Downloaded zenoh-macros v1.10.1
[INFO] [stderr]   Downloaded pnet_datalink v0.35.0
[INFO] [stderr]   Downloaded no-std-net v0.6.0
[INFO] [stderr]   Downloaded zenoh-config v1.10.1
[INFO] [stderr]   Downloaded schemars_derive v1.2.3
[INFO] [stderr]   Downloaded shellexpand v3.1.2
[INFO] [stderr]   Downloaded zenoh-protocol v1.10.1
[INFO] [stderr]   Downloaded zenoh-link-commons v1.10.1
[INFO] [stderr]   Downloaded zenoh-codec v1.10.1
[INFO] [stderr]   Downloaded nonempty-collections v0.3.1
[INFO] [stderr]   Downloaded konst v0.2.20
[INFO] [stderr]   Downloaded uhlc v0.8.2
[INFO] [stderr]   Downloaded zenoh-keyexpr v1.10.1
[INFO] [stderr]   Downloaded zerocopy-derive v0.8.62
[INFO] [stderr]   Downloaded zenoh-transport v1.10.1
[INFO] [stderr]   Downloaded zerocopy v0.8.62
[INFO] [stderr]   Downloaded zenoh v1.10.1
[INFO] [stderr]   Downloaded zenoh-link v1.10.1
[INFO] [stderr]   Downloaded zenoh-link-ws v1.10.1
[INFO] [stderr]   Downloaded zenoh-link-unixsock_stream v1.10.1
[INFO] [stderr]   Downloaded tls-listener v0.11.2
[INFO] [stderr]   Downloaded zenoh-crypto v1.10.1
[INFO] [stderr]   Downloaded zenoh-link-tcp v1.10.1
[INFO] [stderr]   Downloaded zenoh-link-quic v1.10.1
[INFO] [stderr]   Downloaded crossbeam v0.8.5
[INFO] [stderr]   Downloaded zenoh-link-udp v1.10.1
[INFO] [stderr]   Downloaded zenoh-link-quic_datagram v1.10.1
[INFO] [stderr]   Downloaded zenoh-link-tls v1.10.1
[INFO] [stderr]   Downloaded ringbuffer-spsc v0.1.15
[INFO] [stderr]   Downloaded lz4_flex v0.10.0
[INFO] [stderr]   Downloaded stabby-macros v72.1.16
[INFO] [stderr]   Downloaded git-version-macro v0.3.9
[INFO] [stderr]   Downloaded zenoh-plugin-trait v1.10.1
[INFO] [stderr]   Downloaded stabby v72.1.16
[INFO] [stderr]   Downloaded git-version v0.3.9
[INFO] [stderr]   Downloaded stabby-abi v72.1.16
[INFO] [stderr]   Downloaded leb128 v0.2.7
[INFO] [stderr]   Downloaded xxhash-rust v0.8.19
[INFO] [stderr]   Downloaded smol v2.0.2
[INFO] [stderr]   Downloaded sha2-const-stable v0.1.0
[INFO] [stderr]   Downloaded serde_repr v0.1.21
[INFO] [stderr]   Downloaded x509-certificate v0.25.0
[INFO] [stderr]   Downloaded spki v0.8.1
[INFO] [stderr]   Downloaded speedy v0.8.7
[INFO] [stderr]   Downloaded speedy-derive v0.8.7
[INFO] [stderr]   Downloaded bcder v0.7.7
[INFO] [stderr]   Downloaded rustdds v0.14.3
[INFO] [stderr]   Downloaded num-derive v0.5.1
[INFO] [stderr]   Downloaded plist v1.10.1
[INFO] [stderr]   Downloaded netdev v0.45.1
[INFO] [stderr]   Downloaded quick-xml v0.42.0
[INFO] [stderr]   Downloaded objc2-core-wlan v0.3.2
[INFO] [stderr]   Downloaded objc2-security-foundation v0.3.2
[INFO] [stderr]   Downloaded mac-addr v0.3.0
[INFO] [stderr]   Downloaded netlink-sys v0.8.8
[INFO] [stderr]   Downloaded netlink-packet-core v0.8.2
[INFO] [stderr]   Downloaded mio-extras v2.0.6
[INFO] [stderr]   Downloaded md5 v0.8.1
[INFO] [stderr]   Downloaded netlink-packet-route v0.31.0
[INFO] [stderr]   Downloaded cdr-encoding-size v0.5.1
[INFO] [stderr]   Downloaded cdr-encoding-size-derive v0.5.1
[INFO] [stderr]   Downloaded cdr-encoding v0.11.0
[INFO] [stderr]   Downloaded cryptoki v0.12.1
[INFO] [stderr]   Downloaded cryptoki-sys v0.5.0
[INFO] [stderr]   Downloaded indoc v2.0.8
[INFO] [stderr]   Downloaded pretty_env_logger v0.5.0
[INFO] [stderr]   Downloaded thread-id v5.1.0
[INFO] [stderr]   Downloaded log4rs v1.4.0
[INFO] [stderr]   Downloaded compact_str v0.8.2
[INFO] [stderr]   Downloaded mock_instant v0.6.1
[INFO] [stderr]   Downloaded ctrlc v3.5.2
[INFO] [stderr]   Downloaded litrs v1.0.1
[INFO] [stderr]   Downloaded cdr-encoding v0.10.2
[INFO] [stderr]   Downloaded async-ctrlc v1.2.0
[INFO] running `Command { std: "docker" "create" "-v" "/var/lib/crater-agent-workspace/builds/worker-2-tc1/source:/opt/rustwide/workdir:ro,Z" "-v" "/var/lib/crater-agent-workspace/builds/worker-2-tc1/target:/opt/rustwide/target:rw,Z" "-v" "/var/lib/crater-agent-workspace/cargo-home:/opt/rustwide/cargo-home:ro,Z" "-v" "/var/lib/crater-agent-workspace/rustup-home:/opt/rustwide/rustup-home:ro,Z" "-m" "1610612736" "--network" "none" "ghcr.io/rust-lang/crates-build-env/linux@sha256:77db811e55d90add9212f6832c23229e3de5f1c1f9905e8cb07319ea15df73ac" "sleep" "infinity", kill_on_drop: false }`
[INFO] [stdout] 45ffb77bb878eb4137733c82041f8830c43ed987869fde7dcc46e5c5a78625cb
[INFO] running `Command { std: "docker" "start" "45ffb77bb878eb4137733c82041f8830c43ed987869fde7dcc46e5c5a78625cb", kill_on_drop: false }`
[INFO] running `Command { std: "docker" "inspect" "45ffb77bb878eb4137733c82041f8830c43ed987869fde7dcc46e5c5a78625cb", kill_on_drop: false }`
[INFO] running `Command { std: "docker" "exec" "-e" "SOURCE_DIR=/opt/rustwide/workdir" "-e" "CARGO_HOME=/opt/rustwide/cargo-home" "-e" "RUSTUP_HOME=/opt/rustwide/rustup-home" "-e" "CARGO_TARGET_DIR=/opt/rustwide/target" "-w" "/opt/rustwide/workdir" "--user" "0:0" "45ffb77bb878eb4137733c82041f8830c43ed987869fde7dcc46e5c5a78625cb" "/opt/rustwide/cargo-home/bin/cargo" "+1.99.0-beta.8" "metadata" "--no-deps" "--format-version=1", kill_on_drop: false }`
[INFO] running `Command { std: "docker" "inspect" "45ffb77bb878eb4137733c82041f8830c43ed987869fde7dcc46e5c5a78625cb", kill_on_drop: false }`
[INFO] running `Command { std: "docker" "exec" "-e" "SOURCE_DIR=/opt/rustwide/workdir" "-e" "CARGO_HOME=/opt/rustwide/cargo-home" "-e" "RUSTUP_HOME=/opt/rustwide/rustup-home" "-e" "CARGO_TARGET_DIR=/opt/rustwide/target" "-e" "CARGO_INCREMENTAL=0" "-e" "RUST_BACKTRACE=full" "-e" "RUSTFLAGS=--cap-lints=warn" "-e" "RUSTDOCFLAGS=--cap-lints=warn" "-w" "/opt/rustwide/workdir" "--user" "0:0" "45ffb77bb878eb4137733c82041f8830c43ed987869fde7dcc46e5c5a78625cb" "/opt/rustwide/cargo-home/bin/cargo" "+1.99.0-beta.8" "build" "--frozen" "--message-format=json" "--release", kill_on_drop: false }`
[INFO] [stderr]    Compiling libc v0.2.190
[INFO] [stderr]    Compiling memchr v2.8.3
[INFO] [stderr]    Compiling futures-sink v0.3.34
[INFO] [stderr]    Compiling getrandom v0.4.3
[INFO] [stderr]    Compiling syn v3.0.9
[INFO] [stderr]    Compiling syn v2.0.119
[INFO] [stderr]    Compiling memoffset v0.9.1
[INFO] [stderr]    Compiling futures-io v0.3.34
[INFO] [stderr]    Compiling cfg-if v0.1.10
[INFO] [stderr]    Compiling crossbeam-utils v0.8.23
[INFO] [stderr]    Compiling futures-task v0.3.34
[INFO] [stderr]    Compiling log v0.4.34
[INFO] [stderr]    Compiling netlink-packet-core v0.8.2
[INFO] [stderr]    Compiling nix v0.31.3
[INFO] [stderr]    Compiling chacha20 v0.10.2
[INFO] [stderr]    Compiling syn v1.0.109
[INFO] [stderr]    Compiling futures-channel v0.3.34
[INFO] [stderr]    Compiling netdev v0.45.1
[INFO] [stderr]    Compiling event-listener v5.4.2
[INFO] [stderr]    Compiling block-buffer v0.10.4
[INFO] [stderr]    Compiling crypto-common v0.1.7
[INFO] [stderr]    Compiling mac-addr v0.3.0
[INFO] [stderr]    Compiling regex-syntax v0.8.11
[INFO] [stderr]    Compiling lazycell v1.3.0
[INFO] [stderr]    Compiling byteorder v1.5.0
[INFO] [stderr]    Compiling digest v0.10.7
[INFO] [stderr]    Compiling bit-vec v0.10.1
[INFO] [stderr]    Compiling md5 v0.8.1
[INFO] [stderr]    Compiling event-listener-strategy v0.5.4
[INFO] [stderr]    Compiling itertools v0.14.0
[INFO] [stderr]    Compiling clap v4.6.7
[INFO] [stderr]    Compiling pin-utils v0.1.1
[INFO] [stderr]    Compiling xxhash-rust v0.8.19
[INFO] [stderr]    Compiling widestring v1.2.1
[INFO] [stderr]    Compiling sha2 v0.10.9
[INFO] [stderr]    Compiling concurrent-queue v2.5.0
[INFO] [stderr]    Compiling aho-corasick v1.1.5
[INFO] [stderr]    Compiling nom v8.0.0
[INFO] [stderr]    Compiling async-channel v2.5.0
[INFO] [stderr]    Compiling regex-automata v0.4.18
[INFO] [stderr]    Compiling cdr-encoding-size-derive v0.5.1
[INFO] [stderr]    Compiling cdr-encoding-size v0.5.1
[INFO] [stderr]    Compiling net2 v0.2.39
[INFO] [stderr]    Compiling iovec v0.1.4
[INFO] [stderr]    Compiling netlink-packet-route v0.31.0
[INFO] [stderr]    Compiling mio v0.6.23
[INFO] [stderr]    Compiling socket2 v0.6.5
[INFO] [stderr]    Compiling rand v0.10.3
[INFO] [stderr]    Compiling mio-extras v2.0.6
[INFO] [stderr]    Compiling uuid v1.28.0
[INFO] [stderr]    Compiling serde_derive v1.0.229
[INFO] [stderr]    Compiling futures-macro v0.3.34
[INFO] [stderr]    Compiling serde_repr v0.1.21
[INFO] [stderr]    Compiling thiserror-impl v2.0.21
[INFO] [stderr]    Compiling num-derive v0.5.1
[INFO] [stderr]    Compiling futures-util v0.3.34
[INFO] [stderr]    Compiling thiserror-impl v1.0.69
[INFO] [stderr]    Compiling enumflags2_derive v0.7.12
[INFO] [stderr]    Compiling speedy-derive v0.8.7
[INFO] [stderr]    Compiling tracing-attributes v0.1.31
[INFO] [stderr]    Compiling tracing v0.1.44
[INFO] [stderr]    Compiling thiserror v2.0.21
[INFO] [stderr]    Compiling thiserror v1.0.69
[INFO] [stderr]    Compiling speedy v0.8.7
[INFO] [stderr]    Compiling serde v1.0.229
[INFO] [stderr]    Compiling bstr v1.13.1
[INFO] [stderr]    Compiling bytes v1.12.1
[INFO] [stderr]    Compiling enumflags2 v0.7.12
[INFO] [stderr]    Compiling cdr-encoding v0.11.0
[INFO] [stderr]    Compiling chrono v0.4.45
[INFO] [stderr]    Compiling netlink-sys v0.8.8
[INFO] [stderr]    Compiling futures-executor v0.3.34
[INFO] [stderr]    Compiling futures v0.3.34
[INFO] [stderr]    Compiling rustdds v0.14.3
[INFO] [stderr]    Compiling ros2-client-multi-rmw v0.14.0 (/opt/rustwide/workdir)
[INFO] [stderr]     Finished `release` profile [optimized] target(s) in 1m 37s
[INFO] running `Command { std: "docker" "inspect" "45ffb77bb878eb4137733c82041f8830c43ed987869fde7dcc46e5c5a78625cb", kill_on_drop: false }`
[INFO] running `Command { std: "docker" "exec" "-e" "SOURCE_DIR=/opt/rustwide/workdir" "-e" "CARGO_HOME=/opt/rustwide/cargo-home" "-e" "RUSTUP_HOME=/opt/rustwide/rustup-home" "-e" "CARGO_TARGET_DIR=/opt/rustwide/target" "-e" "CARGO_INCREMENTAL=0" "-e" "RUST_BACKTRACE=full" "-e" "RUSTFLAGS=--cap-lints=warn" "-e" "RUSTDOCFLAGS=--cap-lints=warn" "-w" "/opt/rustwide/workdir" "--user" "0:0" "45ffb77bb878eb4137733c82041f8830c43ed987869fde7dcc46e5c5a78625cb" "/opt/rustwide/cargo-home/bin/cargo" "+1.99.0-beta.8" "test" "--frozen" "--no-run" "--message-format=json" "--release", kill_on_drop: false }`
[INFO] [stderr]    Compiling rustix v1.1.5
[INFO] [stderr]    Compiling futures-lite v2.6.1
[INFO] [stderr]    Compiling linux-raw-sys v0.12.1
[INFO] [stderr]    Compiling errno v0.3.14
[INFO] [stderr]    Compiling async-io v2.6.0
[INFO] [stderr]    Compiling async-task v4.7.1
[INFO] [stderr]    Compiling zerocopy v0.8.62
[INFO] [stderr]    Compiling parking_lot_core v0.9.12
[INFO] [stderr]    Compiling darling_core v0.24.1
[INFO] [stderr]    Compiling piper v0.2.5
[INFO] [stderr]    Compiling getrandom v0.3.4
[INFO] [stderr]    Compiling mio v1.2.4
[INFO] [stderr]    Compiling rustix v0.38.44
[INFO] [stderr]    Compiling derive_more-impl v2.1.1
[INFO] [stderr]    Compiling async-lock v3.4.2
[INFO] [stderr]    Compiling serde_json v1.0.154
[INFO] [stderr]    Compiling signal-hook-registry v1.4.8
[INFO] [stderr]    Compiling humantime v2.4.0
[INFO] [stderr]    Compiling destructure_traitobject v0.2.0
[INFO] [stderr]    Compiling linux-raw-sys v0.4.15
[INFO] [stderr]    Compiling parking_lot v0.12.5
[INFO] [stderr]    Compiling test-case-core v3.4.0
[INFO] [stderr]    Compiling signal-hook v0.3.18
[INFO] [stderr]    Compiling rand_core v0.9.5
[INFO] [stderr]    Compiling unsafe-any-ors v1.0.0
[INFO] [stderr]    Compiling hashbrown v0.15.5
[INFO] [stderr]    Compiling strum_macros v0.26.4
[INFO] [stderr]    Compiling indexmap v2.14.2
[INFO] [stderr]    Compiling signal-hook-mio v0.2.5
[INFO] [stderr]    Compiling itertools v0.13.0
[INFO] [stderr]    Compiling regex v1.13.1
[INFO] [stderr]    Compiling ordered-float v2.10.1
[INFO] [stderr]    Compiling castaway v0.2.4
[INFO] [stderr]    Compiling is-terminal v0.4.17
[INFO] [stderr]    Compiling indoc v2.0.8
[INFO] [stderr]    Compiling termcolor v1.4.1
[INFO] [stderr]    Compiling litrs v1.0.1
[INFO] [stderr]    Compiling test-case-macros v3.4.0
[INFO] [stderr]    Compiling serde-value v0.7.0
[INFO] [stderr]    Compiling blocking v1.7.0
[INFO] [stderr]    Compiling async-executor v1.14.0
[INFO] [stderr]    Compiling env_logger v0.10.2
[INFO] [stderr]    Compiling derive_more v2.1.1
[INFO] [stderr]    Compiling crossterm v0.28.1
[INFO] [stderr]    Compiling lru v0.12.5
[INFO] [stderr]    Compiling async-fs v2.2.0
[INFO] [stderr]    Compiling compact_str v0.8.2
[INFO] [stderr]    Compiling serde_yaml v0.9.34+deprecated
[INFO] [stderr]    Compiling document-features v0.2.12
[INFO] [stderr]    Compiling typemap-ors v1.0.0
[INFO] [stderr]    Compiling ctrlc v3.5.2
[INFO] [stderr]    Compiling arc-swap v1.9.2
[INFO] [stderr]    Compiling thread-id v5.1.0
[INFO] [stderr]    Compiling tokio-macros v2.7.2
[INFO] [stderr]    Compiling log-mdc v0.1.0
[INFO] [stderr]    Compiling mock_instant v0.6.1
[INFO] [stderr]    Compiling unicode-width v0.2.0
[INFO] [stderr]    Compiling async-ctrlc v1.2.0
[INFO] [stderr]    Compiling pretty_env_logger v0.5.0
[INFO] [stderr]    Compiling test-case v3.4.0
[INFO] [stderr]    Compiling strum v0.26.3
[INFO] [stderr]    Compiling tokio v1.53.2
[INFO] [stderr]    Compiling darling_macro v0.24.1
[INFO] [stderr]    Compiling unicode-truncate v1.1.0
[INFO] [stderr]    Compiling darling v0.24.1
[INFO] [stderr]    Compiling instability v0.3.14
[INFO] [stderr]    Compiling ratatui v0.29.0
[INFO] [stderr]    Compiling ppv-lite86 v0.2.21
[INFO] [stderr]    Compiling rand_chacha v0.9.0
[INFO] [stderr]    Compiling rand v0.9.5
[INFO] [stderr]    Compiling polling v3.11.0
[INFO] [stderr]    Compiling crossterm v0.29.0
[INFO] [stderr]    Compiling log4rs v1.4.0
[INFO] [stderr]    Compiling async-signal v0.2.14
[INFO] [stderr]    Compiling async-net v2.0.0
[INFO] [stderr]    Compiling async-process v2.5.0
[INFO] [stderr]    Compiling smol v2.0.2
[INFO] [stderr]    Compiling ros2-client-multi-rmw v0.14.0 (/opt/rustwide/workdir)
[INFO] [stdout] warning: panic message contains an unused formatting placeholder
[INFO] [stdout]    --> src/zenoh_backend/type_hash.rs:145:48
[INFO] [stdout]     |
[INFO] [stdout] 145 |       assert!(known_type_hash(dds).is_some(), "{dds} should be known");
[INFO] [stdout]     |                                                ^^^^^
[INFO] [stdout]     |
[INFO] [stdout]     = note: this message is not used as a format string when given without arguments, but will be in Rust 2021
[INFO] [stdout]     = note: for more information, see <https://doc.rust-lang.org/edition-guide/rust-2021/panic-macro-consistency.html>
[INFO] [stdout]     = note: `#[warn(non_fmt_panics)]` (part of `#[warn(rust_2021_compatibility)]`) on by default
[INFO] [stdout] help: add the missing argument
[INFO] [stdout]     |
[INFO] [stdout] 145 |       assert!(known_type_hash(dds).is_some(), "{dds} should be known", ...);
[INFO] [stdout]     |                                                                      +++++
[INFO] [stdout] help: or add a "{}" format string to use the message literally
[INFO] [stdout]     |
[INFO] [stdout] 145 |       assert!(known_type_hash(dds).is_some(), "{}", "{dds} should be known");
[INFO] [stdout]     |                                               +++++
[INFO] [stdout] 
[INFO] [stdout] 
[INFO] [stderr]     Finished `release` profile [optimized] target(s) in 2m 27s
[INFO] running `Command { std: "docker" "inspect" "45ffb77bb878eb4137733c82041f8830c43ed987869fde7dcc46e5c5a78625cb", kill_on_drop: false }`
[INFO] running `Command { std: "docker" "exec" "-e" "SOURCE_DIR=/opt/rustwide/workdir" "-e" "CARGO_HOME=/opt/rustwide/cargo-home" "-e" "RUSTUP_HOME=/opt/rustwide/rustup-home" "-e" "CARGO_TARGET_DIR=/opt/rustwide/target" "-e" "CARGO_INCREMENTAL=0" "-e" "RUST_BACKTRACE=full" "-e" "RUSTFLAGS=--cap-lints=warn" "-e" "RUSTDOCFLAGS=--cap-lints=warn" "-w" "/opt/rustwide/workdir" "--user" "0:0" "45ffb77bb878eb4137733c82041f8830c43ed987869fde7dcc46e5c5a78625cb" "/opt/rustwide/cargo-home/bin/cargo" "+1.99.0-beta.8" "test" "--frozen" "--release", kill_on_drop: false }`
[INFO] [stderr] warning: panic message contains an unused formatting placeholder
[INFO] [stderr]    --> src/zenoh_backend/type_hash.rs:145:48
[INFO] [stderr]     |
[INFO] [stderr] 145 |       assert!(known_type_hash(dds).is_some(), "{dds} should be known");
[INFO] [stderr]     |                                                ^^^^^
[INFO] [stderr]     |
[INFO] [stderr]     = note: this message is not used as a format string when given without arguments, but will be in Rust 2021
[INFO] [stderr]     = note: for more information, see <https://doc.rust-lang.org/edition-guide/rust-2021/panic-macro-consistency.html>
[INFO] [stderr]     = note: `#[warn(non_fmt_panics)]` (part of `#[warn(rust_2021_compatibility)]`) on by default
[INFO] [stderr] help: add the missing argument
[INFO] [stderr]     |
[INFO] [stderr] 145 |       assert!(known_type_hash(dds).is_some(), "{dds} should be known", ...);
[INFO] [stderr]     |                                                                      +++++
[INFO] [stderr] help: or add a "{}" format string to use the message literally
[INFO] [stderr]     |
[INFO] [stderr] 145 |       assert!(known_type_hash(dds).is_some(), "{}", "{dds} should be known");
[INFO] [stderr]     |                                               +++++
[INFO] [stderr] 
[INFO] [stderr] warning: `ros2-client-multi-rmw` (lib test) generated 1 warning (run `cargo fix --lib -p ros2-client-multi-rmw --tests` to apply 1 suggestion)
[INFO] [stderr]     Finished `release` profile [optimized] target(s) in 0.49s
[INFO] [stderr]      Running unittests src/lib.rs (/opt/rustwide/target/release/deps/ros2_client-9dc453570630c832)
[INFO] [stdout] 
[INFO] [stdout] running 39 tests
[INFO] [stdout] test action::raw_server::tests::malformed_encapsulations_are_rejected ... ok
[INFO] [stdout] test action::raw_server::tests::standalone_cdr_round_trips_the_fixed_action_types ... ok
[INFO] [stdout] test qos::tests::roundtrips_through_rustdds ... ok
[INFO] [stdout] test qos::tests::builder_setters ... ok
[INFO] [stdout] test qos::tests::defaults_match_intent ... ok
[INFO] [stdout] test builtin_interfaces::test::repr_conversion ... ok
[INFO] [stdout] test node::tests::a_match_whose_event_was_dropped_still_resolves_the_wait ... ok
[INFO] [stdout] test names::test_name ... ok
[INFO] [stdout] test zenoh_backend::gid::tests::deterministic_and_16_bytes ... ok
[INFO] [stdout] test zenoh_backend::keyexpr::tests::entity_kind_codes ... ok
[INFO] [stdout] test zenoh_backend::gid::tests::hex_rendering ... ok
[INFO] [stdout] test zenoh_backend::keyexpr::tests::parse_rejects_non_tokens ... ok
[INFO] [stdout] test zenoh_backend::keyexpr::tests::parse_node_token ... ok
[INFO] [stdout] test zenoh_backend::keyexpr::tests::graph_cache_key ... ok
[INFO] [stdout] test zenoh_backend::keyexpr::tests::mangling_roundtrips_and_handles_empty ... ok
[INFO] [stdout] test names::test_name_parse ... ok
[INFO] [stdout] test zenoh_backend::qos_encoding::tests::rejects_malformed ... ok
[INFO] [stdout] test zenoh_backend::keyexpr::tests::subscription_liveliness_key_matches_example ... ok
[INFO] [stdout] test zenoh_backend::keyexpr::tests::topic_key_matches_rmw_zenoh_examples ... ok
[INFO] [stdout] test zenoh_backend::qos_encoding::tests::decode_examples ... ok
[INFO] [stdout] test zenoh_backend::qos_encoding::tests::round_trips ... ok
[INFO] [stdout] test ros_time::test::conversion ... ok
[INFO] [stdout] test zenoh_backend::keyexpr::tests::parse_entity_token_roundtrip ... ok
[INFO] [stdout] test zenoh_backend::graph_cache::tests::tracks_entities_and_counts ... ok
[INFO] [stdout] test zenoh_backend::keyexpr::tests::node_liveliness_key_matches_example ... ok
[INFO] [stdout] test zenoh_backend::qos_encoding::tests::matches_rmw_zenoh_examples ... ok
[INFO] [stdout] test zenoh_backend::gid::tests::byte_layout_is_low64_then_high64_le ... ok
[INFO] [stdout] test zenoh_backend::type_description::tests::add_two_ints_service_hash_matches ... ok
[INFO] [stdout] test zenoh_backend::graph_cache::tests::emits_declared_and_undeclared_events ... ok
[INFO] [stdout] test zenoh_backend::type_description::tests::std_msgs_string_hash_matches ... ok
[INFO] [stdout] test zenoh_backend::type_description::tests::field_type_offsets ... ok
[INFO] [stdout] test zenoh_backend::type_hash::tests::std_msgs_scalars_have_computed_hashes ... ok
[INFO] [stdout] test zenoh_backend::type_hash::tests::known_hashes_present ... ok
[INFO] [stdout] test zenoh_backend::type_hash::tests::unknown_sender_uses_concrete_placeholder ... ok
[INFO] [stdout] test rosout::tests::log_across_threads ... ok
[INFO] [stdout] test context::test_node_create ... ok
[INFO] [stdout] test rosout::tests::new_namespace::logging_works_without_import ... ok
[INFO] [stdout] test node::tests::node_is_sync ... ok
[INFO] [stdout] test rosout::tests::new_namespace::logging_handle_works_without_import ... ok
[INFO] [stdout] 
[INFO] [stdout] test result: ok. 39 passed; 0 failed; 0 ignored; 0 measured; 0 filtered out; finished in 0.06s
[INFO] [stdout] 
[INFO] [stderr]      Running unittests src/bin/msggen/main.rs (/opt/rustwide/target/release/deps/msggen-37d5857a54436d85)
[INFO] [stdout] 
[INFO] [stdout] running 4 tests
[INFO] [stdout] test parser::comment_test ... ok
[INFO] [stdout] test parser::item_test ... ok
[INFO] [stderr]      Running tests/late_joiner.rs (/opt/rustwide/target/release/deps/late_joiner-dddb16c29abcc3f0)
[INFO] [stdout] test parser::definition_test ... ok
[INFO] [stdout] test parser::spec_test ... ok
[INFO] [stdout] 
[INFO] [stdout] test result: ok. 4 passed; 0 failed; 0 ignored; 0 measured; 0 filtered out; finished in 0.00s
[INFO] [stdout] 
[INFO] [stdout] 
[INFO] [stdout] running 1 test
[INFO] [stdout] test late_joiner ... FAILED
[INFO] [stdout] 
[INFO] [stdout] failures:
[INFO] [stdout] 
[INFO] [stdout] ---- late_joiner stdout ----
[INFO] [stdout] Publish 0
[INFO] [stdout] Waiting to subscribe...
[INFO] [stdout] Publish 1
[INFO] [stdout] Publish 2
[INFO] [stdout] Publish 3
[INFO] [stdout] Publish 4
[INFO] [stdout] Subscribing
[INFO] [stdout] Waiting for data
[INFO] [stdout] 
[INFO] [stdout] thread 'late_joiner' (4119) panicked at tests/late_joiner.rs:103:4:
[INFO] [stdout] Test timed out!: Elapsed(())
[INFO] [stdout] stack backtrace:
[INFO] [stdout]    0:     0x6138b694cb31 - <<std[70759c8f55707aa4]::sys::backtrace::BacktraceLock>::print::DisplayBacktrace as core[df12db4294e9bfd3]::fmt::Display>::fmt
[INFO] [stdout]    1:     0x6138b696292a - core[df12db4294e9bfd3]::fmt::write
[INFO] [stdout]    2:     0x6138b69515bc - <alloc[2182bb758b4b3781]::vec::Vec<u8> as core[df12db4294e9bfd3]::io::write::Write>::write_fmt
[INFO] [stdout]    3:     0x6138b6927966 - std[70759c8f55707aa4]::panicking::default_hook::{closure#0}
[INFO] [stdout]    4:     0x6138b6944749 - std[70759c8f55707aa4]::panicking::default_hook
[INFO] [stdout]    5:     0x6138b6651e40 - test[9d35eded1c95d3be]::test_main_inner::<test[9d35eded1c95d3be]::test_main_static::{closure#0}>::{closure#0}
[INFO] [stdout]    6:     0x6138b6944a72 - std[70759c8f55707aa4]::panicking::panic_with_hook
[INFO] [stdout]    7:     0x6138b6927a12 - std[70759c8f55707aa4]::panicking::panic_handler::{closure#0}
[INFO] [stdout]    8:     0x6138b6920539 - std[70759c8f55707aa4]::sys::backtrace::__rust_end_short_backtrace::<std[70759c8f55707aa4]::panicking::panic_handler::{closure#0}, !>
[INFO] [stdout]    9:     0x6138b692860d - __rustc[8fa7c3cbc660c2b3]::rust_begin_unwind
[INFO] [stdout]   10:     0x6138b696308c - core[df12db4294e9bfd3]::panicking::panic_fmt
[INFO] [stdout]   11:     0x6138b6962e62 - core[df12db4294e9bfd3]::result::unwrap_failed
[INFO] [stdout]   12:     0x6138b65f0397 - <core[df12db4294e9bfd3]::pin::Pin<&mut late_joiner[423d4d99493c590e]::make_subscriber::{closure#0}> as core[df12db4294e9bfd3]::future::future::Future>::poll
[INFO] [stdout]   13:     0x6138b661cc2b - <futures_util[43d81af744f9cb08]::future::join::Join<core[df12db4294e9bfd3]::pin::Pin<&mut late_joiner[423d4d99493c590e]::make_publisher::{closure#0}>, core[df12db4294e9bfd3]::pin::Pin<&mut late_joiner[423d4d99493c590e]::make_subscriber::{closure#0}>> as core[df12db4294e9bfd3]::future::future::Future>::poll
[INFO] [stdout]   14:     0x6138b6616963 - late_joiner[423d4d99493c590e]::late_joiner::{closure#0}
[INFO] [stdout]   15:     0x6138b66132e3 - <tokio[6d585a6a1a325563]::runtime::scheduler::current_thread::Context>::enter::<core[df12db4294e9bfd3]::task::poll::Poll<()>, <tokio[6d585a6a1a325563]::runtime::scheduler::current_thread::CoreGuard>::block_on<core[df12db4294e9bfd3]::pin::Pin<&mut core[df12db4294e9bfd3]::pin::Pin<&mut dyn core[df12db4294e9bfd3]::future::future::Future<Output = ()>>>>::{closure#0}::{closure#0}>
[INFO] [stdout]   16:     0x6138b661f02c - <tokio[6d585a6a1a325563]::runtime::context::scoped::Scoped<tokio[6d585a6a1a325563]::runtime::scheduler::Context>>::set::<<tokio[6d585a6a1a325563]::runtime::scheduler::current_thread::CoreGuard>::enter<<tokio[6d585a6a1a325563]::runtime::scheduler::current_thread::CoreGuard>::block_on<core[df12db4294e9bfd3]::pin::Pin<&mut core[df12db4294e9bfd3]::pin::Pin<&mut dyn core[df12db4294e9bfd3]::future::future::Future<Output = ()>>>>::{closure#0}, core[df12db4294e9bfd3]::option::Option<()>>::{closure#0}, (alloc[2182bb758b4b3781]::boxed::Box<tokio[6d585a6a1a325563]::runtime::scheduler::current_thread::Core>, core[df12db4294e9bfd3]::option::Option<()>)>
[INFO] [stdout]   17:     0x6138b6612e1b - <tokio[6d585a6a1a325563]::runtime::scheduler::current_thread::CurrentThread>::block_on::<core[df12db4294e9bfd3]::pin::Pin<&mut dyn core[df12db4294e9bfd3]::future::future::Future<Output = ()>>>
[INFO] [stdout]   18:     0x6138b6603f72 - <tokio[6d585a6a1a325563]::runtime::runtime::Runtime>::block_on::<core[df12db4294e9bfd3]::pin::Pin<&mut dyn core[df12db4294e9bfd3]::future::future::Future<Output = ()>>>
[INFO] [stdout]   19:     0x6138b66183dc - <late_joiner[423d4d99493c590e]::late_joiner::{closure#0} as core[df12db4294e9bfd3]::ops::function::FnOnce<()>>::call_once
[INFO] [stdout]   20:     0x6138b664512b - test[9d35eded1c95d3be]::__rust_begin_short_backtrace::<core[df12db4294e9bfd3]::result::Result<(), alloc[2182bb758b4b3781]::string::String>, fn() -> core[df12db4294e9bfd3]::result::Result<(), alloc[2182bb758b4b3781]::string::String>>
[INFO] [stdout]   21:     0x6138b6652795 - test[9d35eded1c95d3be]::run_test::{closure#0}
[INFO] [stdout]   22:     0x6138b664c054 - std[70759c8f55707aa4]::sys::backtrace::__rust_begin_short_backtrace::<test[9d35eded1c95d3be]::run_test::{closure#1}, ()>
[INFO] [stdout]   23:     0x6138b66558f2 - <std[70759c8f55707aa4]::thread::lifecycle::spawn_unchecked<test[9d35eded1c95d3be]::run_test::{closure#1}, ()>::{closure#1} as core[df12db4294e9bfd3]::ops::function::FnOnce<()>>::call_once::{shim:vtable#0}
[INFO] [stdout]   24:     0x6138b694c059 - <std[70759c8f55707aa4]::sys::thread::unix::Thread>::new::thread_start
[INFO] [stdout]   25:     0x70d86bb4bdfa - <unknown>
[INFO] [stdout]   26:     0x70d86bbdf3d4 - clone
[INFO] [stdout]   27:                0x0 - <unknown>
[INFO] [stdout] 
[INFO] [stdout] 
[INFO] [stdout] failures:
[INFO] [stdout]     late_joiner
[INFO] [stdout] 
[INFO] [stdout] test result: FAILED. 0 passed; 1 failed; 0 ignored; 0 measured; 0 filtered out; finished in 10.07s
[INFO] [stdout] 
[INFO] [stderr] error: test failed, to rerun pass `--test late_joiner`
[INFO] running `Command { std: "docker" "inspect" "45ffb77bb878eb4137733c82041f8830c43ed987869fde7dcc46e5c5a78625cb", kill_on_drop: false }`
[INFO] running `Command { std: "docker" "rm" "-f" "45ffb77bb878eb4137733c82041f8830c43ed987869fde7dcc46e5c5a78625cb", kill_on_drop: false }`
[INFO] [stdout] 45ffb77bb878eb4137733c82041f8830c43ed987869fde7dcc46e5c5a78625cb
