[INFO] fetching crate ros-madair-handlers 0.1.0-alpha.24...
[INFO] testing ros-madair-handlers-0.1.0-alpha.24 against 1.99.0-beta.8+cargoflags=--release for beta-release-1.100-2
[INFO] extracting crate ros-madair-handlers 0.1.0-alpha.24 into /workspace/builds/worker-2-tc1/source
[INFO] started tweaking crates.io crate ros-madair-handlers 0.1.0-alpha.24
[INFO] finished tweaking crates.io crate ros-madair-handlers 0.1.0-alpha.24
[INFO] tweaked toml for crates.io crate ros-madair-handlers 0.1.0-alpha.24 written to /workspace/builds/worker-2-tc1/source/Cargo.toml
[INFO] validating manifest of crates.io crate ros-madair-handlers 0.1.0-alpha.24 on toolchain 1.99.0-beta.8
[INFO] running `Command { std: CARGO_HOME="/workspace/cargo-home" RUSTUP_HOME="/workspace/rustup-home" "/workspace/cargo-home/bin/cargo" "+1.99.0-beta.8" "metadata" "--manifest-path" "Cargo.toml" "--no-deps", kill_on_drop: false }`
[INFO] crate crates.io crate ros-madair-handlers 0.1.0-alpha.24 already has a lockfile, it will not be regenerated
[INFO] running `Command { std: CARGO_HOME="/workspace/cargo-home" RUSTUP_HOME="/workspace/rustup-home" "/workspace/cargo-home/bin/cargo" "+1.99.0-beta.8" "fetch" "--manifest-path" "Cargo.toml", kill_on_drop: false }`
[INFO] [stderr]     Updating crates.io index
[INFO] [stderr]  Downloading crates ...
[INFO] [stderr]   Downloaded oxilangtag v0.1.5
[INFO] [stderr]   Downloaded alizarin-extension-api v2.0.0-beta.9
[INFO] [stderr]   Downloaded rio_api v0.8.6
[INFO] [stderr]   Downloaded rio_xml v0.8.6
[INFO] [stderr]   Downloaded alizarin-clm-core v2.0.0-beta.9
[INFO] [stderr]   Downloaded alizarin-core v2.0.0-beta.9
[INFO] running `Command { std: "docker" "create" "-v" "/var/lib/crater-agent-workspace/builds/worker-2-tc1/source:/opt/rustwide/workdir:ro,Z" "-v" "/var/lib/crater-agent-workspace/builds/worker-2-tc1/target:/opt/rustwide/target:rw,Z" "-v" "/var/lib/crater-agent-workspace/cargo-home:/opt/rustwide/cargo-home:ro,Z" "-v" "/var/lib/crater-agent-workspace/rustup-home:/opt/rustwide/rustup-home:ro,Z" "-m" "1610612736" "--network" "none" "ghcr.io/rust-lang/crates-build-env/linux@sha256:77db811e55d90add9212f6832c23229e3de5f1c1f9905e8cb07319ea15df73ac" "sleep" "infinity", kill_on_drop: false }`
[INFO] [stdout] 1171b2ed226535d894d527e0c8bd907a0cef2493d842ef5a28f254900e54d1bb
[INFO] running `Command { std: "docker" "start" "1171b2ed226535d894d527e0c8bd907a0cef2493d842ef5a28f254900e54d1bb", kill_on_drop: false }`
[INFO] running `Command { std: "docker" "inspect" "1171b2ed226535d894d527e0c8bd907a0cef2493d842ef5a28f254900e54d1bb", kill_on_drop: false }`
[INFO] running `Command { std: "docker" "exec" "-e" "SOURCE_DIR=/opt/rustwide/workdir" "-e" "CARGO_HOME=/opt/rustwide/cargo-home" "-e" "RUSTUP_HOME=/opt/rustwide/rustup-home" "-e" "CARGO_TARGET_DIR=/opt/rustwide/target" "-w" "/opt/rustwide/workdir" "--user" "0:0" "1171b2ed226535d894d527e0c8bd907a0cef2493d842ef5a28f254900e54d1bb" "/opt/rustwide/cargo-home/bin/cargo" "+1.99.0-beta.8" "metadata" "--no-deps" "--format-version=1", kill_on_drop: false }`
[INFO] running `Command { std: "docker" "inspect" "1171b2ed226535d894d527e0c8bd907a0cef2493d842ef5a28f254900e54d1bb", kill_on_drop: false }`
[INFO] running `Command { std: "docker" "exec" "-e" "SOURCE_DIR=/opt/rustwide/workdir" "-e" "CARGO_HOME=/opt/rustwide/cargo-home" "-e" "RUSTUP_HOME=/opt/rustwide/rustup-home" "-e" "CARGO_TARGET_DIR=/opt/rustwide/target" "-e" "CARGO_INCREMENTAL=0" "-e" "RUST_BACKTRACE=full" "-e" "RUSTFLAGS=--cap-lints=warn" "-e" "RUSTDOCFLAGS=--cap-lints=warn" "-w" "/opt/rustwide/workdir" "--user" "0:0" "1171b2ed226535d894d527e0c8bd907a0cef2493d842ef5a28f254900e54d1bb" "/opt/rustwide/cargo-home/bin/cargo" "+1.99.0-beta.8" "build" "--frozen" "--message-format=json" "--release", kill_on_drop: false }`
[INFO] [stderr]    Compiling quote v1.0.45
[INFO] [stderr]    Compiling rio_api v0.8.6
[INFO] [stderr]    Compiling rio_xml v0.8.6
[INFO] [stderr]    Compiling csv-core v0.1.13
[INFO] [stderr]    Compiling quick-xml v0.36.2
[INFO] [stderr]    Compiling sha1_smol v1.0.1
[INFO] [stderr]    Compiling oxiri v0.2.11
[INFO] [stderr]    Compiling oxilangtag v0.1.5
[INFO] [stderr]    Compiling ahash v0.8.12
[INFO] [stderr]    Compiling getrandom v0.2.17
[INFO] [stderr]    Compiling serde_json v1.0.149
[INFO] [stderr]    Compiling regex-automata v0.4.14
[INFO] [stderr]    Compiling ros-madair-handlers v0.1.0-alpha.24 (/opt/rustwide/workdir)
[INFO] [stderr]    Compiling rmp v0.8.15
[INFO] [stderr]    Compiling chrono v0.4.45
[INFO] [stderr]    Compiling csv v1.4.0
[INFO] [stderr]    Compiling uuid v1.6.1
[INFO] [stderr] warning: ros-madair-handlers@0.1.0-alpha.24: ros-madair-handlers: could not determine alizarin-clm-core version
[INFO] [stderr]    Compiling syn v2.0.117
[INFO] [stderr]    Compiling regex v1.12.3
[INFO] [stderr]    Compiling serde_derive v1.0.228
[INFO] [stderr]    Compiling serde v1.0.228
[INFO] [stderr]    Compiling hashbrown v0.14.5
[INFO] [stderr]    Compiling rmp-serde v1.3.1
[INFO] [stderr]    Compiling alizarin-extension-api v2.0.0-beta.9
[INFO] [stderr]    Compiling lasso v0.7.3
[INFO] [stderr]    Compiling alizarin-core v2.0.0-beta.9
[INFO] [stderr]    Compiling alizarin-clm-core v2.0.0-beta.9
[INFO] [stderr]     Finished `release` profile [optimized] target(s) in 1m 07s
[INFO] running `Command { std: "docker" "inspect" "1171b2ed226535d894d527e0c8bd907a0cef2493d842ef5a28f254900e54d1bb", kill_on_drop: false }`
[INFO] running `Command { std: "docker" "exec" "-e" "SOURCE_DIR=/opt/rustwide/workdir" "-e" "CARGO_HOME=/opt/rustwide/cargo-home" "-e" "RUSTUP_HOME=/opt/rustwide/rustup-home" "-e" "CARGO_TARGET_DIR=/opt/rustwide/target" "-e" "CARGO_INCREMENTAL=0" "-e" "RUST_BACKTRACE=full" "-e" "RUSTFLAGS=--cap-lints=warn" "-e" "RUSTDOCFLAGS=--cap-lints=warn" "-w" "/opt/rustwide/workdir" "--user" "0:0" "1171b2ed226535d894d527e0c8bd907a0cef2493d842ef5a28f254900e54d1bb" "/opt/rustwide/cargo-home/bin/cargo" "+1.99.0-beta.8" "test" "--frozen" "--no-run" "--message-format=json" "--release", kill_on_drop: false }`
[INFO] [stderr] warning: ros-madair-handlers@0.1.0-alpha.24: ros-madair-handlers: could not determine alizarin-clm-core version
[INFO] [stderr]    Compiling ros-madair-handlers v0.1.0-alpha.24 (/opt/rustwide/workdir)
[INFO] [stderr]     Finished `release` profile [optimized] target(s) in 1.28s
[INFO] running `Command { std: "docker" "inspect" "1171b2ed226535d894d527e0c8bd907a0cef2493d842ef5a28f254900e54d1bb", kill_on_drop: false }`
[INFO] running `Command { std: "docker" "exec" "-e" "SOURCE_DIR=/opt/rustwide/workdir" "-e" "CARGO_HOME=/opt/rustwide/cargo-home" "-e" "RUSTUP_HOME=/opt/rustwide/rustup-home" "-e" "CARGO_TARGET_DIR=/opt/rustwide/target" "-e" "CARGO_INCREMENTAL=0" "-e" "RUST_BACKTRACE=full" "-e" "RUSTFLAGS=--cap-lints=warn" "-e" "RUSTDOCFLAGS=--cap-lints=warn" "-w" "/opt/rustwide/workdir" "--user" "0:0" "1171b2ed226535d894d527e0c8bd907a0cef2493d842ef5a28f254900e54d1bb" "/opt/rustwide/cargo-home/bin/cargo" "+1.99.0-beta.8" "test" "--frozen" "--release", kill_on_drop: false }`
[INFO] [stderr] warning: ros-madair-handlers@0.1.0-alpha.24: ros-madair-handlers: could not determine alizarin-clm-core version
[INFO] [stderr]     Finished `release` profile [optimized] target(s) in 0.06s
[INFO] [stderr]      Running unittests src/lib.rs (/opt/rustwide/target/release/deps/ros_madair_handlers-49acd721932cedcc)
[INFO] [stdout] 
[INFO] [stdout] running 7 tests
[INFO] [stdout] test tests::describe_registry_round_trips_the_default ... ok
[INFO] [stdout] test tests::number_node_is_ordered_on_null_probe_and_keys_the_value ... ok
[INFO] [stdout] test tests::number_scale_reads_config_else_default ... ok
[INFO] [stdout] test tests::declared_handlers_match_the_default_registry ... ok
[INFO] [stdout] test tests::number_quantizes_fixed_point_and_preserves_order ... ok
[INFO] [stdout] test tests::version_is_real ... FAILED
[INFO] [stdout] test tests::unknown_declared_handler_is_loud ... ok
[INFO] [stdout] 
[INFO] [stdout] failures:
[INFO] [stdout] 
[INFO] [stdout] ---- tests::version_is_real stdout ----
[INFO] [stdout] 
[INFO] [stdout] thread 'tests::version_is_real' (687) panicked at src/lib.rs:332:9:
[INFO] [stdout] assertion `left != right` failed
[INFO] [stdout]   left: "unknown"
[INFO] [stdout]  right: "unknown"
[INFO] [stdout] stack backtrace:
[INFO] [stdout]    0:     0x624b551b1ab1 - <<std[70759c8f55707aa4]::sys::backtrace::BacktraceLock>::print::DisplayBacktrace as core[df12db4294e9bfd3]::fmt::Display>::fmt
[INFO] [stdout]    1:     0x624b551c86ca - core[df12db4294e9bfd3]::fmt::write
[INFO] [stdout]    2:     0x624b551b5f4c - <alloc[2182bb758b4b3781]::vec::Vec<u8> as core[df12db4294e9bfd3]::io::write::Write>::write_fmt
[INFO] [stdout]    3:     0x624b5518e0a6 - std[70759c8f55707aa4]::panicking::default_hook::{closure#0}
[INFO] [stdout]    4:     0x624b551aa219 - std[70759c8f55707aa4]::panicking::default_hook
[INFO] [stdout]    5:     0x624b5513a130 - test[9d35eded1c95d3be]::test_main_inner::<test[9d35eded1c95d3be]::test_main_static::{closure#0}>::{closure#0}
[INFO] [stdout]    6:     0x624b551aa3d2 - std[70759c8f55707aa4]::panicking::panic_with_hook
[INFO] [stdout]    7:     0x624b5518e152 - std[70759c8f55707aa4]::panicking::panic_handler::{closure#0}
[INFO] [stdout]    8:     0x624b55186ed9 - std[70759c8f55707aa4]::sys::backtrace::__rust_end_short_backtrace::<std[70759c8f55707aa4]::panicking::panic_handler::{closure#0}, !>
[INFO] [stderr] error: test failed, to rerun pass `--lib`
[INFO] [stdout]    9:     0x624b5518ed4d - __rustc[8fa7c3cbc660c2b3]::rust_begin_unwind
[INFO] [stdout]   10:     0x624b551c8eac - core[df12db4294e9bfd3]::panicking::panic_fmt
[INFO] [stdout]   11:     0x624b551c8dc3 - core[df12db4294e9bfd3]::panicking::assert_failed_inner
[INFO] [stdout]   12:     0x624b55057622 - core[df12db4294e9bfd3]::panicking::assert_failed::<&str, &str>
[INFO] [stdout]   13:     0x624b550540ae - ros_madair_handlers[dd7c3c6f8539fdc8]::tests::version_is_real
[INFO] [stdout]   14:     0x624b55056d6e - <ros_madair_handlers[dd7c3c6f8539fdc8]::tests::version_is_real::{closure#0} as core[df12db4294e9bfd3]::ops::function::FnOnce<()>>::call_once
[INFO] [stdout]   15:     0x624b5512d41b - test[9d35eded1c95d3be]::__rust_begin_short_backtrace::<core[df12db4294e9bfd3]::result::Result<(), alloc[2182bb758b4b3781]::string::String>, fn() -> core[df12db4294e9bfd3]::result::Result<(), alloc[2182bb758b4b3781]::string::String>>
[INFO] [stdout]   16:     0x624b5513aa85 - test[9d35eded1c95d3be]::run_test::{closure#0}
[INFO] [stdout]   17:     0x624b55134344 - std[70759c8f55707aa4]::sys::backtrace::__rust_begin_short_backtrace::<test[9d35eded1c95d3be]::run_test::{closure#1}, ()>
[INFO] [stdout]   18:     0x624b5513dbe2 - <std[70759c8f55707aa4]::thread::lifecycle::spawn_unchecked<test[9d35eded1c95d3be]::run_test::{closure#1}, ()>::{closure#1} as core[df12db4294e9bfd3]::ops::function::FnOnce<()>>::call_once::{shim:vtable#0}
[INFO] [stdout]   19:     0x624b551b1389 - <std[70759c8f55707aa4]::sys::thread::unix::Thread>::new::thread_start
[INFO] [stdout]   20:     0x7973d08c1dfa - <unknown>
[INFO] [stdout]   21:     0x7973d09553d4 - clone
[INFO] [stdout]   22:                0x0 - <unknown>
[INFO] [stdout] 
[INFO] [stdout] 
[INFO] [stdout] failures:
[INFO] [stdout]     tests::version_is_real
[INFO] [stdout] 
[INFO] [stdout] test result: FAILED. 6 passed; 1 failed; 0 ignored; 0 measured; 0 filtered out; finished in 0.00s
[INFO] [stdout] 
[INFO] running `Command { std: "docker" "inspect" "1171b2ed226535d894d527e0c8bd907a0cef2493d842ef5a28f254900e54d1bb", kill_on_drop: false }`
[INFO] running `Command { std: "docker" "rm" "-f" "1171b2ed226535d894d527e0c8bd907a0cef2493d842ef5a28f254900e54d1bb", kill_on_drop: false }`
[INFO] [stdout] 1171b2ed226535d894d527e0c8bd907a0cef2493d842ef5a28f254900e54d1bb
