[INFO] fetching crate ropenttd 0.0.2...
[INFO] testing ropenttd-0.0.2 against 1.100.0-beta.1+cargoflags=--release for beta-release-1.100-2
[INFO] extracting crate ropenttd 0.0.2 into /workspace/builds/worker-4-tc2/source
[INFO] started tweaking crates.io crate ropenttd 0.0.2
[INFO] finished tweaking crates.io crate ropenttd 0.0.2
[INFO] tweaked toml for crates.io crate ropenttd 0.0.2 written to /workspace/builds/worker-4-tc2/source/Cargo.toml
[INFO] validating manifest of crates.io crate ropenttd 0.0.2 on toolchain 1.100.0-beta.1
[INFO] running `Command { std: CARGO_HOME="/workspace/cargo-home" RUSTUP_HOME="/workspace/rustup-home" "/workspace/cargo-home/bin/cargo" "+1.100.0-beta.1" "metadata" "--manifest-path" "Cargo.toml" "--no-deps", kill_on_drop: false }`
[INFO] crate crates.io crate ropenttd 0.0.2 already has a lockfile, it will not be regenerated
[INFO] running `Command { std: CARGO_HOME="/workspace/cargo-home" RUSTUP_HOME="/workspace/rustup-home" "/workspace/cargo-home/bin/cargo" "+1.100.0-beta.1" "fetch" "--manifest-path" "Cargo.toml", kill_on_drop: false }`
[INFO] running `Command { std: "docker" "create" "-v" "/var/lib/crater-agent-workspace/builds/worker-4-tc2/source:/opt/rustwide/workdir:ro,Z" "-v" "/var/lib/crater-agent-workspace/builds/worker-4-tc2/target:/opt/rustwide/target:rw,Z" "-v" "/var/lib/crater-agent-workspace/cargo-home:/opt/rustwide/cargo-home:ro,Z" "-v" "/var/lib/crater-agent-workspace/rustup-home:/opt/rustwide/rustup-home:ro,Z" "-m" "1610612736" "--network" "none" "ghcr.io/rust-lang/crates-build-env/linux@sha256:77db811e55d90add9212f6832c23229e3de5f1c1f9905e8cb07319ea15df73ac" "sleep" "infinity", kill_on_drop: false }`
[INFO] [stdout] d1045d692252ee936460edd1c90a9c713a01143cc599c74015131b3c5d72ea2f
[INFO] running `Command { std: "docker" "start" "d1045d692252ee936460edd1c90a9c713a01143cc599c74015131b3c5d72ea2f", kill_on_drop: false }`
[INFO] running `Command { std: "docker" "inspect" "d1045d692252ee936460edd1c90a9c713a01143cc599c74015131b3c5d72ea2f", kill_on_drop: false }`
[INFO] running `Command { std: "docker" "exec" "-e" "SOURCE_DIR=/opt/rustwide/workdir" "-e" "CARGO_HOME=/opt/rustwide/cargo-home" "-e" "RUSTUP_HOME=/opt/rustwide/rustup-home" "-e" "CARGO_TARGET_DIR=/opt/rustwide/target" "-w" "/opt/rustwide/workdir" "--user" "0:0" "d1045d692252ee936460edd1c90a9c713a01143cc599c74015131b3c5d72ea2f" "/opt/rustwide/cargo-home/bin/cargo" "+1.100.0-beta.1" "metadata" "--no-deps" "--format-version=1", kill_on_drop: false }`
[INFO] running `Command { std: "docker" "inspect" "d1045d692252ee936460edd1c90a9c713a01143cc599c74015131b3c5d72ea2f", kill_on_drop: false }`
[INFO] running `Command { std: "docker" "exec" "-e" "SOURCE_DIR=/opt/rustwide/workdir" "-e" "CARGO_HOME=/opt/rustwide/cargo-home" "-e" "RUSTUP_HOME=/opt/rustwide/rustup-home" "-e" "CARGO_TARGET_DIR=/opt/rustwide/target" "-e" "CARGO_INCREMENTAL=0" "-e" "RUST_BACKTRACE=full" "-e" "RUSTFLAGS=--cap-lints=warn" "-e" "RUSTDOCFLAGS=--cap-lints=warn" "-w" "/opt/rustwide/workdir" "--user" "0:0" "d1045d692252ee936460edd1c90a9c713a01143cc599c74015131b3c5d72ea2f" "/opt/rustwide/cargo-home/bin/cargo" "+1.100.0-beta.1" "build" "--frozen" "--message-format=json" "--release", kill_on_drop: false }`
[INFO] [stderr]    Compiling proc-macro2 v1.0.76
[INFO] [stderr]    Compiling syn v1.0.109
[INFO] [stderr]    Compiling libc v0.2.152
[INFO] [stderr]    Compiling pkg-config v0.3.19
[INFO] [stderr]    Compiling memchr v2.3.4
[INFO] [stderr]    Compiling os_str_bytes v6.6.1
[INFO] [stderr]    Compiling textwrap v0.16.0
[INFO] [stderr]    Compiling bytecount v0.6.7
[INFO] [stderr]    Compiling unicode-width v0.1.11
[INFO] [stderr]    Compiling convert_case v0.5.0
[INFO] [stderr]    Compiling once_cell v1.19.0
[INFO] [stderr]    Compiling papergrid v0.5.1
[INFO] [stderr]    Compiling clap_lex v0.2.4
[INFO] [stderr]    Compiling rust-lzma v0.5.1
[INFO] [stderr]    Compiling bytes v1.0.1
[INFO] [stderr]    Compiling subslice v0.2.2
[INFO] [stderr]    Compiling quote v1.0.35
[INFO] [stderr]    Compiling proc-macro-error-attr v1.0.4
[INFO] [stderr]    Compiling atty v0.2.14
[INFO] [stderr]    Compiling proc-macro-error v1.0.4
[INFO] [stderr]    Compiling darling_core v0.13.4
[INFO] [stderr]    Compiling clap_derive v3.2.25
[INFO] [stderr]    Compiling tabled_derive v0.4.0
[INFO] [stderr]    Compiling tabled v0.8.0
[INFO] [stderr]    Compiling darling_macro v0.13.4
[INFO] [stderr]    Compiling clap v3.2.25
[INFO] [stderr]    Compiling darling v0.13.4
[INFO] [stderr]    Compiling argopt-impl v0.3.0
[INFO] [stderr]    Compiling argopt v0.3.0
[INFO] [stderr]    Compiling ropenttd v0.0.2 (/opt/rustwide/workdir)
[INFO] [stdout] warning: unreachable expression
[INFO] [stdout]   --> src/vehicle.rs:66:9
[INFO] [stdout]    |
[INFO] [stdout] 64 |           todo!("??");
[INFO] [stdout]    |           ----------- any code following this expression is unreachable
[INFO] [stdout] 65 |
[INFO] [stdout] 66 | /         Ok(Self {
[INFO] [stdout] 67 | |         })
[INFO] [stdout]    | |__________^ unreachable expression
[INFO] [stdout]    |
[INFO] [stdout]    = note: `#[warn(unreachable_code)]` (part of `#[warn(unused)]`) on by default
[INFO] [stdout] 
[INFO] [stdout] 
[INFO] [stdout] warning: field `id` is never read
[INFO] [stdout]   --> src/string_reader.rs:16:9
[INFO] [stdout]    |
[INFO] [stdout] 15 | pub struct OpenString {
[INFO] [stdout]    |            ---------- field in this struct
[INFO] [stdout] 16 |     pub id: StringID,
[INFO] [stdout]    |         ^^
[INFO] [stdout]    |
[INFO] [stdout]    = note: `#[warn(dead_code)]` (part of `#[warn(unused)]`) on by default
[INFO] [stdout] 
[INFO] [stdout] 
[INFO] [stderr]     Finished `release` profile [optimized] target(s) in 40.03s
[INFO] running `Command { std: "docker" "inspect" "d1045d692252ee936460edd1c90a9c713a01143cc599c74015131b3c5d72ea2f", kill_on_drop: false }`
[INFO] running `Command { std: "docker" "exec" "-e" "SOURCE_DIR=/opt/rustwide/workdir" "-e" "CARGO_HOME=/opt/rustwide/cargo-home" "-e" "RUSTUP_HOME=/opt/rustwide/rustup-home" "-e" "CARGO_TARGET_DIR=/opt/rustwide/target" "-e" "CARGO_INCREMENTAL=0" "-e" "RUST_BACKTRACE=full" "-e" "RUSTFLAGS=--cap-lints=warn" "-e" "RUSTDOCFLAGS=--cap-lints=warn" "-w" "/opt/rustwide/workdir" "--user" "0:0" "d1045d692252ee936460edd1c90a9c713a01143cc599c74015131b3c5d72ea2f" "/opt/rustwide/cargo-home/bin/cargo" "+1.100.0-beta.1" "test" "--frozen" "--no-run" "--message-format=json" "--release", kill_on_drop: false }`
[INFO] [stderr]    Compiling ropenttd v0.0.2 (/opt/rustwide/workdir)
[INFO] [stdout] warning: unreachable expression
[INFO] [stdout]   --> src/vehicle.rs:66:9
[INFO] [stdout]    |
[INFO] [stdout] 64 |           todo!("??");
[INFO] [stdout]    |           ----------- any code following this expression is unreachable
[INFO] [stdout] 65 |
[INFO] [stdout] 66 | /         Ok(Self {
[INFO] [stdout] 67 | |         })
[INFO] [stdout]    | |__________^ unreachable expression
[INFO] [stdout]    |
[INFO] [stdout]    = note: `#[warn(unreachable_code)]` (part of `#[warn(unused)]`) on by default
[INFO] [stdout] 
[INFO] [stdout] 
[INFO] [stdout] warning: field `id` is never read
[INFO] [stdout]   --> src/string_reader.rs:16:9
[INFO] [stdout]    |
[INFO] [stdout] 15 | pub struct OpenString {
[INFO] [stdout]    |            ---------- field in this struct
[INFO] [stdout] 16 |     pub id: StringID,
[INFO] [stdout]    |         ^^
[INFO] [stdout]    |
[INFO] [stdout]    = note: `#[warn(dead_code)]` (part of `#[warn(unused)]`) on by default
[INFO] [stdout] 
[INFO] [stdout] 
[INFO] [stdout] warning: unreachable expression
[INFO] [stdout]   --> src/vehicle.rs:66:9
[INFO] [stdout]    |
[INFO] [stdout] 64 |           todo!("??");
[INFO] [stdout]    |           ----------- any code following this expression is unreachable
[INFO] [stdout] 65 |
[INFO] [stdout] 66 | /         Ok(Self {
[INFO] [stdout] 67 | |         })
[INFO] [stdout]    | |__________^ unreachable expression
[INFO] [stdout]    |
[INFO] [stdout]    = note: `#[warn(unreachable_code)]` (part of `#[warn(unused)]`) on by default
[INFO] [stdout] 
[INFO] [stdout] 
[INFO] [stdout] warning: unused variable: `vehicle`
[INFO] [stdout]   --> src/vehicle.rs:85:13
[INFO] [stdout]    |
[INFO] [stdout] 85 |         let vehicle = &vehicles.trains[0];
[INFO] [stdout]    |             ^^^^^^^ help: if this is intentional, prefix it with an underscore: `_vehicle`
[INFO] [stdout]    |
[INFO] [stdout]    = note: `#[warn(unused_variables)]` (part of `#[warn(unused)]`) on by default
[INFO] [stdout] 
[INFO] [stdout] 
[INFO] [stdout] warning: field `id` is never read
[INFO] [stdout]   --> src/string_reader.rs:16:9
[INFO] [stdout]    |
[INFO] [stdout] 15 | pub struct OpenString {
[INFO] [stdout]    |            ---------- field in this struct
[INFO] [stdout] 16 |     pub id: StringID,
[INFO] [stdout]    |         ^^
[INFO] [stdout]    |
[INFO] [stdout]    = note: `#[warn(dead_code)]` (part of `#[warn(unused)]`) on by default
[INFO] [stdout] 
[INFO] [stdout] 
[INFO] [stderr]     Finished `release` profile [optimized] target(s) in 1.94s
[INFO] running `Command { std: "docker" "inspect" "d1045d692252ee936460edd1c90a9c713a01143cc599c74015131b3c5d72ea2f", kill_on_drop: false }`
[INFO] running `Command { std: "docker" "exec" "-e" "SOURCE_DIR=/opt/rustwide/workdir" "-e" "CARGO_HOME=/opt/rustwide/cargo-home" "-e" "RUSTUP_HOME=/opt/rustwide/rustup-home" "-e" "CARGO_TARGET_DIR=/opt/rustwide/target" "-e" "CARGO_INCREMENTAL=0" "-e" "RUST_BACKTRACE=full" "-e" "RUSTFLAGS=--cap-lints=warn" "-e" "RUSTDOCFLAGS=--cap-lints=warn" "-w" "/opt/rustwide/workdir" "--user" "0:0" "d1045d692252ee936460edd1c90a9c713a01143cc599c74015131b3c5d72ea2f" "/opt/rustwide/cargo-home/bin/cargo" "+1.100.0-beta.1" "test" "--frozen" "--release", kill_on_drop: false }`
[INFO] [stderr] warning: unreachable expression
[INFO] [stderr]   --> src/vehicle.rs:66:9
[INFO] [stderr]    |
[INFO] [stderr] 64 |           todo!("??");
[INFO] [stderr]    |           ----------- any code following this expression is unreachable
[INFO] [stderr] 65 |
[INFO] [stderr] 66 | /         Ok(Self {
[INFO] [stderr] 67 | |         })
[INFO] [stderr]    | |__________^ unreachable expression
[INFO] [stderr]    |
[INFO] [stderr]    = note: `#[warn(unreachable_code)]` (part of `#[warn(unused)]`) on by default
[INFO] [stderr] 
[INFO] [stderr] warning: field `id` is never read
[INFO] [stderr]   --> src/string_reader.rs:16:9
[INFO] [stderr]    |
[INFO] [stderr] 15 | pub struct OpenString {
[INFO] [stderr]    |            ---------- field in this struct
[INFO] [stderr] 16 |     pub id: StringID,
[INFO] [stderr]    |         ^^
[INFO] [stderr]    |
[INFO] [stderr]    = note: `#[warn(dead_code)]` (part of `#[warn(unused)]`) on by default
[INFO] [stderr] 
[INFO] [stderr] warning: unused variable: `vehicle`
[INFO] [stderr]   --> src/vehicle.rs:85:13
[INFO] [stderr]    |
[INFO] [stderr] 85 |         let vehicle = &vehicles.trains[0];
[INFO] [stderr]    |             ^^^^^^^ help: if this is intentional, prefix it with an underscore: `_vehicle`
[INFO] [stderr]    |
[INFO] [stderr]    = note: `#[warn(unused_variables)]` (part of `#[warn(unused)]`) on by default
[INFO] [stderr] 
[INFO] [stderr] warning: `ropenttd` (lib) generated 2 warnings
[INFO] [stderr] warning: `ropenttd` (lib test) generated 3 warnings (2 duplicates) (run `cargo fix --lib -p ropenttd --tests` to apply 1 suggestion)
[INFO] [stderr]     Finished `release` profile [optimized] target(s) in 0.05s
[INFO] [stderr]      Running unittests src/lib.rs (/opt/rustwide/target/release/build/ropenttd/75ece39d1b1c3a5a/out/ropenttd-75ece39d1b1c3a5a)
[INFO] [stdout] 
[INFO] [stdout] running 13 tests
[INFO] [stdout] test company::test::money ... ok
[INFO] [stdout] test company::test::name_outside_plyr_chunk ... ok
[INFO] [stdout] test company::test::name_on_plyr_chunk ... ok
[INFO] [stdout] test chunk_reader::test::gamma ... ok
[INFO] [stdout] test chunk_reader::test::advance_slice_with_fetchs ... ok
[INFO] [stdout] test money::test::raw_exchanges ... ok
[INFO] [stdout] test chunk_reader::test::advance_slice ... ok
[INFO] [stdout] test money::test::money_exchanges ... ok
[INFO] [stdout] test names_generators::town::test::generate_english_petfield ... ok
[INFO] [stdout] test names_generators::president::test::generate_dnelson ... ok
[INFO] [stdout] test chunk_reader::test::find ... ok
[INFO] [stdout] test vehicle::test::base ... FAILED
[INFO] [stdout] test tests::save1 ... ok
[INFO] [stderr] error: test failed, to rerun pass `--lib`
[INFO] [stdout] 
[INFO] [stdout] failures:
[INFO] [stdout] 
[INFO] [stdout] ---- vehicle::test::base stdout ----
[INFO] [stdout] tp 0
[INFO] [stdout] 4 0
[INFO] [stdout] 
[INFO] [stdout] thread 'vehicle::test::base' (748) panicked at src/vehicle.rs:64:9:
[INFO] [stdout] not yet implemented: ??
[INFO] [stdout] stack backtrace:
[INFO] [stdout]    0:     0x5c0b0cc24dc1 - <<std[617be2ca0a6fd877]::sys::backtrace::BacktraceLock>::print::DisplayBacktrace as core[a373ad73a504971]::fmt::Display>::fmt
[INFO] [stdout]    1:     0x5c0b0cc3902a - core[a373ad73a504971]::fmt::write
[INFO] [stdout]    2:     0x5c0b0cc2905c - <alloc[2e1b2a31b91974c5]::vec::Vec<u8> as core[a373ad73a504971]::io::write::Write>::write_fmt
[INFO] [stdout]    3:     0x5c0b0cc011a6 - std[617be2ca0a6fd877]::panicking::default_hook::{closure#0}
[INFO] [stdout]    4:     0x5c0b0cc1d3d9 - std[617be2ca0a6fd877]::panicking::default_hook
[INFO] [stdout]    5:     0x5c0b0cbb7f10 - test[aada8e7e76ba119b]::test_main_inner::{closure#0}
[INFO] [stdout]    6:     0x5c0b0cc1d592 - std[617be2ca0a6fd877]::panicking::panic_with_hook
[INFO] [stdout]    7:     0x5c0b0cc01284 - std[617be2ca0a6fd877]::panicking::panic_handler::{closure#0}
[INFO] [stdout]    8:     0x5c0b0cbf9f69 - std[617be2ca0a6fd877]::sys::backtrace::__rust_end_short_backtrace::<std[617be2ca0a6fd877]::panicking::panic_handler::{closure#0}, !>
[INFO] [stdout]    9:     0x5c0b0cc01e5d - __rustc[ea4f61d10b84890b]::rust_begin_unwind
[INFO] [stdout]   10:     0x5c0b0cc3975c - core[a373ad73a504971]::panicking::panic_fmt
[INFO] [stdout]   11:     0x5c0b0cbaaafe - <ropenttd[4ace4c7c623d6895]::vehicle::Vehicles>::parse
[INFO] [stdout]   12:     0x5c0b0cba76e1 - <ropenttd[4ace4c7c623d6895]::vehicle::test::base::{closure#0} as core[a373ad73a504971]::ops::function::FnOnce<()>>::call_once
[INFO] [stdout]   13:     0x5c0b0cbab35b - test[aada8e7e76ba119b]::__rust_begin_short_backtrace::<core[a373ad73a504971]::result::Result<(), alloc[2e1b2a31b91974c5]::string::String>, fn() -> core[a373ad73a504971]::result::Result<(), alloc[2e1b2a31b91974c5]::string::String>>
[INFO] [stdout]   14:     0x5c0b0cbb8535 - test[aada8e7e76ba119b]::run_test::{closure#0}
[INFO] [stdout]   15:     0x5c0b0cbb1e24 - std[617be2ca0a6fd877]::sys::backtrace::__rust_begin_short_backtrace::<test[aada8e7e76ba119b]::run_test::{closure#1}, ()>
[INFO] [stdout]   16:     0x5c0b0cbbb5c2 - <std[617be2ca0a6fd877]::thread::lifecycle::spawn_unchecked<test[aada8e7e76ba119b]::run_test::{closure#1}, ()>::{closure#1} as core[a373ad73a504971]::ops::function::FnOnce<()>>::call_once::{shim:vtable#0}
[INFO] [stdout]   17:     0x5c0b0cc2461f - <std[617be2ca0a6fd877]::sys::thread::unix::Thread>::new::thread_start
[INFO] [stdout]   18:     0x76ba331e3dfa - <unknown>
[INFO] [stdout]   19:     0x76ba332773d4 - clone
[INFO] [stdout]   20:                0x0 - <unknown>
[INFO] [stdout] 
[INFO] [stdout] 
[INFO] [stdout] failures:
[INFO] [stdout]     vehicle::test::base
[INFO] [stdout] 
[INFO] [stdout] test result: FAILED. 12 passed; 1 failed; 0 ignored; 0 measured; 0 filtered out; finished in 0.11s
[INFO] [stdout] 
[INFO] running `Command { std: "docker" "inspect" "d1045d692252ee936460edd1c90a9c713a01143cc599c74015131b3c5d72ea2f", kill_on_drop: false }`
[INFO] running `Command { std: "docker" "rm" "-f" "d1045d692252ee936460edd1c90a9c713a01143cc599c74015131b3c5d72ea2f", kill_on_drop: false }`
[INFO] [stdout] d1045d692252ee936460edd1c90a9c713a01143cc599c74015131b3c5d72ea2f
