[INFO] fetching crate rop-finder 1.0.0...
[INFO] testing rop-finder-1.0.0 against 1.100.0-beta.1+cargoflags=--release for beta-release-1.100-2
[INFO] extracting crate rop-finder 1.0.0 into /workspace/builds/worker-7-tc2/source
[INFO] started tweaking crates.io crate rop-finder 1.0.0
[INFO] removed 0 missing tests
[INFO] finished tweaking crates.io crate rop-finder 1.0.0
[INFO] tweaked toml for crates.io crate rop-finder 1.0.0 written to /workspace/builds/worker-7-tc2/source/Cargo.toml
[INFO] validating manifest of crates.io crate rop-finder 1.0.0 on toolchain 1.100.0-beta.1
[INFO] running `Command { std: CARGO_HOME="/workspace/cargo-home" RUSTUP_HOME="/workspace/rustup-home" "/workspace/cargo-home/bin/cargo" "+1.100.0-beta.1" "metadata" "--manifest-path" "Cargo.toml" "--no-deps", kill_on_drop: false }`
[INFO] crate crates.io crate rop-finder 1.0.0 already has a lockfile, it will not be regenerated
[INFO] running `Command { std: CARGO_HOME="/workspace/cargo-home" RUSTUP_HOME="/workspace/rustup-home" "/workspace/cargo-home/bin/cargo" "+1.100.0-beta.1" "fetch" "--manifest-path" "Cargo.toml", kill_on_drop: false }`
[INFO] running `Command { std: "docker" "create" "-v" "/var/lib/crater-agent-workspace/builds/worker-7-tc2/source:/opt/rustwide/workdir:ro,Z" "-v" "/var/lib/crater-agent-workspace/builds/worker-7-tc2/target:/opt/rustwide/target:rw,Z" "-v" "/var/lib/crater-agent-workspace/cargo-home:/opt/rustwide/cargo-home:ro,Z" "-v" "/var/lib/crater-agent-workspace/rustup-home:/opt/rustwide/rustup-home:ro,Z" "-m" "1610612736" "--network" "none" "ghcr.io/rust-lang/crates-build-env/linux@sha256:77db811e55d90add9212f6832c23229e3de5f1c1f9905e8cb07319ea15df73ac" "sleep" "infinity", kill_on_drop: false }`
[INFO] [stdout] 9884eb7694a24126bccb5d140f2aaa32a078d39cdbfceb88eaff0ebcc2d2478b
[INFO] running `Command { std: "docker" "start" "9884eb7694a24126bccb5d140f2aaa32a078d39cdbfceb88eaff0ebcc2d2478b", kill_on_drop: false }`
[INFO] running `Command { std: "docker" "inspect" "9884eb7694a24126bccb5d140f2aaa32a078d39cdbfceb88eaff0ebcc2d2478b", kill_on_drop: false }`
[INFO] running `Command { std: "docker" "exec" "-e" "SOURCE_DIR=/opt/rustwide/workdir" "-e" "CARGO_HOME=/opt/rustwide/cargo-home" "-e" "RUSTUP_HOME=/opt/rustwide/rustup-home" "-e" "CARGO_TARGET_DIR=/opt/rustwide/target" "-w" "/opt/rustwide/workdir" "--user" "0:0" "9884eb7694a24126bccb5d140f2aaa32a078d39cdbfceb88eaff0ebcc2d2478b" "/opt/rustwide/cargo-home/bin/cargo" "+1.100.0-beta.1" "metadata" "--no-deps" "--format-version=1", kill_on_drop: false }`
[INFO] running `Command { std: "docker" "inspect" "9884eb7694a24126bccb5d140f2aaa32a078d39cdbfceb88eaff0ebcc2d2478b", kill_on_drop: false }`
[INFO] running `Command { std: "docker" "exec" "-e" "SOURCE_DIR=/opt/rustwide/workdir" "-e" "CARGO_HOME=/opt/rustwide/cargo-home" "-e" "RUSTUP_HOME=/opt/rustwide/rustup-home" "-e" "CARGO_TARGET_DIR=/opt/rustwide/target" "-e" "CARGO_INCREMENTAL=0" "-e" "RUST_BACKTRACE=full" "-e" "RUSTFLAGS=--cap-lints=warn" "-e" "RUSTDOCFLAGS=--cap-lints=warn" "-w" "/opt/rustwide/workdir" "--user" "0:0" "9884eb7694a24126bccb5d140f2aaa32a078d39cdbfceb88eaff0ebcc2d2478b" "/opt/rustwide/cargo-home/bin/cargo" "+1.100.0-beta.1" "build" "--frozen" "--message-format=json" "--release", kill_on_drop: false }`
[INFO] [stderr]    Compiling find-msvc-tools v0.1.11
[INFO] [stderr]    Compiling aho-corasick v1.1.5
[INFO] [stderr]    Compiling plain v0.2.3
[INFO] [stderr]    Compiling either v1.18.0
[INFO] [stderr]    Compiling syn v3.0.4
[INFO] [stderr]    Compiling iced-x86 v1.21.0
[INFO] [stderr]    Compiling serde_json v1.0.151
[INFO] [stderr]    Compiling rustix v1.1.4
[INFO] [stderr]    Compiling libc v0.2.189
[INFO] [stderr]    Compiling bstr v1.13.1
[INFO] [stderr]    Compiling clap_builder v4.6.6
[INFO] [stderr]    Compiling cc v1.4.4
[INFO] [stderr]    Compiling rayon v1.12.0
[INFO] [stderr]    Compiling getrandom v0.4.3
[INFO] [stderr]    Compiling capstone-sys v0.18.0
[INFO] [stderr]    Compiling regex-automata v0.4.18
[INFO] [stderr]    Compiling scroll_derive v0.13.2
[INFO] [stderr]    Compiling thiserror-impl v2.0.20
[INFO] [stderr]    Compiling serde_derive v1.0.229
[INFO] [stderr]    Compiling clap_derive v4.6.4
[INFO] [stderr]    Compiling scroll v0.13.0
[INFO] [stderr]    Compiling goblin v0.10.7
[INFO] [stderr]    Compiling thiserror v2.0.20
[INFO] [stderr]    Compiling clap v4.6.6
[INFO] [stderr]    Compiling regex v1.13.1
[INFO] [stderr]    Compiling globset v0.4.20
[INFO] [stderr]    Compiling serde v1.0.229
[INFO] [stderr]    Compiling rop-finder-core v1.0.0
[INFO] [stderr]    Compiling capstone v0.14.0
[INFO] [stderr]    Compiling rop-finder-scan v1.0.0
[INFO] [stderr]    Compiling rop-finder-classify v1.0.0
[INFO] [stderr]    Compiling rop-finder-cache v1.0.0
[INFO] [stderr]    Compiling rop-finder-chain v1.0.0
[INFO] [stderr]    Compiling rop-finder-api v1.0.0
[INFO] [stderr]    Compiling rop-finder v1.0.0 (/opt/rustwide/workdir)
[INFO] [stderr]     Finished `release` profile [optimized] target(s) in 2m 11s
[INFO] running `Command { std: "docker" "inspect" "9884eb7694a24126bccb5d140f2aaa32a078d39cdbfceb88eaff0ebcc2d2478b", kill_on_drop: false }`
[INFO] running `Command { std: "docker" "exec" "-e" "SOURCE_DIR=/opt/rustwide/workdir" "-e" "CARGO_HOME=/opt/rustwide/cargo-home" "-e" "RUSTUP_HOME=/opt/rustwide/rustup-home" "-e" "CARGO_TARGET_DIR=/opt/rustwide/target" "-e" "CARGO_INCREMENTAL=0" "-e" "RUST_BACKTRACE=full" "-e" "RUSTFLAGS=--cap-lints=warn" "-e" "RUSTDOCFLAGS=--cap-lints=warn" "-w" "/opt/rustwide/workdir" "--user" "0:0" "9884eb7694a24126bccb5d140f2aaa32a078d39cdbfceb88eaff0ebcc2d2478b" "/opt/rustwide/cargo-home/bin/cargo" "+1.100.0-beta.1" "test" "--frozen" "--no-run" "--message-format=json" "--release", kill_on_drop: false }`
[INFO] [stderr]    Compiling rop-finder v1.0.0 (/opt/rustwide/workdir)
[INFO] [stderr]     Finished `release` profile [optimized] target(s) in 15.58s
[INFO] running `Command { std: "docker" "inspect" "9884eb7694a24126bccb5d140f2aaa32a078d39cdbfceb88eaff0ebcc2d2478b", kill_on_drop: false }`
[INFO] running `Command { std: "docker" "exec" "-e" "SOURCE_DIR=/opt/rustwide/workdir" "-e" "CARGO_HOME=/opt/rustwide/cargo-home" "-e" "RUSTUP_HOME=/opt/rustwide/rustup-home" "-e" "CARGO_TARGET_DIR=/opt/rustwide/target" "-e" "CARGO_INCREMENTAL=0" "-e" "RUST_BACKTRACE=full" "-e" "RUSTFLAGS=--cap-lints=warn" "-e" "RUSTDOCFLAGS=--cap-lints=warn" "-w" "/opt/rustwide/workdir" "--user" "0:0" "9884eb7694a24126bccb5d140f2aaa32a078d39cdbfceb88eaff0ebcc2d2478b" "/opt/rustwide/cargo-home/bin/cargo" "+1.100.0-beta.1" "test" "--frozen" "--release", kill_on_drop: false }`
[INFO] [stderr]     Finished `release` profile [optimized] target(s) in 0.12s
[INFO] [stderr]      Running unittests src/lib.rs (/opt/rustwide/target/release/build/rop-finder/616ae4f0d53db2df/out/rf_cli-616ae4f0d53db2df)
[INFO] [stdout] 
[INFO] [stdout] running 83 tests
[INFO] [stdout] test console::tests::repl_load_without_binary_and_eof ... ok
[INFO] [stdout] test out::tests::a_late_flush_failure_is_reported ... ok
[INFO] [stdout] test format::tests::csv_quotes_what_rfc4180_requires ... ok
[INFO] [stdout] test out::tests::clean_writer_flushes_and_reports_success ... ok
[INFO] [stdout] test format::tests::format_vocabulary_round_trips ... ok
[INFO] [stdout] test format::tests::raw_line_is_undecorated_and_composes_with_noinstr ... ok
[INFO] [stdout] test out::tests::broken_pipe_is_recorded_once_and_exits_zero ... ok
[INFO] [stdout] test search::tests::re_split_rule_mirrors_options_py ... ok
[INFO] [stdout] test out::tests::other_io_errors_stay_failures ... ok
[INFO] [stdout] test format::tests::streaming_is_refused_where_it_would_be_wrong ... ok
[INFO] [stdout] test tests::api_name_list_composes_calls_and_pairs_with_api_addr ... ok
[INFO] [stdout] test search::tests::section_in_range_truncation ... ok
[INFO] [stdout] test tests::arch_on_a_single_architecture_image_must_agree ... FAILED
[INFO] [stdout] test tests::cache_roundtrip_and_key_sensitivity ... FAILED
[INFO] [stdout] test tests::cfg_aware_warns_when_ibt_is_not_in_play ... FAILED
[INFO] [stdout] test tests::base_shift_pie_elf ... FAILED
[INFO] [stdout] test tests::base_zero_pe_gives_rvas ... FAILED
[INFO] [stdout] test tests::cache_purge_empties_the_directory ... FAILED
[INFO] [stdout] test search::tests::call_preceded_suffixes ... ok
[INFO] [stdout] test console::tests::repl_empty_line_repeats_and_unknown_syntax ... ok
[INFO] [stdout] test tests::a_poisoned_cache_entry_is_not_printed ... FAILED
[INFO] [stdout] test tests::badbytes_check_final_rebased_address ... FAILED
[INFO] [stdout] test tests::cache_key_covers_every_output_affecting_parameter ... FAILED
[INFO] [stdout] test tests::a_cached_scan_is_never_served_across_rawarch ... FAILED
[INFO] [stdout] test tests::chain_base_and_prot_flags_are_parsed_and_validated ... ok
[INFO] [stdout] test tests::base_and_offset_compose ... FAILED
[INFO] [stdout] test console::tests::repl_core_flow ... FAILED
[INFO] [stdout] test console::tests::repl_preload_and_search_extension ... FAILED
[INFO] [stdout] test tests::badbytes_parsing ... ok
[INFO] [stdout] test tests::chain_builds_on_linux_x86 ... FAILED
[INFO] [stdout] test tests::chain_builds_on_linux_x64 ... FAILED
[INFO] [stdout] test tests::chain_honours_badbytes ... FAILED
[INFO] [stdout] test tests::chain_rejects_unsupported_targets ... FAILED
[INFO] [stdout] test tests::chain_targets_are_the_advertised_set ... FAILED
[INFO] [stdout] test tests::check_input_metadata_refuses_non_regular_and_oversized ... FAILED
[INFO] [stdout] test tests::fat_macho_needs_an_explicit_arch ... FAILED
[INFO] [stdout] test tests::chain_windows_rejects_wrong_format_and_unknown_target ... FAILED
[INFO] [stdout] test tests::chain_windows_x64_cmd_reports_spike_scarcity ... FAILED
[INFO] [stdout] test tests::chain_json_carries_the_windows_assumptions ... FAILED
[INFO] [stdout] test tests::chain_windows_api_name_selects_the_recipe ... FAILED
[INFO] [stdout] test tests::chain_gadget_addrs_come_from_scan ... FAILED
[INFO] [stdout] test tests::chain_windows_x64_ntoskrnl_full_chain ... ok
[INFO] [stdout] test tests::chlx08_pie_targets_are_warned_about ... FAILED
[INFO] [stdout] test tests::hex_parsing ... ok
[INFO] [stdout] test tests::chain_missing_gadgets_is_structured_error ... FAILED
[INFO] [stdout] test tests::hex_decode_never_panics_on_non_ascii ... FAILED
[INFO] [stdout] test tests::chain_windows_x86_out_parameter_does_not_alias_the_shellcode ... FAILED
[INFO] [stdout] test tests::help_and_version_exit_zero ... ok
[INFO] [stdout] test tests::long_version_names_capstone_and_ropgadget ... ok
[INFO] [stdout] test tests::max_gadgets_bounds_the_scan_without_changing_an_unbounded_one ... FAILED
[INFO] [stdout] test tests::parse_size_is_decimal_with_binary_suffixes ... ok
[INFO] [stdout] test tests::plan_chain_never_fails_for_a_feasible_target ... FAILED
[INFO] [stdout] test tests::plan_chain_on_pe_x64_cmd_reports_set_rdx_with_computed_relaxations ... FAILED
[INFO] [stdout] test tests::plan_chain_reports_an_undispatchable_target_as_a_requirement ... FAILED
[INFO] [stdout] test tests::print_human_suppresses_text_under_noinstr ... ok
[INFO] [stdout] test tests::info_elf_shape ... FAILED
[INFO] [stdout] test tests::info_honours_base ... FAILED
[INFO] [stdout] test tests::raw_spec_validation_mirrors_args_py ... ok
[INFO] [stdout] test tests::range_parsing ... ok
[INFO] [stdout] test tests::section_filter_elf_multi_and_glob ... FAILED
[INFO] [stdout] test tests::rank_sorts_by_quality_desc_then_vaddr ... FAILED
[INFO] [stdout] test tests::section_filter_pe_matches_default_scan ... FAILED
[INFO] [stdout] test tests::stage_bytes_parse_as_hex ... ok
[INFO] [stdout] test tests::range_composes_with_section ... FAILED
[INFO] [stdout] test tests::select_sections_glob_and_fallback_flag ... ok
[INFO] [stdout] test tests::compat_fat_macho_scan_is_announced ... FAILED
[INFO] [stdout] test tests::read_input_file_honours_the_cap ... FAILED
[INFO] [stdout] test tests::classify_adds_json_fields ... FAILED
[INFO] [stdout] test tests::info_pe_shape ... FAILED
[INFO] [stdout] test tests::info_pe_imports_honour_base ... FAILED
[INFO] [stdout] test tests::info_universal_and_raw ... FAILED
[INFO] [stdout] test tests::fat_macho_slice_selection_scans_one_slice ... FAILED
[INFO] [stdout] test tests::class_label_and_writes_reg_filter_the_gadget_list ... FAILED
[INFO] [stdout] test tests::stripped_elf_falls_back_to_segment_names ... FAILED
[INFO] [stdout] test tests::json_gadgets_carry_section_name ... FAILED
[INFO] [stdout] test tests::windows_chain_target_is_gated_by_a_warning ... ok
[INFO] [stdout] test tests::chain_windows_x86_stdcall_full_chain ... FAILED
[INFO] [stdout] test tests::syscall_args_parse_into_register_value_pairs ... ok
[INFO] [stdout] test tests::syscall_number_is_decimal_unless_it_says_0x ... ok
[INFO] [stdout] test tests::unrecognized_e_machine_is_a_load_error_not_an_x86_guess ... FAILED
[INFO] [stdout] test tests::the_semantic_predicate_matches_what_it_claims ... ok
[INFO] [stdout] test tests::raw_spec_mapping ... ok
[INFO] [stdout] test tests::section_unknown_name_is_usage_error ... FAILED
[INFO] [stdout] 
[INFO] [stdout] failures:
[INFO] [stdout] 
[INFO] [stdout] ---- tests::arch_on_a_single_architecture_image_must_agree stdout ----
[INFO] [stdout] 
[INFO] [stdout] thread 'tests::arch_on_a_single_architecture_image_must_agree' (1475) panicked at src/lib.rs:1674:10:
[INFO] [stdout] called `Result::unwrap()` on an `Err` value: Os { code: 2, kind: NotFound, message: "No such file or directory" }
[INFO] [stdout] stack backtrace:
[INFO] [stdout]    0:     0x5e0a6d201801 - <<std[617be2ca0a6fd877]::sys::backtrace::BacktraceLock>::print::DisplayBacktrace as core[a373ad73a504971]::fmt::Display>::fmt
[INFO] [stdout]    1:     0x5e0a6d219daa - core[a373ad73a504971]::fmt::write
[INFO] [stdout]    2:     0x5e0a6d206b7c - <alloc[2e1b2a31b91974c5]::vec::Vec<u8> as core[a373ad73a504971]::io::write::Write>::write_fmt
[INFO] [stdout]    3:     0x5e0a6d1db0d6 - std[617be2ca0a6fd877]::panicking::default_hook::{closure#0}
[INFO] [stdout]    4:     0x5e0a6d1f8919 - std[617be2ca0a6fd877]::panicking::default_hook
[INFO] [stdout]    5:     0x5e0a6ce3ef50 - test[aada8e7e76ba119b]::test_main_inner::{closure#0}
[INFO] [stdout]    6:     0x5e0a6d1f8c42 - std[617be2ca0a6fd877]::panicking::panic_with_hook
[INFO] [stdout]    7:     0x5e0a6d1db182 - std[617be2ca0a6fd877]::panicking::panic_handler::{closure#0}
[INFO] [stdout]    8:     0x5e0a6d1d3749 - std[617be2ca0a6fd877]::sys::backtrace::__rust_end_short_backtrace::<std[617be2ca0a6fd877]::panicking::panic_handler::{closure#0}, !>
[INFO] [stdout]    9:     0x5e0a6d1dc1dd - __rustc[ea4f61d10b84890b]::rust_begin_unwind
[INFO] [stdout]   10:     0x5e0a6d21a58c - core[a373ad73a504971]::panicking::panic_fmt
[INFO] [stdout]   11:     0x5e0a6d21a362 - core[a373ad73a504971]::result::unwrap_failed
[INFO] [stdout]   12:     0x5e0a6cd847de - rf_cli[e05f81d87bd5f533]::tests::fixture_bytes
[INFO] [stdout]   13:     0x5e0a6cda66a7 - <rf_cli[e05f81d87bd5f533]::tests::arch_on_a_single_architecture_image_must_agree::{closure#0} as core[a373ad73a504971]::ops::function::FnOnce<()>>::call_once
[INFO] [stdout]   14:     0x5e0a6ce3239b - test[aada8e7e76ba119b]::__rust_begin_short_backtrace::<core[a373ad73a504971]::result::Result<(), alloc[2e1b2a31b91974c5]::string::String>, fn() -> core[a373ad73a504971]::result::Result<(), alloc[2e1b2a31b91974c5]::string::String>>
[INFO] [stdout]   15:     0x5e0a6ce3f575 - test[aada8e7e76ba119b]::run_test::{closure#0}
[INFO] [stdout]   16:     0x5e0a6ce38e64 - std[617be2ca0a6fd877]::sys::backtrace::__rust_begin_short_backtrace::<test[aada8e7e76ba119b]::run_test::{closure#1}, ()>
[INFO] [stdout]   17:     0x5e0a6ce42602 - <std[617be2ca0a6fd877]::thread::lifecycle::spawn_unchecked<test[aada8e7e76ba119b]::run_test::{closure#1}, ()>::{closure#1} as core[a373ad73a504971]::ops::function::FnOnce<()>>::call_once::{shim:vtable#0}
[INFO] [stdout]   18:     0x5e0a6d200b5f - <std[617be2ca0a6fd877]::sys::thread::unix::Thread>::new::thread_start
[INFO] [stdout]   19:     0x77fde268fdfa - <unknown>
[INFO] [stdout]   20:     0x77fde27233d4 - clone
[INFO] [stdout]   21:                0x0 - <unknown>
[INFO] [stdout] 
[INFO] [stdout] ---- tests::cache_roundtrip_and_key_sensitivity stdout ----
[INFO] [stdout] 
[INFO] [stdout] thread 'tests::cache_roundtrip_and_key_sensitivity' (1483) panicked at src/lib.rs:1674:10:
[INFO] [stdout] called `Result::unwrap()` on an `Err` value: Os { code: 2, kind: NotFound, message: "No such file or directory" }
[INFO] [stdout] stack backtrace:
[INFO] [stdout]    0:     0x5e0a6d201801 - <<std[617be2ca0a6fd877]::sys::backtrace::BacktraceLock>::print::DisplayBacktrace as core[a373ad73a504971]::fmt::Display>::fmt
[INFO] [stdout]    1:     0x5e0a6d219daa - core[a373ad73a504971]::fmt::write
[INFO] [stdout]    2:     0x5e0a6d206b7c - <alloc[2e1b2a31b91974c5]::vec::Vec<u8> as core[a373ad73a504971]::io::write::Write>::write_fmt
[INFO] [stdout]    3:     0x5e0a6d1db0d6 - std[617be2ca0a6fd877]::panicking::default_hook::{closure#0}
[INFO] [stdout]    4:     0x5e0a6d1f8919 - std[617be2ca0a6fd877]::panicking::default_hook
[INFO] [stdout]    5:     0x5e0a6ce3ef50 - test[aada8e7e76ba119b]::test_main_inner::{closure#0}
[INFO] [stdout]    6:     0x5e0a6d1f8c42 - std[617be2ca0a6fd877]::panicking::panic_with_hook
[INFO] [stdout]    7:     0x5e0a6d1db182 - std[617be2ca0a6fd877]::panicking::panic_handler::{closure#0}
[INFO] [stdout]    8:     0x5e0a6d1d3749 - std[617be2ca0a6fd877]::sys::backtrace::__rust_end_short_backtrace::<std[617be2ca0a6fd877]::panicking::panic_handler::{closure#0}, !>
[INFO] [stdout]    9:     0x5e0a6d1dc1dd - __rustc[ea4f61d10b84890b]::rust_begin_unwind
[INFO] [stdout]   10:     0x5e0a6d21a58c - core[a373ad73a504971]::panicking::panic_fmt
[INFO] [stdout]   11:     0x5e0a6d21a362 - core[a373ad73a504971]::result::unwrap_failed
[INFO] [stdout]   12:     0x5e0a6cd847de - rf_cli[e05f81d87bd5f533]::tests::fixture_bytes
[INFO] [stdout]   13:     0x5e0a6cd84a1d - rf_cli[e05f81d87bd5f533]::tests::scan_result_for
[INFO] [stdout]   14:     0x5e0a6cd96b16 - <rf_cli[e05f81d87bd5f533]::tests::cache_roundtrip_and_key_sensitivity::{closure#0} as core[a373ad73a504971]::ops::function::FnOnce<()>>::call_once
[INFO] [stdout]   15:     0x5e0a6ce3239b - test[aada8e7e76ba119b]::__rust_begin_short_backtrace::<core[a373ad73a504971]::result::Result<(), alloc[2e1b2a31b91974c5]::string::String>, fn() -> core[a373ad73a504971]::result::Result<(), alloc[2e1b2a31b91974c5]::string::String>>
[INFO] [stdout]   16:     0x5e0a6ce3f575 - test[aada8e7e76ba119b]::run_test::{closure#0}
[INFO] [stdout]   17:     0x5e0a6ce38e64 - std[617be2ca0a6fd877]::sys::backtrace::__rust_begin_short_backtrace::<test[aada8e7e76ba119b]::run_test::{closure#1}, ()>
[INFO] [stdout]   18:     0x5e0a6ce42602 - <std[617be2ca0a6fd877]::thread::lifecycle::spawn_unchecked<test[aada8e7e76ba119b]::run_test::{closure#1}, ()>::{closure#1} as core[a373ad73a504971]::ops::function::FnOnce<()>>::call_once::{shim:vtable#0}
[INFO] [stdout]   19:     0x5e0a6d200b5f - <std[617be2ca0a6fd877]::sys::thread::unix::Thread>::new::thread_start
[INFO] [stdout]   20:     0x77fde268fdfa - <unknown>
[INFO] [stdout]   21:     0x77fde27233d4 - clone
[INFO] [stdout]   22:                0x0 - <unknown>
[INFO] [stdout] 
[INFO] [stdout] ---- tests::cfg_aware_warns_when_ibt_is_not_in_play stdout ----
[INFO] [stdout] 
[INFO] [stdout] thread 'tests::cfg_aware_warns_when_ibt_is_not_in_play' (1484) panicked at src/lib.rs:1674:10:
[INFO] [stdout] called `Result::unwrap()` on an `Err` value: Os { code: 2, kind: NotFound, message: "No such file or directory" }
[INFO] [stdout] stack backtrace:
[INFO] [stdout]    0:     0x5e0a6d201801 - <<std[617be2ca0a6fd877]::sys::backtrace::BacktraceLock>::print::DisplayBacktrace as core[a373ad73a504971]::fmt::Display>::fmt
[INFO] [stdout]    1:     0x5e0a6d219daa - core[a373ad73a504971]::fmt::write
[INFO] [stdout]    2:     0x5e0a6d206b7c - <alloc[2e1b2a31b91974c5]::vec::Vec<u8> as core[a373ad73a504971]::io::write::Write>::write_fmt
[INFO] [stdout]    3:     0x5e0a6d1db0d6 - std[617be2ca0a6fd877]::panicking::default_hook::{closure#0}
[INFO] [stdout]    4:     0x5e0a6d1f8919 - std[617be2ca0a6fd877]::panicking::default_hook
[INFO] [stdout]    5:     0x5e0a6ce3ef50 - test[aada8e7e76ba119b]::test_main_inner::{closure#0}
[INFO] [stdout]    6:     0x5e0a6d1f8c42 - std[617be2ca0a6fd877]::panicking::panic_with_hook
[INFO] [stdout]    7:     0x5e0a6d1db182 - std[617be2ca0a6fd877]::panicking::panic_handler::{closure#0}
[INFO] [stdout]    8:     0x5e0a6d1d3749 - std[617be2ca0a6fd877]::sys::backtrace::__rust_end_short_backtrace::<std[617be2ca0a6fd877]::panicking::panic_handler::{closure#0}, !>
[INFO] [stdout]    9:     0x5e0a6d1dc1dd - __rustc[ea4f61d10b84890b]::rust_begin_unwind
[INFO] [stdout]   10:     0x5e0a6d21a58c - core[a373ad73a504971]::panicking::panic_fmt
[INFO] [stdout]   11:     0x5e0a6d21a362 - core[a373ad73a504971]::result::unwrap_failed
[INFO] [stdout]   12:     0x5e0a6cd847de - rf_cli[e05f81d87bd5f533]::tests::fixture_bytes
[INFO] [stdout]   13:     0x5e0a6cd9f2fa - <rf_cli[e05f81d87bd5f533]::tests::cfg_aware_warns_when_ibt_is_not_in_play::{closure#0} as core[a373ad73a504971]::ops::function::FnOnce<()>>::call_once
[INFO] [stdout]   14:     0x5e0a6ce3239b - test[aada8e7e76ba119b]::__rust_begin_short_backtrace::<core[a373ad73a504971]::result::Result<(), alloc[2e1b2a31b91974c5]::string::String>, fn() -> core[a373ad73a504971]::result::Result<(), alloc[2e1b2a31b91974c5]::string::String>>
[INFO] [stdout]   15:     0x5e0a6ce3f575 - test[aada8e7e76ba119b]::run_test::{closure#0}
[INFO] [stdout]   16:     0x5e0a6ce38e64 - std[617be2ca0a6fd877]::sys::backtrace::__rust_begin_short_backtrace::<test[aada8e7e76ba119b]::run_test::{closure#1}, ()>
[INFO] [stdout]   17:     0x5e0a6ce42602 - <std[617be2ca0a6fd877]::thread::lifecycle::spawn_unchecked<test[aada8e7e76ba119b]::run_test::{closure#1}, ()>::{closure#1} as core[a373ad73a504971]::ops::function::FnOnce<()>>::call_once::{shim:vtable#0}
[INFO] [stdout]   18:     0x5e0a6d200b5f - <std[617be2ca0a6fd877]::sys::thread::unix::Thread>::new::thread_start
[INFO] [stdout]   19:     0x77fde268fdfa - <unknown>
[INFO] [stdout]   20:     0x77fde27233d4 - clone
[INFO] [stdout]   21:                0x0 - <unknown>
[INFO] [stdout] 
[INFO] [stdout] ---- tests::base_shift_pie_elf stdout ----
[INFO] [stdout] 
[INFO] [stdout] thread 'tests::base_shift_pie_elf' (1479) panicked at src/lib.rs:1674:10:
[INFO] [stdout] called `Result::unwrap()` on an `Err` value: Os { code: 2, kind: NotFound, message: "No such file or directory" }
[INFO] [stdout] stack backtrace:
[INFO] [stdout]    0:     0x5e0a6d201801 - <<std[617be2ca0a6fd877]::sys::backtrace::BacktraceLock>::print::DisplayBacktrace as core[a373ad73a504971]::fmt::Display>::fmt
[INFO] [stdout]    1:     0x5e0a6d219daa - core[a373ad73a504971]::fmt::write
[INFO] [stdout]    2:     0x5e0a6d206b7c - <alloc[2e1b2a31b91974c5]::vec::Vec<u8> as core[a373ad73a504971]::io::write::Write>::write_fmt
[INFO] [stdout]    3:     0x5e0a6d1db0d6 - std[617be2ca0a6fd877]::panicking::default_hook::{closure#0}
[INFO] [stdout]    4:     0x5e0a6d1f8919 - std[617be2ca0a6fd877]::panicking::default_hook
[INFO] [stdout]    5:     0x5e0a6ce3ef50 - test[aada8e7e76ba119b]::test_main_inner::{closure#0}
[INFO] [stdout]    6:     0x5e0a6d1f8c42 - std[617be2ca0a6fd877]::panicking::panic_with_hook
[INFO] [stdout]    7:     0x5e0a6d1db182 - std[617be2ca0a6fd877]::panicking::panic_handler::{closure#0}
[INFO] [stdout]    8:     0x5e0a6d1d3749 - std[617be2ca0a6fd877]::sys::backtrace::__rust_end_short_backtrace::<std[617be2ca0a6fd877]::panicking::panic_handler::{closure#0}, !>
[INFO] [stdout]    9:     0x5e0a6d1dc1dd - __rustc[ea4f61d10b84890b]::rust_begin_unwind
[INFO] [stdout]   10:     0x5e0a6d21a58c - core[a373ad73a504971]::panicking::panic_fmt
[INFO] [stdout]   11:     0x5e0a6d21a362 - core[a373ad73a504971]::result::unwrap_failed
[INFO] [stdout]   12:     0x5e0a6cd847de - rf_cli[e05f81d87bd5f533]::tests::fixture_bytes
[INFO] [stdout]   13:     0x5e0a6cd8a51d - <rf_cli[e05f81d87bd5f533]::tests::base_shift_pie_elf::{closure#0} as core[a373ad73a504971]::ops::function::FnOnce<()>>::call_once
[INFO] [stdout]   14:     0x5e0a6ce3239b - test[aada8e7e76ba119b]::__rust_begin_short_backtrace::<core[a373ad73a504971]::result::Result<(), alloc[2e1b2a31b91974c5]::string::String>, fn() -> core[a373ad73a504971]::result::Result<(), alloc[2e1b2a31b91974c5]::string::String>>
[INFO] [stdout]   15:     0x5e0a6ce3f575 - test[aada8e7e76ba119b]::run_test::{closure#0}
[INFO] [stdout]   16:     0x5e0a6ce38e64 - std[617be2ca0a6fd877]::sys::backtrace::__rust_begin_short_backtrace::<test[aada8e7e76ba119b]::run_test::{closure#1}, ()>
[INFO] [stdout]   17:     0x5e0a6ce42602 - <std[617be2ca0a6fd877]::thread::lifecycle::spawn_unchecked<test[aada8e7e76ba119b]::run_test::{closure#1}, ()>::{closure#1} as core[a373ad73a504971]::ops::function::FnOnce<()>>::call_once::{shim:vtable#0}
[INFO] [stdout]   18:     0x5e0a6d200b5f - <std[617be2ca0a6fd877]::sys::thread::unix::Thread>::new::thread_start
[INFO] [stdout]   19:     0x77fde268fdfa - <unknown>
[INFO] [stdout]   20:     0x77fde27233d4 - clone
[INFO] [stdout]   21:                0x0 - <unknown>
[INFO] [stdout] 
[INFO] [stdout] ---- tests::base_zero_pe_gives_rvas stdout ----
[INFO] [stdout] 
[INFO] [stdout] thread 'tests::base_zero_pe_gives_rvas' (1480) panicked at src/lib.rs:1674:10:
[INFO] [stdout] called `Result::unwrap()` on an `Err` value: Os { code: 2, kind: NotFound, message: "No such file or directory" }
[INFO] [stdout] stack backtrace:
[INFO] [stdout]    0:     0x5e0a6d201801 - <<std[617be2ca0a6fd877]::sys::backtrace::BacktraceLock>::print::DisplayBacktrace as core[a373ad73a504971]::fmt::Display>::fmt
[INFO] [stdout]    1:     0x5e0a6d219daa - core[a373ad73a504971]::fmt::write
[INFO] [stdout]    2:     0x5e0a6d206b7c - <alloc[2e1b2a31b91974c5]::vec::Vec<u8> as core[a373ad73a504971]::io::write::Write>::write_fmt
[INFO] [stdout]    3:     0x5e0a6d1db0d6 - std[617be2ca0a6fd877]::panicking::default_hook::{closure#0}
[INFO] [stdout]    4:     0x5e0a6d1f8919 - std[617be2ca0a6fd877]::panicking::default_hook
[INFO] [stdout]    5:     0x5e0a6ce3ef50 - test[aada8e7e76ba119b]::test_main_inner::{closure#0}
[INFO] [stdout]    6:     0x5e0a6d1f8c42 - std[617be2ca0a6fd877]::panicking::panic_with_hook
[INFO] [stdout]    7:     0x5e0a6d1db182 - std[617be2ca0a6fd877]::panicking::panic_handler::{closure#0}
[INFO] [stdout]    8:     0x5e0a6d1d3749 - std[617be2ca0a6fd877]::sys::backtrace::__rust_end_short_backtrace::<std[617be2ca0a6fd877]::panicking::panic_handler::{closure#0}, !>
[INFO] [stdout]    9:     0x5e0a6d1dc1dd - __rustc[ea4f61d10b84890b]::rust_begin_unwind
[INFO] [stdout]   10:     0x5e0a6d21a58c - core[a373ad73a504971]::panicking::panic_fmt
[INFO] [stdout]   11:     0x5e0a6d21a362 - core[a373ad73a504971]::result::unwrap_failed
[INFO] [stdout]   12:     0x5e0a6cd847de - rf_cli[e05f81d87bd5f533]::tests::fixture_bytes
[INFO] [stdout]   13:     0x5e0a6cd8da5d - <rf_cli[e05f81d87bd5f533]::tests::base_zero_pe_gives_rvas::{closure#0} as core[a373ad73a504971]::ops::function::FnOnce<()>>::call_once
[INFO] [stdout]   14:     0x5e0a6ce3239b - test[aada8e7e76ba119b]::__rust_begin_short_backtrace::<core[a373ad73a504971]::result::Result<(), alloc[2e1b2a31b91974c5]::string::String>, fn() -> core[a373ad73a504971]::result::Result<(), alloc[2e1b2a31b91974c5]::string::String>>
[INFO] [stdout]   15:     0x5e0a6ce3f575 - test[aada8e7e76ba119b]::run_test::{closure#0}
[INFO] [stdout]   16:     0x5e0a6ce38e64 - std[617be2ca0a6fd877]::sys::backtrace::__rust_begin_short_backtrace::<test[aada8e7e76ba119b]::run_test::{closure#1}, ()>
[INFO] [stdout]   17:     0x5e0a6ce42602 - <std[617be2ca0a6fd877]::thread::lifecycle::spawn_unchecked<test[aada8e7e76ba119b]::run_test::{closure#1}, ()>::{closure#1} as core[a373ad73a504971]::ops::function::FnOnce<()>>::call_once::{shim:vtable#0}
[INFO] [stdout]   18:     0x5e0a6d200b5f - <std[617be2ca0a6fd877]::sys::thread::unix::Thread>::new::thread_start
[INFO] [stdout]   19:     0x77fde268fdfa - <unknown>
[INFO] [stdout]   20:     0x77fde27233d4 - clone
[INFO] [stdout]   21:                0x0 - <unknown>
[INFO] [stdout] 
[INFO] [stdout] ---- tests::cache_purge_empties_the_directory stdout ----
[INFO] [stdout] 
[INFO] [stdout] thread 'tests::cache_purge_empties_the_directory' (1482) panicked at src/lib.rs:1935:39:
[INFO] [stdout] no usage error: "cannot read /opt/rustwide/workdir/../../tests/fixtures/elf-Linux-x86: No such file or directory (os error 2)"
[INFO] [stdout] stack backtrace:
[INFO] [stdout]    0:     0x5e0a6d201801 - <<std[617be2ca0a6fd877]::sys::backtrace::BacktraceLock>::print::DisplayBacktrace as core[a373ad73a504971]::fmt::Display>::fmt
[INFO] [stdout]    1:     0x5e0a6d219daa - core[a373ad73a504971]::fmt::write
[INFO] [stdout]    2:     0x5e0a6d206b7c - <alloc[2e1b2a31b91974c5]::vec::Vec<u8> as core[a373ad73a504971]::io::write::Write>::write_fmt
[INFO] [stdout]    3:     0x5e0a6d1db0d6 - std[617be2ca0a6fd877]::panicking::default_hook::{closure#0}
[INFO] [stdout]    4:     0x5e0a6d1f8919 - std[617be2ca0a6fd877]::panicking::default_hook
[INFO] [stdout]    5:     0x5e0a6ce3ef50 - test[aada8e7e76ba119b]::test_main_inner::{closure#0}
[INFO] [stdout]    6:     0x5e0a6d1f8c42 - std[617be2ca0a6fd877]::panicking::panic_with_hook
[INFO] [stdout]    7:     0x5e0a6d1db182 - std[617be2ca0a6fd877]::panicking::panic_handler::{closure#0}
[INFO] [stdout]    8:     0x5e0a6d1d3749 - std[617be2ca0a6fd877]::sys::backtrace::__rust_end_short_backtrace::<std[617be2ca0a6fd877]::panicking::panic_handler::{closure#0}, !>
[INFO] [stdout]    9:     0x5e0a6d1dc1dd - __rustc[ea4f61d10b84890b]::rust_begin_unwind
[INFO] [stdout]   10:     0x5e0a6d21a58c - core[a373ad73a504971]::panicking::panic_fmt
[INFO] [stdout]   11:     0x5e0a6d21a362 - core[a373ad73a504971]::result::unwrap_failed
[INFO] [stdout]   12:     0x5e0a6cd84903 - rf_cli[e05f81d87bd5f533]::tests::run_to_string
[INFO] [stdout]   13:     0x5e0a6cd94038 - <rf_cli[e05f81d87bd5f533]::tests::cache_purge_empties_the_directory::{closure#0} as core[a373ad73a504971]::ops::function::FnOnce<()>>::call_once
[INFO] [stdout]   14:     0x5e0a6ce3239b - test[aada8e7e76ba119b]::__rust_begin_short_backtrace::<core[a373ad73a504971]::result::Result<(), alloc[2e1b2a31b91974c5]::string::String>, fn() -> core[a373ad73a504971]::result::Result<(), alloc[2e1b2a31b91974c5]::string::String>>
[INFO] [stdout]   15:     0x5e0a6ce3f575 - test[aada8e7e76ba119b]::run_test::{closure#0}
[INFO] [stdout]   16:     0x5e0a6ce38e64 - std[617be2ca0a6fd877]::sys::backtrace::__rust_begin_short_backtrace::<test[aada8e7e76ba119b]::run_test::{closure#1}, ()>
[INFO] [stdout]   17:     0x5e0a6ce42602 - <std[617be2ca0a6fd877]::thread::lifecycle::spawn_unchecked<test[aada8e7e76ba119b]::run_test::{closure#1}, ()>::{closure#1} as core[a373ad73a504971]::ops::function::FnOnce<()>>::call_once::{shim:vtable#0}
[INFO] [stdout]   18:     0x5e0a6d200b5f - <std[617be2ca0a6fd877]::sys::thread::unix::Thread>::new::thread_start
[INFO] [stdout]   19:     0x77fde268fdfa - <unknown>
[INFO] [stdout]   20:     0x77fde27233d4 - clone
[INFO] [stdout]   21:                0x0 - <unknown>
[INFO] [stdout] 
[INFO] [stdout] ---- tests::a_poisoned_cache_entry_is_not_printed stdout ----
[INFO] [stdout] 
[INFO] [stdout] thread 'tests::a_poisoned_cache_entry_is_not_printed' (1473) panicked at src/lib.rs:1935:39:
[INFO] [stdout] no usage error: "cannot read /opt/rustwide/workdir/../../tests/fixtures/elf-Linux-x86: No such file or directory (os error 2)"
[INFO] [stdout] stack backtrace:
[INFO] [stdout]    0:     0x5e0a6d201801 - <<std[617be2ca0a6fd877]::sys::backtrace::BacktraceLock>::print::DisplayBacktrace as core[a373ad73a504971]::fmt::Display>::fmt
[INFO] [stdout]    1:     0x5e0a6d219daa - core[a373ad73a504971]::fmt::write
[INFO] [stdout]    2:     0x5e0a6d206b7c - <alloc[2e1b2a31b91974c5]::vec::Vec<u8> as core[a373ad73a504971]::io::write::Write>::write_fmt
[INFO] [stdout]    3:     0x5e0a6d1db0d6 - std[617be2ca0a6fd877]::panicking::default_hook::{closure#0}
[INFO] [stdout]    4:     0x5e0a6d1f8919 - std[617be2ca0a6fd877]::panicking::default_hook
[INFO] [stdout]    5:     0x5e0a6ce3ef50 - test[aada8e7e76ba119b]::test_main_inner::{closure#0}
[INFO] [stdout]    6:     0x5e0a6d1f8c42 - std[617be2ca0a6fd877]::panicking::panic_with_hook
[INFO] [stdout]    7:     0x5e0a6d1db182 - std[617be2ca0a6fd877]::panicking::panic_handler::{closure#0}
[INFO] [stdout]    8:     0x5e0a6d1d3749 - std[617be2ca0a6fd877]::sys::backtrace::__rust_end_short_backtrace::<std[617be2ca0a6fd877]::panicking::panic_handler::{closure#0}, !>
[INFO] [stdout]    9:     0x5e0a6d1dc1dd - __rustc[ea4f61d10b84890b]::rust_begin_unwind
[INFO] [stdout]   10:     0x5e0a6d21a58c - core[a373ad73a504971]::panicking::panic_fmt
[INFO] [stdout]   11:     0x5e0a6d21a362 - core[a373ad73a504971]::result::unwrap_failed
[INFO] [stdout]   12:     0x5e0a6cd84903 - rf_cli[e05f81d87bd5f533]::tests::run_to_string
[INFO] [stdout]   13:     0x5e0a6cd9b57b - <rf_cli[e05f81d87bd5f533]::tests::a_poisoned_cache_entry_is_not_printed::{closure#0} as core[a373ad73a504971]::ops::function::FnOnce<()>>::call_once
[INFO] [stdout]   14:     0x5e0a6ce3239b - test[aada8e7e76ba119b]::__rust_begin_short_backtrace::<core[a373ad73a504971]::result::Result<(), alloc[2e1b2a31b91974c5]::string::String>, fn() -> core[a373ad73a504971]::result::Result<(), alloc[2e1b2a31b91974c5]::string::String>>
[INFO] [stdout]   15:     0x5e0a6ce3f575 - test[aada8e7e76ba119b]::run_test::{closure#0}
[INFO] [stdout]   16:     0x5e0a6ce38e64 - std[617be2ca0a6fd877]::sys::backtrace::__rust_begin_short_backtrace::<test[aada8e7e76ba119b]::run_test::{closure#1}, ()>
[INFO] [stdout]   17:     0x5e0a6ce42602 - <std[617be2ca0a6fd877]::thread::lifecycle::spawn_unchecked<test[aada8e7e76ba119b]::run_test::{closure#1}, ()>::{closure#1} as core[a373ad73a504971]::ops::function::FnOnce<()>>::call_once::{shim:vtable#0}
[INFO] [stdout]   18:     0x5e0a6d200b5f - <std[617be2ca0a6fd877]::sys::thread::unix::Thread>::new::thread_start
[INFO] [stdout]   19:     0x77fde268fdfa - <unknown>
[INFO] [stdout]   20:     0x77fde27233d4 - clone
[INFO] [stdout]   21:                0x0 - <unknown>
[INFO] [stdout] 
[INFO] [stdout] ---- tests::badbytes_check_final_rebased_address stdout ----
[INFO] [stdout] 
[INFO] [stdout] thread 'tests::badbytes_check_final_rebased_address' (1476) panicked at src/lib.rs:1674:10:
[INFO] [stdout] called `Result::unwrap()` on an `Err` value: Os { code: 2, kind: NotFound, message: "No such file or directory" }
[INFO] [stdout] stack backtrace:
[INFO] [stdout]    0:     0x5e0a6d201801 - <<std[617be2ca0a6fd877]::sys::backtrace::BacktraceLock>::print::DisplayBacktrace as core[a373ad73a504971]::fmt::Display>::fmt
[INFO] [stdout]    1:     0x5e0a6d219daa - core[a373ad73a504971]::fmt::write
[INFO] [stdout]    2:     0x5e0a6d206b7c - <alloc[2e1b2a31b91974c5]::vec::Vec<u8> as core[a373ad73a504971]::io::write::Write>::write_fmt
[INFO] [stdout]    3:     0x5e0a6d1db0d6 - std[617be2ca0a6fd877]::panicking::default_hook::{closure#0}
[INFO] [stdout]    4:     0x5e0a6d1f8919 - std[617be2ca0a6fd877]::panicking::default_hook
[INFO] [stdout]    5:     0x5e0a6ce3ef50 - test[aada8e7e76ba119b]::test_main_inner::{closure#0}
[INFO] [stdout]    6:     0x5e0a6d1f8c42 - std[617be2ca0a6fd877]::panicking::panic_with_hook
[INFO] [stdout]    7:     0x5e0a6d1db182 - std[617be2ca0a6fd877]::panicking::panic_handler::{closure#0}
[INFO] [stdout]    8:     0x5e0a6d1d3749 - std[617be2ca0a6fd877]::sys::backtrace::__rust_end_short_backtrace::<std[617be2ca0a6fd877]::panicking::panic_handler::{closure#0}, !>
[INFO] [stdout]    9:     0x5e0a6d1dc1dd - __rustc[ea4f61d10b84890b]::rust_begin_unwind
[INFO] [stdout]   10:     0x5e0a6d21a58c - core[a373ad73a504971]::panicking::panic_fmt
[INFO] [stdout]   11:     0x5e0a6d21a362 - core[a373ad73a504971]::result::unwrap_failed
[INFO] [stdout]   12:     0x5e0a6cd847de - rf_cli[e05f81d87bd5f533]::tests::fixture_bytes
[INFO] [stdout]   13:     0x5e0a6cd98a9d - <rf_cli[e05f81d87bd5f533]::tests::badbytes_check_final_rebased_address::{closure#0} as core[a373ad73a504971]::ops::function::FnOnce<()>>::call_once
[INFO] [stdout]   14:     0x5e0a6ce3239b - test[aada8e7e76ba119b]::__rust_begin_short_backtrace::<core[a373ad73a504971]::result::Result<(), alloc[2e1b2a31b91974c5]::string::String>, fn() -> core[a373ad73a504971]::result::Result<(), alloc[2e1b2a31b91974c5]::string::String>>
[INFO] [stdout]   15:     0x5e0a6ce3f575 - test[aada8e7e76ba119b]::run_test::{closure#0}
[INFO] [stdout]   16:     0x5e0a6ce38e64 - std[617be2ca0a6fd877]::sys::backtrace::__rust_begin_short_backtrace::<test[aada8e7e76ba119b]::run_test::{closure#1}, ()>
[INFO] [stdout]   17:     0x5e0a6ce42602 - <std[617be2ca0a6fd877]::thread::lifecycle::spawn_unchecked<test[aada8e7e76ba119b]::run_test::{closure#1}, ()>::{closure#1} as core[a373ad73a504971]::ops::function::FnOnce<()>>::call_once::{shim:vtable#0}
[INFO] [stdout]   18:     0x5e0a6d200b5f - <std[617be2ca0a6fd877]::sys::thread::unix::Thread>::new::thread_start
[INFO] [stdout]   19:     0x77fde268fdfa - <unknown>
[INFO] [stdout]   20:     0x77fde27233d4 - clone
[INFO] [stdout]   21:                0x0 - <unknown>
[INFO] [stdout] 
[INFO] [stdout] ---- tests::cache_key_covers_every_output_affecting_parameter stdout ----
[INFO] [stdout] 
[INFO] [stdout] thread 'tests::cache_key_covers_every_output_affecting_parameter' (1481) panicked at src/lib.rs:1674:10:
[INFO] [stdout] called `Result::unwrap()` on an `Err` value: Os { code: 2, kind: NotFound, message: "No such file or directory" }
[INFO] [stdout] stack backtrace:
[INFO] [stdout]    0:     0x5e0a6d201801 - <<std[617be2ca0a6fd877]::sys::backtrace::BacktraceLock>::print::DisplayBacktrace as core[a373ad73a504971]::fmt::Display>::fmt
[INFO] [stdout]    1:     0x5e0a6d219daa - core[a373ad73a504971]::fmt::write
[INFO] [stdout]    2:     0x5e0a6d206b7c - <alloc[2e1b2a31b91974c5]::vec::Vec<u8> as core[a373ad73a504971]::io::write::Write>::write_fmt
[INFO] [stdout]    3:     0x5e0a6d1db0d6 - std[617be2ca0a6fd877]::panicking::default_hook::{closure#0}
[INFO] [stdout]    4:     0x5e0a6d1f8919 - std[617be2ca0a6fd877]::panicking::default_hook
[INFO] [stdout]    5:     0x5e0a6ce3ef50 - test[aada8e7e76ba119b]::test_main_inner::{closure#0}
[INFO] [stdout]    6:     0x5e0a6d1f8c42 - std[617be2ca0a6fd877]::panicking::panic_with_hook
[INFO] [stdout]    7:     0x5e0a6d1db182 - std[617be2ca0a6fd877]::panicking::panic_handler::{closure#0}
[INFO] [stdout]    8:     0x5e0a6d1d3749 - std[617be2ca0a6fd877]::sys::backtrace::__rust_end_short_backtrace::<std[617be2ca0a6fd877]::panicking::panic_handler::{closure#0}, !>
[INFO] [stdout]    9:     0x5e0a6d1dc1dd - __rustc[ea4f61d10b84890b]::rust_begin_unwind
[INFO] [stdout]   10:     0x5e0a6d21a58c - core[a373ad73a504971]::panicking::panic_fmt
[INFO] [stdout]   11:     0x5e0a6d21a362 - core[a373ad73a504971]::result::unwrap_failed
[INFO] [stdout]   12:     0x5e0a6cd847de - rf_cli[e05f81d87bd5f533]::tests::fixture_bytes
[INFO] [stdout]   13:     0x5e0a6cd7e756 - rf_cli[e05f81d87bd5f533]::tests::cache_key_covers_every_output_affecting_parameter::{closure#0}
[INFO] [stdout]   14:     0x5e0a6cda6af9 - <rf_cli[e05f81d87bd5f533]::tests::cache_key_covers_every_output_affecting_parameter::{closure#0} as core[a373ad73a504971]::ops::function::FnOnce<()>>::call_once
[INFO] [stdout]   15:     0x5e0a6ce3239b - test[aada8e7e76ba119b]::__rust_begin_short_backtrace::<core[a373ad73a504971]::result::Result<(), alloc[2e1b2a31b91974c5]::string::String>, fn() -> core[a373ad73a504971]::result::Result<(), alloc[2e1b2a31b91974c5]::string::String>>
[INFO] [stdout]   16:     0x5e0a6ce3f575 - test[aada8e7e76ba119b]::run_test::{closure#0}
[INFO] [stdout]   17:     0x5e0a6ce38e64 - std[617be2ca0a6fd877]::sys::backtrace::__rust_begin_short_backtrace::<test[aada8e7e76ba119b]::run_test::{closure#1}, ()>
[INFO] [stdout]   18:     0x5e0a6ce42602 - <std[617be2ca0a6fd877]::thread::lifecycle::spawn_unchecked<test[aada8e7e76ba119b]::run_test::{closure#1}, ()>::{closure#1} as core[a373ad73a504971]::ops::function::FnOnce<()>>::call_once::{shim:vtable#0}
[INFO] [stdout]   19:     0x5e0a6d200b5f - <std[617be2ca0a6fd877]::sys::thread::unix::Thread>::new::thread_start
[INFO] [stdout]   20:     0x77fde268fdfa - <unknown>
[INFO] [stdout]   21:     0x77fde27233d4 - clone
[INFO] [stdout]   22:                0x0 - <unknown>
[INFO] [stdout] 
[INFO] [stdout] ---- tests::a_cached_scan_is_never_served_across_rawarch stdout ----
[INFO] [stdout] 
[INFO] [stdout] thread 'tests::a_cached_scan_is_never_served_across_rawarch' (1472) panicked at src/lib.rs:1935:39:
[INFO] [stdout] no usage error: "cannot read /opt/rustwide/workdir/../../tests/fixtures/raw-x86.raw: No such file or directory (os error 2)"
[INFO] [stdout] stack backtrace:
[INFO] [stdout]    0:     0x5e0a6d201801 - <<std[617be2ca0a6fd877]::sys::backtrace::BacktraceLock>::print::DisplayBacktrace as core[a373ad73a504971]::fmt::Display>::fmt
[INFO] [stdout]    1:     0x5e0a6d219daa - core[a373ad73a504971]::fmt::write
[INFO] [stdout]    2:     0x5e0a6d206b7c - <alloc[2e1b2a31b91974c5]::vec::Vec<u8> as core[a373ad73a504971]::io::write::Write>::write_fmt
[INFO] [stdout]    3:     0x5e0a6d1db0d6 - std[617be2ca0a6fd877]::panicking::default_hook::{closure#0}
[INFO] [stdout]    4:     0x5e0a6d1f8919 - std[617be2ca0a6fd877]::panicking::default_hook
[INFO] [stdout]    5:     0x5e0a6ce3ef50 - test[aada8e7e76ba119b]::test_main_inner::{closure#0}
[INFO] [stdout]    6:     0x5e0a6d1f8c42 - std[617be2ca0a6fd877]::panicking::panic_with_hook
[INFO] [stdout]    7:     0x5e0a6d1db182 - std[617be2ca0a6fd877]::panicking::panic_handler::{closure#0}
[INFO] [stdout]    8:     0x5e0a6d1d3749 - std[617be2ca0a6fd877]::sys::backtrace::__rust_end_short_backtrace::<std[617be2ca0a6fd877]::panicking::panic_handler::{closure#0}, !>
[INFO] [stdout]    9:     0x5e0a6d1dc1dd - __rustc[ea4f61d10b84890b]::rust_begin_unwind
[INFO] [stdout]   10:     0x5e0a6d21a58c - core[a373ad73a504971]::panicking::panic_fmt
[INFO] [stdout]   11:     0x5e0a6d21a362 - core[a373ad73a504971]::result::unwrap_failed
[INFO] [stdout]   12:     0x5e0a6cd84903 - rf_cli[e05f81d87bd5f533]::tests::run_to_string
[INFO] [stdout]   13:     0x5e0a6cda3c27 - <rf_cli[e05f81d87bd5f533]::tests::a_cached_scan_is_never_served_across_rawarch::{closure#0} as core[a373ad73a504971]::ops::function::FnOnce<()>>::call_once
[INFO] [stdout]   14:     0x5e0a6ce3239b - test[aada8e7e76ba119b]::__rust_begin_short_backtrace::<core[a373ad73a504971]::result::Result<(), alloc[2e1b2a31b91974c5]::string::String>, fn() -> core[a373ad73a504971]::result::Result<(), alloc[2e1b2a31b91974c5]::string::String>>
[INFO] [stdout]   15:     0x5e0a6ce3f575 - test[aada8e7e76ba119b]::run_test::{closure#0}
[INFO] [stdout]   16:     0x5e0a6ce38e64 - std[617be2ca0a6fd877]::sys::backtrace::__rust_begin_short_backtrace::<test[aada8e7e76ba119b]::run_test::{closure#1}, ()>
[INFO] [stdout]   17:     0x5e0a6ce42602 - <std[617be2ca0a6fd877]::thread::lifecycle::spawn_unchecked<test[aada8e7e76ba119b]::run_test::{closure#1}, ()>::{closure#1} as core[a373ad73a504971]::ops::function::FnOnce<()>>::call_once::{shim:vtable#0}
[INFO] [stdout]   18:     0x5e0a6d200b5f - <std[617be2ca0a6fd877]::sys::thread::unix::Thread>::new::thread_start
[INFO] [stdout]   19:     0x77fde268fdfa - <unknown>
[INFO] [stdout]   20:     0x77fde27233d4 - clone
[INFO] [stdout]   21:                0x0 - <unknown>
[INFO] [stdout] 
[INFO] [stdout] ---- tests::base_and_offset_compose stdout ----
[INFO] [stdout] 
[INFO] [stdout] thread 'tests::base_and_offset_compose' (1478) panicked at src/lib.rs:1674:10:
[INFO] [stdout] called `Result::unwrap()` on an `Err` value: Os { code: 2, kind: NotFound, message: "No such file or directory" }
[INFO] [stdout] stack backtrace:
[INFO] [stdout]    0:     0x5e0a6d201801 - <<std[617be2ca0a6fd877]::sys::backtrace::BacktraceLock>::print::DisplayBacktrace as core[a373ad73a504971]::fmt::Display>::fmt
[INFO] [stdout]    1:     0x5e0a6d219daa - core[a373ad73a504971]::fmt::write
[INFO] [stdout]    2:     0x5e0a6d206b7c - <alloc[2e1b2a31b91974c5]::vec::Vec<u8> as core[a373ad73a504971]::io::write::Write>::write_fmt
[INFO] [stdout]    3:     0x5e0a6d1db0d6 - std[617be2ca0a6fd877]::panicking::default_hook::{closure#0}
[INFO] [stdout]    4:     0x5e0a6d1f8919 - std[617be2ca0a6fd877]::panicking::default_hook
[INFO] [stdout]    5:     0x5e0a6ce3ef50 - test[aada8e7e76ba119b]::test_main_inner::{closure#0}
[INFO] [stdout]    6:     0x5e0a6d1f8c42 - std[617be2ca0a6fd877]::panicking::panic_with_hook
[INFO] [stdout]    7:     0x5e0a6d1db182 - std[617be2ca0a6fd877]::panicking::panic_handler::{closure#0}
[INFO] [stdout]    8:     0x5e0a6d1d3749 - std[617be2ca0a6fd877]::sys::backtrace::__rust_end_short_backtrace::<std[617be2ca0a6fd877]::panicking::panic_handler::{closure#0}, !>
[INFO] [stdout]    9:     0x5e0a6d1dc1dd - __rustc[ea4f61d10b84890b]::rust_begin_unwind
[INFO] [stdout]   10:     0x5e0a6d21a58c - core[a373ad73a504971]::panicking::panic_fmt
[INFO] [stdout]   11:     0x5e0a6d21a362 - core[a373ad73a504971]::result::unwrap_failed
[INFO] [stdout]   12:     0x5e0a6cd847de - rf_cli[e05f81d87bd5f533]::tests::fixture_bytes
[INFO] [stdout]   13:     0x5e0a6cd8bc92 - <rf_cli[e05f81d87bd5f533]::tests::base_and_offset_compose::{closure#0} as core[a373ad73a504971]::ops::function::FnOnce<()>>::call_once
[INFO] [stdout]   14:     0x5e0a6ce3239b - test[aada8e7e76ba119b]::__rust_begin_short_backtrace::<core[a373ad73a504971]::result::Result<(), alloc[2e1b2a31b91974c5]::string::String>, fn() -> core[a373ad73a504971]::result::Result<(), alloc[2e1b2a31b91974c5]::string::String>>
[INFO] [stdout]   15:     0x5e0a6ce3f575 - test[aada8e7e76ba119b]::run_test::{closure#0}
[INFO] [stdout]   16:     0x5e0a6ce38e64 - std[617be2ca0a6fd877]::sys::backtrace::__rust_begin_short_backtrace::<test[aada8e7e76ba119b]::run_test::{closure#1}, ()>
[INFO] [stdout]   17:     0x5e0a6ce42602 - <std[617be2ca0a6fd877]::thread::lifecycle::spawn_unchecked<test[aada8e7e76ba119b]::run_test::{closure#1}, ()>::{closure#1} as core[a373ad73a504971]::ops::function::FnOnce<()>>::call_once::{shim:vtable#0}
[INFO] [stdout]   18:     0x5e0a6d200b5f - <std[617be2ca0a6fd877]::sys::thread::unix::Thread>::new::thread_start
[INFO] [stdout]   19:     0x77fde268fdfa - <unknown>
[INFO] [stdout]   20:     0x77fde27233d4 - clone
[INFO] [stdout]   21:                0x0 - <unknown>
[INFO] [stdout] 
[INFO] [stdout] ---- console::tests::repl_core_flow stdout ----
[INFO] [stdout] 
[INFO] [stdout] thread 'console::tests::repl_core_flow' (1457) panicked at src/console.rs:692:9:
[INFO] [stdout] (ROPgadget)> All:         False
[INFO] [stdout] Badbytes:    None
[INFO] [stdout] Binary:      None
[INFO] [stdout] Depth:       10
[INFO] [stdout] Filter:      None
[INFO] [stdout] Memstr:      None
[INFO] [stdout] MultiBr:     False
[INFO] [stdout] NoJOP:       False
[INFO] [stdout] NoROP:       False
[INFO] [stdout] NoSYS:       False
[INFO] [stdout] Offset:      None
[INFO] [stdout] Only:        None
[INFO] [stdout] Opcode:      None
[INFO] [stdout] ROPchain:    False
[INFO] [stdout] Range:       0x0-0x0
[INFO] [stdout] RawArch:     None
[INFO] [stdout] RawMode:     None
[INFO] [stdout] RawEndian:   None
[INFO] [stdout] Re:          None
[INFO] [stdout] String:      None
[INFO] [stdout] Thumb:       False
[INFO] [stdout] Mipsrop:     None
[INFO] [stdout] (ROPgadget)> [Error] Can't open the binary or binary not found
[INFO] [stdout] (ROPgadget)> [+] Loading gadgets, please wait...
[INFO] [stdout] [+] Gadgets loaded !
[INFO] [stdout] (ROPgadget)> [+] 0 loaded gadgets.
[INFO] [stdout] (ROPgadget)> [-] You have to load a binary
[INFO] [stdout] (ROPgadget)> [+] Depth updated. You have to reload gadgets
[INFO] [stdout] (ROPgadget)> [-] The start value must be greater than the end value
[INFO] [stdout] (ROPgadget)> 
[INFO] [stdout] stack backtrace:
[INFO] [stdout]    0:     0x5e0a6d201801 - <<std[617be2ca0a6fd877]::sys::backtrace::BacktraceLock>::print::DisplayBacktrace as core[a373ad73a504971]::fmt::Display>::fmt
[INFO] [stdout]    1:     0x5e0a6d219daa - core[a373ad73a504971]::fmt::write
[INFO] [stdout]    2:     0x5e0a6d206b7c - <alloc[2e1b2a31b91974c5]::vec::Vec<u8> as core[a373ad73a504971]::io::write::Write>::write_fmt
[INFO] [stdout]    3:     0x5e0a6d1db0d6 - std[617be2ca0a6fd877]::panicking::default_hook::{closure#0}
[INFO] [stdout]    4:     0x5e0a6d1f8919 - std[617be2ca0a6fd877]::panicking::default_hook
[INFO] [stdout]    5:     0x5e0a6ce3ef50 - test[aada8e7e76ba119b]::test_main_inner::{closure#0}
[INFO] [stdout]    6:     0x5e0a6d1f8c42 - std[617be2ca0a6fd877]::panicking::panic_with_hook
[INFO] [stdout]    7:     0x5e0a6d1db182 - std[617be2ca0a6fd877]::panicking::panic_handler::{closure#0}
[INFO] [stdout]    8:     0x5e0a6d1d3749 - std[617be2ca0a6fd877]::sys::backtrace::__rust_end_short_backtrace::<std[617be2ca0a6fd877]::panicking::panic_handler::{closure#0}, !>
[INFO] [stdout]    9:     0x5e0a6d1dc1dd - __rustc[ea4f61d10b84890b]::rust_begin_unwind
[INFO] [stdout]   10:     0x5e0a6d21a58c - core[a373ad73a504971]::panicking::panic_fmt
[INFO] [stdout]   11:     0x5e0a6ce1030e - <rf_cli[e05f81d87bd5f533]::console::tests::repl_core_flow::{closure#0} as core[a373ad73a504971]::ops::function::FnOnce<()>>::call_once
[INFO] [stdout]   12:     0x5e0a6ce3239b - test[aada8e7e76ba119b]::__rust_begin_short_backtrace::<core[a373ad73a504971]::result::Result<(), alloc[2e1b2a31b91974c5]::string::String>, fn() -> core[a373ad73a504971]::result::Result<(), alloc[2e1b2a31b91974c5]::string::String>>
[INFO] [stdout]   13:     0x5e0a6ce3f575 - test[aada8e7e76ba119b]::run_test::{closure#0}
[INFO] [stdout]   14:     0x5e0a6ce38e64 - std[617be2ca0a6fd877]::sys::backtrace::__rust_begin_short_backtrace::<test[aada8e7e76ba119b]::run_test::{closure#1}, ()>
[INFO] [stdout]   15:     0x5e0a6ce42602 - <std[617be2ca0a6fd877]::thread::lifecycle::spawn_unchecked<test[aada8e7e76ba119b]::run_test::{closure#1}, ()>::{closure#1} as core[a373ad73a504971]::ops::function::FnOnce<()>>::call_once::{shim:vtable#0}
[INFO] [stdout]   16:     0x5e0a6d200b5f - <std[617be2ca0a6fd877]::sys::thread::unix::Thread>::new::thread_start
[INFO] [stdout]   17:     0x77fde268fdfa - <unknown>
[INFO] [stdout]   18:     0x77fde27233d4 - clone
[INFO] [stdout]   19:                0x0 - <unknown>
[INFO] [stdout] 
[INFO] [stdout] ---- console::tests::repl_preload_and_search_extension stdout ----
[INFO] [stdout] 
[INFO] [stdout] thread 'console::tests::repl_preload_and_search_extension' (1460) panicked at src/console.rs:735:86:
[INFO] [stdout] called `Result::unwrap()` on an `Err` value: "Can't open the binary or binary not found"
[INFO] [stdout] stack backtrace:
[INFO] [stdout]    0:     0x5e0a6d201801 - <<std[617be2ca0a6fd877]::sys::backtrace::BacktraceLock>::print::DisplayBacktrace as core[a373ad73a504971]::fmt::Display>::fmt
[INFO] [stdout]    1:     0x5e0a6d219daa - core[a373ad73a504971]::fmt::write
[INFO] [stdout]    2:     0x5e0a6d206b7c - <alloc[2e1b2a31b91974c5]::vec::Vec<u8> as core[a373ad73a504971]::io::write::Write>::write_fmt
[INFO] [stdout]    3:     0x5e0a6d1db0d6 - std[617be2ca0a6fd877]::panicking::default_hook::{closure#0}
[INFO] [stdout]    4:     0x5e0a6d1f8919 - std[617be2ca0a6fd877]::panicking::default_hook
[INFO] [stdout]    5:     0x5e0a6ce3ef50 - test[aada8e7e76ba119b]::test_main_inner::{closure#0}
[INFO] [stdout]    6:     0x5e0a6d1f8c42 - std[617be2ca0a6fd877]::panicking::panic_with_hook
[INFO] [stdout]    7:     0x5e0a6d1db182 - std[617be2ca0a6fd877]::panicking::panic_handler::{closure#0}
[INFO] [stdout]    8:     0x5e0a6d1d3749 - std[617be2ca0a6fd877]::sys::backtrace::__rust_end_short_backtrace::<std[617be2ca0a6fd877]::panicking::panic_handler::{closure#0}, !>
[INFO] [stdout]    9:     0x5e0a6d1dc1dd - __rustc[ea4f61d10b84890b]::rust_begin_unwind
[INFO] [stdout]   10:     0x5e0a6d21a58c - core[a373ad73a504971]::panicking::panic_fmt
[INFO] [stdout]   11:     0x5e0a6d21a362 - core[a373ad73a504971]::result::unwrap_failed
[INFO] [stdout]   12:     0x5e0a6ce1083e - <rf_cli[e05f81d87bd5f533]::console::tests::repl_preload_and_search_extension::{closure#0} as core[a373ad73a504971]::ops::function::FnOnce<()>>::call_once
[INFO] [stdout]   13:     0x5e0a6ce3239b - test[aada8e7e76ba119b]::__rust_begin_short_backtrace::<core[a373ad73a504971]::result::Result<(), alloc[2e1b2a31b91974c5]::string::String>, fn() -> core[a373ad73a504971]::result::Result<(), alloc[2e1b2a31b91974c5]::string::String>>
[INFO] [stdout]   14:     0x5e0a6ce3f575 - test[aada8e7e76ba119b]::run_test::{closure#0}
[INFO] [stdout]   15:     0x5e0a6ce38e64 - std[617be2ca0a6fd877]::sys::backtrace::__rust_begin_short_backtrace::<test[aada8e7e76ba119b]::run_test::{closure#1}, ()>
[INFO] [stdout]   16:     0x5e0a6ce42602 - <std[617be2ca0a6fd877]::thread::lifecycle::spawn_unchecked<test[aada8e7e76ba119b]::run_test::{closure#1}, ()>::{closure#1} as core[a373ad73a504971]::ops::function::FnOnce<()>>::call_once::{shim:vtable#0}
[INFO] [stdout]   17:     0x5e0a6d200b5f - <std[617be2ca0a6fd877]::sys::thread::unix::Thread>::new::thread_start
[INFO] [stdout]   18:     0x77fde268fdfa - <unknown>
[INFO] [stdout]   19:     0x77fde27233d4 - clone
[INFO] [stdout]   20:                0x0 - <unknown>
[INFO] [stdout] 
[INFO] [stdout] ---- tests::chain_builds_on_linux_x86 stdout ----
[INFO] [stdout] 
[INFO] [stdout] thread 'tests::chain_builds_on_linux_x86' (1487) panicked at src/lib.rs:1674:10:
[INFO] [stdout] called `Result::unwrap()` on an `Err` value: Os { code: 2, kind: NotFound, message: "No such file or directory" }
[INFO] [stdout] stack backtrace:
[INFO] [stdout]    0:     0x5e0a6d201801 - <<std[617be2ca0a6fd877]::sys::backtrace::BacktraceLock>::print::DisplayBacktrace as core[a373ad73a504971]::fmt::Display>::fmt
[INFO] [stdout]    1:     0x5e0a6d219daa - core[a373ad73a504971]::fmt::write
[INFO] [stdout]    2:     0x5e0a6d206b7c - <alloc[2e1b2a31b91974c5]::vec::Vec<u8> as core[a373ad73a504971]::io::write::Write>::write_fmt
[INFO] [stdout]    3:     0x5e0a6d1db0d6 - std[617be2ca0a6fd877]::panicking::default_hook::{closure#0}
[INFO] [stdout]    4:     0x5e0a6d1f8919 - std[617be2ca0a6fd877]::panicking::default_hook
[INFO] [stdout]    5:     0x5e0a6ce3ef50 - test[aada8e7e76ba119b]::test_main_inner::{closure#0}
[INFO] [stdout]    6:     0x5e0a6d1f8c42 - std[617be2ca0a6fd877]::panicking::panic_with_hook
[INFO] [stdout]    7:     0x5e0a6d1db182 - std[617be2ca0a6fd877]::panicking::panic_handler::{closure#0}
[INFO] [stdout]    8:     0x5e0a6d1d3749 - std[617be2ca0a6fd877]::sys::backtrace::__rust_end_short_backtrace::<std[617be2ca0a6fd877]::panicking::panic_handler::{closure#0}, !>
[INFO] [stdout]    9:     0x5e0a6d1dc1dd - __rustc[ea4f61d10b84890b]::rust_begin_unwind
[INFO] [stdout]   10:     0x5e0a6d21a58c - core[a373ad73a504971]::panicking::panic_fmt
[INFO] [stdout]   11:     0x5e0a6d21a362 - core[a373ad73a504971]::result::unwrap_failed
[INFO] [stdout]   12:     0x5e0a6cd847de - rf_cli[e05f81d87bd5f533]::tests::fixture_bytes
[INFO] [stdout]   13:     0x5e0a6cd8450c - rf_cli[e05f81d87bd5f533]::tests::chain_fixture
[INFO] [stdout]   14:     0x5e0a6cd8f708 - <rf_cli[e05f81d87bd5f533]::tests::chain_builds_on_linux_x86::{closure#0} as core[a373ad73a504971]::ops::function::FnOnce<()>>::call_once
[INFO] [stdout]   15:     0x5e0a6ce3239b - test[aada8e7e76ba119b]::__rust_begin_short_backtrace::<core[a373ad73a504971]::result::Result<(), alloc[2e1b2a31b91974c5]::string::String>, fn() -> core[a373ad73a504971]::result::Result<(), alloc[2e1b2a31b91974c5]::string::String>>
[INFO] [stdout]   16:     0x5e0a6ce3f575 - test[aada8e7e76ba119b]::run_test::{closure#0}
[INFO] [stdout]   17:     0x5e0a6ce38e64 - std[617be2ca0a6fd877]::sys::backtrace::__rust_begin_short_backtrace::<test[aada8e7e76ba119b]::run_test::{closure#1}, ()>
[INFO] [stdout]   18:     0x5e0a6ce42602 - <std[617be2ca0a6fd877]::thread::lifecycle::spawn_unchecked<test[aada8e7e76ba119b]::run_test::{closure#1}, ()>::{closure#1} as core[a373ad73a504971]::ops::function::FnOnce<()>>::call_once::{shim:vtable#0}
[INFO] [stdout]   19:     0x5e0a6d200b5f - <std[617be2ca0a6fd877]::sys::thread::unix::Thread>::new::thread_start
[INFO] [stdout]   20:     0x77fde268fdfa - <unknown>
[INFO] [stdout]   21:     0x77fde27233d4 - clone
[INFO] [stdout]   22:                0x0 - <unknown>
[INFO] [stdout] 
[INFO] [stdout] ---- tests::chain_builds_on_linux_x64 stdout ----
[INFO] [stdout] 
[INFO] [stdout] thread 'tests::chain_builds_on_linux_x64' (1486) panicked at src/lib.rs:1674:10:
[INFO] [stdout] called `Result::unwrap()` on an `Err` value: Os { code: 2, kind: NotFound, message: "No such file or directory" }
[INFO] [stdout] stack backtrace:
[INFO] [stdout]    0:     0x5e0a6d201801 - <<std[617be2ca0a6fd877]::sys::backtrace::BacktraceLock>::print::DisplayBacktrace as core[a373ad73a504971]::fmt::Display>::fmt
[INFO] [stdout]    1:     0x5e0a6d219daa - core[a373ad73a504971]::fmt::write
[INFO] [stdout]    2:     0x5e0a6d206b7c - <alloc[2e1b2a31b91974c5]::vec::Vec<u8> as core[a373ad73a504971]::io::write::Write>::write_fmt
[INFO] [stdout]    3:     0x5e0a6d1db0d6 - std[617be2ca0a6fd877]::panicking::default_hook::{closure#0}
[INFO] [stdout]    4:     0x5e0a6d1f8919 - std[617be2ca0a6fd877]::panicking::default_hook
[INFO] [stdout]    5:     0x5e0a6ce3ef50 - test[aada8e7e76ba119b]::test_main_inner::{closure#0}
[INFO] [stdout]    6:     0x5e0a6d1f8c42 - std[617be2ca0a6fd877]::panicking::panic_with_hook
[INFO] [stdout]    7:     0x5e0a6d1db182 - std[617be2ca0a6fd877]::panicking::panic_handler::{closure#0}
[INFO] [stdout]    8:     0x5e0a6d1d3749 - std[617be2ca0a6fd877]::sys::backtrace::__rust_end_short_backtrace::<std[617be2ca0a6fd877]::panicking::panic_handler::{closure#0}, !>
[INFO] [stdout]    9:     0x5e0a6d1dc1dd - __rustc[ea4f61d10b84890b]::rust_begin_unwind
[INFO] [stdout]   10:     0x5e0a6d21a58c - core[a373ad73a504971]::panicking::panic_fmt
[INFO] [stdout]   11:     0x5e0a6d21a362 - core[a373ad73a504971]::result::unwrap_failed
[INFO] [stdout]   12:     0x5e0a6cd847de - rf_cli[e05f81d87bd5f533]::tests::fixture_bytes
[INFO] [stdout]   13:     0x5e0a6cd8450c - rf_cli[e05f81d87bd5f533]::tests::chain_fixture
[INFO] [stdout]   14:     0x5e0a6cd8f018 - <rf_cli[e05f81d87bd5f533]::tests::chain_builds_on_linux_x64::{closure#0} as core[a373ad73a504971]::ops::function::FnOnce<()>>::call_once
[INFO] [stdout]   15:     0x5e0a6ce3239b - test[aada8e7e76ba119b]::__rust_begin_short_backtrace::<core[a373ad73a504971]::result::Result<(), alloc[2e1b2a31b91974c5]::string::String>, fn() -> core[a373ad73a504971]::result::Result<(), alloc[2e1b2a31b91974c5]::string::String>>
[INFO] [stdout]   16:     0x5e0a6ce3f575 - test[aada8e7e76ba119b]::run_test::{closure#0}
[INFO] [stdout]   17:     0x5e0a6ce38e64 - std[617be2ca0a6fd877]::sys::backtrace::__rust_begin_short_backtrace::<test[aada8e7e76ba119b]::run_test::{closure#1}, ()>
[INFO] [stdout]   18:     0x5e0a6ce42602 - <std[617be2ca0a6fd877]::thread::lifecycle::spawn_unchecked<test[aada8e7e76ba119b]::run_test::{closure#1}, ()>::{closure#1} as core[a373ad73a504971]::ops::function::FnOnce<()>>::call_once::{shim:vtable#0}
[INFO] [stdout]   19:     0x5e0a6d200b5f - <std[617be2ca0a6fd877]::sys::thread::unix::Thread>::new::thread_start
[INFO] [stdout]   20:     0x77fde268fdfa - <unknown>
[INFO] [stdout]   21:     0x77fde27233d4 - clone
[INFO] [stdout]   22:                0x0 - <unknown>
[INFO] [stdout] 
[INFO] [stdout] ---- tests::chain_honours_badbytes stdout ----
[INFO] [stdout] 
[INFO] [stdout] thread 'tests::chain_honours_badbytes' (1489) panicked at src/lib.rs:1674:10:
[INFO] [stdout] called `Result::unwrap()` on an `Err` value: Os { code: 2, kind: NotFound, message: "No such file or directory" }
[INFO] [stdout] stack backtrace:
[INFO] [stdout]    0:     0x5e0a6d201801 - <<std[617be2ca0a6fd877]::sys::backtrace::BacktraceLock>::print::DisplayBacktrace as core[a373ad73a504971]::fmt::Display>::fmt
[INFO] [stdout]    1:     0x5e0a6d219daa - core[a373ad73a504971]::fmt::write
[INFO] [stdout]    2:     0x5e0a6d206b7c - <alloc[2e1b2a31b91974c5]::vec::Vec<u8> as core[a373ad73a504971]::io::write::Write>::write_fmt
[INFO] [stdout]    3:     0x5e0a6d1db0d6 - std[617be2ca0a6fd877]::panicking::default_hook::{closure#0}
[INFO] [stdout]    4:     0x5e0a6d1f8919 - std[617be2ca0a6fd877]::panicking::default_hook
[INFO] [stdout]    5:     0x5e0a6ce3ef50 - test[aada8e7e76ba119b]::test_main_inner::{closure#0}
[INFO] [stdout]    6:     0x5e0a6d1f8c42 - std[617be2ca0a6fd877]::panicking::panic_with_hook
[INFO] [stdout]    7:     0x5e0a6d1db182 - std[617be2ca0a6fd877]::panicking::panic_handler::{closure#0}
[INFO] [stdout]    8:     0x5e0a6d1d3749 - std[617be2ca0a6fd877]::sys::backtrace::__rust_end_short_backtrace::<std[617be2ca0a6fd877]::panicking::panic_handler::{closure#0}, !>
[INFO] [stdout]    9:     0x5e0a6d1dc1dd - __rustc[ea4f61d10b84890b]::rust_begin_unwind
[INFO] [stdout]   10:     0x5e0a6d21a58c - core[a373ad73a504971]::panicking::panic_fmt
[INFO] [stdout]   11:     0x5e0a6d21a362 - core[a373ad73a504971]::result::unwrap_failed
[INFO] [stdout]   12:     0x5e0a6cd847de - rf_cli[e05f81d87bd5f533]::tests::fixture_bytes
[INFO] [stdout]   13:     0x5e0a6cd8b466 - <rf_cli[e05f81d87bd5f533]::tests::chain_honours_badbytes::{closure#0} as core[a373ad73a504971]::ops::function::FnOnce<()>>::call_once
[INFO] [stdout]   14:     0x5e0a6ce3239b - test[aada8e7e76ba119b]::__rust_begin_short_backtrace::<core[a373ad73a504971]::result::Result<(), alloc[2e1b2a31b91974c5]::string::String>, fn() -> core[a373ad73a504971]::result::Result<(), alloc[2e1b2a31b91974c5]::string::String>>
[INFO] [stdout]   15:     0x5e0a6ce3f575 - test[aada8e7e76ba119b]::run_test::{closure#0}
[INFO] [stdout]   16:     0x5e0a6ce38e64 - std[617be2ca0a6fd877]::sys::backtrace::__rust_begin_short_backtrace::<test[aada8e7e76ba119b]::run_test::{closure#1}, ()>
[INFO] [stdout]   17:     0x5e0a6ce42602 - <std[617be2ca0a6fd877]::thread::lifecycle::spawn_unchecked<test[aada8e7e76ba119b]::run_test::{closure#1}, ()>::{closure#1} as core[a373ad73a504971]::ops::function::FnOnce<()>>::call_once::{shim:vtable#0}
[INFO] [stdout]   18:     0x5e0a6d200b5f - <std[617be2ca0a6fd877]::sys::thread::unix::Thread>::new::thread_start
[INFO] [stdout]   19:     0x77fde268fdfa - <unknown>
[INFO] [stdout]   20:     0x77fde27233d4 - clone
[INFO] [stdout]   21:                0x0 - <unknown>
[INFO] [stdout] 
[INFO] [stdout] ---- tests::chain_rejects_unsupported_targets stdout ----
[INFO] [stdout] 
[INFO] [stdout] thread 'tests::chain_rejects_unsupported_targets' (1492) panicked at src/lib.rs:1674:10:
[INFO] [stdout] called `Result::unwrap()` on an `Err` value: Os { code: 2, kind: NotFound, message: "No such file or directory" }
[INFO] [stdout] stack backtrace:
[INFO] [stdout]    0:     0x5e0a6d201801 - <<std[617be2ca0a6fd877]::sys::backtrace::BacktraceLock>::print::DisplayBacktrace as core[a373ad73a504971]::fmt::Display>::fmt
[INFO] [stdout]    1:     0x5e0a6d219daa - core[a373ad73a504971]::fmt::write
[INFO] [stdout]    2:     0x5e0a6d206b7c - <alloc[2e1b2a31b91974c5]::vec::Vec<u8> as core[a373ad73a504971]::io::write::Write>::write_fmt
[INFO] [stdout]    3:     0x5e0a6d1db0d6 - std[617be2ca0a6fd877]::panicking::default_hook::{closure#0}
[INFO] [stdout]    4:     0x5e0a6d1f8919 - std[617be2ca0a6fd877]::panicking::default_hook
[INFO] [stdout]    5:     0x5e0a6ce3ef50 - test[aada8e7e76ba119b]::test_main_inner::{closure#0}
[INFO] [stdout]    6:     0x5e0a6d1f8c42 - std[617be2ca0a6fd877]::panicking::panic_with_hook
[INFO] [stdout]    7:     0x5e0a6d1db182 - std[617be2ca0a6fd877]::panicking::panic_handler::{closure#0}
[INFO] [stdout]    8:     0x5e0a6d1d3749 - std[617be2ca0a6fd877]::sys::backtrace::__rust_end_short_backtrace::<std[617be2ca0a6fd877]::panicking::panic_handler::{closure#0}, !>
[INFO] [stdout]    9:     0x5e0a6d1dc1dd - __rustc[ea4f61d10b84890b]::rust_begin_unwind
[INFO] [stdout]   10:     0x5e0a6d21a58c - core[a373ad73a504971]::panicking::panic_fmt
[INFO] [stdout]   11:     0x5e0a6d21a362 - core[a373ad73a504971]::result::unwrap_failed
[INFO] [stdout]   12:     0x5e0a6cd847de - rf_cli[e05f81d87bd5f533]::tests::fixture_bytes
[INFO] [stdout]   13:     0x5e0a6cd94d78 - <rf_cli[e05f81d87bd5f533]::tests::chain_rejects_unsupported_targets::{closure#0} as core[a373ad73a504971]::ops::function::FnOnce<()>>::call_once
[INFO] [stdout]   14:     0x5e0a6ce3239b - test[aada8e7e76ba119b]::__rust_begin_short_backtrace::<core[a373ad73a504971]::result::Result<(), alloc[2e1b2a31b91974c5]::string::String>, fn() -> core[a373ad73a504971]::result::Result<(), alloc[2e1b2a31b91974c5]::string::String>>
[INFO] [stdout]   15:     0x5e0a6ce3f575 - test[aada8e7e76ba119b]::run_test::{closure#0}
[INFO] [stdout]   16:     0x5e0a6ce38e64 - std[617be2ca0a6fd877]::sys::backtrace::__rust_begin_short_backtrace::<test[aada8e7e76ba119b]::run_test::{closure#1}, ()>
[INFO] [stdout]   17:     0x5e0a6ce42602 - <std[617be2ca0a6fd877]::thread::lifecycle::spawn_unchecked<test[aada8e7e76ba119b]::run_test::{closure#1}, ()>::{closure#1} as core[a373ad73a504971]::ops::function::FnOnce<()>>::call_once::{shim:vtable#0}
[INFO] [stdout]   18:     0x5e0a6d200b5f - <std[617be2ca0a6fd877]::sys::thread::unix::Thread>::new::thread_start
[INFO] [stdout]   19:     0x77fde268fdfa - <unknown>
[INFO] [stdout]   20:     0x77fde27233d4 - clone
[INFO] [stdout]   21:                0x0 - <unknown>
[INFO] [stdout] 
[INFO] [stdout] ---- tests::chain_targets_are_the_advertised_set stdout ----
[INFO] [stdout] 
[INFO] [stdout] thread 'tests::chain_targets_are_the_advertised_set' (1493) panicked at src/lib.rs:1674:10:
[INFO] [stdout] called `Result::unwrap()` on an `Err` value: Os { code: 2, kind: NotFound, message: "No such file or directory" }
[INFO] [stdout] stack backtrace:
[INFO] [stdout]    0:     0x5e0a6d201801 - <<std[617be2ca0a6fd877]::sys::backtrace::BacktraceLock>::print::DisplayBacktrace as core[a373ad73a504971]::fmt::Display>::fmt
[INFO] [stdout]    1:     0x5e0a6d219daa - core[a373ad73a504971]::fmt::write
[INFO] [stdout]    2:     0x5e0a6d206b7c - <alloc[2e1b2a31b91974c5]::vec::Vec<u8> as core[a373ad73a504971]::io::write::Write>::write_fmt
[INFO] [stdout]    3:     0x5e0a6d1db0d6 - std[617be2ca0a6fd877]::panicking::default_hook::{closure#0}
[INFO] [stdout]    4:     0x5e0a6d1f8919 - std[617be2ca0a6fd877]::panicking::default_hook
[INFO] [stdout]    5:     0x5e0a6ce3ef50 - test[aada8e7e76ba119b]::test_main_inner::{closure#0}
[INFO] [stdout]    6:     0x5e0a6d1f8c42 - std[617be2ca0a6fd877]::panicking::panic_with_hook
[INFO] [stdout]    7:     0x5e0a6d1db182 - std[617be2ca0a6fd877]::panicking::panic_handler::{closure#0}
[INFO] [stdout]    8:     0x5e0a6d1d3749 - std[617be2ca0a6fd877]::sys::backtrace::__rust_end_short_backtrace::<std[617be2ca0a6fd877]::panicking::panic_handler::{closure#0}, !>
[INFO] [stdout]    9:     0x5e0a6d1dc1dd - __rustc[ea4f61d10b84890b]::rust_begin_unwind
[INFO] [stdout]   10:     0x5e0a6d21a58c - core[a373ad73a504971]::panicking::panic_fmt
[INFO] [stdout]   11:     0x5e0a6d21a362 - core[a373ad73a504971]::result::unwrap_failed
[INFO] [stdout]   12:     0x5e0a6cd847de - rf_cli[e05f81d87bd5f533]::tests::fixture_bytes
[INFO] [stdout]   13:     0x5e0a6cd99cf3 - <rf_cli[e05f81d87bd5f533]::tests::chain_targets_are_the_advertised_set::{closure#0} as core[a373ad73a504971]::ops::function::FnOnce<()>>::call_once
[INFO] [stdout]   14:     0x5e0a6ce3239b - test[aada8e7e76ba119b]::__rust_begin_short_backtrace::<core[a373ad73a504971]::result::Result<(), alloc[2e1b2a31b91974c5]::string::String>, fn() -> core[a373ad73a504971]::result::Result<(), alloc[2e1b2a31b91974c5]::string::String>>
[INFO] [stdout]   15:     0x5e0a6ce3f575 - test[aada8e7e76ba119b]::run_test::{closure#0}
[INFO] [stdout]   16:     0x5e0a6ce38e64 - std[617be2ca0a6fd877]::sys::backtrace::__rust_begin_short_backtrace::<test[aada8e7e76ba119b]::run_test::{closure#1}, ()>
[INFO] [stdout]   17:     0x5e0a6ce42602 - <std[617be2ca0a6fd877]::thread::lifecycle::spawn_unchecked<test[aada8e7e76ba119b]::run_test::{closure#1}, ()>::{closure#1} as core[a373ad73a504971]::ops::function::FnOnce<()>>::call_once::{shim:vtable#0}
[INFO] [stdout]   18:     0x5e0a6d200b5f - <std[617be2ca0a6fd877]::sys::thread::unix::Thread>::new::thread_start
[INFO] [stdout]   19:     0x77fde268fdfa - <unknown>
[INFO] [stdout]   20:     0x77fde27233d4 - clone
[INFO] [stdout]   21:                0x0 - <unknown>
[INFO] [stdout] 
[INFO] [stdout] ---- tests::check_input_metadata_refuses_non_regular_and_oversized stdout ----
[INFO] [stdout] 
[INFO] [stdout] thread 'tests::check_input_metadata_refuses_non_regular_and_oversized' (1500) panicked at src/lib.rs:3668:44:
[INFO] [stdout] called `Result::unwrap()` on an `Err` value: Os { code: 2, kind: NotFound, message: "No such file or directory" }
[INFO] [stdout] stack backtrace:
[INFO] [stdout]    0:     0x5e0a6d201801 - <<std[617be2ca0a6fd877]::sys::backtrace::BacktraceLock>::print::DisplayBacktrace as core[a373ad73a504971]::fmt::Display>::fmt
[INFO] [stdout]    1:     0x5e0a6d219daa - core[a373ad73a504971]::fmt::write
[INFO] [stdout]    2:     0x5e0a6d206b7c - <alloc[2e1b2a31b91974c5]::vec::Vec<u8> as core[a373ad73a504971]::io::write::Write>::write_fmt
[INFO] [stdout]    3:     0x5e0a6d1db0d6 - std[617be2ca0a6fd877]::panicking::default_hook::{closure#0}
[INFO] [stdout]    4:     0x5e0a6d1f8919 - std[617be2ca0a6fd877]::panicking::default_hook
[INFO] [stdout]    5:     0x5e0a6ce3ef50 - test[aada8e7e76ba119b]::test_main_inner::{closure#0}
[INFO] [stdout]    6:     0x5e0a6d1f8c42 - std[617be2ca0a6fd877]::panicking::panic_with_hook
[INFO] [stdout]    7:     0x5e0a6d1db182 - std[617be2ca0a6fd877]::panicking::panic_handler::{closure#0}
[INFO] [stdout]    8:     0x5e0a6d1d3749 - std[617be2ca0a6fd877]::sys::backtrace::__rust_end_short_backtrace::<std[617be2ca0a6fd877]::panicking::panic_handler::{closure#0}, !>
[INFO] [stdout]    9:     0x5e0a6d1dc1dd - __rustc[ea4f61d10b84890b]::rust_begin_unwind
[INFO] [stdout]   10:     0x5e0a6d21a58c - core[a373ad73a504971]::panicking::panic_fmt
[INFO] [stdout]   11:     0x5e0a6d21a362 - core[a373ad73a504971]::result::unwrap_failed
[INFO] [stdout]   12:     0x5e0a6cdad39e - <rf_cli[e05f81d87bd5f533]::tests::check_input_metadata_refuses_non_regular_and_oversized::{closure#0} as core[a373ad73a504971]::ops::function::FnOnce<()>>::call_once
[INFO] [stdout]   13:     0x5e0a6ce3239b - test[aada8e7e76ba119b]::__rust_begin_short_backtrace::<core[a373ad73a504971]::result::Result<(), alloc[2e1b2a31b91974c5]::string::String>, fn() -> core[a373ad73a504971]::result::Result<(), alloc[2e1b2a31b91974c5]::string::String>>
[INFO] [stdout]   14:     0x5e0a6ce3f575 - test[aada8e7e76ba119b]::run_test::{closure#0}
[INFO] [stdout]   15:     0x5e0a6ce38e64 - std[617be2ca0a6fd877]::sys::backtrace::__rust_begin_short_backtrace::<test[aada8e7e76ba119b]::run_test::{closure#1}, ()>
[INFO] [stdout]   16:     0x5e0a6ce42602 - <std[617be2ca0a6fd877]::thread::lifecycle::spawn_unchecked<test[aada8e7e76ba119b]::run_test::{closure#1}, ()>::{closure#1} as core[a373ad73a504971]::ops::function::FnOnce<()>>::call_once::{shim:vtable#0}
[INFO] [stdout]   17:     0x5e0a6d200b5f - <std[617be2ca0a6fd877]::sys::thread::unix::Thread>::new::thread_start
[INFO] [stdout]   18:     0x77fde268fdfa - <unknown>
[INFO] [stdout]   19:     0x77fde27233d4 - clone
[INFO] [stdout]   20:                0x0 - <unknown>
[INFO] [stdout] 
[INFO] [stdout] ---- tests::fat_macho_needs_an_explicit_arch stdout ----
[INFO] [stdout] 
[INFO] [stdout] thread 'tests::fat_macho_needs_an_explicit_arch' (1505) panicked at src/lib.rs:1674:10:
[INFO] [stdout] called `Result::unwrap()` on an `Err` value: Os { code: 2, kind: NotFound, message: "No such file or directory" }
[INFO] [stdout] stack backtrace:
[INFO] [stdout]    0:     0x5e0a6d201801 - <<std[617be2ca0a6fd877]::sys::backtrace::BacktraceLock>::print::DisplayBacktrace as core[a373ad73a504971]::fmt::Display>::fmt
[INFO] [stdout]    1:     0x5e0a6d219daa - core[a373ad73a504971]::fmt::write
[INFO] [stdout]    2:     0x5e0a6d206b7c - <alloc[2e1b2a31b91974c5]::vec::Vec<u8> as core[a373ad73a504971]::io::write::Write>::write_fmt
[INFO] [stdout]    3:     0x5e0a6d1db0d6 - std[617be2ca0a6fd877]::panicking::default_hook::{closure#0}
[INFO] [stdout]    4:     0x5e0a6d1f8919 - std[617be2ca0a6fd877]::panicking::default_hook
[INFO] [stdout]    5:     0x5e0a6ce3ef50 - test[aada8e7e76ba119b]::test_main_inner::{closure#0}
[INFO] [stdout]    6:     0x5e0a6d1f8c42 - std[617be2ca0a6fd877]::panicking::panic_with_hook
[INFO] [stdout]    7:     0x5e0a6d1db182 - std[617be2ca0a6fd877]::panicking::panic_handler::{closure#0}
[INFO] [stdout]    8:     0x5e0a6d1d3749 - std[617be2ca0a6fd877]::sys::backtrace::__rust_end_short_backtrace::<std[617be2ca0a6fd877]::panicking::panic_handler::{closure#0}, !>
[INFO] [stdout]    9:     0x5e0a6d1dc1dd - __rustc[ea4f61d10b84890b]::rust_begin_unwind
[INFO] [stdout]   10:     0x5e0a6d21a58c - core[a373ad73a504971]::panicking::panic_fmt
[INFO] [stdout]   11:     0x5e0a6d21a362 - core[a373ad73a504971]::result::unwrap_failed
[INFO] [stdout]   12:     0x5e0a6cd847de - rf_cli[e05f81d87bd5f533]::tests::fixture_bytes
[INFO] [stdout]   13:     0x5e0a6cd92d2d - <rf_cli[e05f81d87bd5f533]::tests::fat_macho_needs_an_explicit_arch::{closure#0} as core[a373ad73a504971]::ops::function::FnOnce<()>>::call_once
[INFO] [stdout]   14:     0x5e0a6ce3239b - test[aada8e7e76ba119b]::__rust_begin_short_backtrace::<core[a373ad73a504971]::result::Result<(), alloc[2e1b2a31b91974c5]::string::String>, fn() -> core[a373ad73a504971]::result::Result<(), alloc[2e1b2a31b91974c5]::string::String>>
[INFO] [stdout]   15:     0x5e0a6ce3f575 - test[aada8e7e76ba119b]::run_test::{closure#0}
[INFO] [stdout]   16:     0x5e0a6ce38e64 - std[617be2ca0a6fd877]::sys::backtrace::__rust_begin_short_backtrace::<test[aada8e7e76ba119b]::run_test::{closure#1}, ()>
[INFO] [stdout]   17:     0x5e0a6ce42602 - <std[617be2ca0a6fd877]::thread::lifecycle::spawn_unchecked<test[aada8e7e76ba119b]::run_test::{closure#1}, ()>::{closure#1} as core[a373ad73a504971]::ops::function::FnOnce<()>>::call_once::{shim:vtable#0}
[INFO] [stdout]   18:     0x5e0a6d200b5f - <std[617be2ca0a6fd877]::sys::thread::unix::Thread>::new::thread_start
[INFO] [stdout]   19:     0x77fde268fdfa - <unknown>
[INFO] [stdout]   20:     0x77fde27233d4 - clone
[INFO] [stdout]   21:                0x0 - <unknown>
[INFO] [stdout] 
[INFO] [stdout] ---- tests::chain_windows_rejects_wrong_format_and_unknown_target stdout ----
[INFO] [stdout] 
[INFO] [stdout] thread 'tests::chain_windows_rejects_wrong_format_and_unknown_target' (1495) panicked at src/lib.rs:1674:10:
[INFO] [stdout] called `Result::unwrap()` on an `Err` value: Os { code: 2, kind: NotFound, message: "No such file or directory" }
[INFO] [stdout] stack backtrace:
[INFO] [stdout]    0:     0x5e0a6d201801 - <<std[617be2ca0a6fd877]::sys::backtrace::BacktraceLock>::print::DisplayBacktrace as core[a373ad73a504971]::fmt::Display>::fmt
[INFO] [stdout]    1:     0x5e0a6d219daa - core[a373ad73a504971]::fmt::write
[INFO] [stdout]    2:     0x5e0a6d206b7c - <alloc[2e1b2a31b91974c5]::vec::Vec<u8> as core[a373ad73a504971]::io::write::Write>::write_fmt
[INFO] [stdout]    3:     0x5e0a6d1db0d6 - std[617be2ca0a6fd877]::panicking::default_hook::{closure#0}
[INFO] [stdout]    4:     0x5e0a6d1f8919 - std[617be2ca0a6fd877]::panicking::default_hook
[INFO] [stdout]    5:     0x5e0a6ce3ef50 - test[aada8e7e76ba119b]::test_main_inner::{closure#0}
[INFO] [stdout]    6:     0x5e0a6d1f8c42 - std[617be2ca0a6fd877]::panicking::panic_with_hook
[INFO] [stdout]    7:     0x5e0a6d1db182 - std[617be2ca0a6fd877]::panicking::panic_handler::{closure#0}
[INFO] [stdout]    8:     0x5e0a6d1d3749 - std[617be2ca0a6fd877]::sys::backtrace::__rust_end_short_backtrace::<std[617be2ca0a6fd877]::panicking::panic_handler::{closure#0}, !>
[INFO] [stdout]    9:     0x5e0a6d1dc1dd - __rustc[ea4f61d10b84890b]::rust_begin_unwind
[INFO] [stdout]   10:     0x5e0a6d21a58c - core[a373ad73a504971]::panicking::panic_fmt
[INFO] [stdout]   11:     0x5e0a6d21a362 - core[a373ad73a504971]::result::unwrap_failed
[INFO] [stdout]   12:     0x5e0a6cd847de - rf_cli[e05f81d87bd5f533]::tests::fixture_bytes
[INFO] [stdout]   13:     0x5e0a6cdac7e8 - <rf_cli[e05f81d87bd5f533]::tests::chain_windows_rejects_wrong_format_and_unknown_target::{closure#0} as core[a373ad73a504971]::ops::function::FnOnce<()>>::call_once
[INFO] [stdout]   14:     0x5e0a6ce3239b - test[aada8e7e76ba119b]::__rust_begin_short_backtrace::<core[a373ad73a504971]::result::Result<(), alloc[2e1b2a31b91974c5]::string::String>, fn() -> core[a373ad73a504971]::result::Result<(), alloc[2e1b2a31b91974c5]::string::String>>
[INFO] [stdout]   15:     0x5e0a6ce3f575 - test[aada8e7e76ba119b]::run_test::{closure#0}
[INFO] [stdout]   16:     0x5e0a6ce38e64 - std[617be2ca0a6fd877]::sys::backtrace::__rust_begin_short_backtrace::<test[aada8e7e76ba119b]::run_test::{closure#1}, ()>
[INFO] [stdout]   17:     0x5e0a6ce42602 - <std[617be2ca0a6fd877]::thread::lifecycle::spawn_unchecked<test[aada8e7e76ba119b]::run_test::{closure#1}, ()>::{closure#1} as core[a373ad73a504971]::ops::function::FnOnce<()>>::call_once::{shim:vtable#0}
[INFO] [stdout]   18:     0x5e0a6d200b5f - <std[617be2ca0a6fd877]::sys::thread::unix::Thread>::new::thread_start
[INFO] [stdout]   19:     0x77fde268fdfa - <unknown>
[INFO] [stdout]   20:     0x77fde27233d4 - clone
[INFO] [stdout]   21:                0x0 - <unknown>
[INFO] [stdout] 
[INFO] [stdout] ---- tests::chain_windows_x64_cmd_reports_spike_scarcity stdout ----
[INFO] [stdout] 
[INFO] [stdout] thread 'tests::chain_windows_x64_cmd_reports_spike_scarcity' (1496) panicked at src/lib.rs:1674:10:
[INFO] [stdout] called `Result::unwrap()` on an `Err` value: Os { code: 2, kind: NotFound, message: "No such file or directory" }
[INFO] [stdout] stack backtrace:
[INFO] [stdout]    0:     0x5e0a6d201801 - <<std[617be2ca0a6fd877]::sys::backtrace::BacktraceLock>::print::DisplayBacktrace as core[a373ad73a504971]::fmt::Display>::fmt
[INFO] [stdout]    1:     0x5e0a6d219daa - core[a373ad73a504971]::fmt::write
[INFO] [stdout]    2:     0x5e0a6d206b7c - <alloc[2e1b2a31b91974c5]::vec::Vec<u8> as core[a373ad73a504971]::io::write::Write>::write_fmt
[INFO] [stdout]    3:     0x5e0a6d1db0d6 - std[617be2ca0a6fd877]::panicking::default_hook::{closure#0}
[INFO] [stdout]    4:     0x5e0a6d1f8919 - std[617be2ca0a6fd877]::panicking::default_hook
[INFO] [stdout]    5:     0x5e0a6ce3ef50 - test[aada8e7e76ba119b]::test_main_inner::{closure#0}
[INFO] [stdout]    6:     0x5e0a6d1f8c42 - std[617be2ca0a6fd877]::panicking::panic_with_hook
[INFO] [stdout]    7:     0x5e0a6d1db182 - std[617be2ca0a6fd877]::panicking::panic_handler::{closure#0}
[INFO] [stdout]    8:     0x5e0a6d1d3749 - std[617be2ca0a6fd877]::sys::backtrace::__rust_end_short_backtrace::<std[617be2ca0a6fd877]::panicking::panic_handler::{closure#0}, !>
[INFO] [stdout]    9:     0x5e0a6d1dc1dd - __rustc[ea4f61d10b84890b]::rust_begin_unwind
[INFO] [stdout]   10:     0x5e0a6d21a58c - core[a373ad73a504971]::panicking::panic_fmt
[INFO] [stdout]   11:     0x5e0a6d21a362 - core[a373ad73a504971]::result::unwrap_failed
[INFO] [stdout]   12:     0x5e0a6cd847de - rf_cli[e05f81d87bd5f533]::tests::fixture_bytes
[INFO] [stdout]   13:     0x5e0a6cda476a - <rf_cli[e05f81d87bd5f533]::tests::chain_windows_x64_cmd_reports_spike_scarcity::{closure#0} as core[a373ad73a504971]::ops::function::FnOnce<()>>::call_once
[INFO] [stdout]   14:     0x5e0a6ce3239b - test[aada8e7e76ba119b]::__rust_begin_short_backtrace::<core[a373ad73a504971]::result::Result<(), alloc[2e1b2a31b91974c5]::string::String>, fn() -> core[a373ad73a504971]::result::Result<(), alloc[2e1b2a31b91974c5]::string::String>>
[INFO] [stdout]   15:     0x5e0a6ce3f575 - test[aada8e7e76ba119b]::run_test::{closure#0}
[INFO] [stdout]   16:     0x5e0a6ce38e64 - std[617be2ca0a6fd877]::sys::backtrace::__rust_begin_short_backtrace::<test[aada8e7e76ba119b]::run_test::{closure#1}, ()>
[INFO] [stdout]   17:     0x5e0a6ce42602 - <std[617be2ca0a6fd877]::thread::lifecycle::spawn_unchecked<test[aada8e7e76ba119b]::run_test::{closure#1}, ()>::{closure#1} as core[a373ad73a504971]::ops::function::FnOnce<()>>::call_once::{shim:vtable#0}
[INFO] [stdout]   18:     0x5e0a6d200b5f - <std[617be2ca0a6fd877]::sys::thread::unix::Thread>::new::thread_start
[INFO] [stdout]   19:     0x77fde268fdfa - <unknown>
[INFO] [stdout]   20:     0x77fde27233d4 - clone
[INFO] [stdout]   21:                0x0 - <unknown>
[INFO] [stdout] 
[INFO] [stdout] ---- tests::chain_json_carries_the_windows_assumptions stdout ----
[INFO] [stdout] 
[INFO] [stdout] thread 'tests::chain_json_carries_the_windows_assumptions' (1490) panicked at src/lib.rs:1674:10:
[INFO] [stdout] called `Result::unwrap()` on an `Err` value: Os { code: 2, kind: NotFound, message: "No such file or directory" }
[INFO] [stdout] stack backtrace:
[INFO] [stdout]    0:     0x5e0a6d201801 - <<std[617be2ca0a6fd877]::sys::backtrace::BacktraceLock>::print::DisplayBacktrace as core[a373ad73a504971]::fmt::Display>::fmt
[INFO] [stdout]    1:     0x5e0a6d219daa - core[a373ad73a504971]::fmt::write
[INFO] [stdout]    2:     0x5e0a6d206b7c - <alloc[2e1b2a31b91974c5]::vec::Vec<u8> as core[a373ad73a504971]::io::write::Write>::write_fmt
[INFO] [stdout]    3:     0x5e0a6d1db0d6 - std[617be2ca0a6fd877]::panicking::default_hook::{closure#0}
[INFO] [stdout]    4:     0x5e0a6d1f8919 - std[617be2ca0a6fd877]::panicking::default_hook
[INFO] [stdout]    5:     0x5e0a6ce3ef50 - test[aada8e7e76ba119b]::test_main_inner::{closure#0}
[INFO] [stdout]    6:     0x5e0a6d1f8c42 - std[617be2ca0a6fd877]::panicking::panic_with_hook
[INFO] [stdout]    7:     0x5e0a6d1db182 - std[617be2ca0a6fd877]::panicking::panic_handler::{closure#0}
[INFO] [stdout]    8:     0x5e0a6d1d3749 - std[617be2ca0a6fd877]::sys::backtrace::__rust_end_short_backtrace::<std[617be2ca0a6fd877]::panicking::panic_handler::{closure#0}, !>
[INFO] [stdout]    9:     0x5e0a6d1dc1dd - __rustc[ea4f61d10b84890b]::rust_begin_unwind
[INFO] [stdout]   10:     0x5e0a6d21a58c - core[a373ad73a504971]::panicking::panic_fmt
[INFO] [stdout]   11:     0x5e0a6d21a362 - core[a373ad73a504971]::result::unwrap_failed
[INFO] [stdout]   12:     0x5e0a6cd847de - rf_cli[e05f81d87bd5f533]::tests::fixture_bytes
[INFO] [stdout]   13:     0x5e0a6cda24b8 - <rf_cli[e05f81d87bd5f533]::tests::chain_json_carries_the_windows_assumptions::{closure#0} as core[a373ad73a504971]::ops::function::FnOnce<()>>::call_once
[INFO] [stdout]   14:     0x5e0a6ce3239b - test[aada8e7e76ba119b]::__rust_begin_short_backtrace::<core[a373ad73a504971]::result::Result<(), alloc[2e1b2a31b91974c5]::string::String>, fn() -> core[a373ad73a504971]::result::Result<(), alloc[2e1b2a31b91974c5]::string::String>>
[INFO] [stdout]   15:     0x5e0a6ce3f575 - test[aada8e7e76ba119b]::run_test::{closure#0}
[INFO] [stdout]   16:     0x5e0a6ce38e64 - std[617be2ca0a6fd877]::sys::backtrace::__rust_begin_short_backtrace::<test[aada8e7e76ba119b]::run_test::{closure#1}, ()>
[INFO] [stdout]   17:     0x5e0a6ce42602 - <std[617be2ca0a6fd877]::thread::lifecycle::spawn_unchecked<test[aada8e7e76ba119b]::run_test::{closure#1}, ()>::{closure#1} as core[a373ad73a504971]::ops::function::FnOnce<()>>::call_once::{shim:vtable#0}
[INFO] [stdout]   18:     0x5e0a6d200b5f - <std[617be2ca0a6fd877]::sys::thread::unix::Thread>::new::thread_start
[INFO] [stdout]   19:     0x77fde268fdfa - <unknown>
[INFO] [stdout]   20:     0x77fde27233d4 - clone
[INFO] [stdout]   21:                0x0 - <unknown>
[INFO] [stdout] 
[INFO] [stdout] ---- tests::chain_windows_api_name_selects_the_recipe stdout ----
[INFO] [stdout] 
[INFO] [stdout] thread 'tests::chain_windows_api_name_selects_the_recipe' (1494) panicked at src/lib.rs:1674:10:
[INFO] [stdout] called `Result::unwrap()` on an `Err` value: Os { code: 2, kind: NotFound, message: "No such file or directory" }
[INFO] [stdout] stack backtrace:
[INFO] [stdout]    0:     0x5e0a6d201801 - <<std[617be2ca0a6fd877]::sys::backtrace::BacktraceLock>::print::DisplayBacktrace as core[a373ad73a504971]::fmt::Display>::fmt
[INFO] [stdout]    1:     0x5e0a6d219daa - core[a373ad73a504971]::fmt::write
[INFO] [stdout]    2:     0x5e0a6d206b7c - <alloc[2e1b2a31b91974c5]::vec::Vec<u8> as core[a373ad73a504971]::io::write::Write>::write_fmt
[INFO] [stdout]    3:     0x5e0a6d1db0d6 - std[617be2ca0a6fd877]::panicking::default_hook::{closure#0}
[INFO] [stdout]    4:     0x5e0a6d1f8919 - std[617be2ca0a6fd877]::panicking::default_hook
[INFO] [stdout]    5:     0x5e0a6ce3ef50 - test[aada8e7e76ba119b]::test_main_inner::{closure#0}
[INFO] [stdout]    6:     0x5e0a6d1f8c42 - std[617be2ca0a6fd877]::panicking::panic_with_hook
[INFO] [stdout]    7:     0x5e0a6d1db182 - std[617be2ca0a6fd877]::panicking::panic_handler::{closure#0}
[INFO] [stdout]    8:     0x5e0a6d1d3749 - std[617be2ca0a6fd877]::sys::backtrace::__rust_end_short_backtrace::<std[617be2ca0a6fd877]::panicking::panic_handler::{closure#0}, !>
[INFO] [stdout]    9:     0x5e0a6d1dc1dd - __rustc[ea4f61d10b84890b]::rust_begin_unwind
[INFO] [stdout]   10:     0x5e0a6d21a58c - core[a373ad73a504971]::panicking::panic_fmt
[INFO] [stdout]   11:     0x5e0a6d21a362 - core[a373ad73a504971]::result::unwrap_failed
[INFO] [stdout]   12:     0x5e0a6cd847de - rf_cli[e05f81d87bd5f533]::tests::fixture_bytes
[INFO] [stdout]   13:     0x5e0a6cd9fffa - <rf_cli[e05f81d87bd5f533]::tests::chain_windows_api_name_selects_the_recipe::{closure#0} as core[a373ad73a504971]::ops::function::FnOnce<()>>::call_once
[INFO] [stdout]   14:     0x5e0a6ce3239b - test[aada8e7e76ba119b]::__rust_begin_short_backtrace::<core[a373ad73a504971]::result::Result<(), alloc[2e1b2a31b91974c5]::string::String>, fn() -> core[a373ad73a504971]::result::Result<(), alloc[2e1b2a31b91974c5]::string::String>>
[INFO] [stdout]   15:     0x5e0a6ce3f575 - test[aada8e7e76ba119b]::run_test::{closure#0}
[INFO] [stdout]   16:     0x5e0a6ce38e64 - std[617be2ca0a6fd877]::sys::backtrace::__rust_begin_short_backtrace::<test[aada8e7e76ba119b]::run_test::{closure#1}, ()>
[INFO] [stdout]   17:     0x5e0a6ce42602 - <std[617be2ca0a6fd877]::thread::lifecycle::spawn_unchecked<test[aada8e7e76ba119b]::run_test::{closure#1}, ()>::{closure#1} as core[a373ad73a504971]::ops::function::FnOnce<()>>::call_once::{shim:vtable#0}
[INFO] [stdout]   18:     0x5e0a6d200b5f - <std[617be2ca0a6fd877]::sys::thread::unix::Thread>::new::thread_start
[INFO] [stdout]   19:     0x77fde268fdfa - <unknown>
[INFO] [stdout]   20:     0x77fde27233d4 - clone
[INFO] [stdout]   21:                0x0 - <unknown>
[INFO] [stdout] 
[INFO] [stdout] ---- tests::chain_gadget_addrs_come_from_scan stdout ----
[INFO] [stdout] 
[INFO] [stdout] thread 'tests::chain_gadget_addrs_come_from_scan' (1488) panicked at src/lib.rs:1674:10:
[INFO] [stdout] called `Result::unwrap()` on an `Err` value: Os { code: 2, kind: NotFound, message: "No such file or directory" }
[INFO] [stdout] stack backtrace:
[INFO] [stdout]    0:     0x5e0a6d201801 - <<std[617be2ca0a6fd877]::sys::backtrace::BacktraceLock>::print::DisplayBacktrace as core[a373ad73a504971]::fmt::Display>::fmt
[INFO] [stdout]    1:     0x5e0a6d219daa - core[a373ad73a504971]::fmt::write
[INFO] [stdout]    2:     0x5e0a6d206b7c - <alloc[2e1b2a31b91974c5]::vec::Vec<u8> as core[a373ad73a504971]::io::write::Write>::write_fmt
[INFO] [stdout]    3:     0x5e0a6d1db0d6 - std[617be2ca0a6fd877]::panicking::default_hook::{closure#0}
[INFO] [stdout]    4:     0x5e0a6d1f8919 - std[617be2ca0a6fd877]::panicking::default_hook
[INFO] [stdout]    5:     0x5e0a6ce3ef50 - test[aada8e7e76ba119b]::test_main_inner::{closure#0}
[INFO] [stdout]    6:     0x5e0a6d1f8c42 - std[617be2ca0a6fd877]::panicking::panic_with_hook
[INFO] [stdout]    7:     0x5e0a6d1db182 - std[617be2ca0a6fd877]::panicking::panic_handler::{closure#0}
[INFO] [stdout]    8:     0x5e0a6d1d3749 - std[617be2ca0a6fd877]::sys::backtrace::__rust_end_short_backtrace::<std[617be2ca0a6fd877]::panicking::panic_handler::{closure#0}, !>
[INFO] [stdout]    9:     0x5e0a6d1dc1dd - __rustc[ea4f61d10b84890b]::rust_begin_unwind
[INFO] [stdout]   10:     0x5e0a6d21a58c - core[a373ad73a504971]::panicking::panic_fmt
[INFO] [stdout]   11:     0x5e0a6d21a362 - core[a373ad73a504971]::result::unwrap_failed
[INFO] [stdout]   12:     0x5e0a6cd847de - rf_cli[e05f81d87bd5f533]::tests::fixture_bytes
[INFO] [stdout]   13:     0x5e0a6cd8450c - rf_cli[e05f81d87bd5f533]::tests::chain_fixture
[INFO] [stdout]   14:     0x5e0a6cd94997 - <rf_cli[e05f81d87bd5f533]::tests::chain_gadget_addrs_come_from_scan::{closure#0} as core[a373ad73a504971]::ops::function::FnOnce<()>>::call_once
[INFO] [stdout]   15:     0x5e0a6ce3239b - test[aada8e7e76ba119b]::__rust_begin_short_backtrace::<core[a373ad73a504971]::result::Result<(), alloc[2e1b2a31b91974c5]::string::String>, fn() -> core[a373ad73a504971]::result::Result<(), alloc[2e1b2a31b91974c5]::string::String>>
[INFO] [stdout]   16:     0x5e0a6ce3f575 - test[aada8e7e76ba119b]::run_test::{closure#0}
[INFO] [stdout]   17:     0x5e0a6ce38e64 - std[617be2ca0a6fd877]::sys::backtrace::__rust_begin_short_backtrace::<test[aada8e7e76ba119b]::run_test::{closure#1}, ()>
[INFO] [stdout]   18:     0x5e0a6ce42602 - <std[617be2ca0a6fd877]::thread::lifecycle::spawn_unchecked<test[aada8e7e76ba119b]::run_test::{closure#1}, ()>::{closure#1} as core[a373ad73a504971]::ops::function::FnOnce<()>>::call_once::{shim:vtable#0}
[INFO] [stdout]   19:     0x5e0a6d200b5f - <std[617be2ca0a6fd877]::sys::thread::unix::Thread>::new::thread_start
[INFO] [stdout]   20:     0x77fde268fdfa - <unknown>
[INFO] [stdout]   21:     0x77fde27233d4 - clone
[INFO] [stdout]   22:                0x0 - <unknown>
[INFO] [stdout] 
[INFO] [stdout] ---- tests::chlx08_pie_targets_are_warned_about stdout ----
[INFO] [stdout] 
[INFO] [stdout] thread 'tests::chlx08_pie_targets_are_warned_about' (1501) panicked at src/lib.rs:1674:10:
[INFO] [stdout] called `Result::unwrap()` on an `Err` value: Os { code: 2, kind: NotFound, message: "No such file or directory" }
[INFO] [stdout] stack backtrace:
[INFO] [stdout]    0:     0x5e0a6d201801 - <<std[617be2ca0a6fd877]::sys::backtrace::BacktraceLock>::print::DisplayBacktrace as core[a373ad73a504971]::fmt::Display>::fmt
[INFO] [stdout]    1:     0x5e0a6d219daa - core[a373ad73a504971]::fmt::write
[INFO] [stdout]    2:     0x5e0a6d206b7c - <alloc[2e1b2a31b91974c5]::vec::Vec<u8> as core[a373ad73a504971]::io::write::Write>::write_fmt
[INFO] [stdout]    3:     0x5e0a6d1db0d6 - std[617be2ca0a6fd877]::panicking::default_hook::{closure#0}
[INFO] [stderr] error: test failed, to rerun pass `--lib`
[INFO] [stdout]    4:     0x5e0a6d1f8919 - std[617be2ca0a6fd877]::panicking::default_hook
[INFO] [stdout]    5:     0x5e0a6ce3ef50 - test[aada8e7e76ba119b]::test_main_inner::{closure#0}
[INFO] [stdout]    6:     0x5e0a6d1f8c42 - std[617be2ca0a6fd877]::panicking::panic_with_hook
[INFO] [stdout]    7:     0x5e0a6d1db182 - std[617be2ca0a6fd877]::panicking::panic_handler::{closure#0}
[INFO] [stdout]    8:     0x5e0a6d1d3749 - std[617be2ca0a6fd877]::sys::backtrace::__rust_end_short_backtrace::<std[617be2ca0a6fd877]::panicking::panic_handler::{closure#0}, !>
[INFO] [stdout]    9:     0x5e0a6d1dc1dd - __rustc[ea4f61d10b84890b]::rust_begin_unwind
[INFO] [stdout]   10:     0x5e0a6d21a58c - core[a373ad73a504971]::panicking::panic_fmt
[INFO] [stdout]   11:     0x5e0a6d21a362 - core[a373ad73a504971]::result::unwrap_failed
[INFO] [stdout]   12:     0x5e0a6cd847de - rf_cli[e05f81d87bd5f533]::tests::fixture_bytes
[INFO] [stdout]   13:     0x5e0a6cd979c6 - <rf_cli[e05f81d87bd5f533]::tests::chlx08_pie_targets_are_warned_about::{closure#0} as core[a373ad73a504971]::ops::function::FnOnce<()>>::call_once
[INFO] [stdout]   14:     0x5e0a6ce3239b - test[aada8e7e76ba119b]::__rust_begin_short_backtrace::<core[a373ad73a504971]::result::Result<(), alloc[2e1b2a31b91974c5]::string::String>, fn() -> core[a373ad73a504971]::result::Result<(), alloc[2e1b2a31b91974c5]::string::String>>
[INFO] [stdout]   15:     0x5e0a6ce3f575 - test[aada8e7e76ba119b]::run_test::{closure#0}
[INFO] [stdout]   16:     0x5e0a6ce38e64 - std[617be2ca0a6fd877]::sys::backtrace::__rust_begin_short_backtrace::<test[aada8e7e76ba119b]::run_test::{closure#1}, ()>
[INFO] [stdout]   17:     0x5e0a6ce42602 - <std[617be2ca0a6fd877]::thread::lifecycle::spawn_unchecked<test[aada8e7e76ba119b]::run_test::{closure#1}, ()>::{closure#1} as core[a373ad73a504971]::ops::function::FnOnce<()>>::call_once::{shim:vtable#0}
[INFO] [stdout]   18:     0x5e0a6d200b5f - <std[617be2ca0a6fd877]::sys::thread::unix::Thread>::new::thread_start
[INFO] [stdout]   19:     0x77fde268fdfa - <unknown>
[INFO] [stdout]   20:     0x77fde27233d4 - clone
[INFO] [stdout]   21:                0x0 - <unknown>
[INFO] [stdout] 
[INFO] [stdout] ---- tests::chain_missing_gadgets_is_structured_error stdout ----
[INFO] [stdout] 
[INFO] [stdout] thread 'tests::chain_missing_gadgets_is_structured_error' (1491) panicked at src/lib.rs:1674:10:
[INFO] [stdout] called `Result::unwrap()` on an `Err` value: Os { code: 2, kind: NotFound, message: "No such file or directory" }
[INFO] [stdout] stack backtrace:
[INFO] [stdout]    0:     0x5e0a6d201801 - <<std[617be2ca0a6fd877]::sys::backtrace::BacktraceLock>::print::DisplayBacktrace as core[a373ad73a504971]::fmt::Display>::fmt
[INFO] [stdout]    1:     0x5e0a6d219daa - core[a373ad73a504971]::fmt::write
[INFO] [stdout]    2:     0x5e0a6d206b7c - <alloc[2e1b2a31b91974c5]::vec::Vec<u8> as core[a373ad73a504971]::io::write::Write>::write_fmt
[INFO] [stdout]    3:     0x5e0a6d1db0d6 - std[617be2ca0a6fd877]::panicking::default_hook::{closure#0}
[INFO] [stdout]    4:     0x5e0a6d1f8919 - std[617be2ca0a6fd877]::panicking::default_hook
[INFO] [stdout]    5:     0x5e0a6ce3ef50 - test[aada8e7e76ba119b]::test_main_inner::{closure#0}
[INFO] [stdout]    6:     0x5e0a6d1f8c42 - std[617be2ca0a6fd877]::panicking::panic_with_hook
[INFO] [stdout]    7:     0x5e0a6d1db182 - std[617be2ca0a6fd877]::panicking::panic_handler::{closure#0}
[INFO] [stdout]    8:     0x5e0a6d1d3749 - std[617be2ca0a6fd877]::sys::backtrace::__rust_end_short_backtrace::<std[617be2ca0a6fd877]::panicking::panic_handler::{closure#0}, !>
[INFO] [stdout]    9:     0x5e0a6d1dc1dd - __rustc[ea4f61d10b84890b]::rust_begin_unwind
[INFO] [stdout]   10:     0x5e0a6d21a58c - core[a373ad73a504971]::panicking::panic_fmt
[INFO] [stdout]   11:     0x5e0a6d21a362 - core[a373ad73a504971]::result::unwrap_failed
[INFO] [stdout]   12:     0x5e0a6cd847de - rf_cli[e05f81d87bd5f533]::tests::fixture_bytes
[INFO] [stdout]   13:     0x5e0a6cd9fd23 - <rf_cli[e05f81d87bd5f533]::tests::chain_missing_gadgets_is_structured_error::{closure#0} as core[a373ad73a504971]::ops::function::FnOnce<()>>::call_once
[INFO] [stdout]   14:     0x5e0a6ce3239b - test[aada8e7e76ba119b]::__rust_begin_short_backtrace::<core[a373ad73a504971]::result::Result<(), alloc[2e1b2a31b91974c5]::string::String>, fn() -> core[a373ad73a504971]::result::Result<(), alloc[2e1b2a31b91974c5]::string::String>>
[INFO] [stdout]   15:     0x5e0a6ce3f575 - test[aada8e7e76ba119b]::run_test::{closure#0}
[INFO] [stdout]   16:     0x5e0a6ce38e64 - std[617be2ca0a6fd877]::sys::backtrace::__rust_begin_short_backtrace::<test[aada8e7e76ba119b]::run_test::{closure#1}, ()>
[INFO] [stdout]   17:     0x5e0a6ce42602 - <std[617be2ca0a6fd877]::thread::lifecycle::spawn_unchecked<test[aada8e7e76ba119b]::run_test::{closure#1}, ()>::{closure#1} as core[a373ad73a504971]::ops::function::FnOnce<()>>::call_once::{shim:vtable#0}
[INFO] [stdout]   18:     0x5e0a6d200b5f - <std[617be2ca0a6fd877]::sys::thread::unix::Thread>::new::thread_start
[INFO] [stdout]   19:     0x77fde268fdfa - <unknown>
[INFO] [stdout]   20:     0x77fde27233d4 - clone
[INFO] [stdout]   21:                0x0 - <unknown>
[INFO] [stdout] 
[INFO] [stdout] ---- tests::hex_decode_never_panics_on_non_ascii stdout ----
[INFO] [stdout] 
[INFO] [stdout] thread 'tests::hex_decode_never_panics_on_non_ascii' (1508) panicked at src/lib.rs:2228:9:
[INFO] [stdout] a bad --opcode is a usage error, not a panic
[INFO] [stdout] stack backtrace:
[INFO] [stdout]    0:     0x5e0a6d201801 - <<std[617be2ca0a6fd877]::sys::backtrace::BacktraceLock>::print::DisplayBacktrace as core[a373ad73a504971]::fmt::Display>::fmt
[INFO] [stdout]    1:     0x5e0a6d219daa - core[a373ad73a504971]::fmt::write
[INFO] [stdout]    2:     0x5e0a6d206b7c - <alloc[2e1b2a31b91974c5]::vec::Vec<u8> as core[a373ad73a504971]::io::write::Write>::write_fmt
[INFO] [stdout]    3:     0x5e0a6d1db0d6 - std[617be2ca0a6fd877]::panicking::default_hook::{closure#0}
[INFO] [stdout]    4:     0x5e0a6d1f8919 - std[617be2ca0a6fd877]::panicking::default_hook
[INFO] [stdout]    5:     0x5e0a6ce3ef50 - test[aada8e7e76ba119b]::test_main_inner::{closure#0}
[INFO] [stdout]    6:     0x5e0a6d1f8c42 - std[617be2ca0a6fd877]::panicking::panic_with_hook
[INFO] [stdout]    7:     0x5e0a6d1db1b4 - std[617be2ca0a6fd877]::panicking::panic_handler::{closure#0}
[INFO] [stdout]    8:     0x5e0a6d1d3749 - std[617be2ca0a6fd877]::sys::backtrace::__rust_end_short_backtrace::<std[617be2ca0a6fd877]::panicking::panic_handler::{closure#0}, !>
[INFO] [stdout]    9:     0x5e0a6d1dc1dd - __rustc[ea4f61d10b84890b]::rust_begin_unwind
[INFO] [stdout]   10:     0x5e0a6d21a58c - core[a373ad73a504971]::panicking::panic_fmt
[INFO] [stdout]   11:     0x5e0a6cd9b393 - <rf_cli[e05f81d87bd5f533]::tests::hex_decode_never_panics_on_non_ascii::{closure#0} as core[a373ad73a504971]::ops::function::FnOnce<()>>::call_once
[INFO] [stdout]   12:     0x5e0a6ce3239b - test[aada8e7e76ba119b]::__rust_begin_short_backtrace::<core[a373ad73a504971]::result::Result<(), alloc[2e1b2a31b91974c5]::string::String>, fn() -> core[a373ad73a504971]::result::Result<(), alloc[2e1b2a31b91974c5]::string::String>>
[INFO] [stdout]   13:     0x5e0a6ce3f575 - test[aada8e7e76ba119b]::run_test::{closure#0}
[INFO] [stdout]   14:     0x5e0a6ce38e64 - std[617be2ca0a6fd877]::sys::backtrace::__rust_begin_short_backtrace::<test[aada8e7e76ba119b]::run_test::{closure#1}, ()>
[INFO] [stdout]   15:     0x5e0a6ce42602 - <std[617be2ca0a6fd877]::thread::lifecycle::spawn_unchecked<test[aada8e7e76ba119b]::run_test::{closure#1}, ()>::{closure#1} as core[a373ad73a504971]::ops::function::FnOnce<()>>::call_once::{shim:vtable#0}
[INFO] [stdout]   16:     0x5e0a6d200b5f - <std[617be2ca0a6fd877]::sys::thread::unix::Thread>::new::thread_start
[INFO] [stdout]   17:     0x77fde268fdfa - <unknown>
[INFO] [stdout]   18:     0x77fde27233d4 - clone
[INFO] [stdout]   19:                0x0 - <unknown>
[INFO] [stdout] 
[INFO] [stdout] ---- tests::chain_windows_x86_out_parameter_does_not_alias_the_shellcode stdout ----
[INFO] [stdout] 
[INFO] [stdout] thread 'tests::chain_windows_x86_out_parameter_does_not_alias_the_shellcode' (1498) panicked at src/lib.rs:1674:10:
[INFO] [stdout] called `Result::unwrap()` on an `Err` value: Os { code: 2, kind: NotFound, message: "No such file or directory" }
[INFO] [stdout] stack backtrace:
[INFO] [stdout]    0:     0x5e0a6d201801 - <<std[617be2ca0a6fd877]::sys::backtrace::BacktraceLock>::print::DisplayBacktrace as core[a373ad73a504971]::fmt::Display>::fmt
[INFO] [stdout]    1:     0x5e0a6d219daa - core[a373ad73a504971]::fmt::write
[INFO] [stdout]    2:     0x5e0a6d206b7c - <alloc[2e1b2a31b91974c5]::vec::Vec<u8> as core[a373ad73a504971]::io::write::Write>::write_fmt
[INFO] [stdout]    3:     0x5e0a6d1db0d6 - std[617be2ca0a6fd877]::panicking::default_hook::{closure#0}
[INFO] [stdout]    4:     0x5e0a6d1f8919 - std[617be2ca0a6fd877]::panicking::default_hook
[INFO] [stdout]    5:     0x5e0a6ce3ef50 - test[aada8e7e76ba119b]::test_main_inner::{closure#0}
[INFO] [stdout]    6:     0x5e0a6d1f8c42 - std[617be2ca0a6fd877]::panicking::panic_with_hook
[INFO] [stdout]    7:     0x5e0a6d1db182 - std[617be2ca0a6fd877]::panicking::panic_handler::{closure#0}
[INFO] [stdout]    8:     0x5e0a6d1d3749 - std[617be2ca0a6fd877]::sys::backtrace::__rust_end_short_backtrace::<std[617be2ca0a6fd877]::panicking::panic_handler::{closure#0}, !>
[INFO] [stdout]    9:     0x5e0a6d1dc1dd - __rustc[ea4f61d10b84890b]::rust_begin_unwind
[INFO] [stdout]   10:     0x5e0a6d21a58c - core[a373ad73a504971]::panicking::panic_fmt
[INFO] [stdout]   11:     0x5e0a6d21a362 - core[a373ad73a504971]::result::unwrap_failed
[INFO] [stdout]   12:     0x5e0a6cd847de - rf_cli[e05f81d87bd5f533]::tests::fixture_bytes
[INFO] [stdout]   13:     0x5e0a6cdad928 - <rf_cli[e05f81d87bd5f533]::tests::chain_windows_x86_out_parameter_does_not_alias_the_shellcode::{closure#0} as core[a373ad73a504971]::ops::function::FnOnce<()>>::call_once
[INFO] [stdout]   14:     0x5e0a6ce3239b - test[aada8e7e76ba119b]::__rust_begin_short_backtrace::<core[a373ad73a504971]::result::Result<(), alloc[2e1b2a31b91974c5]::string::String>, fn() -> core[a373ad73a504971]::result::Result<(), alloc[2e1b2a31b91974c5]::string::String>>
[INFO] [stdout]   15:     0x5e0a6ce3f575 - test[aada8e7e76ba119b]::run_test::{closure#0}
[INFO] [stdout]   16:     0x5e0a6ce38e64 - std[617be2ca0a6fd877]::sys::backtrace::__rust_begin_short_backtrace::<test[aada8e7e76ba119b]::run_test::{closure#1}, ()>
[INFO] [stdout]   17:     0x5e0a6ce42602 - <std[617be2ca0a6fd877]::thread::lifecycle::spawn_unchecked<test[aada8e7e76ba119b]::run_test::{closure#1}, ()>::{closure#1} as core[a373ad73a504971]::ops::function::FnOnce<()>>::call_once::{shim:vtable#0}
[INFO] [stdout]   18:     0x5e0a6d200b5f - <std[617be2ca0a6fd877]::sys::thread::unix::Thread>::new::thread_start
[INFO] [stdout]   19:     0x77fde268fdfa - <unknown>
[INFO] [stdout]   20:     0x77fde27233d4 - clone
[INFO] [stdout]   21:                0x0 - <unknown>
[INFO] [stdout] 
[INFO] [stdout] ---- tests::max_gadgets_bounds_the_scan_without_changing_an_unbounded_one stdout ----
[INFO] [stdout] 
[INFO] [stdout] thread 'tests::max_gadgets_bounds_the_scan_without_changing_an_unbounded_one' (1517) panicked at src/lib.rs:1674:10:
[INFO] [stdout] called `Result::unwrap()` on an `Err` value: Os { code: 2, kind: NotFound, message: "No such file or directory" }
[INFO] [stdout] stack backtrace:
[INFO] [stdout]    0:     0x5e0a6d201801 - <<std[617be2ca0a6fd877]::sys::backtrace::BacktraceLock>::print::DisplayBacktrace as core[a373ad73a504971]::fmt::Display>::fmt
[INFO] [stdout]    1:     0x5e0a6d219daa - core[a373ad73a504971]::fmt::write
[INFO] [stdout]    2:     0x5e0a6d206b7c - <alloc[2e1b2a31b91974c5]::vec::Vec<u8> as core[a373ad73a504971]::io::write::Write>::write_fmt
[INFO] [stdout]    3:     0x5e0a6d1db0d6 - std[617be2ca0a6fd877]::panicking::default_hook::{closure#0}
[INFO] [stdout]    4:     0x5e0a6d1f8919 - std[617be2ca0a6fd877]::panicking::default_hook
[INFO] [stdout]    5:     0x5e0a6ce3ef50 - test[aada8e7e76ba119b]::test_main_inner::{closure#0}
[INFO] [stdout]    6:     0x5e0a6d1f8c42 - std[617be2ca0a6fd877]::panicking::panic_with_hook
[INFO] [stdout]    7:     0x5e0a6d1db182 - std[617be2ca0a6fd877]::panicking::panic_handler::{closure#0}
[INFO] [stdout]    8:     0x5e0a6d1d3749 - std[617be2ca0a6fd877]::sys::backtrace::__rust_end_short_backtrace::<std[617be2ca0a6fd877]::panicking::panic_handler::{closure#0}, !>
[INFO] [stdout]    9:     0x5e0a6d1dc1dd - __rustc[ea4f61d10b84890b]::rust_begin_unwind
[INFO] [stdout]   10:     0x5e0a6d21a58c - core[a373ad73a504971]::panicking::panic_fmt
[INFO] [stdout]   11:     0x5e0a6d21a362 - core[a373ad73a504971]::result::unwrap_failed
[INFO] [stdout]   12:     0x5e0a6cd847de - rf_cli[e05f81d87bd5f533]::tests::fixture_bytes
[INFO] [stdout]   13:     0x5e0a6cdaebea - <rf_cli[e05f81d87bd5f533]::tests::max_gadgets_bounds_the_scan_without_changing_an_unbounded_one::{closure#0} as core[a373ad73a504971]::ops::function::FnOnce<()>>::call_once
[INFO] [stdout]   14:     0x5e0a6ce3239b - test[aada8e7e76ba119b]::__rust_begin_short_backtrace::<core[a373ad73a504971]::result::Result<(), alloc[2e1b2a31b91974c5]::string::String>, fn() -> core[a373ad73a504971]::result::Result<(), alloc[2e1b2a31b91974c5]::string::String>>
[INFO] [stdout]   15:     0x5e0a6ce3f575 - test[aada8e7e76ba119b]::run_test::{closure#0}
[INFO] [stdout]   16:     0x5e0a6ce38e64 - std[617be2ca0a6fd877]::sys::backtrace::__rust_begin_short_backtrace::<test[aada8e7e76ba119b]::run_test::{closure#1}, ()>
[INFO] [stdout]   17:     0x5e0a6ce42602 - <std[617be2ca0a6fd877]::thread::lifecycle::spawn_unchecked<test[aada8e7e76ba119b]::run_test::{closure#1}, ()>::{closure#1} as core[a373ad73a504971]::ops::function::FnOnce<()>>::call_once::{shim:vtable#0}
[INFO] [stdout]   18:     0x5e0a6d200b5f - <std[617be2ca0a6fd877]::sys::thread::unix::Thread>::new::thread_start
[INFO] [stdout]   19:     0x77fde268fdfa - <unknown>
[INFO] [stdout]   20:     0x77fde27233d4 - clone
[INFO] [stdout]   21:                0x0 - <unknown>
[INFO] [stdout] 
[INFO] [stdout] ---- tests::plan_chain_never_fails_for_a_feasible_target stdout ----
[INFO] [stdout] 
[INFO] [stdout] thread 'tests::plan_chain_never_fails_for_a_feasible_target' (1519) panicked at src/lib.rs:1674:10:
[INFO] [stdout] called `Result::unwrap()` on an `Err` value: Os { code: 2, kind: NotFound, message: "No such file or directory" }
[INFO] [stdout] stack backtrace:
[INFO] [stdout]    0:     0x5e0a6d201801 - <<std[617be2ca0a6fd877]::sys::backtrace::BacktraceLock>::print::DisplayBacktrace as core[a373ad73a504971]::fmt::Display>::fmt
[INFO] [stdout]    1:     0x5e0a6d219daa - core[a373ad73a504971]::fmt::write
[INFO] [stdout]    2:     0x5e0a6d206b7c - <alloc[2e1b2a31b91974c5]::vec::Vec<u8> as core[a373ad73a504971]::io::write::Write>::write_fmt
[INFO] [stdout]    3:     0x5e0a6d1db0d6 - std[617be2ca0a6fd877]::panicking::default_hook::{closure#0}
[INFO] [stdout]    4:     0x5e0a6d1f8919 - std[617be2ca0a6fd877]::panicking::default_hook
[INFO] [stdout]    5:     0x5e0a6ce3ef50 - test[aada8e7e76ba119b]::test_main_inner::{closure#0}
[INFO] [stdout]    6:     0x5e0a6d1f8c42 - std[617be2ca0a6fd877]::panicking::panic_with_hook
[INFO] [stdout]    7:     0x5e0a6d1db182 - std[617be2ca0a6fd877]::panicking::panic_handler::{closure#0}
[INFO] [stdout]    8:     0x5e0a6d1d3749 - std[617be2ca0a6fd877]::sys::backtrace::__rust_end_short_backtrace::<std[617be2ca0a6fd877]::panicking::panic_handler::{closure#0}, !>
[INFO] [stdout]    9:     0x5e0a6d1dc1dd - __rustc[ea4f61d10b84890b]::rust_begin_unwind
[INFO] [stdout]   10:     0x5e0a6d21a58c - core[a373ad73a504971]::panicking::panic_fmt
[INFO] [stdout]   11:     0x5e0a6d21a362 - core[a373ad73a504971]::result::unwrap_failed
[INFO] [stdout]   12:     0x5e0a6cd847de - rf_cli[e05f81d87bd5f533]::tests::fixture_bytes
[INFO] [stdout]   13:     0x5e0a6cda4ada - <rf_cli[e05f81d87bd5f533]::tests::plan_chain_never_fails_for_a_feasible_target::{closure#0} as core[a373ad73a504971]::ops::function::FnOnce<()>>::call_once
[INFO] [stdout]   14:     0x5e0a6ce3239b - test[aada8e7e76ba119b]::__rust_begin_short_backtrace::<core[a373ad73a504971]::result::Result<(), alloc[2e1b2a31b91974c5]::string::String>, fn() -> core[a373ad73a504971]::result::Result<(), alloc[2e1b2a31b91974c5]::string::String>>
[INFO] [stdout]   15:     0x5e0a6ce3f575 - test[aada8e7e76ba119b]::run_test::{closure#0}
[INFO] [stdout]   16:     0x5e0a6ce38e64 - std[617be2ca0a6fd877]::sys::backtrace::__rust_begin_short_backtrace::<test[aada8e7e76ba119b]::run_test::{closure#1}, ()>
[INFO] [stdout]   17:     0x5e0a6ce42602 - <std[617be2ca0a6fd877]::thread::lifecycle::spawn_unchecked<test[aada8e7e76ba119b]::run_test::{closure#1}, ()>::{closure#1} as core[a373ad73a504971]::ops::function::FnOnce<()>>::call_once::{shim:vtable#0}
[INFO] [stdout]   18:     0x5e0a6d200b5f - <std[617be2ca0a6fd877]::sys::thread::unix::Thread>::new::thread_start
[INFO] [stdout]   19:     0x77fde268fdfa - <unknown>
[INFO] [stdout]   20:     0x77fde27233d4 - clone
[INFO] [stdout]   21:                0x0 - <unknown>
[INFO] [stdout] 
[INFO] [stdout] ---- tests::plan_chain_on_pe_x64_cmd_reports_set_rdx_with_computed_relaxations stdout ----
[INFO] [stdout] 
[INFO] [stdout] thread 'tests::plan_chain_on_pe_x64_cmd_reports_set_rdx_with_computed_relaxations' (1520) panicked at src/lib.rs:1674:10:
[INFO] [stdout] called `Result::unwrap()` on an `Err` value: Os { code: 2, kind: NotFound, message: "No such file or directory" }
[INFO] [stdout] stack backtrace:
[INFO] [stdout]    0:     0x5e0a6d201801 - <<std[617be2ca0a6fd877]::sys::backtrace::BacktraceLock>::print::DisplayBacktrace as core[a373ad73a504971]::fmt::Display>::fmt
[INFO] [stdout]    1:     0x5e0a6d219daa - core[a373ad73a504971]::fmt::write
[INFO] [stdout]    2:     0x5e0a6d206b7c - <alloc[2e1b2a31b91974c5]::vec::Vec<u8> as core[a373ad73a504971]::io::write::Write>::write_fmt
[INFO] [stdout]    3:     0x5e0a6d1db0d6 - std[617be2ca0a6fd877]::panicking::default_hook::{closure#0}
[INFO] [stdout]    4:     0x5e0a6d1f8919 - std[617be2ca0a6fd877]::panicking::default_hook
[INFO] [stdout]    5:     0x5e0a6ce3ef50 - test[aada8e7e76ba119b]::test_main_inner::{closure#0}
[INFO] [stdout]    6:     0x5e0a6d1f8c42 - std[617be2ca0a6fd877]::panicking::panic_with_hook
[INFO] [stdout]    7:     0x5e0a6d1db182 - std[617be2ca0a6fd877]::panicking::panic_handler::{closure#0}
[INFO] [stdout]    8:     0x5e0a6d1d3749 - std[617be2ca0a6fd877]::sys::backtrace::__rust_end_short_backtrace::<std[617be2ca0a6fd877]::panicking::panic_handler::{closure#0}, !>
[INFO] [stdout]    9:     0x5e0a6d1dc1dd - __rustc[ea4f61d10b84890b]::rust_begin_unwind
[INFO] [stdout]   10:     0x5e0a6d21a58c - core[a373ad73a504971]::panicking::panic_fmt
[INFO] [stdout]   11:     0x5e0a6d21a362 - core[a373ad73a504971]::result::unwrap_failed
[INFO] [stdout]   12:     0x5e0a6cd847de - rf_cli[e05f81d87bd5f533]::tests::fixture_bytes
[INFO] [stdout]   13:     0x5e0a6cdaf4c9 - <rf_cli[e05f81d87bd5f533]::tests::plan_chain_on_pe_x64_cmd_reports_set_rdx_with_computed_relaxations::{closure#0} as core[a373ad73a504971]::ops::function::FnOnce<()>>::call_once
[INFO] [stdout]   14:     0x5e0a6ce3239b - test[aada8e7e76ba119b]::__rust_begin_short_backtrace::<core[a373ad73a504971]::result::Result<(), alloc[2e1b2a31b91974c5]::string::String>, fn() -> core[a373ad73a504971]::result::Result<(), alloc[2e1b2a31b91974c5]::string::String>>
[INFO] [stdout]   15:     0x5e0a6ce3f575 - test[aada8e7e76ba119b]::run_test::{closure#0}
[INFO] [stdout]   16:     0x5e0a6ce38e64 - std[617be2ca0a6fd877]::sys::backtrace::__rust_begin_short_backtrace::<test[aada8e7e76ba119b]::run_test::{closure#1}, ()>
[INFO] [stdout]   17:     0x5e0a6ce42602 - <std[617be2ca0a6fd877]::thread::lifecycle::spawn_unchecked<test[aada8e7e76ba119b]::run_test::{closure#1}, ()>::{closure#1} as core[a373ad73a504971]::ops::function::FnOnce<()>>::call_once::{shim:vtable#0}
[INFO] [stdout]   18:     0x5e0a6d200b5f - <std[617be2ca0a6fd877]::sys::thread::unix::Thread>::new::thread_start
[INFO] [stdout]   19:     0x77fde268fdfa - <unknown>
[INFO] [stdout]   20:     0x77fde27233d4 - clone
[INFO] [stdout]   21:                0x0 - <unknown>
[INFO] [stdout] 
[INFO] [stdout] ---- tests::plan_chain_reports_an_undispatchable_target_as_a_requirement stdout ----
[INFO] [stdout] 
[INFO] [stdout] thread 'tests::plan_chain_reports_an_undispatchable_target_as_a_requirement' (1521) panicked at src/lib.rs:1674:10:
[INFO] [stdout] called `Result::unwrap()` on an `Err` value: Os { code: 2, kind: NotFound, message: "No such file or directory" }
[INFO] [stdout] stack backtrace:
[INFO] [stdout]    0:     0x5e0a6d201801 - <<std[617be2ca0a6fd877]::sys::backtrace::BacktraceLock>::print::DisplayBacktrace as core[a373ad73a504971]::fmt::Display>::fmt
[INFO] [stdout]    1:     0x5e0a6d219daa - core[a373ad73a504971]::fmt::write
[INFO] [stdout]    2:     0x5e0a6d206b7c - <alloc[2e1b2a31b91974c5]::vec::Vec<u8> as core[a373ad73a504971]::io::write::Write>::write_fmt
[INFO] [stdout]    3:     0x5e0a6d1db0d6 - std[617be2ca0a6fd877]::panicking::default_hook::{closure#0}
[INFO] [stdout]    4:     0x5e0a6d1f8919 - std[617be2ca0a6fd877]::panicking::default_hook
[INFO] [stdout]    5:     0x5e0a6ce3ef50 - test[aada8e7e76ba119b]::test_main_inner::{closure#0}
[INFO] [stdout]    6:     0x5e0a6d1f8c42 - std[617be2ca0a6fd877]::panicking::panic_with_hook
[INFO] [stdout]    7:     0x5e0a6d1db182 - std[617be2ca0a6fd877]::panicking::panic_handler::{closure#0}
[INFO] [stdout]    8:     0x5e0a6d1d3749 - std[617be2ca0a6fd877]::sys::backtrace::__rust_end_short_backtrace::<std[617be2ca0a6fd877]::panicking::panic_handler::{closure#0}, !>
[INFO] [stdout]    9:     0x5e0a6d1dc1dd - __rustc[ea4f61d10b84890b]::rust_begin_unwind
[INFO] [stdout]   10:     0x5e0a6d21a58c - core[a373ad73a504971]::panicking::panic_fmt
[INFO] [stdout]   11:     0x5e0a6d21a362 - core[a373ad73a504971]::result::unwrap_failed
[INFO] [stdout]   12:     0x5e0a6cd847de - rf_cli[e05f81d87bd5f533]::tests::fixture_bytes
[INFO] [stdout]   13:     0x5e0a6cdadeda - <rf_cli[e05f81d87bd5f533]::tests::plan_chain_reports_an_undispatchable_target_as_a_requirement::{closure#0} as core[a373ad73a504971]::ops::function::FnOnce<()>>::call_once
[INFO] [stdout]   14:     0x5e0a6ce3239b - test[aada8e7e76ba119b]::__rust_begin_short_backtrace::<core[a373ad73a504971]::result::Result<(), alloc[2e1b2a31b91974c5]::string::String>, fn() -> core[a373ad73a504971]::result::Result<(), alloc[2e1b2a31b91974c5]::string::String>>
[INFO] [stdout]   15:     0x5e0a6ce3f575 - test[aada8e7e76ba119b]::run_test::{closure#0}
[INFO] [stdout]   16:     0x5e0a6ce38e64 - std[617be2ca0a6fd877]::sys::backtrace::__rust_begin_short_backtrace::<test[aada8e7e76ba119b]::run_test::{closure#1}, ()>
[INFO] [stdout]   17:     0x5e0a6ce42602 - <std[617be2ca0a6fd877]::thread::lifecycle::spawn_unchecked<test[aada8e7e76ba119b]::run_test::{closure#1}, ()>::{closure#1} as core[a373ad73a504971]::ops::function::FnOnce<()>>::call_once::{shim:vtable#0}
[INFO] [stdout]   18:     0x5e0a6d200b5f - <std[617be2ca0a6fd877]::sys::thread::unix::Thread>::new::thread_start
[INFO] [stdout]   19:     0x77fde268fdfa - <unknown>
[INFO] [stdout]   20:     0x77fde27233d4 - clone
[INFO] [stdout]   21:                0x0 - <unknown>
[INFO] [stdout] 
[INFO] [stdout] ---- tests::info_elf_shape stdout ----
[INFO] [stdout] 
[INFO] [stdout] thread 'tests::info_elf_shape' (1510) panicked at src/lib.rs:1674:10:
[INFO] [stdout] called `Result::unwrap()` on an `Err` value: Os { code: 2, kind: NotFound, message: "No such file or directory" }
[INFO] [stdout] stack backtrace:
[INFO] [stdout]    0:     0x5e0a6d201801 - <<std[617be2ca0a6fd877]::sys::backtrace::BacktraceLock>::print::DisplayBacktrace as core[a373ad73a504971]::fmt::Display>::fmt
[INFO] [stdout]    1:     0x5e0a6d219daa - core[a373ad73a504971]::fmt::write
[INFO] [stdout]    2:     0x5e0a6d206b7c - <alloc[2e1b2a31b91974c5]::vec::Vec<u8> as core[a373ad73a504971]::io::write::Write>::write_fmt
[INFO] [stdout]    3:     0x5e0a6d1db0d6 - std[617be2ca0a6fd877]::panicking::default_hook::{closure#0}
[INFO] [stdout]    4:     0x5e0a6d1f8919 - std[617be2ca0a6fd877]::panicking::default_hook
[INFO] [stdout]    5:     0x5e0a6ce3ef50 - test[aada8e7e76ba119b]::test_main_inner::{closure#0}
[INFO] [stdout]    6:     0x5e0a6d1f8c42 - std[617be2ca0a6fd877]::panicking::panic_with_hook
[INFO] [stdout]    7:     0x5e0a6d1db182 - std[617be2ca0a6fd877]::panicking::panic_handler::{closure#0}
[INFO] [stdout]    8:     0x5e0a6d1d3749 - std[617be2ca0a6fd877]::sys::backtrace::__rust_end_short_backtrace::<std[617be2ca0a6fd877]::panicking::panic_handler::{closure#0}, !>
[INFO] [stdout]    9:     0x5e0a6d1dc1dd - __rustc[ea4f61d10b84890b]::rust_begin_unwind
[INFO] [stdout]   10:     0x5e0a6d21a58c - core[a373ad73a504971]::panicking::panic_fmt
[INFO] [stdout]   11:     0x5e0a6d21a362 - core[a373ad73a504971]::result::unwrap_failed
[INFO] [stdout]   12:     0x5e0a6cd847de - rf_cli[e05f81d87bd5f533]::tests::fixture_bytes
[INFO] [stdout]   13:     0x5e0a6cd884c2 - <rf_cli[e05f81d87bd5f533]::tests::info_elf_shape::{closure#0} as core[a373ad73a504971]::ops::function::FnOnce<()>>::call_once
[INFO] [stdout]   14:     0x5e0a6ce3239b - test[aada8e7e76ba119b]::__rust_begin_short_backtrace::<core[a373ad73a504971]::result::Result<(), alloc[2e1b2a31b91974c5]::string::String>, fn() -> core[a373ad73a504971]::result::Result<(), alloc[2e1b2a31b91974c5]::string::String>>
[INFO] [stdout]   15:     0x5e0a6ce3f575 - test[aada8e7e76ba119b]::run_test::{closure#0}
[INFO] [stdout]   16:     0x5e0a6ce38e64 - std[617be2ca0a6fd877]::sys::backtrace::__rust_begin_short_backtrace::<test[aada8e7e76ba119b]::run_test::{closure#1}, ()>
[INFO] [stdout]   17:     0x5e0a6ce42602 - <std[617be2ca0a6fd877]::thread::lifecycle::spawn_unchecked<test[aada8e7e76ba119b]::run_test::{closure#1}, ()>::{closure#1} as core[a373ad73a504971]::ops::function::FnOnce<()>>::call_once::{shim:vtable#0}
[INFO] [stdout]   18:     0x5e0a6d200b5f - <std[617be2ca0a6fd877]::sys::thread::unix::Thread>::new::thread_start
[INFO] [stdout]   19:     0x77fde268fdfa - <unknown>
[INFO] [stdout]   20:     0x77fde27233d4 - clone
[INFO] [stdout]   21:                0x0 - <unknown>
[INFO] [stdout] 
[INFO] [stdout] ---- tests::info_honours_base stdout ----
[INFO] [stdout] 
[INFO] [stdout] thread 'tests::info_honours_base' (1511) panicked at src/lib.rs:1674:10:
[INFO] [stdout] called `Result::unwrap()` on an `Err` value: Os { code: 2, kind: NotFound, message: "No such file or directory" }
[INFO] [stdout] stack backtrace:
[INFO] [stdout]    0:     0x5e0a6d201801 - <<std[617be2ca0a6fd877]::sys::backtrace::BacktraceLock>::print::DisplayBacktrace as core[a373ad73a504971]::fmt::Display>::fmt
[INFO] [stdout]    1:     0x5e0a6d219daa - core[a373ad73a504971]::fmt::write
[INFO] [stdout]    2:     0x5e0a6d206b7c - <alloc[2e1b2a31b91974c5]::vec::Vec<u8> as core[a373ad73a504971]::io::write::Write>::write_fmt
[INFO] [stdout]    3:     0x5e0a6d1db0d6 - std[617be2ca0a6fd877]::panicking::default_hook::{closure#0}
[INFO] [stdout]    4:     0x5e0a6d1f8919 - std[617be2ca0a6fd877]::panicking::default_hook
[INFO] [stdout]    5:     0x5e0a6ce3ef50 - test[aada8e7e76ba119b]::test_main_inner::{closure#0}
[INFO] [stdout]    6:     0x5e0a6d1f8c42 - std[617be2ca0a6fd877]::panicking::panic_with_hook
[INFO] [stdout]    7:     0x5e0a6d1db182 - std[617be2ca0a6fd877]::panicking::panic_handler::{closure#0}
[INFO] [stdout]    8:     0x5e0a6d1d3749 - std[617be2ca0a6fd877]::sys::backtrace::__rust_end_short_backtrace::<std[617be2ca0a6fd877]::panicking::panic_handler::{closure#0}, !>
[INFO] [stdout]    9:     0x5e0a6d1dc1dd - __rustc[ea4f61d10b84890b]::rust_begin_unwind
[INFO] [stdout]   10:     0x5e0a6d21a58c - core[a373ad73a504971]::panicking::panic_fmt
[INFO] [stdout]   11:     0x5e0a6d21a362 - core[a373ad73a504971]::result::unwrap_failed
[INFO] [stdout]   12:     0x5e0a6cd847de - rf_cli[e05f81d87bd5f533]::tests::fixture_bytes
[INFO] [stdout]   13:     0x5e0a6cd8a0ea - <rf_cli[e05f81d87bd5f533]::tests::info_honours_base::{closure#0} as core[a373ad73a504971]::ops::function::FnOnce<()>>::call_once
[INFO] [stdout]   14:     0x5e0a6ce3239b - test[aada8e7e76ba119b]::__rust_begin_short_backtrace::<core[a373ad73a504971]::result::Result<(), alloc[2e1b2a31b91974c5]::string::String>, fn() -> core[a373ad73a504971]::result::Result<(), alloc[2e1b2a31b91974c5]::string::String>>
[INFO] [stdout]   15:     0x5e0a6ce3f575 - test[aada8e7e76ba119b]::run_test::{closure#0}
[INFO] [stdout]   16:     0x5e0a6ce38e64 - std[617be2ca0a6fd877]::sys::backtrace::__rust_begin_short_backtrace::<test[aada8e7e76ba119b]::run_test::{closure#1}, ()>
[INFO] [stdout]   17:     0x5e0a6ce42602 - <std[617be2ca0a6fd877]::thread::lifecycle::spawn_unchecked<test[aada8e7e76ba119b]::run_test::{closure#1}, ()>::{closure#1} as core[a373ad73a504971]::ops::function::FnOnce<()>>::call_once::{shim:vtable#0}
[INFO] [stdout]   18:     0x5e0a6d200b5f - <std[617be2ca0a6fd877]::sys::thread::unix::Thread>::new::thread_start
[INFO] [stdout]   19:     0x77fde268fdfa - <unknown>
[INFO] [stdout]   20:     0x77fde27233d4 - clone
[INFO] [stdout]   21:                0x0 - <unknown>
[INFO] [stdout] 
[INFO] [stdout] ---- tests::section_filter_elf_multi_and_glob stdout ----
[INFO] [stdout] 
[INFO] [stdout] thread 'tests::section_filter_elf_multi_and_glob' (1529) panicked at src/lib.rs:1674:10:
[INFO] [stdout] called `Result::unwrap()` on an `Err` value: Os { code: 2, kind: NotFound, message: "No such file or directory" }
[INFO] [stdout] stack backtrace:
[INFO] [stdout]    0:     0x5e0a6d201801 - <<std[617be2ca0a6fd877]::sys::backtrace::BacktraceLock>::print::DisplayBacktrace as core[a373ad73a504971]::fmt::Display>::fmt
[INFO] [stdout]    1:     0x5e0a6d219daa - core[a373ad73a504971]::fmt::write
[INFO] [stdout]    2:     0x5e0a6d206b7c - <alloc[2e1b2a31b91974c5]::vec::Vec<u8> as core[a373ad73a504971]::io::write::Write>::write_fmt
[INFO] [stdout]    3:     0x5e0a6d1db0d6 - std[617be2ca0a6fd877]::panicking::default_hook::{closure#0}
[INFO] [stdout]    4:     0x5e0a6d1f8919 - std[617be2ca0a6fd877]::panicking::default_hook
[INFO] [stdout]    5:     0x5e0a6ce3ef50 - test[aada8e7e76ba119b]::test_main_inner::{closure#0}
[INFO] [stdout]    6:     0x5e0a6d1f8c42 - std[617be2ca0a6fd877]::panicking::panic_with_hook
[INFO] [stdout]    7:     0x5e0a6d1db182 - std[617be2ca0a6fd877]::panicking::panic_handler::{closure#0}
[INFO] [stdout]    8:     0x5e0a6d1d3749 - std[617be2ca0a6fd877]::sys::backtrace::__rust_end_short_backtrace::<std[617be2ca0a6fd877]::panicking::panic_handler::{closure#0}, !>
[INFO] [stdout]    9:     0x5e0a6d1dc1dd - __rustc[ea4f61d10b84890b]::rust_begin_unwind
[INFO] [stdout]   10:     0x5e0a6d21a58c - core[a373ad73a504971]::panicking::panic_fmt
[INFO] [stdout]   11:     0x5e0a6d21a362 - core[a373ad73a504971]::result::unwrap_failed
[INFO] [stdout]   12:     0x5e0a6cd847de - rf_cli[e05f81d87bd5f533]::tests::fixture_bytes
[INFO] [stdout]   13:     0x5e0a6cd95292 - <rf_cli[e05f81d87bd5f533]::tests::section_filter_elf_multi_and_glob::{closure#0} as core[a373ad73a504971]::ops::function::FnOnce<()>>::call_once
[INFO] [stdout]   14:     0x5e0a6ce3239b - test[aada8e7e76ba119b]::__rust_begin_short_backtrace::<core[a373ad73a504971]::result::Result<(), alloc[2e1b2a31b91974c5]::string::String>, fn() -> core[a373ad73a504971]::result::Result<(), alloc[2e1b2a31b91974c5]::string::String>>
[INFO] [stdout]   15:     0x5e0a6ce3f575 - test[aada8e7e76ba119b]::run_test::{closure#0}
[INFO] [stdout]   16:     0x5e0a6ce38e64 - std[617be2ca0a6fd877]::sys::backtrace::__rust_begin_short_backtrace::<test[aada8e7e76ba119b]::run_test::{closure#1}, ()>
[INFO] [stdout]   17:     0x5e0a6ce42602 - <std[617be2ca0a6fd877]::thread::lifecycle::spawn_unchecked<test[aada8e7e76ba119b]::run_test::{closure#1}, ()>::{closure#1} as core[a373ad73a504971]::ops::function::FnOnce<()>>::call_once::{shim:vtable#0}
[INFO] [stdout]   18:     0x5e0a6d200b5f - <std[617be2ca0a6fd877]::sys::thread::unix::Thread>::new::thread_start
[INFO] [stdout]   19:     0x77fde268fdfa - <unknown>
[INFO] [stdout]   20:     0x77fde27233d4 - clone
[INFO] [stdout]   21:                0x0 - <unknown>
[INFO] [stdout] 
[INFO] [stdout] ---- tests::rank_sorts_by_quality_desc_then_vaddr stdout ----
[INFO] [stdout] 
[INFO] [stdout] thread 'tests::rank_sorts_by_quality_desc_then_vaddr' (1525) panicked at src/lib.rs:1674:10:
[INFO] [stdout] called `Result::unwrap()` on an `Err` value: Os { code: 2, kind: NotFound, message: "No such file or directory" }
[INFO] [stdout] stack backtrace:
[INFO] [stdout]    0:     0x5e0a6d201801 - <<std[617be2ca0a6fd877]::sys::backtrace::BacktraceLock>::print::DisplayBacktrace as core[a373ad73a504971]::fmt::Display>::fmt
[INFO] [stdout]    1:     0x5e0a6d219daa - core[a373ad73a504971]::fmt::write
[INFO] [stdout]    2:     0x5e0a6d206b7c - <alloc[2e1b2a31b91974c5]::vec::Vec<u8> as core[a373ad73a504971]::io::write::Write>::write_fmt
[INFO] [stdout]    3:     0x5e0a6d1db0d6 - std[617be2ca0a6fd877]::panicking::default_hook::{closure#0}
[INFO] [stdout]    4:     0x5e0a6d1f8919 - std[617be2ca0a6fd877]::panicking::default_hook
[INFO] [stdout]    5:     0x5e0a6ce3ef50 - test[aada8e7e76ba119b]::test_main_inner::{closure#0}
[INFO] [stdout]    6:     0x5e0a6d1f8c42 - std[617be2ca0a6fd877]::panicking::panic_with_hook
[INFO] [stdout]    7:     0x5e0a6d1db182 - std[617be2ca0a6fd877]::panicking::panic_handler::{closure#0}
[INFO] [stdout]    8:     0x5e0a6d1d3749 - std[617be2ca0a6fd877]::sys::backtrace::__rust_end_short_backtrace::<std[617be2ca0a6fd877]::panicking::panic_handler::{closure#0}, !>
[INFO] [stdout]    9:     0x5e0a6d1dc1dd - __rustc[ea4f61d10b84890b]::rust_begin_unwind
[INFO] [stdout]   10:     0x5e0a6d21a58c - core[a373ad73a504971]::panicking::panic_fmt
[INFO] [stdout]   11:     0x5e0a6d21a362 - core[a373ad73a504971]::result::unwrap_failed
[INFO] [stdout]   12:     0x5e0a6cd847de - rf_cli[e05f81d87bd5f533]::tests::fixture_bytes
[INFO] [stdout]   13:     0x5e0a6cd84a1d - rf_cli[e05f81d87bd5f533]::tests::scan_result_for
[INFO] [stdout]   14:     0x5e0a6cd9cdfe - <rf_cli[e05f81d87bd5f533]::tests::rank_sorts_by_quality_desc_then_vaddr::{closure#0} as core[a373ad73a504971]::ops::function::FnOnce<()>>::call_once
[INFO] [stdout]   15:     0x5e0a6ce3239b - test[aada8e7e76ba119b]::__rust_begin_short_backtrace::<core[a373ad73a504971]::result::Result<(), alloc[2e1b2a31b91974c5]::string::String>, fn() -> core[a373ad73a504971]::result::Result<(), alloc[2e1b2a31b91974c5]::string::String>>
[INFO] [stdout]   16:     0x5e0a6ce3f575 - test[aada8e7e76ba119b]::run_test::{closure#0}
[INFO] [stdout]   17:     0x5e0a6ce38e64 - std[617be2ca0a6fd877]::sys::backtrace::__rust_begin_short_backtrace::<test[aada8e7e76ba119b]::run_test::{closure#1}, ()>
[INFO] [stdout]   18:     0x5e0a6ce42602 - <std[617be2ca0a6fd877]::thread::lifecycle::spawn_unchecked<test[aada8e7e76ba119b]::run_test::{closure#1}, ()>::{closure#1} as core[a373ad73a504971]::ops::function::FnOnce<()>>::call_once::{shim:vtable#0}
[INFO] [stdout]   19:     0x5e0a6d200b5f - <std[617be2ca0a6fd877]::sys::thread::unix::Thread>::new::thread_start
[INFO] [stdout]   20:     0x77fde268fdfa - <unknown>
[INFO] [stdout]   21:     0x77fde27233d4 - clone
[INFO] [stdout]   22:                0x0 - <unknown>
[INFO] [stdout] 
[INFO] [stdout] ---- tests::section_filter_pe_matches_default_scan stdout ----
[INFO] [stdout] 
[INFO] [stdout] thread 'tests::section_filter_pe_matches_default_scan' (1530) panicked at src/lib.rs:1674:10:
[INFO] [stdout] called `Result::unwrap()` on an `Err` value: Os { code: 2, kind: NotFound, message: "No such file or directory" }
[INFO] [stdout] stack backtrace:
[INFO] [stdout]    0:     0x5e0a6d201801 - <<std[617be2ca0a6fd877]::sys::backtrace::BacktraceLock>::print::DisplayBacktrace as core[a373ad73a504971]::fmt::Display>::fmt
[INFO] [stdout]    1:     0x5e0a6d219daa - core[a373ad73a504971]::fmt::write
[INFO] [stdout]    2:     0x5e0a6d206b7c - <alloc[2e1b2a31b91974c5]::vec::Vec<u8> as core[a373ad73a504971]::io::write::Write>::write_fmt
[INFO] [stdout]    3:     0x5e0a6d1db0d6 - std[617be2ca0a6fd877]::panicking::default_hook::{closure#0}
[INFO] [stdout]    4:     0x5e0a6d1f8919 - std[617be2ca0a6fd877]::panicking::default_hook
[INFO] [stdout]    5:     0x5e0a6ce3ef50 - test[aada8e7e76ba119b]::test_main_inner::{closure#0}
[INFO] [stdout]    6:     0x5e0a6d1f8c42 - std[617be2ca0a6fd877]::panicking::panic_with_hook
[INFO] [stdout]    7:     0x5e0a6d1db182 - std[617be2ca0a6fd877]::panicking::panic_handler::{closure#0}
[INFO] [stdout]    8:     0x5e0a6d1d3749 - std[617be2ca0a6fd877]::sys::backtrace::__rust_end_short_backtrace::<std[617be2ca0a6fd877]::panicking::panic_handler::{closure#0}, !>
[INFO] [stdout]    9:     0x5e0a6d1dc1dd - __rustc[ea4f61d10b84890b]::rust_begin_unwind
[INFO] [stdout]   10:     0x5e0a6d21a58c - core[a373ad73a504971]::panicking::panic_fmt
[INFO] [stdout]   11:     0x5e0a6d21a362 - core[a373ad73a504971]::result::unwrap_failed
[INFO] [stdout]   12:     0x5e0a6cd847de - rf_cli[e05f81d87bd5f533]::tests::fixture_bytes
[INFO] [stdout]   13:     0x5e0a6cd9d28f - <rf_cli[e05f81d87bd5f533]::tests::section_filter_pe_matches_default_scan::{closure#0} as core[a373ad73a504971]::ops::function::FnOnce<()>>::call_once
[INFO] [stdout]   14:     0x5e0a6ce3239b - test[aada8e7e76ba119b]::__rust_begin_short_backtrace::<core[a373ad73a504971]::result::Result<(), alloc[2e1b2a31b91974c5]::string::String>, fn() -> core[a373ad73a504971]::result::Result<(), alloc[2e1b2a31b91974c5]::string::String>>
[INFO] [stdout]   15:     0x5e0a6ce3f575 - test[aada8e7e76ba119b]::run_test::{closure#0}
[INFO] [stdout]   16:     0x5e0a6ce38e64 - std[617be2ca0a6fd877]::sys::backtrace::__rust_begin_short_backtrace::<test[aada8e7e76ba119b]::run_test::{closure#1}, ()>
[INFO] [stdout]   17:     0x5e0a6ce42602 - <std[617be2ca0a6fd877]::thread::lifecycle::spawn_unchecked<test[aada8e7e76ba119b]::run_test::{closure#1}, ()>::{closure#1} as core[a373ad73a504971]::ops::function::FnOnce<()>>::call_once::{shim:vtable#0}
[INFO] [stdout]   18:     0x5e0a6d200b5f - <std[617be2ca0a6fd877]::sys::thread::unix::Thread>::new::thread_start
[INFO] [stdout]   19:     0x77fde268fdfa - <unknown>
[INFO] [stdout]   20:     0x77fde27233d4 - clone
[INFO] [stdout]   21:                0x0 - <unknown>
[INFO] [stdout] 
[INFO] [stdout] ---- tests::range_composes_with_section stdout ----
[INFO] [stdout] 
[INFO] [stdout] thread 'tests::range_composes_with_section' (1523) panicked at src/lib.rs:1674:10:
[INFO] [stdout] called `Result::unwrap()` on an `Err` value: Os { code: 2, kind: NotFound, message: "No such file or directory" }
[INFO] [stdout] stack backtrace:
[INFO] [stdout]    0:     0x5e0a6d201801 - <<std[617be2ca0a6fd877]::sys::backtrace::BacktraceLock>::print::DisplayBacktrace as core[a373ad73a504971]::fmt::Display>::fmt
[INFO] [stdout]    1:     0x5e0a6d219daa - core[a373ad73a504971]::fmt::write
[INFO] [stdout]    2:     0x5e0a6d206b7c - <alloc[2e1b2a31b91974c5]::vec::Vec<u8> as core[a373ad73a504971]::io::write::Write>::write_fmt
[INFO] [stdout]    3:     0x5e0a6d1db0d6 - std[617be2ca0a6fd877]::panicking::default_hook::{closure#0}
[INFO] [stdout]    4:     0x5e0a6d1f8919 - std[617be2ca0a6fd877]::panicking::default_hook
[INFO] [stdout]    5:     0x5e0a6ce3ef50 - test[aada8e7e76ba119b]::test_main_inner::{closure#0}
[INFO] [stdout]    6:     0x5e0a6d1f8c42 - std[617be2ca0a6fd877]::panicking::panic_with_hook
[INFO] [stdout]    7:     0x5e0a6d1db182 - std[617be2ca0a6fd877]::panicking::panic_handler::{closure#0}
[INFO] [stdout]    8:     0x5e0a6d1d3749 - std[617be2ca0a6fd877]::sys::backtrace::__rust_end_short_backtrace::<std[617be2ca0a6fd877]::panicking::panic_handler::{closure#0}, !>
[INFO] [stdout]    9:     0x5e0a6d1dc1dd - __rustc[ea4f61d10b84890b]::rust_begin_unwind
[INFO] [stdout]   10:     0x5e0a6d21a58c - core[a373ad73a504971]::panicking::panic_fmt
[INFO] [stdout]   11:     0x5e0a6d21a362 - core[a373ad73a504971]::result::unwrap_failed
[INFO] [stdout]   12:     0x5e0a6cd847de - rf_cli[e05f81d87bd5f533]::tests::fixture_bytes
[INFO] [stdout]   13:     0x5e0a6cd911b2 - <rf_cli[e05f81d87bd5f533]::tests::range_composes_with_section::{closure#0} as core[a373ad73a504971]::ops::function::FnOnce<()>>::call_once
[INFO] [stdout]   14:     0x5e0a6ce3239b - test[aada8e7e76ba119b]::__rust_begin_short_backtrace::<core[a373ad73a504971]::result::Result<(), alloc[2e1b2a31b91974c5]::string::String>, fn() -> core[a373ad73a504971]::result::Result<(), alloc[2e1b2a31b91974c5]::string::String>>
[INFO] [stdout]   15:     0x5e0a6ce3f575 - test[aada8e7e76ba119b]::run_test::{closure#0}
[INFO] [stdout]   16:     0x5e0a6ce38e64 - std[617be2ca0a6fd877]::sys::backtrace::__rust_begin_short_backtrace::<test[aada8e7e76ba119b]::run_test::{closure#1}, ()>
[INFO] [stdout]   17:     0x5e0a6ce42602 - <std[617be2ca0a6fd877]::thread::lifecycle::spawn_unchecked<test[aada8e7e76ba119b]::run_test::{closure#1}, ()>::{closure#1} as core[a373ad73a504971]::ops::function::FnOnce<()>>::call_once::{shim:vtable#0}
[INFO] [stdout]   18:     0x5e0a6d200b5f - <std[617be2ca0a6fd877]::sys::thread::unix::Thread>::new::thread_start
[INFO] [stdout]   19:     0x77fde268fdfa - <unknown>
[INFO] [stdout]   20:     0x77fde27233d4 - clone
[INFO] [stdout]   21:                0x0 - <unknown>
[INFO] [stdout] 
[INFO] [stdout] ---- tests::compat_fat_macho_scan_is_announced stdout ----
[INFO] [stdout] 
[INFO] [stdout] thread 'tests::compat_fat_macho_scan_is_announced' (1504) panicked at src/lib.rs:1674:10:
[INFO] [stdout] called `Result::unwrap()` on an `Err` value: Os { code: 2, kind: NotFound, message: "No such file or directory" }
[INFO] [stdout] stack backtrace:
[INFO] [stdout]    0:     0x5e0a6d201801 - <<std[617be2ca0a6fd877]::sys::backtrace::BacktraceLock>::print::DisplayBacktrace as core[a373ad73a504971]::fmt::Display>::fmt
[INFO] [stdout]    1:     0x5e0a6d219daa - core[a373ad73a504971]::fmt::write
[INFO] [stdout]    2:     0x5e0a6d206b7c - <alloc[2e1b2a31b91974c5]::vec::Vec<u8> as core[a373ad73a504971]::io::write::Write>::write_fmt
[INFO] [stdout]    3:     0x5e0a6d1db0d6 - std[617be2ca0a6fd877]::panicking::default_hook::{closure#0}
[INFO] [stdout]    4:     0x5e0a6d1f8919 - std[617be2ca0a6fd877]::panicking::default_hook
[INFO] [stdout]    5:     0x5e0a6ce3ef50 - test[aada8e7e76ba119b]::test_main_inner::{closure#0}
[INFO] [stdout]    6:     0x5e0a6d1f8c42 - std[617be2ca0a6fd877]::panicking::panic_with_hook
[INFO] [stdout]    7:     0x5e0a6d1db182 - std[617be2ca0a6fd877]::panicking::panic_handler::{closure#0}
[INFO] [stdout]    8:     0x5e0a6d1d3749 - std[617be2ca0a6fd877]::sys::backtrace::__rust_end_short_backtrace::<std[617be2ca0a6fd877]::panicking::panic_handler::{closure#0}, !>
[INFO] [stdout]    9:     0x5e0a6d1dc1dd - __rustc[ea4f61d10b84890b]::rust_begin_unwind
[INFO] [stdout]   10:     0x5e0a6d21a58c - core[a373ad73a504971]::panicking::panic_fmt
[INFO] [stdout]   11:     0x5e0a6d21a362 - core[a373ad73a504971]::result::unwrap_failed
[INFO] [stdout]   12:     0x5e0a6cd847de - rf_cli[e05f81d87bd5f533]::tests::fixture_bytes
[INFO] [stdout]   13:     0x5e0a6cd9678a - <rf_cli[e05f81d87bd5f533]::tests::compat_fat_macho_scan_is_announced::{closure#0} as core[a373ad73a504971]::ops::function::FnOnce<()>>::call_once
[INFO] [stdout]   14:     0x5e0a6ce3239b - test[aada8e7e76ba119b]::__rust_begin_short_backtrace::<core[a373ad73a504971]::result::Result<(), alloc[2e1b2a31b91974c5]::string::String>, fn() -> core[a373ad73a504971]::result::Result<(), alloc[2e1b2a31b91974c5]::string::String>>
[INFO] [stdout]   15:     0x5e0a6ce3f575 - test[aada8e7e76ba119b]::run_test::{closure#0}
[INFO] [stdout]   16:     0x5e0a6ce38e64 - std[617be2ca0a6fd877]::sys::backtrace::__rust_begin_short_backtrace::<test[aada8e7e76ba119b]::run_test::{closure#1}, ()>
[INFO] [stdout]   17:     0x5e0a6ce42602 - <std[617be2ca0a6fd877]::thread::lifecycle::spawn_unchecked<test[aada8e7e76ba119b]::run_test::{closure#1}, ()>::{closure#1} as core[a373ad73a504971]::ops::function::FnOnce<()>>::call_once::{shim:vtable#0}
[INFO] [stdout]   18:     0x5e0a6d200b5f - <std[617be2ca0a6fd877]::sys::thread::unix::Thread>::new::thread_start
[INFO] [stdout]   19:     0x77fde268fdfa - <unknown>
[INFO] [stdout]   20:     0x77fde27233d4 - clone
[INFO] [stdout]   21:                0x0 - <unknown>
[INFO] [stdout] 
[INFO] [stdout] ---- tests::read_input_file_honours_the_cap stdout ----
[INFO] [stdout] 
[INFO] [stdout] thread 'tests::read_input_file_honours_the_cap' (1528) panicked at src/lib.rs:3690:62:
[INFO] [stdout] called `Result::unwrap()` on an `Err` value: "cannot read /opt/rustwide/workdir/../../tests/fixtures/elf-Linux-x86: No such file or directory (os error 2)"
[INFO] [stdout] stack backtrace:
[INFO] [stdout]    0:     0x5e0a6d201801 - <<std[617be2ca0a6fd877]::sys::backtrace::BacktraceLock>::print::DisplayBacktrace as core[a373ad73a504971]::fmt::Display>::fmt
[INFO] [stdout]    1:     0x5e0a6d219daa - core[a373ad73a504971]::fmt::write
[INFO] [stdout]    2:     0x5e0a6d206b7c - <alloc[2e1b2a31b91974c5]::vec::Vec<u8> as core[a373ad73a504971]::io::write::Write>::write_fmt
[INFO] [stdout]    3:     0x5e0a6d1db0d6 - std[617be2ca0a6fd877]::panicking::default_hook::{closure#0}
[INFO] [stdout]    4:     0x5e0a6d1f8919 - std[617be2ca0a6fd877]::panicking::default_hook
[INFO] [stdout]    5:     0x5e0a6ce3ef50 - test[aada8e7e76ba119b]::test_main_inner::{closure#0}
[INFO] [stdout]    6:     0x5e0a6d1f8c42 - std[617be2ca0a6fd877]::panicking::panic_with_hook
[INFO] [stdout]    7:     0x5e0a6d1db182 - std[617be2ca0a6fd877]::panicking::panic_handler::{closure#0}
[INFO] [stdout]    8:     0x5e0a6d1d3749 - std[617be2ca0a6fd877]::sys::backtrace::__rust_end_short_backtrace::<std[617be2ca0a6fd877]::panicking::panic_handler::{closure#0}, !>
[INFO] [stdout]    9:     0x5e0a6d1dc1dd - __rustc[ea4f61d10b84890b]::rust_begin_unwind
[INFO] [stdout]   10:     0x5e0a6d21a58c - core[a373ad73a504971]::panicking::panic_fmt
[INFO] [stdout]   11:     0x5e0a6d21a362 - core[a373ad73a504971]::result::unwrap_failed
[INFO] [stdout]   12:     0x5e0a6cd92bfd - <rf_cli[e05f81d87bd5f533]::tests::read_input_file_honours_the_cap::{closure#0} as core[a373ad73a504971]::ops::function::FnOnce<()>>::call_once
[INFO] [stdout]   13:     0x5e0a6ce3239b - test[aada8e7e76ba119b]::__rust_begin_short_backtrace::<core[a373ad73a504971]::result::Result<(), alloc[2e1b2a31b91974c5]::string::String>, fn() -> core[a373ad73a504971]::result::Result<(), alloc[2e1b2a31b91974c5]::string::String>>
[INFO] [stdout]   14:     0x5e0a6ce3f575 - test[aada8e7e76ba119b]::run_test::{closure#0}
[INFO] [stdout]   15:     0x5e0a6ce38e64 - std[617be2ca0a6fd877]::sys::backtrace::__rust_begin_short_backtrace::<test[aada8e7e76ba119b]::run_test::{closure#1}, ()>
[INFO] [stdout]   16:     0x5e0a6ce42602 - <std[617be2ca0a6fd877]::thread::lifecycle::spawn_unchecked<test[aada8e7e76ba119b]::run_test::{closure#1}, ()>::{closure#1} as core[a373ad73a504971]::ops::function::FnOnce<()>>::call_once::{shim:vtable#0}
[INFO] [stdout]   17:     0x5e0a6d200b5f - <std[617be2ca0a6fd877]::sys::thread::unix::Thread>::new::thread_start
[INFO] [stdout]   18:     0x77fde268fdfa - <unknown>
[INFO] [stdout]   19:     0x77fde27233d4 - clone
[INFO] [stdout]   20:                0x0 - <unknown>
[INFO] [stdout] 
[INFO] [stdout] ---- tests::classify_adds_json_fields stdout ----
[INFO] [stdout] 
[INFO] [stdout] thread 'tests::classify_adds_json_fields' (1503) panicked at src/lib.rs:1674:10:
[INFO] [stdout] called `Result::unwrap()` on an `Err` value: Os { code: 2, kind: NotFound, message: "No such file or directory" }
[INFO] [stdout] stack backtrace:
[INFO] [stdout]    0:     0x5e0a6d201801 - <<std[617be2ca0a6fd877]::sys::backtrace::BacktraceLock>::print::DisplayBacktrace as core[a373ad73a504971]::fmt::Display>::fmt
[INFO] [stdout]    1:     0x5e0a6d219daa - core[a373ad73a504971]::fmt::write
[INFO] [stdout]    2:     0x5e0a6d206b7c - <alloc[2e1b2a31b91974c5]::vec::Vec<u8> as core[a373ad73a504971]::io::write::Write>::write_fmt
[INFO] [stdout]    3:     0x5e0a6d1db0d6 - std[617be2ca0a6fd877]::panicking::default_hook::{closure#0}
[INFO] [stdout]    4:     0x5e0a6d1f8919 - std[617be2ca0a6fd877]::panicking::default_hook
[INFO] [stdout]    5:     0x5e0a6ce3ef50 - test[aada8e7e76ba119b]::test_main_inner::{closure#0}
[INFO] [stdout]    6:     0x5e0a6d1f8c42 - std[617be2ca0a6fd877]::panicking::panic_with_hook
[INFO] [stdout]    7:     0x5e0a6d1db182 - std[617be2ca0a6fd877]::panicking::panic_handler::{closure#0}
[INFO] [stdout]    8:     0x5e0a6d1d3749 - std[617be2ca0a6fd877]::sys::backtrace::__rust_end_short_backtrace::<std[617be2ca0a6fd877]::panicking::panic_handler::{closure#0}, !>
[INFO] [stdout]    9:     0x5e0a6d1dc1dd - __rustc[ea4f61d10b84890b]::rust_begin_unwind
[INFO] [stdout]   10:     0x5e0a6d21a58c - core[a373ad73a504971]::panicking::panic_fmt
[INFO] [stdout]   11:     0x5e0a6d21a362 - core[a373ad73a504971]::result::unwrap_failed
[INFO] [stdout]   12:     0x5e0a6cd847de - rf_cli[e05f81d87bd5f533]::tests::fixture_bytes
[INFO] [stdout]   13:     0x5e0a6cd84a1d - rf_cli[e05f81d87bd5f533]::tests::scan_result_for
[INFO] [stdout]   14:     0x5e0a6cd8fa5b - <rf_cli[e05f81d87bd5f533]::tests::classify_adds_json_fields::{closure#0} as core[a373ad73a504971]::ops::function::FnOnce<()>>::call_once
[INFO] [stdout]   15:     0x5e0a6ce3239b - test[aada8e7e76ba119b]::__rust_begin_short_backtrace::<core[a373ad73a504971]::result::Result<(), alloc[2e1b2a31b91974c5]::string::String>, fn() -> core[a373ad73a504971]::result::Result<(), alloc[2e1b2a31b91974c5]::string::String>>
[INFO] [stdout]   16:     0x5e0a6ce3f575 - test[aada8e7e76ba119b]::run_test::{closure#0}
[INFO] [stdout]   17:     0x5e0a6ce38e64 - std[617be2ca0a6fd877]::sys::backtrace::__rust_begin_short_backtrace::<test[aada8e7e76ba119b]::run_test::{closure#1}, ()>
[INFO] [stdout]   18:     0x5e0a6ce42602 - <std[617be2ca0a6fd877]::thread::lifecycle::spawn_unchecked<test[aada8e7e76ba119b]::run_test::{closure#1}, ()>::{closure#1} as core[a373ad73a504971]::ops::function::FnOnce<()>>::call_once::{shim:vtable#0}
[INFO] [stdout]   19:     0x5e0a6d200b5f - <std[617be2ca0a6fd877]::sys::thread::unix::Thread>::new::thread_start
[INFO] [stdout]   20:     0x77fde268fdfa - <unknown>
[INFO] [stdout]   21:     0x77fde27233d4 - clone
[INFO] [stdout]   22:                0x0 - <unknown>
[INFO] [stdout] 
[INFO] [stdout] ---- tests::info_pe_shape stdout ----
[INFO] [stdout] 
[INFO] [stdout] thread 'tests::info_pe_shape' (1513) panicked at src/lib.rs:1674:10:
[INFO] [stdout] called `Result::unwrap()` on an `Err` value: Os { code: 2, kind: NotFound, message: "No such file or directory" }
[INFO] [stdout] stack backtrace:
[INFO] [stdout]    0:     0x5e0a6d201801 - <<std[617be2ca0a6fd877]::sys::backtrace::BacktraceLock>::print::DisplayBacktrace as core[a373ad73a504971]::fmt::Display>::fmt
[INFO] [stdout]    1:     0x5e0a6d219daa - core[a373ad73a504971]::fmt::write
[INFO] [stdout]    2:     0x5e0a6d206b7c - <alloc[2e1b2a31b91974c5]::vec::Vec<u8> as core[a373ad73a504971]::io::write::Write>::write_fmt
[INFO] [stdout]    3:     0x5e0a6d1db0d6 - std[617be2ca0a6fd877]::panicking::default_hook::{closure#0}
[INFO] [stdout]    4:     0x5e0a6d1f8919 - std[617be2ca0a6fd877]::panicking::default_hook
[INFO] [stdout]    5:     0x5e0a6ce3ef50 - test[aada8e7e76ba119b]::test_main_inner::{closure#0}
[INFO] [stdout]    6:     0x5e0a6d1f8c42 - std[617be2ca0a6fd877]::panicking::panic_with_hook
[INFO] [stdout]    7:     0x5e0a6d1db182 - std[617be2ca0a6fd877]::panicking::panic_handler::{closure#0}
[INFO] [stdout]    8:     0x5e0a6d1d3749 - std[617be2ca0a6fd877]::sys::backtrace::__rust_end_short_backtrace::<std[617be2ca0a6fd877]::panicking::panic_handler::{closure#0}, !>
[INFO] [stdout]    9:     0x5e0a6d1dc1dd - __rustc[ea4f61d10b84890b]::rust_begin_unwind
[INFO] [stdout]   10:     0x5e0a6d21a58c - core[a373ad73a504971]::panicking::panic_fmt
[INFO] [stdout]   11:     0x5e0a6d21a362 - core[a373ad73a504971]::result::unwrap_failed
[INFO] [stdout]   12:     0x5e0a6cd847de - rf_cli[e05f81d87bd5f533]::tests::fixture_bytes
[INFO] [stdout]   13:     0x5e0a6cd87602 - <rf_cli[e05f81d87bd5f533]::tests::info_pe_shape::{closure#0} as core[a373ad73a504971]::ops::function::FnOnce<()>>::call_once
[INFO] [stdout]   14:     0x5e0a6ce3239b - test[aada8e7e76ba119b]::__rust_begin_short_backtrace::<core[a373ad73a504971]::result::Result<(), alloc[2e1b2a31b91974c5]::string::String>, fn() -> core[a373ad73a504971]::result::Result<(), alloc[2e1b2a31b91974c5]::string::String>>
[INFO] [stdout]   15:     0x5e0a6ce3f575 - test[aada8e7e76ba119b]::run_test::{closure#0}
[INFO] [stdout]   16:     0x5e0a6ce38e64 - std[617be2ca0a6fd877]::sys::backtrace::__rust_begin_short_backtrace::<test[aada8e7e76ba119b]::run_test::{closure#1}, ()>
[INFO] [stdout]   17:     0x5e0a6ce42602 - <std[617be2ca0a6fd877]::thread::lifecycle::spawn_unchecked<test[aada8e7e76ba119b]::run_test::{closure#1}, ()>::{closure#1} as core[a373ad73a504971]::ops::function::FnOnce<()>>::call_once::{shim:vtable#0}
[INFO] [stdout]   18:     0x5e0a6d200b5f - <std[617be2ca0a6fd877]::sys::thread::unix::Thread>::new::thread_start
[INFO] [stdout]   19:     0x77fde268fdfa - <unknown>
[INFO] [stdout]   20:     0x77fde27233d4 - clone
[INFO] [stdout]   21:                0x0 - <unknown>
[INFO] [stdout] 
[INFO] [stdout] ---- tests::info_pe_imports_honour_base stdout ----
[INFO] [stdout] 
[INFO] [stdout] thread 'tests::info_pe_imports_honour_base' (1512) panicked at src/lib.rs:1674:10:
[INFO] [stdout] called `Result::unwrap()` on an `Err` value: Os { code: 2, kind: NotFound, message: "No such file or directory" }
[INFO] [stdout] stack backtrace:
[INFO] [stdout]    0:     0x5e0a6d201801 - <<std[617be2ca0a6fd877]::sys::backtrace::BacktraceLock>::print::DisplayBacktrace as core[a373ad73a504971]::fmt::Display>::fmt
[INFO] [stdout]    1:     0x5e0a6d219daa - core[a373ad73a504971]::fmt::write
[INFO] [stdout]    2:     0x5e0a6d206b7c - <alloc[2e1b2a31b91974c5]::vec::Vec<u8> as core[a373ad73a504971]::io::write::Write>::write_fmt
[INFO] [stdout]    3:     0x5e0a6d1db0d6 - std[617be2ca0a6fd877]::panicking::default_hook::{closure#0}
[INFO] [stdout]    4:     0x5e0a6d1f8919 - std[617be2ca0a6fd877]::panicking::default_hook
[INFO] [stdout]    5:     0x5e0a6ce3ef50 - test[aada8e7e76ba119b]::test_main_inner::{closure#0}
[INFO] [stdout]    6:     0x5e0a6d1f8c42 - std[617be2ca0a6fd877]::panicking::panic_with_hook
[INFO] [stdout]    7:     0x5e0a6d1db182 - std[617be2ca0a6fd877]::panicking::panic_handler::{closure#0}
[INFO] [stdout]    8:     0x5e0a6d1d3749 - std[617be2ca0a6fd877]::sys::backtrace::__rust_end_short_backtrace::<std[617be2ca0a6fd877]::panicking::panic_handler::{closure#0}, !>
[INFO] [stdout]    9:     0x5e0a6d1dc1dd - __rustc[ea4f61d10b84890b]::rust_begin_unwind
[INFO] [stdout]   10:     0x5e0a6d21a58c - core[a373ad73a504971]::panicking::panic_fmt
[INFO] [stdout]   11:     0x5e0a6d21a362 - core[a373ad73a504971]::result::unwrap_failed
[INFO] [stdout]   12:     0x5e0a6cd847de - rf_cli[e05f81d87bd5f533]::tests::fixture_bytes
[INFO] [stdout]   13:     0x5e0a6cd90bfd - <rf_cli[e05f81d87bd5f533]::tests::info_pe_imports_honour_base::{closure#0} as core[a373ad73a504971]::ops::function::FnOnce<()>>::call_once
[INFO] [stdout]   14:     0x5e0a6ce3239b - test[aada8e7e76ba119b]::__rust_begin_short_backtrace::<core[a373ad73a504971]::result::Result<(), alloc[2e1b2a31b91974c5]::string::String>, fn() -> core[a373ad73a504971]::result::Result<(), alloc[2e1b2a31b91974c5]::string::String>>
[INFO] [stdout]   15:     0x5e0a6ce3f575 - test[aada8e7e76ba119b]::run_test::{closure#0}
[INFO] [stdout]   16:     0x5e0a6ce38e64 - std[617be2ca0a6fd877]::sys::backtrace::__rust_begin_short_backtrace::<test[aada8e7e76ba119b]::run_test::{closure#1}, ()>
[INFO] [stdout]   17:     0x5e0a6ce42602 - <std[617be2ca0a6fd877]::thread::lifecycle::spawn_unchecked<test[aada8e7e76ba119b]::run_test::{closure#1}, ()>::{closure#1} as core[a373ad73a504971]::ops::function::FnOnce<()>>::call_once::{shim:vtable#0}
[INFO] [stdout]   18:     0x5e0a6d200b5f - <std[617be2ca0a6fd877]::sys::thread::unix::Thread>::new::thread_start
[INFO] [stdout]   19:     0x77fde268fdfa - <unknown>
[INFO] [stdout]   20:     0x77fde27233d4 - clone
[INFO] [stdout]   21:                0x0 - <unknown>
[INFO] [stdout] 
[INFO] [stdout] ---- tests::info_universal_and_raw stdout ----
[INFO] [stdout] 
[INFO] [stdout] thread 'tests::info_universal_and_raw' (1514) panicked at src/lib.rs:1674:10:
[INFO] [stdout] called `Result::unwrap()` on an `Err` value: Os { code: 2, kind: NotFound, message: "No such file or directory" }
[INFO] [stdout] stack backtrace:
[INFO] [stdout]    0:     0x5e0a6d201801 - <<std[617be2ca0a6fd877]::sys::backtrace::BacktraceLock>::print::DisplayBacktrace as core[a373ad73a504971]::fmt::Display>::fmt
[INFO] [stdout]    1:     0x5e0a6d219daa - core[a373ad73a504971]::fmt::write
[INFO] [stdout]    2:     0x5e0a6d206b7c - <alloc[2e1b2a31b91974c5]::vec::Vec<u8> as core[a373ad73a504971]::io::write::Write>::write_fmt
[INFO] [stdout]    3:     0x5e0a6d1db0d6 - std[617be2ca0a6fd877]::panicking::default_hook::{closure#0}
[INFO] [stdout]    4:     0x5e0a6d1f8919 - std[617be2ca0a6fd877]::panicking::default_hook
[INFO] [stdout]    5:     0x5e0a6ce3ef50 - test[aada8e7e76ba119b]::test_main_inner::{closure#0}
[INFO] [stdout]    6:     0x5e0a6d1f8c42 - std[617be2ca0a6fd877]::panicking::panic_with_hook
[INFO] [stdout]    7:     0x5e0a6d1db182 - std[617be2ca0a6fd877]::panicking::panic_handler::{closure#0}
[INFO] [stdout]    8:     0x5e0a6d1d3749 - std[617be2ca0a6fd877]::sys::backtrace::__rust_end_short_backtrace::<std[617be2ca0a6fd877]::panicking::panic_handler::{closure#0}, !>
[INFO] [stdout]    9:     0x5e0a6d1dc1dd - __rustc[ea4f61d10b84890b]::rust_begin_unwind
[INFO] [stdout]   10:     0x5e0a6d21a58c - core[a373ad73a504971]::panicking::panic_fmt
[INFO] [stdout]   11:     0x5e0a6d21a362 - core[a373ad73a504971]::result::unwrap_failed
[INFO] [stdout]   12:     0x5e0a6cd847de - rf_cli[e05f81d87bd5f533]::tests::fixture_bytes
[INFO] [stdout]   13:     0x5e0a6cd8b5fc - <rf_cli[e05f81d87bd5f533]::tests::info_universal_and_raw::{closure#0} as core[a373ad73a504971]::ops::function::FnOnce<()>>::call_once
[INFO] [stdout]   14:     0x5e0a6ce3239b - test[aada8e7e76ba119b]::__rust_begin_short_backtrace::<core[a373ad73a504971]::result::Result<(), alloc[2e1b2a31b91974c5]::string::String>, fn() -> core[a373ad73a504971]::result::Result<(), alloc[2e1b2a31b91974c5]::string::String>>
[INFO] [stdout]   15:     0x5e0a6ce3f575 - test[aada8e7e76ba119b]::run_test::{closure#0}
[INFO] [stdout]   16:     0x5e0a6ce38e64 - std[617be2ca0a6fd877]::sys::backtrace::__rust_begin_short_backtrace::<test[aada8e7e76ba119b]::run_test::{closure#1}, ()>
[INFO] [stdout]   17:     0x5e0a6ce42602 - <std[617be2ca0a6fd877]::thread::lifecycle::spawn_unchecked<test[aada8e7e76ba119b]::run_test::{closure#1}, ()>::{closure#1} as core[a373ad73a504971]::ops::function::FnOnce<()>>::call_once::{shim:vtable#0}
[INFO] [stdout]   18:     0x5e0a6d200b5f - <std[617be2ca0a6fd877]::sys::thread::unix::Thread>::new::thread_start
[INFO] [stdout]   19:     0x77fde268fdfa - <unknown>
[INFO] [stdout]   20:     0x77fde27233d4 - clone
[INFO] [stdout]   21:                0x0 - <unknown>
[INFO] [stdout] 
[INFO] [stdout] ---- tests::fat_macho_slice_selection_scans_one_slice stdout ----
[INFO] [stdout] 
[INFO] [stdout] thread 'tests::fat_macho_slice_selection_scans_one_slice' (1506) panicked at src/lib.rs:1674:10:
[INFO] [stdout] called `Result::unwrap()` on an `Err` value: Os { code: 2, kind: NotFound, message: "No such file or directory" }
[INFO] [stdout] stack backtrace:
[INFO] [stdout]    0:     0x5e0a6d201801 - <<std[617be2ca0a6fd877]::sys::backtrace::BacktraceLock>::print::DisplayBacktrace as core[a373ad73a504971]::fmt::Display>::fmt
[INFO] [stdout]    1:     0x5e0a6d219daa - core[a373ad73a504971]::fmt::write
[INFO] [stdout]    2:     0x5e0a6d206b7c - <alloc[2e1b2a31b91974c5]::vec::Vec<u8> as core[a373ad73a504971]::io::write::Write>::write_fmt
[INFO] [stdout]    3:     0x5e0a6d1db0d6 - std[617be2ca0a6fd877]::panicking::default_hook::{closure#0}
[INFO] [stdout]    4:     0x5e0a6d1f8919 - std[617be2ca0a6fd877]::panicking::default_hook
[INFO] [stdout]    5:     0x5e0a6ce3ef50 - test[aada8e7e76ba119b]::test_main_inner::{closure#0}
[INFO] [stdout]    6:     0x5e0a6d1f8c42 - std[617be2ca0a6fd877]::panicking::panic_with_hook
[INFO] [stdout]    7:     0x5e0a6d1db182 - std[617be2ca0a6fd877]::panicking::panic_handler::{closure#0}
[INFO] [stdout]    8:     0x5e0a6d1d3749 - std[617be2ca0a6fd877]::sys::backtrace::__rust_end_short_backtrace::<std[617be2ca0a6fd877]::panicking::panic_handler::{closure#0}, !>
[INFO] [stdout]    9:     0x5e0a6d1dc1dd - __rustc[ea4f61d10b84890b]::rust_begin_unwind
[INFO] [stdout]   10:     0x5e0a6d21a58c - core[a373ad73a504971]::panicking::panic_fmt
[INFO] [stdout]   11:     0x5e0a6d21a362 - core[a373ad73a504971]::result::unwrap_failed
[INFO] [stdout]   12:     0x5e0a6cd847de - rf_cli[e05f81d87bd5f533]::tests::fixture_bytes
[INFO] [stdout]   13:     0x5e0a6cda0762 - <rf_cli[e05f81d87bd5f533]::tests::fat_macho_slice_selection_scans_one_slice::{closure#0} as core[a373ad73a504971]::ops::function::FnOnce<()>>::call_once
[INFO] [stdout]   14:     0x5e0a6ce3239b - test[aada8e7e76ba119b]::__rust_begin_short_backtrace::<core[a373ad73a504971]::result::Result<(), alloc[2e1b2a31b91974c5]::string::String>, fn() -> core[a373ad73a504971]::result::Result<(), alloc[2e1b2a31b91974c5]::string::String>>
[INFO] [stdout]   15:     0x5e0a6ce3f575 - test[aada8e7e76ba119b]::run_test::{closure#0}
[INFO] [stdout]   16:     0x5e0a6ce38e64 - std[617be2ca0a6fd877]::sys::backtrace::__rust_begin_short_backtrace::<test[aada8e7e76ba119b]::run_test::{closure#1}, ()>
[INFO] [stdout]   17:     0x5e0a6ce42602 - <std[617be2ca0a6fd877]::thread::lifecycle::spawn_unchecked<test[aada8e7e76ba119b]::run_test::{closure#1}, ()>::{closure#1} as core[a373ad73a504971]::ops::function::FnOnce<()>>::call_once::{shim:vtable#0}
[INFO] [stdout]   18:     0x5e0a6d200b5f - <std[617be2ca0a6fd877]::sys::thread::unix::Thread>::new::thread_start
[INFO] [stdout]   19:     0x77fde268fdfa - <unknown>
[INFO] [stdout]   20:     0x77fde27233d4 - clone
[INFO] [stdout]   21:                0x0 - <unknown>
[INFO] [stdout] 
[INFO] [stdout] ---- tests::class_label_and_writes_reg_filter_the_gadget_list stdout ----
[INFO] [stdout] 
[INFO] [stdout] thread 'tests::class_label_and_writes_reg_filter_the_gadget_list' (1502) panicked at src/lib.rs:1935:39:
[INFO] [stdout] no usage error: "cannot read /opt/rustwide/workdir/../../tests/fixtures/elf-Linux-x64: No such file or directory (os error 2)"
[INFO] [stdout] stack backtrace:
[INFO] [stdout]    0:     0x5e0a6d201801 - <<std[617be2ca0a6fd877]::sys::backtrace::BacktraceLock>::print::DisplayBacktrace as core[a373ad73a504971]::fmt::Display>::fmt
[INFO] [stdout]    1:     0x5e0a6d219daa - core[a373ad73a504971]::fmt::write
[INFO] [stdout]    2:     0x5e0a6d206b7c - <alloc[2e1b2a31b91974c5]::vec::Vec<u8> as core[a373ad73a504971]::io::write::Write>::write_fmt
[INFO] [stdout]    3:     0x5e0a6d1db0d6 - std[617be2ca0a6fd877]::panicking::default_hook::{closure#0}
[INFO] [stdout]    4:     0x5e0a6d1f8919 - std[617be2ca0a6fd877]::panicking::default_hook
[INFO] [stdout]    5:     0x5e0a6ce3ef50 - test[aada8e7e76ba119b]::test_main_inner::{closure#0}
[INFO] [stdout]    6:     0x5e0a6d1f8c42 - std[617be2ca0a6fd877]::panicking::panic_with_hook
[INFO] [stdout]    7:     0x5e0a6d1db182 - std[617be2ca0a6fd877]::panicking::panic_handler::{closure#0}
[INFO] [stdout]    8:     0x5e0a6d1d3749 - std[617be2ca0a6fd877]::sys::backtrace::__rust_end_short_backtrace::<std[617be2ca0a6fd877]::panicking::panic_handler::{closure#0}, !>
[INFO] [stdout]    9:     0x5e0a6d1dc1dd - __rustc[ea4f61d10b84890b]::rust_begin_unwind
[INFO] [stdout]   10:     0x5e0a6d21a58c - core[a373ad73a504971]::panicking::panic_fmt
[INFO] [stdout]   11:     0x5e0a6d21a362 - core[a373ad73a504971]::result::unwrap_failed
[INFO] [stdout]   12:     0x5e0a6cd84903 - rf_cli[e05f81d87bd5f533]::tests::run_to_string
[INFO] [stdout]   13:     0x5e0a6cda6b31 - <rf_cli[e05f81d87bd5f533]::tests::class_label_and_writes_reg_filter_the_gadget_list::{closure#0} as core[a373ad73a504971]::ops::function::FnOnce<()>>::call_once
[INFO] [stdout]   14:     0x5e0a6ce3239b - test[aada8e7e76ba119b]::__rust_begin_short_backtrace::<core[a373ad73a504971]::result::Result<(), alloc[2e1b2a31b91974c5]::string::String>, fn() -> core[a373ad73a504971]::result::Result<(), alloc[2e1b2a31b91974c5]::string::String>>
[INFO] [stdout]   15:     0x5e0a6ce3f575 - test[aada8e7e76ba119b]::run_test::{closure#0}
[INFO] [stdout]   16:     0x5e0a6ce38e64 - std[617be2ca0a6fd877]::sys::backtrace::__rust_begin_short_backtrace::<test[aada8e7e76ba119b]::run_test::{closure#1}, ()>
[INFO] [stdout]   17:     0x5e0a6ce42602 - <std[617be2ca0a6fd877]::thread::lifecycle::spawn_unchecked<test[aada8e7e76ba119b]::run_test::{closure#1}, ()>::{closure#1} as core[a373ad73a504971]::ops::function::FnOnce<()>>::call_once::{shim:vtable#0}
[INFO] [stdout]   18:     0x5e0a6d200b5f - <std[617be2ca0a6fd877]::sys::thread::unix::Thread>::new::thread_start
[INFO] [stdout]   19:     0x77fde268fdfa - <unknown>
[INFO] [stdout]   20:     0x77fde27233d4 - clone
[INFO] [stdout]   21:                0x0 - <unknown>
[INFO] [stdout] 
[INFO] [stdout] ---- tests::stripped_elf_falls_back_to_segment_names stdout ----
[INFO] [stdout] 
[INFO] [stdout] thread 'tests::stripped_elf_falls_back_to_segment_names' (1534) panicked at src/lib.rs:1674:10:
[INFO] [stdout] called `Result::unwrap()` on an `Err` value: Os { code: 2, kind: NotFound, message: "No such file or directory" }
[INFO] [stdout] stack backtrace:
[INFO] [stdout]    0:     0x5e0a6d201801 - <<std[617be2ca0a6fd877]::sys::backtrace::BacktraceLock>::print::DisplayBacktrace as core[a373ad73a504971]::fmt::Display>::fmt
[INFO] [stdout]    1:     0x5e0a6d219daa - core[a373ad73a504971]::fmt::write
[INFO] [stdout]    2:     0x5e0a6d206b7c - <alloc[2e1b2a31b91974c5]::vec::Vec<u8> as core[a373ad73a504971]::io::write::Write>::write_fmt
[INFO] [stdout]    3:     0x5e0a6d1db0d6 - std[617be2ca0a6fd877]::panicking::default_hook::{closure#0}
[INFO] [stdout]    4:     0x5e0a6d1f8919 - std[617be2ca0a6fd877]::panicking::default_hook
[INFO] [stdout]    5:     0x5e0a6ce3ef50 - test[aada8e7e76ba119b]::test_main_inner::{closure#0}
[INFO] [stdout]    6:     0x5e0a6d1f8c42 - std[617be2ca0a6fd877]::panicking::panic_with_hook
[INFO] [stdout]    7:     0x5e0a6d1db182 - std[617be2ca0a6fd877]::panicking::panic_handler::{closure#0}
[INFO] [stdout]    8:     0x5e0a6d1d3749 - std[617be2ca0a6fd877]::sys::backtrace::__rust_end_short_backtrace::<std[617be2ca0a6fd877]::panicking::panic_handler::{closure#0}, !>
[INFO] [stdout]    9:     0x5e0a6d1dc1dd - __rustc[ea4f61d10b84890b]::rust_begin_unwind
[INFO] [stdout]   10:     0x5e0a6d21a58c - core[a373ad73a504971]::panicking::panic_fmt
[INFO] [stdout]   11:     0x5e0a6d21a362 - core[a373ad73a504971]::result::unwrap_failed
[INFO] [stdout]   12:     0x5e0a6cd847de - rf_cli[e05f81d87bd5f533]::tests::fixture_bytes
[INFO] [stdout]   13:     0x5e0a6cd9f6da - <rf_cli[e05f81d87bd5f533]::tests::stripped_elf_falls_back_to_segment_names::{closure#0} as core[a373ad73a504971]::ops::function::FnOnce<()>>::call_once
[INFO] [stdout]   14:     0x5e0a6ce3239b - test[aada8e7e76ba119b]::__rust_begin_short_backtrace::<core[a373ad73a504971]::result::Result<(), alloc[2e1b2a31b91974c5]::string::String>, fn() -> core[a373ad73a504971]::result::Result<(), alloc[2e1b2a31b91974c5]::string::String>>
[INFO] [stdout]   15:     0x5e0a6ce3f575 - test[aada8e7e76ba119b]::run_test::{closure#0}
[INFO] [stdout]   16:     0x5e0a6ce38e64 - std[617be2ca0a6fd877]::sys::backtrace::__rust_begin_short_backtrace::<test[aada8e7e76ba119b]::run_test::{closure#1}, ()>
[INFO] [stdout]   17:     0x5e0a6ce42602 - <std[617be2ca0a6fd877]::thread::lifecycle::spawn_unchecked<test[aada8e7e76ba119b]::run_test::{closure#1}, ()>::{closure#1} as core[a373ad73a504971]::ops::function::FnOnce<()>>::call_once::{shim:vtable#0}
[INFO] [stdout]   18:     0x5e0a6d200b5f - <std[617be2ca0a6fd877]::sys::thread::unix::Thread>::new::thread_start
[INFO] [stdout]   19:     0x77fde268fdfa - <unknown>
[INFO] [stdout]   20:     0x77fde27233d4 - clone
[INFO] [stdout]   21:                0x0 - <unknown>
[INFO] [stdout] 
[INFO] [stdout] ---- tests::json_gadgets_carry_section_name stdout ----
[INFO] [stdout] 
[INFO] [stdout] thread 'tests::json_gadgets_carry_section_name' (1515) panicked at src/lib.rs:1674:10:
[INFO] [stdout] called `Result::unwrap()` on an `Err` value: Os { code: 2, kind: NotFound, message: "No such file or directory" }
[INFO] [stdout] stack backtrace:
[INFO] [stdout]    0:     0x5e0a6d201801 - <<std[617be2ca0a6fd877]::sys::backtrace::BacktraceLock>::print::DisplayBacktrace as core[a373ad73a504971]::fmt::Display>::fmt
[INFO] [stdout]    1:     0x5e0a6d219daa - core[a373ad73a504971]::fmt::write
[INFO] [stdout]    2:     0x5e0a6d206b7c - <alloc[2e1b2a31b91974c5]::vec::Vec<u8> as core[a373ad73a504971]::io::write::Write>::write_fmt
[INFO] [stdout]    3:     0x5e0a6d1db0d6 - std[617be2ca0a6fd877]::panicking::default_hook::{closure#0}
[INFO] [stdout]    4:     0x5e0a6d1f8919 - std[617be2ca0a6fd877]::panicking::default_hook
[INFO] [stdout]    5:     0x5e0a6ce3ef50 - test[aada8e7e76ba119b]::test_main_inner::{closure#0}
[INFO] [stdout]    6:     0x5e0a6d1f8c42 - std[617be2ca0a6fd877]::panicking::panic_with_hook
[INFO] [stdout]    7:     0x5e0a6d1db182 - std[617be2ca0a6fd877]::panicking::panic_handler::{closure#0}
[INFO] [stdout]    8:     0x5e0a6d1d3749 - std[617be2ca0a6fd877]::sys::backtrace::__rust_end_short_backtrace::<std[617be2ca0a6fd877]::panicking::panic_handler::{closure#0}, !>
[INFO] [stdout]    9:     0x5e0a6d1dc1dd - __rustc[ea4f61d10b84890b]::rust_begin_unwind
[INFO] [stdout]   10:     0x5e0a6d21a58c - core[a373ad73a504971]::panicking::panic_fmt
[INFO] [stdout]   11:     0x5e0a6d21a362 - core[a373ad73a504971]::result::unwrap_failed
[INFO] [stdout]   12:     0x5e0a6cd847de - rf_cli[e05f81d87bd5f533]::tests::fixture_bytes
[INFO] [stdout]   13:     0x5e0a6cd92012 - <rf_cli[e05f81d87bd5f533]::tests::json_gadgets_carry_section_name::{closure#0} as core[a373ad73a504971]::ops::function::FnOnce<()>>::call_once
[INFO] [stdout]   14:     0x5e0a6ce3239b - test[aada8e7e76ba119b]::__rust_begin_short_backtrace::<core[a373ad73a504971]::result::Result<(), alloc[2e1b2a31b91974c5]::string::String>, fn() -> core[a373ad73a504971]::result::Result<(), alloc[2e1b2a31b91974c5]::string::String>>
[INFO] [stdout]   15:     0x5e0a6ce3f575 - test[aada8e7e76ba119b]::run_test::{closure#0}
[INFO] [stdout]   16:     0x5e0a6ce38e64 - std[617be2ca0a6fd877]::sys::backtrace::__rust_begin_short_backtrace::<test[aada8e7e76ba119b]::run_test::{closure#1}, ()>
[INFO] [stdout]   17:     0x5e0a6ce42602 - <std[617be2ca0a6fd877]::thread::lifecycle::spawn_unchecked<test[aada8e7e76ba119b]::run_test::{closure#1}, ()>::{closure#1} as core[a373ad73a504971]::ops::function::FnOnce<()>>::call_once::{shim:vtable#0}
[INFO] [stdout]   18:     0x5e0a6d200b5f - <std[617be2ca0a6fd877]::sys::thread::unix::Thread>::new::thread_start
[INFO] [stdout]   19:     0x77fde268fdfa - <unknown>
[INFO] [stdout]   20:     0x77fde27233d4 - clone
[INFO] [stdout]   21:                0x0 - <unknown>
[INFO] [stdout] 
[INFO] [stdout] ---- tests::chain_windows_x86_stdcall_full_chain stdout ----
[INFO] [stdout] 
[INFO] [stdout] thread 'tests::chain_windows_x86_stdcall_full_chain' (1499) panicked at src/lib.rs:1674:10:
[INFO] [stdout] called `Result::unwrap()` on an `Err` value: Os { code: 2, kind: NotFound, message: "No such file or directory" }
[INFO] [stdout] stack backtrace:
[INFO] [stdout]    0:     0x5e0a6d201801 - <<std[617be2ca0a6fd877]::sys::backtrace::BacktraceLock>::print::DisplayBacktrace as core[a373ad73a504971]::fmt::Display>::fmt
[INFO] [stdout]    1:     0x5e0a6d219daa - core[a373ad73a504971]::fmt::write
[INFO] [stdout]    2:     0x5e0a6d206b7c - <alloc[2e1b2a31b91974c5]::vec::Vec<u8> as core[a373ad73a504971]::io::write::Write>::write_fmt
[INFO] [stdout]    3:     0x5e0a6d1db0d6 - std[617be2ca0a6fd877]::panicking::default_hook::{closure#0}
[INFO] [stdout]    4:     0x5e0a6d1f8919 - std[617be2ca0a6fd877]::panicking::default_hook
[INFO] [stdout]    5:     0x5e0a6ce3ef50 - test[aada8e7e76ba119b]::test_main_inner::{closure#0}
[INFO] [stdout]    6:     0x5e0a6d1f8c42 - std[617be2ca0a6fd877]::panicking::panic_with_hook
[INFO] [stdout]    7:     0x5e0a6d1db182 - std[617be2ca0a6fd877]::panicking::panic_handler::{closure#0}
[INFO] [stdout]    8:     0x5e0a6d1d3749 - std[617be2ca0a6fd877]::sys::backtrace::__rust_end_short_backtrace::<std[617be2ca0a6fd877]::panicking::panic_handler::{closure#0}, !>
[INFO] [stdout]    9:     0x5e0a6d1dc1dd - __rustc[ea4f61d10b84890b]::rust_begin_unwind
[INFO] [stdout]   10:     0x5e0a6d21a58c - core[a373ad73a504971]::panicking::panic_fmt
[INFO] [stdout]   11:     0x5e0a6d21a362 - core[a373ad73a504971]::result::unwrap_failed
[INFO] [stdout]   12:     0x5e0a6cd847de - rf_cli[e05f81d87bd5f533]::tests::fixture_bytes
[INFO] [stdout]   13:     0x5e0a6cd9a25a - <rf_cli[e05f81d87bd5f533]::tests::chain_windows_x86_stdcall_full_chain::{closure#0} as core[a373ad73a504971]::ops::function::FnOnce<()>>::call_once
[INFO] [stdout]   14:     0x5e0a6ce3239b - test[aada8e7e76ba119b]::__rust_begin_short_backtrace::<core[a373ad73a504971]::result::Result<(), alloc[2e1b2a31b91974c5]::string::String>, fn() -> core[a373ad73a504971]::result::Result<(), alloc[2e1b2a31b91974c5]::string::String>>
[INFO] [stdout]   15:     0x5e0a6ce3f575 - test[aada8e7e76ba119b]::run_test::{closure#0}
[INFO] [stdout]   16:     0x5e0a6ce38e64 - std[617be2ca0a6fd877]::sys::backtrace::__rust_begin_short_backtrace::<test[aada8e7e76ba119b]::run_test::{closure#1}, ()>
[INFO] [stdout]   17:     0x5e0a6ce42602 - <std[617be2ca0a6fd877]::thread::lifecycle::spawn_unchecked<test[aada8e7e76ba119b]::run_test::{closure#1}, ()>::{closure#1} as core[a373ad73a504971]::ops::function::FnOnce<()>>::call_once::{shim:vtable#0}
[INFO] [stdout]   18:     0x5e0a6d200b5f - <std[617be2ca0a6fd877]::sys::thread::unix::Thread>::new::thread_start
[INFO] [stdout]   19:     0x77fde268fdfa - <unknown>
[INFO] [stdout]   20:     0x77fde27233d4 - clone
[INFO] [stdout]   21:                0x0 - <unknown>
[INFO] [stdout] 
[INFO] [stdout] ---- tests::unrecognized_e_machine_is_a_load_error_not_an_x86_guess stdout ----
[INFO] [stdout] 
[INFO] [stdout] thread 'tests::unrecognized_e_machine_is_a_load_error_not_an_x86_guess' (1538) panicked at src/lib.rs:1674:10:
[INFO] [stdout] called `Result::unwrap()` on an `Err` value: Os { code: 2, kind: NotFound, message: "No such file or directory" }
[INFO] [stdout] stack backtrace:
[INFO] [stdout]    0:     0x5e0a6d201801 - <<std[617be2ca0a6fd877]::sys::backtrace::BacktraceLock>::print::DisplayBacktrace as core[a373ad73a504971]::fmt::Display>::fmt
[INFO] [stdout]    1:     0x5e0a6d219daa - core[a373ad73a504971]::fmt::write
[INFO] [stdout]    2:     0x5e0a6d206b7c - <alloc[2e1b2a31b91974c5]::vec::Vec<u8> as core[a373ad73a504971]::io::write::Write>::write_fmt
[INFO] [stdout]    3:     0x5e0a6d1db0d6 - std[617be2ca0a6fd877]::panicking::default_hook::{closure#0}
[INFO] [stdout]    4:     0x5e0a6d1f8919 - std[617be2ca0a6fd877]::panicking::default_hook
[INFO] [stdout]    5:     0x5e0a6ce3ef50 - test[aada8e7e76ba119b]::test_main_inner::{closure#0}
[INFO] [stdout]    6:     0x5e0a6d1f8c42 - std[617be2ca0a6fd877]::panicking::panic_with_hook
[INFO] [stdout]    7:     0x5e0a6d1db182 - std[617be2ca0a6fd877]::panicking::panic_handler::{closure#0}
[INFO] [stdout]    8:     0x5e0a6d1d3749 - std[617be2ca0a6fd877]::sys::backtrace::__rust_end_short_backtrace::<std[617be2ca0a6fd877]::panicking::panic_handler::{closure#0}, !>
[INFO] [stdout]    9:     0x5e0a6d1dc1dd - __rustc[ea4f61d10b84890b]::rust_begin_unwind
[INFO] [stdout]   10:     0x5e0a6d21a58c - core[a373ad73a504971]::panicking::panic_fmt
[INFO] [stdout]   11:     0x5e0a6d21a362 - core[a373ad73a504971]::result::unwrap_failed
[INFO] [stdout]   12:     0x5e0a6cd847de - rf_cli[e05f81d87bd5f533]::tests::fixture_bytes
[INFO] [stdout]   13:     0x5e0a6cdad54a - <rf_cli[e05f81d87bd5f533]::tests::unrecognized_e_machine_is_a_load_error_not_an_x86_guess::{closure#0} as core[a373ad73a504971]::ops::function::FnOnce<()>>::call_once
[INFO] [stdout]   14:     0x5e0a6ce3239b - test[aada8e7e76ba119b]::__rust_begin_short_backtrace::<core[a373ad73a504971]::result::Result<(), alloc[2e1b2a31b91974c5]::string::String>, fn() -> core[a373ad73a504971]::result::Result<(), alloc[2e1b2a31b91974c5]::string::String>>
[INFO] [stdout]   15:     0x5e0a6ce3f575 - test[aada8e7e76ba119b]::run_test::{closure#0}
[INFO] [stdout]   16:     0x5e0a6ce38e64 - std[617be2ca0a6fd877]::sys::backtrace::__rust_begin_short_backtrace::<test[aada8e7e76ba119b]::run_test::{closure#1}, ()>
[INFO] [stdout]   17:     0x5e0a6ce42602 - <std[617be2ca0a6fd877]::thread::lifecycle::spawn_unchecked<test[aada8e7e76ba119b]::run_test::{closure#1}, ()>::{closure#1} as core[a373ad73a504971]::ops::function::FnOnce<()>>::call_once::{shim:vtable#0}
[INFO] [stdout]   18:     0x5e0a6d200b5f - <std[617be2ca0a6fd877]::sys::thread::unix::Thread>::new::thread_start
[INFO] [stdout]   19:     0x77fde268fdfa - <unknown>
[INFO] [stdout]   20:     0x77fde27233d4 - clone
[INFO] [stdout]   21:                0x0 - <unknown>
[INFO] [stdout] 
[INFO] [stdout] ---- tests::section_unknown_name_is_usage_error stdout ----
[INFO] [stdout] 
[INFO] [stdout] thread 'tests::section_unknown_name_is_usage_error' (1531) panicked at src/lib.rs:1674:10:
[INFO] [stdout] called `Result::unwrap()` on an `Err` value: Os { code: 2, kind: NotFound, message: "No such file or directory" }
[INFO] [stdout] stack backtrace:
[INFO] [stdout]    0:     0x5e0a6d201801 - <<std[617be2ca0a6fd877]::sys::backtrace::BacktraceLock>::print::DisplayBacktrace as core[a373ad73a504971]::fmt::Display>::fmt
[INFO] [stdout]    1:     0x5e0a6d219daa - core[a373ad73a504971]::fmt::write
[INFO] [stdout]    2:     0x5e0a6d206b7c - <alloc[2e1b2a31b91974c5]::vec::Vec<u8> as core[a373ad73a504971]::io::write::Write>::write_fmt
[INFO] [stdout]    3:     0x5e0a6d1db0d6 - std[617be2ca0a6fd877]::panicking::default_hook::{closure#0}
[INFO] [stdout]    4:     0x5e0a6d1f8919 - std[617be2ca0a6fd877]::panicking::default_hook
[INFO] [stdout]    5:     0x5e0a6ce3ef50 - test[aada8e7e76ba119b]::test_main_inner::{closure#0}
[INFO] [stdout]    6:     0x5e0a6d1f8c42 - std[617be2ca0a6fd877]::panicking::panic_with_hook
[INFO] [stdout]    7:     0x5e0a6d1db182 - std[617be2ca0a6fd877]::panicking::panic_handler::{closure#0}
[INFO] [stdout]    8:     0x5e0a6d1d3749 - std[617be2ca0a6fd877]::sys::backtrace::__rust_end_short_backtrace::<std[617be2ca0a6fd877]::panicking::panic_handler::{closure#0}, !>
[INFO] [stdout]    9:     0x5e0a6d1dc1dd - __rustc[ea4f61d10b84890b]::rust_begin_unwind
[INFO] [stdout]   10:     0x5e0a6d21a58c - core[a373ad73a504971]::panicking::panic_fmt
[INFO] [stdout]   11:     0x5e0a6d21a362 - core[a373ad73a504971]::result::unwrap_failed
[INFO] [stdout]   12:     0x5e0a6cd847de - rf_cli[e05f81d87bd5f533]::tests::fixture_bytes
[INFO] [stdout]   13:     0x5e0a6cd986dc - <rf_cli[e05f81d87bd5f533]::tests::section_unknown_name_is_usage_error::{closure#0} as core[a373ad73a504971]::ops::function::FnOnce<()>>::call_once
[INFO] [stdout]   14:     0x5e0a6ce3239b - test[aada8e7e76ba119b]::__rust_begin_short_backtrace::<core[a373ad73a504971]::result::Result<(), alloc[2e1b2a31b91974c5]::string::String>, fn() -> core[a373ad73a504971]::result::Result<(), alloc[2e1b2a31b91974c5]::string::String>>
[INFO] [stdout]   15:     0x5e0a6ce3f575 - test[aada8e7e76ba119b]::run_test::{closure#0}
[INFO] [stdout]   16:     0x5e0a6ce38e64 - std[617be2ca0a6fd877]::sys::backtrace::__rust_begin_short_backtrace::<test[aada8e7e76ba119b]::run_test::{closure#1}, ()>
[INFO] [stdout]   17:     0x5e0a6ce42602 - <std[617be2ca0a6fd877]::thread::lifecycle::spawn_unchecked<test[aada8e7e76ba119b]::run_test::{closure#1}, ()>::{closure#1} as core[a373ad73a504971]::ops::function::FnOnce<()>>::call_once::{shim:vtable#0}
[INFO] [stdout]   18:     0x5e0a6d200b5f - <std[617be2ca0a6fd877]::sys::thread::unix::Thread>::new::thread_start
[INFO] [stdout]   19:     0x77fde268fdfa - <unknown>
[INFO] [stdout]   20:     0x77fde27233d4 - clone
[INFO] [stdout]   21:                0x0 - <unknown>
[INFO] [stdout] 
[INFO] [stdout] 
[INFO] [stdout] failures:
[INFO] [stdout]     console::tests::repl_core_flow
[INFO] [stdout]     console::tests::repl_preload_and_search_extension
[INFO] [stdout]     tests::a_cached_scan_is_never_served_across_rawarch
[INFO] [stdout]     tests::a_poisoned_cache_entry_is_not_printed
[INFO] [stdout]     tests::arch_on_a_single_architecture_image_must_agree
[INFO] [stdout]     tests::badbytes_check_final_rebased_address
[INFO] [stdout]     tests::base_and_offset_compose
[INFO] [stdout]     tests::base_shift_pie_elf
[INFO] [stdout]     tests::base_zero_pe_gives_rvas
[INFO] [stdout]     tests::cache_key_covers_every_output_affecting_parameter
[INFO] [stdout]     tests::cache_purge_empties_the_directory
[INFO] [stdout]     tests::cache_roundtrip_and_key_sensitivity
[INFO] [stdout]     tests::cfg_aware_warns_when_ibt_is_not_in_play
[INFO] [stdout]     tests::chain_builds_on_linux_x64
[INFO] [stdout]     tests::chain_builds_on_linux_x86
[INFO] [stdout]     tests::chain_gadget_addrs_come_from_scan
[INFO] [stdout]     tests::chain_honours_badbytes
[INFO] [stdout]     tests::chain_json_carries_the_windows_assumptions
[INFO] [stdout]     tests::chain_missing_gadgets_is_structured_error
[INFO] [stdout]     tests::chain_rejects_unsupported_targets
[INFO] [stdout]     tests::chain_targets_are_the_advertised_set
[INFO] [stdout]     tests::chain_windows_api_name_selects_the_recipe
[INFO] [stdout]     tests::chain_windows_rejects_wrong_format_and_unknown_target
[INFO] [stdout]     tests::chain_windows_x64_cmd_reports_spike_scarcity
[INFO] [stdout]     tests::chain_windows_x86_out_parameter_does_not_alias_the_shellcode
[INFO] [stdout]     tests::chain_windows_x86_stdcall_full_chain
[INFO] [stdout]     tests::check_input_metadata_refuses_non_regular_and_oversized
[INFO] [stdout]     tests::chlx08_pie_targets_are_warned_about
[INFO] [stdout]     tests::class_label_and_writes_reg_filter_the_gadget_list
[INFO] [stdout]     tests::classify_adds_json_fields
[INFO] [stdout]     tests::compat_fat_macho_scan_is_announced
[INFO] [stdout]     tests::fat_macho_needs_an_explicit_arch
[INFO] [stdout]     tests::fat_macho_slice_selection_scans_one_slice
[INFO] [stdout]     tests::hex_decode_never_panics_on_non_ascii
[INFO] [stdout]     tests::info_elf_shape
[INFO] [stdout]     tests::info_honours_base
[INFO] [stdout]     tests::info_pe_imports_honour_base
[INFO] [stdout]     tests::info_pe_shape
[INFO] [stdout]     tests::info_universal_and_raw
[INFO] [stdout]     tests::json_gadgets_carry_section_name
[INFO] [stdout]     tests::max_gadgets_bounds_the_scan_without_changing_an_unbounded_one
[INFO] [stdout]     tests::plan_chain_never_fails_for_a_feasible_target
[INFO] [stdout]     tests::plan_chain_on_pe_x64_cmd_reports_set_rdx_with_computed_relaxations
[INFO] [stdout]     tests::plan_chain_reports_an_undispatchable_target_as_a_requirement
[INFO] [stdout]     tests::range_composes_with_section
[INFO] [stdout]     tests::rank_sorts_by_quality_desc_then_vaddr
[INFO] [stdout]     tests::read_input_file_honours_the_cap
[INFO] [stdout]     tests::section_filter_elf_multi_and_glob
[INFO] [stdout]     tests::section_filter_pe_matches_default_scan
[INFO] [stdout]     tests::section_unknown_name_is_usage_error
[INFO] [stdout]     tests::stripped_elf_falls_back_to_segment_names
[INFO] [stdout]     tests::unrecognized_e_machine_is_a_load_error_not_an_x86_guess
[INFO] [stdout] 
[INFO] [stdout] test result: FAILED. 31 passed; 52 failed; 0 ignored; 0 measured; 0 filtered out; finished in 0.03s
[INFO] [stdout] 
[INFO] running `Command { std: "docker" "inspect" "9884eb7694a24126bccb5d140f2aaa32a078d39cdbfceb88eaff0ebcc2d2478b", kill_on_drop: false }`
[INFO] running `Command { std: "docker" "rm" "-f" "9884eb7694a24126bccb5d140f2aaa32a078d39cdbfceb88eaff0ebcc2d2478b", kill_on_drop: false }`
[INFO] [stdout] 9884eb7694a24126bccb5d140f2aaa32a078d39cdbfceb88eaff0ebcc2d2478b
