[INFO] fetching crate rop-finder-scan 1.0.0...
[INFO] testing rop-finder-scan-1.0.0 against 1.100.0-beta.1+cargoflags=--release for beta-release-1.100-2
[INFO] extracting crate rop-finder-scan 1.0.0 into /workspace/builds/worker-4-tc2/source
[INFO] started tweaking crates.io crate rop-finder-scan 1.0.0
[INFO] removed 0 missing tests
[INFO] finished tweaking crates.io crate rop-finder-scan 1.0.0
[INFO] tweaked toml for crates.io crate rop-finder-scan 1.0.0 written to /workspace/builds/worker-4-tc2/source/Cargo.toml
[INFO] validating manifest of crates.io crate rop-finder-scan 1.0.0 on toolchain 1.100.0-beta.1
[INFO] running `Command { std: CARGO_HOME="/workspace/cargo-home" RUSTUP_HOME="/workspace/rustup-home" "/workspace/cargo-home/bin/cargo" "+1.100.0-beta.1" "metadata" "--manifest-path" "Cargo.toml" "--no-deps", kill_on_drop: false }`
[INFO] crate crates.io crate rop-finder-scan 1.0.0 already has a lockfile, it will not be regenerated
[INFO] running `Command { std: CARGO_HOME="/workspace/cargo-home" RUSTUP_HOME="/workspace/rustup-home" "/workspace/cargo-home/bin/cargo" "+1.100.0-beta.1" "fetch" "--manifest-path" "Cargo.toml", kill_on_drop: false }`
[INFO] [stderr]     Blocking waiting for file lock on package cache
[INFO] running `Command { std: "docker" "create" "-v" "/var/lib/crater-agent-workspace/builds/worker-4-tc2/source:/opt/rustwide/workdir:ro,Z" "-v" "/var/lib/crater-agent-workspace/builds/worker-4-tc2/target:/opt/rustwide/target:rw,Z" "-v" "/var/lib/crater-agent-workspace/cargo-home:/opt/rustwide/cargo-home:ro,Z" "-v" "/var/lib/crater-agent-workspace/rustup-home:/opt/rustwide/rustup-home:ro,Z" "-m" "1610612736" "--network" "none" "ghcr.io/rust-lang/crates-build-env/linux@sha256:77db811e55d90add9212f6832c23229e3de5f1c1f9905e8cb07319ea15df73ac" "sleep" "infinity", kill_on_drop: false }`
[INFO] [stdout] 190fa2cd2f32c618b41b8c69f22bd3c0a89bc6f579fb0afa4f102b9a605e9882
[INFO] running `Command { std: "docker" "start" "190fa2cd2f32c618b41b8c69f22bd3c0a89bc6f579fb0afa4f102b9a605e9882", kill_on_drop: false }`
[INFO] running `Command { std: "docker" "inspect" "190fa2cd2f32c618b41b8c69f22bd3c0a89bc6f579fb0afa4f102b9a605e9882", kill_on_drop: false }`
[INFO] running `Command { std: "docker" "exec" "-e" "SOURCE_DIR=/opt/rustwide/workdir" "-e" "CARGO_HOME=/opt/rustwide/cargo-home" "-e" "RUSTUP_HOME=/opt/rustwide/rustup-home" "-e" "CARGO_TARGET_DIR=/opt/rustwide/target" "-w" "/opt/rustwide/workdir" "--user" "0:0" "190fa2cd2f32c618b41b8c69f22bd3c0a89bc6f579fb0afa4f102b9a605e9882" "/opt/rustwide/cargo-home/bin/cargo" "+1.100.0-beta.1" "metadata" "--no-deps" "--format-version=1", kill_on_drop: false }`
[INFO] running `Command { std: "docker" "inspect" "190fa2cd2f32c618b41b8c69f22bd3c0a89bc6f579fb0afa4f102b9a605e9882", kill_on_drop: false }`
[INFO] running `Command { std: "docker" "exec" "-e" "SOURCE_DIR=/opt/rustwide/workdir" "-e" "CARGO_HOME=/opt/rustwide/cargo-home" "-e" "RUSTUP_HOME=/opt/rustwide/rustup-home" "-e" "CARGO_TARGET_DIR=/opt/rustwide/target" "-e" "CARGO_INCREMENTAL=0" "-e" "RUST_BACKTRACE=full" "-e" "RUSTFLAGS=--cap-lints=warn" "-e" "RUSTDOCFLAGS=--cap-lints=warn" "-w" "/opt/rustwide/workdir" "--user" "0:0" "190fa2cd2f32c618b41b8c69f22bd3c0a89bc6f579fb0afa4f102b9a605e9882" "/opt/rustwide/cargo-home/bin/cargo" "+1.100.0-beta.1" "build" "--frozen" "--message-format=json" "--release", kill_on_drop: false }`
[INFO] [stderr]    Compiling syn v3.0.4
[INFO] [stderr]    Compiling crossbeam-utils v0.8.22
[INFO] [stderr]    Compiling crossbeam-epoch v0.9.20
[INFO] [stderr]    Compiling crossbeam-deque v0.8.7
[INFO] [stderr]    Compiling log v0.4.34
[INFO] [stderr]    Compiling plain v0.2.3
[INFO] [stderr]    Compiling either v1.18.0
[INFO] [stderr]    Compiling iced-x86 v1.21.0
[INFO] [stderr]    Compiling capstone-sys v0.18.0
[INFO] [stderr]    Compiling regex v1.13.1
[INFO] [stderr]    Compiling rayon-core v1.13.0
[INFO] [stderr]    Compiling rayon v1.12.0
[INFO] [stderr]    Compiling scroll_derive v0.13.2
[INFO] [stderr]    Compiling thiserror-impl v2.0.20
[INFO] [stderr]    Compiling scroll v0.13.0
[INFO] [stderr]    Compiling thiserror v2.0.20
[INFO] [stderr]    Compiling goblin v0.10.7
[INFO] [stderr]    Compiling rop-finder-core v1.0.0
[INFO] [stderr]    Compiling capstone v0.14.0
[INFO] [stderr]    Compiling rop-finder-scan v1.0.0 (/opt/rustwide/workdir)
[INFO] [stderr]     Finished `release` profile [optimized] target(s) in 1m 21s
[INFO] running `Command { std: "docker" "inspect" "190fa2cd2f32c618b41b8c69f22bd3c0a89bc6f579fb0afa4f102b9a605e9882", kill_on_drop: false }`
[INFO] running `Command { std: "docker" "exec" "-e" "SOURCE_DIR=/opt/rustwide/workdir" "-e" "CARGO_HOME=/opt/rustwide/cargo-home" "-e" "RUSTUP_HOME=/opt/rustwide/rustup-home" "-e" "CARGO_TARGET_DIR=/opt/rustwide/target" "-e" "CARGO_INCREMENTAL=0" "-e" "RUST_BACKTRACE=full" "-e" "RUSTFLAGS=--cap-lints=warn" "-e" "RUSTDOCFLAGS=--cap-lints=warn" "-w" "/opt/rustwide/workdir" "--user" "0:0" "190fa2cd2f32c618b41b8c69f22bd3c0a89bc6f579fb0afa4f102b9a605e9882" "/opt/rustwide/cargo-home/bin/cargo" "+1.100.0-beta.1" "test" "--frozen" "--no-run" "--message-format=json" "--release", kill_on_drop: false }`
[INFO] [stderr]    Compiling rop-finder-scan v1.0.0 (/opt/rustwide/workdir)
[INFO] [stderr]     Finished `release` profile [optimized] target(s) in 7.88s
[INFO] running `Command { std: "docker" "inspect" "190fa2cd2f32c618b41b8c69f22bd3c0a89bc6f579fb0afa4f102b9a605e9882", kill_on_drop: false }`
[INFO] running `Command { std: "docker" "exec" "-e" "SOURCE_DIR=/opt/rustwide/workdir" "-e" "CARGO_HOME=/opt/rustwide/cargo-home" "-e" "RUSTUP_HOME=/opt/rustwide/rustup-home" "-e" "CARGO_TARGET_DIR=/opt/rustwide/target" "-e" "CARGO_INCREMENTAL=0" "-e" "RUST_BACKTRACE=full" "-e" "RUSTFLAGS=--cap-lints=warn" "-e" "RUSTDOCFLAGS=--cap-lints=warn" "-w" "/opt/rustwide/workdir" "--user" "0:0" "190fa2cd2f32c618b41b8c69f22bd3c0a89bc6f579fb0afa4f102b9a605e9882" "/opt/rustwide/cargo-home/bin/cargo" "+1.100.0-beta.1" "test" "--frozen" "--release", kill_on_drop: false }`
[INFO] [stderr]     Finished `release` profile [optimized] target(s) in 0.05s
[INFO] [stderr]      Running unittests src/lib.rs (/opt/rustwide/target/release/build/rop-finder-scan/498934c30f6e94f4/out/rf_scan-498934c30f6e94f4)
[INFO] [stdout] 
[INFO] [stdout] running 72 tests
[INFO] [stdout] test anchors::tests::single_byte_anchors_find_all ... ok
[INFO] [stdout] test cs::tests::mips_be_clean_decode_rejects_invalid_prefix ... ok
[INFO] [stdout] test anchors::tests::finditer_non_overlapping_semantics ... ok
[INFO] [stdout] test cs::tests::arm_clean_decode_rejects_invalid_prefix ... ok
[INFO] [stdout] test cs::tests::arm64_ret_and_brk_filter ... ok
[INFO] [stdout] test cs::tests::riscv_c_ret_anchor ... ok
[INFO] [stdout] test cs::tests::arm64_jop_br_blr ... ok
[INFO] [stdout] test cs::tests::sparc_be_retl_with_delay_slot ... ok
[INFO] [stdout] test cs::tests::arm_alignment_uses_virtual_address ... ok
[INFO] [stdout] test cs::tests::riscv_last_insn_size_rule ... ok
[INFO] [stdout] test cs::tests::mips_be_jr_ra_with_delay_slot ... ok
[INFO] [stdout] test cs::tests::depth_and_alignment_stepping ... ok
[INFO] [stdout] test cancel::tests::never_token_stays_unset ... ok
[INFO] [stdout] test anchors::tests::jop_table_shape ... ok
[INFO] [stdout] test cs::tests::ppc_be_blr ... ok
[INFO] [stdout] test detail::tests::arm_thumb_and_arm_modes_are_distinguished ... ok
[INFO] [stdout] test cs::tests::arm_bx_lr_gadgets ... ok
[INFO] [stdout] test detail::tests::wrong_mode_is_rejected_rather_than_believed ... ok
[INFO] [stdout] test detail::tests::mips_be_memory_operand_is_off_reg_not_brackets ... ok
[INFO] [stdout] test cancel::tests::token_is_shared_across_clones_and_threads ... ok
[INFO] [stdout] test detail::tests::x86_has_no_capstone_detailer ... ok
[INFO] [stdout] test detail::tests::arm64_detail_has_registers_and_groups ... ok
[INFO] [stdout] test cs::tests::thumb_pop_pc_and_svc ... ok
[INFO] [stdout] test cs::tests::mips_be_syscall_sys_table ... ok
[INFO] [stdout] test cs::tests::riscv_jop_jalr ... ok
[INFO] [stdout] test engine::tests::cfg_aware_is_table_aware ... ok
[INFO] [stdout] test engine::tests::default_scan_is_unchanged_by_the_stepping_rewrite ... ok
[INFO] [stdout] test engine::tests::dedup_keeps_first_occurrence_in_traversal_order ... ok
[INFO] [stdout] test engine::tests::bounded_sink_matches_unbounded_when_the_budget_is_generous ... FAILED
[INFO] [stdout] test detail::tests::detail_mode_does_not_change_text ... FAILED
[INFO] [stdout] test engine::tests::all_disables_dedup ... ok
[INFO] [stdout] test engine::tests::badbytes_rejects_packed_le_address ... ok
[INFO] [stdout] test engine::tests::budget_stops_the_scan ... FAILED
[INFO] [stdout] test engine::tests::ibt_applicability_is_reported ... FAILED
[INFO] [stdout] test engine::tests::depth_limits_gadget_length ... ok
[INFO] [stdout] test engine::tests::anchor_start_need_not_be_a_boundary ... ok
[INFO] [stdout] test engine::tests::bad_decode_rejects_candidate ... ok
[INFO] [stdout] test engine::tests::filter_regex_matches_branch_mnemonics ... ok
[INFO] [stdout] test engine::tests::jop_and_sys_anchors_work ... ok
[INFO] [stdout] test engine::tests::filter_rejects_by_full_mnemonic_match_not_suffix ... ok
[INFO] [stdout] test engine::tests::bnd_ret_is_rejected_like_ropgadget ... ok
[INFO] [stdout] test engine::tests::align_steps_the_candidate_start_rather_than_filtering_it ... ok
[INFO] [stdout] test engine::tests::scan_stops_on_token ... FAILED
[INFO] [stdout] test engine::tests::offset_slides_vaddr_not_text ... ok
[INFO] [stdout] test engine::tests::call_preceded_captures_nine_preceding_bytes ... ok
[INFO] [stdout] test engine::tests::int3_is_filtered ... ok
[INFO] [stdout] test engine::tests::decodes_simple_function ... ok
[INFO] [stdout] test engine::tests::parallel_matches_serial_on_real_fixtures ... FAILED
[INFO] [stdout] test engine::tests::multibr_controls_middle_branches ... ok
[INFO] [stdout] test engine::tests::only_filter_keeps_whitelisted_mnemonics ... ok
[INFO] [stdout] test engine::tests::range_is_reapplied_to_final_addresses ... ok
[INFO] [stdout] test engine::tests::notrack_branches_survive_dedup ... ok
[INFO] [stdout] test engine::tests::range_truncates_sections ... ok
[INFO] [stdout] test engine::tests::repz_ret_is_rendered_and_findable_with_only ... ok
[INFO] [stdout] test engine::tests::scans_non_x86_real_fixtures ... FAILED
[INFO] [stdout] test sink::tests::bounded_sink_stops_at_max_gadgets ... ok
[INFO] [stdout] test engine::tests::scans_real_fixture ... FAILED
[INFO] [stdout] test trie::tests::cmp_joined_matches_string_cmp_on_the_joined_text ... ok
[INFO] [stdout] test engine::tests::scans_riscv_real_fixtures ... FAILED
[INFO] [stdout] test trie::tests::joined_text_equality_is_what_decides ... ok
[INFO] [stdout] test trie::tests::prefix_key_never_inverts_the_text_order ... ok
[INFO] [stdout] test sink::tests::bounded_sink_stops_at_max_memory ... ok
[INFO] [stdout] test x86::tests::far_branches_are_not_branch_terminators ... ok
[INFO] [stdout] test x86::tests::renders_capstone_spelling ... ok
[INFO] [stdout] test x86::tests::filter_is_a_full_match_not_a_suffix ... ok
[INFO] [stdout] test sink::tests::vec_sink_is_unbounded ... ok
[INFO] [stdout] test tests::capstone_version_is_the_linked_library_version ... ok
[INFO] [stdout] test trie::tests::tail_query_finds_every_gadget_ending_that_way ... ok
[INFO] [stdout] test trie::tests::dedup_is_first_occurrence_wins_by_joined_text ... ok
[INFO] [stdout] test trie::tests::register_query_is_word_bounded ... ok
[INFO] [stdout] test trie::tests::agrees_with_the_string_implementation_it_replaces ... ok
[INFO] [stdout] test anchors::tests::find_matches_agrees_with_chunked_scan ... ok
[INFO] [stdout] 
[INFO] [stdout] failures:
[INFO] [stdout] 
[INFO] [stdout] ---- engine::tests::bounded_sink_matches_unbounded_when_the_budget_is_generous stdout ----
[INFO] [stdout] 
[INFO] [stdout] thread 'engine::tests::bounded_sink_matches_unbounded_when_the_budget_is_generous' (1103) panicked at src/engine.rs:1592:48:
[INFO] [stdout] called `Result::unwrap()` on an `Err` value: Os { code: 2, kind: NotFound, message: "No such file or directory" }
[INFO] [stdout] stack backtrace:
[INFO] [stdout]    0:     0x63cb328a22e1 - <<std[617be2ca0a6fd877]::sys::backtrace::BacktraceLock>::print::DisplayBacktrace as core[a373ad73a504971]::fmt::Display>::fmt
[INFO] [stdout]    1:     0x63cb328b912a - core[a373ad73a504971]::fmt::write
[INFO] [stdout]    2:     0x63cb328a654c - <alloc[2e1b2a31b91974c5]::vec::Vec<u8> as core[a373ad73a504971]::io::write::Write>::write_fmt
[INFO] [stdout]    3:     0x63cb3287df36 - std[617be2ca0a6fd877]::panicking::default_hook::{closure#0}
[INFO] [stdout]    4:     0x63cb3289a429 - std[617be2ca0a6fd877]::panicking::default_hook
[INFO] [stdout]    5:     0x63cb3260e850 - test[aada8e7e76ba119b]::test_main_inner::{closure#0}
[INFO] [stdout]    6:     0x63cb3289a752 - std[617be2ca0a6fd877]::panicking::panic_with_hook
[INFO] [stdout]    7:     0x63cb3287dfe2 - std[617be2ca0a6fd877]::panicking::panic_handler::{closure#0}
[INFO] [stdout]    8:     0x63cb32876b69 - std[617be2ca0a6fd877]::sys::backtrace::__rust_end_short_backtrace::<std[617be2ca0a6fd877]::panicking::panic_handler::{closure#0}, !>
[INFO] [stdout]    9:     0x63cb3287ebed - __rustc[ea4f61d10b84890b]::rust_begin_unwind
[INFO] [stdout]   10:     0x63cb328b990c - core[a373ad73a504971]::panicking::panic_fmt
[INFO] [stdout]   11:     0x63cb328b96e2 - core[a373ad73a504971]::result::unwrap_failed
[INFO] [stdout]   12:     0x63cb325ace45 - rf_scan[b72e8e3a46f6baaa]::engine::tests::fixture_bytes
[INFO] [stdout]   13:     0x63cb325b92cd - <rf_scan[b72e8e3a46f6baaa]::engine::tests::bounded_sink_matches_unbounded_when_the_budget_is_generous::{closure#0} as core[a373ad73a504971]::ops::function::FnOnce<()>>::call_once
[INFO] [stdout]   14:     0x63cb32601c9b - test[aada8e7e76ba119b]::__rust_begin_short_backtrace::<core[a373ad73a504971]::result::Result<(), alloc[2e1b2a31b91974c5]::string::String>, fn() -> core[a373ad73a504971]::result::Result<(), alloc[2e1b2a31b91974c5]::string::String>>
[INFO] [stdout]   15:     0x63cb3260ee75 - test[aada8e7e76ba119b]::run_test::{closure#0}
[INFO] [stdout]   16:     0x63cb32608764 - std[617be2ca0a6fd877]::sys::backtrace::__rust_begin_short_backtrace::<test[aada8e7e76ba119b]::run_test::{closure#1}, ()>
[INFO] [stdout]   17:     0x63cb32611f02 - <std[617be2ca0a6fd877]::thread::lifecycle::spawn_unchecked<test[aada8e7e76ba119b]::run_test::{closure#1}, ()>::{closure#1} as core[a373ad73a504971]::ops::function::FnOnce<()>>::call_once::{shim:vtable#0}
[INFO] [stdout]   18:     0x63cb328a181f - <std[617be2ca0a6fd877]::sys::thread::unix::Thread>::new::thread_start
[INFO] [stdout]   19:     0x70068d3f1dfa - <unknown>
[INFO] [stdout]   20:     0x70068d4853d4 - clone
[INFO] [stdout]   21:                0x0 - <unknown>
[INFO] [stdout] 
[INFO] [stdout] ---- detail::tests::detail_mode_does_not_change_text stdout ----
[INFO] [stdout] 
[INFO] [stdout] thread 'detail::tests::detail_mode_does_not_change_text' (1092) panicked at src/detail.rs:575:55:
[INFO] [stdout] called `Result::unwrap()` on an `Err` value: Os { code: 2, kind: NotFound, message: "No such file or directory" }
[INFO] [stdout] stack backtrace:
[INFO] [stdout]    0:     0x63cb328a22e1 - <<std[617be2ca0a6fd877]::sys::backtrace::BacktraceLock>::print::DisplayBacktrace as core[a373ad73a504971]::fmt::Display>::fmt
[INFO] [stdout]    1:     0x63cb328b912a - core[a373ad73a504971]::fmt::write
[INFO] [stdout]    2:     0x63cb328a654c - <alloc[2e1b2a31b91974c5]::vec::Vec<u8> as core[a373ad73a504971]::io::write::Write>::write_fmt
[INFO] [stdout]    3:     0x63cb3287df36 - std[617be2ca0a6fd877]::panicking::default_hook::{closure#0}
[INFO] [stdout]    4:     0x63cb3289a429 - std[617be2ca0a6fd877]::panicking::default_hook
[INFO] [stdout]    5:     0x63cb3260e850 - test[aada8e7e76ba119b]::test_main_inner::{closure#0}
[INFO] [stdout]    6:     0x63cb3289a752 - std[617be2ca0a6fd877]::panicking::panic_with_hook
[INFO] [stdout]    7:     0x63cb3287dfe2 - std[617be2ca0a6fd877]::panicking::panic_handler::{closure#0}
[INFO] [stdout]    8:     0x63cb32876b69 - std[617be2ca0a6fd877]::sys::backtrace::__rust_end_short_backtrace::<std[617be2ca0a6fd877]::panicking::panic_handler::{closure#0}, !>
[INFO] [stdout]    9:     0x63cb3287ebed - __rustc[ea4f61d10b84890b]::rust_begin_unwind
[INFO] [stdout]   10:     0x63cb328b990c - core[a373ad73a504971]::panicking::panic_fmt
[INFO] [stdout]   11:     0x63cb328b96e2 - core[a373ad73a504971]::result::unwrap_failed
[INFO] [stdout]   12:     0x63cb325e4ae1 - <rf_scan[b72e8e3a46f6baaa]::detail::tests::detail_mode_does_not_change_text::{closure#0} as core[a373ad73a504971]::ops::function::FnOnce<()>>::call_once
[INFO] [stdout]   13:     0x63cb32601c9b - test[aada8e7e76ba119b]::__rust_begin_short_backtrace::<core[a373ad73a504971]::result::Result<(), alloc[2e1b2a31b91974c5]::string::String>, fn() -> core[a373ad73a504971]::result::Result<(), alloc[2e1b2a31b91974c5]::string::String>>
[INFO] [stdout]   14:     0x63cb3260ee75 - test[aada8e7e76ba119b]::run_test::{closure#0}
[INFO] [stdout]   15:     0x63cb32608764 - std[617be2ca0a6fd877]::sys::backtrace::__rust_begin_short_backtrace::<test[aada8e7e76ba119b]::run_test::{closure#1}, ()>
[INFO] [stdout]   16:     0x63cb32611f02 - <std[617be2ca0a6fd877]::thread::lifecycle::spawn_unchecked<test[aada8e7e76ba119b]::run_test::{closure#1}, ()>::{closure#1} as core[a373ad73a504971]::ops::function::FnOnce<()>>::call_once::{shim:vtable#0}
[INFO] [stdout]   17:     0x63cb328a181f - <std[617be2ca0a6fd877]::sys::thread::unix::Thread>::new::thread_start
[INFO] [stdout]   18:     0x70068d3f1dfa - <unknown>
[INFO] [stdout]   19:     0x70068d4853d4 - clone
[INFO] [stdout]   20:                0x0 - <unknown>
[INFO] [stdout] 
[INFO] [stdout] ---- engine::tests::budget_stops_the_scan stdout ----
[INFO] [stdout] 
[INFO] [stdout] thread 'engine::tests::budget_stops_the_scan' (1104) panicked at src/engine.rs:1592:48:
[INFO] [stdout] called `Result::unwrap()` on an `Err` value: Os { code: 2, kind: NotFound, message: "No such file or directory" }
[INFO] [stdout] stack backtrace:
[INFO] [stdout]    0:     0x63cb328a22e1 - <<std[617be2ca0a6fd877]::sys::backtrace::BacktraceLock>::print::DisplayBacktrace as core[a373ad73a504971]::fmt::Display>::fmt
[INFO] [stdout]    1:     0x63cb328b912a - core[a373ad73a504971]::fmt::write
[INFO] [stdout]    2:     0x63cb328a654c - <alloc[2e1b2a31b91974c5]::vec::Vec<u8> as core[a373ad73a504971]::io::write::Write>::write_fmt
[INFO] [stdout]    3:     0x63cb3287df36 - std[617be2ca0a6fd877]::panicking::default_hook::{closure#0}
[INFO] [stdout]    4:     0x63cb3289a429 - std[617be2ca0a6fd877]::panicking::default_hook
[INFO] [stdout]    5:     0x63cb3260e850 - test[aada8e7e76ba119b]::test_main_inner::{closure#0}
[INFO] [stdout]    6:     0x63cb3289a752 - std[617be2ca0a6fd877]::panicking::panic_with_hook
[INFO] [stdout]    7:     0x63cb3287dfe2 - std[617be2ca0a6fd877]::panicking::panic_handler::{closure#0}
[INFO] [stdout]    8:     0x63cb32876b69 - std[617be2ca0a6fd877]::sys::backtrace::__rust_end_short_backtrace::<std[617be2ca0a6fd877]::panicking::panic_handler::{closure#0}, !>
[INFO] [stdout]    9:     0x63cb3287ebed - __rustc[ea4f61d10b84890b]::rust_begin_unwind
[INFO] [stdout]   10:     0x63cb328b990c - core[a373ad73a504971]::panicking::panic_fmt
[INFO] [stdout]   11:     0x63cb328b96e2 - core[a373ad73a504971]::result::unwrap_failed
[INFO] [stdout]   12:     0x63cb325ace45 - rf_scan[b72e8e3a46f6baaa]::engine::tests::fixture_bytes
[INFO] [stdout]   13:     0x63cb325af4a9 - <rf_scan[b72e8e3a46f6baaa]::engine::tests::budget_stops_the_scan::{closure#0} as core[a373ad73a504971]::ops::function::FnOnce<()>>::call_once
[INFO] [stdout]   14:     0x63cb32601c9b - test[aada8e7e76ba119b]::__rust_begin_short_backtrace::<core[a373ad73a504971]::result::Result<(), alloc[2e1b2a31b91974c5]::string::String>, fn() -> core[a373ad73a504971]::result::Result<(), alloc[2e1b2a31b91974c5]::string::String>>
[INFO] [stdout]   15:     0x63cb3260ee75 - test[aada8e7e76ba119b]::run_test::{closure#0}
[INFO] [stdout]   16:     0x63cb32608764 - std[617be2ca0a6fd877]::sys::backtrace::__rust_begin_short_backtrace::<test[aada8e7e76ba119b]::run_test::{closure#1}, ()>
[INFO] [stdout]   17:     0x63cb32611f02 - <std[617be2ca0a6fd877]::thread::lifecycle::spawn_unchecked<test[aada8e7e76ba119b]::run_test::{closure#1}, ()>::{closure#1} as core[a373ad73a504971]::ops::function::FnOnce<()>>::call_once::{shim:vtable#0}
[INFO] [stdout]   18:     0x63cb328a181f - <std[617be2ca0a6fd877]::sys::thread::unix::Thread>::new::thread_start
[INFO] [stdout]   19:     0x70068d3f1dfa - <unknown>
[INFO] [stdout]   20:     0x70068d4853d4 - clone
[INFO] [stdout]   21:                0x0 - <unknown>
[INFO] [stdout] 
[INFO] [stdout] ---- engine::tests::ibt_applicability_is_reported stdout ----
[INFO] [stdout] 
[INFO] [stdout] thread 'engine::tests::ibt_applicability_is_reported' (1113) panicked at src/engine.rs:1592:48:
[INFO] [stdout] called `Result::unwrap()` on an `Err` value: Os { code: 2, kind: NotFound, message: "No such file or directory" }
[INFO] [stdout] stack backtrace:
[INFO] [stdout]    0:     0x63cb328a22e1 - <<std[617be2ca0a6fd877]::sys::backtrace::BacktraceLock>::print::DisplayBacktrace as core[a373ad73a504971]::fmt::Display>::fmt
[INFO] [stdout]    1:     0x63cb328b912a - core[a373ad73a504971]::fmt::write
[INFO] [stdout]    2:     0x63cb328a654c - <alloc[2e1b2a31b91974c5]::vec::Vec<u8> as core[a373ad73a504971]::io::write::Write>::write_fmt
[INFO] [stdout]    3:     0x63cb3287df36 - std[617be2ca0a6fd877]::panicking::default_hook::{closure#0}
[INFO] [stdout]    4:     0x63cb3289a429 - std[617be2ca0a6fd877]::panicking::default_hook
[INFO] [stdout]    5:     0x63cb3260e850 - test[aada8e7e76ba119b]::test_main_inner::{closure#0}
[INFO] [stdout]    6:     0x63cb3289a752 - std[617be2ca0a6fd877]::panicking::panic_with_hook
[INFO] [stdout]    7:     0x63cb3287dfe2 - std[617be2ca0a6fd877]::panicking::panic_handler::{closure#0}
[INFO] [stdout]    8:     0x63cb32876b69 - std[617be2ca0a6fd877]::sys::backtrace::__rust_end_short_backtrace::<std[617be2ca0a6fd877]::panicking::panic_handler::{closure#0}, !>
[INFO] [stdout]    9:     0x63cb3287ebed - __rustc[ea4f61d10b84890b]::rust_begin_unwind
[INFO] [stdout]   10:     0x63cb328b990c - core[a373ad73a504971]::panicking::panic_fmt
[INFO] [stdout]   11:     0x63cb328b96e2 - core[a373ad73a504971]::result::unwrap_failed
[INFO] [stdout]   12:     0x63cb325ace45 - rf_scan[b72e8e3a46f6baaa]::engine::tests::fixture_bytes
[INFO] [stdout]   13:     0x63cb325b3113 - <rf_scan[b72e8e3a46f6baaa]::engine::tests::ibt_applicability_is_reported::{closure#0} as core[a373ad73a504971]::ops::function::FnOnce<()>>::call_once
[INFO] [stdout]   14:     0x63cb32601c9b - test[aada8e7e76ba119b]::__rust_begin_short_backtrace::<core[a373ad73a504971]::result::Result<(), alloc[2e1b2a31b91974c5]::string::String>, fn() -> core[a373ad73a504971]::result::Result<(), alloc[2e1b2a31b91974c5]::string::String>>
[INFO] [stdout]   15:     0x63cb3260ee75 - test[aada8e7e76ba119b]::run_test::{closure#0}
[INFO] [stdout]   16:     0x63cb32608764 - std[617be2ca0a6fd877]::sys::backtrace::__rust_begin_short_backtrace::<test[aada8e7e76ba119b]::run_test::{closure#1}, ()>
[INFO] [stdout]   17:     0x63cb32611f02 - <std[617be2ca0a6fd877]::thread::lifecycle::spawn_unchecked<test[aada8e7e76ba119b]::run_test::{closure#1}, ()>::{closure#1} as core[a373ad73a504971]::ops::function::FnOnce<()>>::call_once::{shim:vtable#0}
[INFO] [stdout]   18:     0x63cb328a181f - <std[617be2ca0a6fd877]::sys::thread::unix::Thread>::new::thread_start
[INFO] [stdout]   19:     0x70068d3f1dfa - <unknown>
[INFO] [stdout]   20:     0x70068d4853d4 - clone
[INFO] [stdout]   21:                0x0 - <unknown>
[INFO] [stdout] 
[INFO] [stdout] ---- engine::tests::scan_stops_on_token stdout ----
[INFO] [stdout] 
[INFO] [stdout] thread 'engine::tests::scan_stops_on_token' (1124) panicked at src/engine.rs:1592:48:
[INFO] [stdout] called `Result::unwrap()` on an `Err` value: Os { code: 2, kind: NotFound, message: "No such file or directory" }
[INFO] [stdout] stack backtrace:
[INFO] [stdout]    0:     0x63cb328a22e1 - <<std[617be2ca0a6fd877]::sys::backtrace::BacktraceLock>::print::DisplayBacktrace as core[a373ad73a504971]::fmt::Display>::fmt
[INFO] [stdout]    1:     0x63cb328b912a - core[a373ad73a504971]::fmt::write
[INFO] [stdout]    2:     0x63cb328a654c - <alloc[2e1b2a31b91974c5]::vec::Vec<u8> as core[a373ad73a504971]::io::write::Write>::write_fmt
[INFO] [stdout]    3:     0x63cb3287df36 - std[617be2ca0a6fd877]::panicking::default_hook::{closure#0}
[INFO] [stdout]    4:     0x63cb3289a429 - std[617be2ca0a6fd877]::panicking::default_hook
[INFO] [stdout]    5:     0x63cb3260e850 - test[aada8e7e76ba119b]::test_main_inner::{closure#0}
[INFO] [stdout]    6:     0x63cb3289a752 - std[617be2ca0a6fd877]::panicking::panic_with_hook
[INFO] [stdout]    7:     0x63cb3287dfe2 - std[617be2ca0a6fd877]::panicking::panic_handler::{closure#0}
[INFO] [stdout]    8:     0x63cb32876b69 - std[617be2ca0a6fd877]::sys::backtrace::__rust_end_short_backtrace::<std[617be2ca0a6fd877]::panicking::panic_handler::{closure#0}, !>
[INFO] [stdout]    9:     0x63cb3287ebed - __rustc[ea4f61d10b84890b]::rust_begin_unwind
[INFO] [stdout]   10:     0x63cb328b990c - core[a373ad73a504971]::panicking::panic_fmt
[INFO] [stdout]   11:     0x63cb328b96e2 - core[a373ad73a504971]::result::unwrap_failed
[INFO] [stdout]   12:     0x63cb325ace45 - rf_scan[b72e8e3a46f6baaa]::engine::tests::fixture_bytes
[INFO] [stdout]   13:     0x63cb325aea7d - <rf_scan[b72e8e3a46f6baaa]::engine::tests::scan_stops_on_token::{closure#0} as core[a373ad73a504971]::ops::function::FnOnce<()>>::call_once
[INFO] [stdout]   14:     0x63cb32601c9b - test[aada8e7e76ba119b]::__rust_begin_short_backtrace::<core[a373ad73a504971]::result::Result<(), alloc[2e1b2a31b91974c5]::string::String>, fn() -> core[a373ad73a504971]::result::Result<(), alloc[2e1b2a31b91974c5]::string::String>>
[INFO] [stdout]   15:     0x63cb3260ee75 - test[aada8e7e76ba119b]::run_test::{closure#0}
[INFO] [stdout]   16:     0x63cb32608764 - std[617be2ca0a6fd877]::sys::backtrace::__rust_begin_short_backtrace::<test[aada8e7e76ba119b]::run_test::{closure#1}, ()>
[INFO] [stdout]   17:     0x63cb32611f02 - <std[617be2ca0a6fd877]::thread::lifecycle::spawn_unchecked<test[aada8e7e76ba119b]::run_test::{closure#1}, ()>::{closure#1} as core[a373ad73a504971]::ops::function::FnOnce<()>>::call_once::{shim:vtable#0}
[INFO] [stdout]   18:     0x63cb328a181f - <std[617be2ca0a6fd877]::sys::thread::unix::Thread>::new::thread_start
[INFO] [stdout]   19:     0x70068d3f1dfa - <unknown>
[INFO] [stdout]   20:     0x70068d4853d4 - clone
[INFO] [stdout]   21:                0x0 - <unknown>
[INFO] [stdout] 
[INFO] [stdout] ---- engine::tests::parallel_matches_serial_on_real_fixtures stdout ----
[INFO] [stdout] 
[INFO] [stdout] thread 'engine::tests::parallel_matches_serial_on_real_fixtures' (1120) panicked at src/engine.rs:1592:48:
[INFO] [stdout] called `Result::unwrap()` on an `Err` value: Os { code: 2, kind: NotFound, message: "No such file or directory" }
[INFO] [stdout] stack backtrace:
[INFO] [stdout]    0:     0x63cb328a22e1 - <<std[617be2ca0a6fd877]::sys::backtrace::BacktraceLock>::print::DisplayBacktrace as core[a373ad73a504971]::fmt::Display>::fmt
[INFO] [stdout]    1:     0x63cb328b912a - core[a373ad73a504971]::fmt::write
[INFO] [stdout]    2:     0x63cb328a654c - <alloc[2e1b2a31b91974c5]::vec::Vec<u8> as core[a373ad73a504971]::io::write::Write>::write_fmt
[INFO] [stdout]    3:     0x63cb3287df36 - std[617be2ca0a6fd877]::panicking::default_hook::{closure#0}
[INFO] [stdout]    4:     0x63cb3289a429 - std[617be2ca0a6fd877]::panicking::default_hook
[INFO] [stdout]    5:     0x63cb3260e850 - test[aada8e7e76ba119b]::test_main_inner::{closure#0}
[INFO] [stdout]    6:     0x63cb3289a752 - std[617be2ca0a6fd877]::panicking::panic_with_hook
[INFO] [stdout]    7:     0x63cb3287dfe2 - std[617be2ca0a6fd877]::panicking::panic_handler::{closure#0}
[INFO] [stdout]    8:     0x63cb32876b69 - std[617be2ca0a6fd877]::sys::backtrace::__rust_end_short_backtrace::<std[617be2ca0a6fd877]::panicking::panic_handler::{closure#0}, !>
[INFO] [stdout]    9:     0x63cb3287ebed - __rustc[ea4f61d10b84890b]::rust_begin_unwind
[INFO] [stdout]   10:     0x63cb328b990c - core[a373ad73a504971]::panicking::panic_fmt
[INFO] [stdout]   11:     0x63cb328b96e2 - core[a373ad73a504971]::result::unwrap_failed
[INFO] [stdout]   12:     0x63cb325ace45 - rf_scan[b72e8e3a46f6baaa]::engine::tests::fixture_bytes
[INFO] [stdout]   13:     0x63cb325b5ef6 - <rf_scan[b72e8e3a46f6baaa]::engine::tests::parallel_matches_serial_on_real_fixtures::{closure#0} as core[a373ad73a504971]::ops::function::FnOnce<()>>::call_once
[INFO] [stdout]   14:     0x63cb32601c9b - test[aada8e7e76ba119b]::__rust_begin_short_backtrace::<core[a373ad73a504971]::result::Result<(), alloc[2e1b2a31b91974c5]::string::String>, fn() -> core[a373ad73a504971]::result::Result<(), alloc[2e1b2a31b91974c5]::string::String>>
[INFO] [stdout]   15:     0x63cb3260ee75 - test[aada8e7e76ba119b]::run_test::{closure#0}
[INFO] [stdout]   16:     0x63cb32608764 - std[617be2ca0a6fd877]::sys::backtrace::__rust_begin_short_backtrace::<test[aada8e7e76ba119b]::run_test::{closure#1}, ()>
[INFO] [stdout]   17:     0x63cb32611f02 - <std[617be2ca0a6fd877]::thread::lifecycle::spawn_unchecked<test[aada8e7e76ba119b]::run_test::{closure#1}, ()>::{closure#1} as core[a373ad73a504971]::ops::function::FnOnce<()>>::call_once::{shim:vtable#0}
[INFO] [stdout]   18:     0x63cb328a181f - <std[617be2ca0a6fd877]::sys::thread::unix::Thread>::new::thread_start
[INFO] [stdout]   19:     0x70068d3f1dfa - <unknown>
[INFO] [stdout]   20:     0x70068d4853d4 - clone
[INFO] [stdout]   21:                0x0 - <unknown>
[INFO] [stdout] 
[INFO] [stdout] ---- engine::tests::scans_non_x86_real_fixtures stdout ----
[INFO] [stdout] 
[INFO] [stdout] thread 'engine::tests::scans_non_x86_real_fixtures' (1125) panicked at src/engine.rs:1592:48:
[INFO] [stdout] called `Result::unwrap()` on an `Err` value: Os { code: 2, kind: NotFound, message: "No such file or directory" }
[INFO] [stdout] stack backtrace:
[INFO] [stdout]    0:     0x63cb328a22e1 - <<std[617be2ca0a6fd877]::sys::backtrace::BacktraceLock>::print::DisplayBacktrace as core[a373ad73a504971]::fmt::Display>::fmt
[INFO] [stdout]    1:     0x63cb328b912a - core[a373ad73a504971]::fmt::write
[INFO] [stdout]    2:     0x63cb328a654c - <alloc[2e1b2a31b91974c5]::vec::Vec<u8> as core[a373ad73a504971]::io::write::Write>::write_fmt
[INFO] [stdout]    3:     0x63cb3287df36 - std[617be2ca0a6fd877]::panicking::default_hook::{closure#0}
[INFO] [stdout]    4:     0x63cb3289a429 - std[617be2ca0a6fd877]::panicking::default_hook
[INFO] [stdout]    5:     0x63cb3260e850 - test[aada8e7e76ba119b]::test_main_inner::{closure#0}
[INFO] [stdout]    6:     0x63cb3289a752 - std[617be2ca0a6fd877]::panicking::panic_with_hook
[INFO] [stdout]    7:     0x63cb3287dfe2 - std[617be2ca0a6fd877]::panicking::panic_handler::{closure#0}
[INFO] [stdout]    8:     0x63cb32876b69 - std[617be2ca0a6fd877]::sys::backtrace::__rust_end_short_backtrace::<std[617be2ca0a6fd877]::panicking::panic_handler::{closure#0}, !>
[INFO] [stdout]    9:     0x63cb3287ebed - __rustc[ea4f61d10b84890b]::rust_begin_unwind
[INFO] [stdout]   10:     0x63cb328b990c - core[a373ad73a504971]::panicking::panic_fmt
[INFO] [stdout]   11:     0x63cb328b96e2 - core[a373ad73a504971]::result::unwrap_failed
[INFO] [stdout]   12:     0x63cb325ace45 - rf_scan[b72e8e3a46f6baaa]::engine::tests::fixture_bytes
[INFO] [stdout]   13:     0x63cb325b202d - <rf_scan[b72e8e3a46f6baaa]::engine::tests::scans_non_x86_real_fixtures::{closure#0} as core[a373ad73a504971]::ops::function::FnOnce<()>>::call_once
[INFO] [stdout]   14:     0x63cb32601c9b - test[aada8e7e76ba119b]::__rust_begin_short_backtrace::<core[a373ad73a504971]::result::Result<(), alloc[2e1b2a31b91974c5]::string::String>, fn() -> core[a373ad73a504971]::result::Result<(), alloc[2e1b2a31b91974c5]::string::String>>
[INFO] [stdout]   15:     0x63cb3260ee75 - test[aada8e7e76ba119b]::run_test::{closure#0}
[INFO] [stdout]   16:     0x63cb32608764 - std[617be2ca0a6fd877]::sys::backtrace::__rust_begin_short_backtrace::<test[aada8e7e76ba119b]::run_test::{closure#1}, ()>
[INFO] [stdout]   17:     0x63cb32611f02 - <std[617be2ca0a6fd877]::thread::lifecycle::spawn_unchecked<test[aada8e7e76ba119b]::run_test::{closure#1}, ()>::{closure#1} as core[a373ad73a504971]::ops::function::FnOnce<()>>::call_once::{shim:vtable#0}
[INFO] [stdout]   18:     0x63cb328a181f - <std[617be2ca0a6fd877]::sys::thread::unix::Thread>::new::thread_start
[INFO] [stdout]   19:     0x70068d3f1dfa - <unknown>
[INFO] [stdout]   20:     0x70068d4853d4 - clone
[INFO] [stdout]   21:                0x0 - <unknown>
[INFO] [stdout] 
[INFO] [stdout] ---- engine::tests::scans_real_fixture stdout ----
[INFO] [stdout] 
[INFO] [stdout] thread 'engine::tests::scans_real_fixture' (1126) panicked at src/engine.rs:1592:48:
[INFO] [stdout] called `Result::unwrap()` on an `Err` value: Os { code: 2, kind: NotFound, message: "No such file or directory" }
[INFO] [stdout] stack backtrace:
[INFO] [stdout]    0:     0x63cb328a22e1 - <<std[617be2ca0a6fd877]::sys::backtrace::BacktraceLock>::print::DisplayBacktrace as core[a373ad73a504971]::fmt::Display>::fmt
[INFO] [stdout]    1:     0x63cb328b912a - core[a373ad73a504971]::fmt::write
[INFO] [stdout]    2:     0x63cb328a654c - <alloc[2e1b2a31b91974c5]::vec::Vec<u8> as core[a373ad73a504971]::io::write::Write>::write_fmt
[INFO] [stdout]    3:     0x63cb3287df36 - std[617be2ca0a6fd877]::panicking::default_hook::{closure#0}
[INFO] [stdout]    4:     0x63cb3289a429 - std[617be2ca0a6fd877]::panicking::default_hook
[INFO] [stdout]    5:     0x63cb3260e850 - test[aada8e7e76ba119b]::test_main_inner::{closure#0}
[INFO] [stdout]    6:     0x63cb3289a752 - std[617be2ca0a6fd877]::panicking::panic_with_hook
[INFO] [stdout]    7:     0x63cb3287dfe2 - std[617be2ca0a6fd877]::panicking::panic_handler::{closure#0}
[INFO] [stdout]    8:     0x63cb32876b69 - std[617be2ca0a6fd877]::sys::backtrace::__rust_end_short_backtrace::<std[617be2ca0a6fd877]::panicking::panic_handler::{closure#0}, !>
[INFO] [stdout]    9:     0x63cb3287ebed - __rustc[ea4f61d10b84890b]::rust_begin_unwind
[INFO] [stdout]   10:     0x63cb328b990c - core[a373ad73a504971]::panicking::panic_fmt
[INFO] [stdout]   11:     0x63cb328b96e2 - core[a373ad73a504971]::result::unwrap_failed
[INFO] [stdout]   12:     0x63cb325ace45 - rf_scan[b72e8e3a46f6baaa]::engine::tests::fixture_bytes
[INFO] [stdout]   13:     0x63cb325ae21a - <rf_scan[b72e8e3a46f6baaa]::engine::tests::scans_real_fixture::{closure#0} as core[a373ad73a504971]::ops::function::FnOnce<()>>::call_once
[INFO] [stdout]   14:     0x63cb32601c9b - test[aada8e7e76ba119b]::__rust_begin_short_backtrace::<core[a373ad73a504971]::result::Result<(), alloc[2e1b2a31b91974c5]::string::String>, fn() -> core[a373ad73a504971]::result::Result<(), alloc[2e1b2a31b91974c5]::string::String>>
[INFO] [stdout]   15:     0x63cb3260ee75 - test[aada8e7e76ba119b]::run_test::{closure#0}
[INFO] [stdout]   16:     0x63cb32608764 - std[617be2ca0a6fd877]::sys::backtrace::__rust_begin_short_backtrace::<test[aada8e7e76ba119b]::run_test::{closure#1}, ()>
[INFO] [stdout]   17:     0x63cb32611f02 - <std[617be2ca0a6fd877]::thread::lifecycle::spawn_unchecked<test[aada8e7e76ba119b]::run_test::{closure#1}, ()>::{closure#1} as core[a373ad73a504971]::ops::function::FnOnce<()>>::call_once::{shim:vtable#0}
[INFO] [stdout]   18:     0x63cb328a181f - <std[617be2ca0a6fd877]::sys::thread::unix::Thread>::new::thread_start
[INFO] [stdout]   19:     0x70068d3f1dfa - <unknown>
[INFO] [stdout]   20:     0x70068d4853d4 - clone
[INFO] [stdout]   21:                0x0 - <unknown>
[INFO] [stdout] 
[INFO] [stdout] ---- engine::tests::scans_riscv_real_fixtures stdout ----
[INFO] [stdout] 
[INFO] [stdout] thread 'engine::tests::scans_riscv_real_fixtures' (1127) panicked at src/engine.rs:1592:48:
[INFO] [stdout] called `Result::unwrap()` on an `Err` value: Os { code: 2, kind: NotFound, message: "No such file or directory" }
[INFO] [stdout] stack backtrace:
[INFO] [stdout]    0:     0x63cb328a22e1 - <<std[617be2ca0a6fd877]::sys::backtrace::BacktraceLock>::print::DisplayBacktrace as core[a373ad73a504971]::fmt::Display>::fmt
[INFO] [stdout]    1:     0x63cb328b912a - core[a373ad73a504971]::fmt::write
[INFO] [stdout]    2:     0x63cb328a654c - <alloc[2e1b2a31b91974c5]::vec::Vec<u8> as core[a373ad73a504971]::io::write::Write>::write_fmt
[INFO] [stdout]    3:     0x63cb3287df36 - std[617be2ca0a6fd877]::panicking::default_hook::{closure#0}
[INFO] [stdout]    4:     0x63cb3289a429 - std[617be2ca0a6fd877]::panicking::default_hook
[INFO] [stdout]    5:     0x63cb3260e850 - test[aada8e7e76ba119b]::test_main_inner::{closure#0}
[INFO] [stdout]    6:     0x63cb3289a752 - std[617be2ca0a6fd877]::panicking::panic_with_hook
[INFO] [stdout]    7:     0x63cb3287dfe2 - std[617be2ca0a6fd877]::panicking::panic_handler::{closure#0}
[INFO] [stdout]    8:     0x63cb32876b69 - std[617be2ca0a6fd877]::sys::backtrace::__rust_end_short_backtrace::<std[617be2ca0a6fd877]::panicking::panic_handler::{closure#0}, !>
[INFO] [stdout]    9:     0x63cb3287ebed - __rustc[ea4f61d10b84890b]::rust_begin_unwind
[INFO] [stdout]   10:     0x63cb328b990c - core[a373ad73a504971]::panicking::panic_fmt
[INFO] [stdout]   11:     0x63cb328b96e2 - core[a373ad73a504971]::result::unwrap_failed
[INFO] [stdout]   12:     0x63cb325ace45 - rf_scan[b72e8e3a46f6baaa]::engine::tests::fixture_bytes
[INFO] [stdout]   13:     0x63cb325b1698 - <rf_scan[b72e8e3a46f6baaa]::engine::tests::scans_riscv_real_fixtures::{closure#0} as core[a373ad73a504971]::ops::function::FnOnce<()>>::call_once
[INFO] [stdout]   14:     0x63cb32601c9b - test[aada8e7e76ba119b]::__rust_begin_short_backtrace::<core[a373ad73a504971]::result::Result<(), alloc[2e1b2a31b91974c5]::string::String>, fn() -> core[a373ad73a504971]::result::Result<(), alloc[2e1b2a31b91974c5]::string::String>>
[INFO] [stdout]   15:     0x63cb3260ee75 - test[aada8e7e76ba119b]::run_test::{closure#0}
[INFO] [stdout]   16:     0x63cb32608764 - std[617be2ca0a6fd877]::sys::backtrace::__rust_begin_short_backtrace::<test[aada8e7e76ba119b]::run_test::{closure#1}, ()>
[INFO] [stdout]   17:     0x63cb32611f02 - <std[617be2ca0a6fd877]::thread::lifecycle::spawn_unchecked<test[aada8e7e76ba119b]::run_test::{closure#1}, ()>::{closure#1} as core[a373ad73a504971]::ops::function::FnOnce<()>>::call_once::{shim:vtable#0}
[INFO] [stdout]   18:     0x63cb328a181f - <std[617be2ca0a6fd877]::sys::thread::unix::Thread>::new::thread_start
[INFO] [stdout]   19:     0x70068d3f1dfa - <unknown>
[INFO] [stdout]   20:     0x70068d4853d4 - clone
[INFO] [stdout]   21:                0x0 - <unknown>
[INFO] [stdout] 
[INFO] [stdout] 
[INFO] [stdout] failures:
[INFO] [stdout]     detail::tests::detail_mode_does_not_change_text
[INFO] [stdout]     engine::tests::bounded_sink_matches_unbounded_when_the_budget_is_generous
[INFO] [stdout]     engine::tests::budget_stops_the_scan
[INFO] [stdout]     engine::tests::ibt_applicability_is_reported
[INFO] [stdout]     engine::tests::parallel_matches_serial_on_real_fixtures
[INFO] [stdout]     engine::tests::scan_stops_on_token
[INFO] [stdout]     engine::tests::scans_non_x86_real_fixtures
[INFO] [stdout]     engine::tests::scans_real_fixture
[INFO] [stdout]     engine::tests::scans_riscv_real_fixtures
[INFO] [stdout] 
[INFO] [stdout] test result: FAILED. 63 passed; 9 failed; 0 ignored; 0 measured; 0 filtered out; finished in 0.32s
[INFO] [stdout] 
[INFO] [stderr] error: test failed, to rerun pass `--lib`
[INFO] running `Command { std: "docker" "inspect" "190fa2cd2f32c618b41b8c69f22bd3c0a89bc6f579fb0afa4f102b9a605e9882", kill_on_drop: false }`
[INFO] running `Command { std: "docker" "rm" "-f" "190fa2cd2f32c618b41b8c69f22bd3c0a89bc6f579fb0afa4f102b9a605e9882", kill_on_drop: false }`
[INFO] [stdout] 190fa2cd2f32c618b41b8c69f22bd3c0a89bc6f579fb0afa4f102b9a605e9882
