[INFO] fetching crate rop-finder-api 1.0.0...
[INFO] testing rop-finder-api-1.0.0 against 1.100.0-beta.1+cargoflags=--release for beta-release-1.100-2
[INFO] extracting crate rop-finder-api 1.0.0 into /workspace/builds/worker-1-tc2/source
[INFO] started tweaking crates.io crate rop-finder-api 1.0.0
[INFO] finished tweaking crates.io crate rop-finder-api 1.0.0
[INFO] tweaked toml for crates.io crate rop-finder-api 1.0.0 written to /workspace/builds/worker-1-tc2/source/Cargo.toml
[INFO] validating manifest of crates.io crate rop-finder-api 1.0.0 on toolchain 1.100.0-beta.1
[INFO] running `Command { std: CARGO_HOME="/workspace/cargo-home" RUSTUP_HOME="/workspace/rustup-home" "/workspace/cargo-home/bin/cargo" "+1.100.0-beta.1" "metadata" "--manifest-path" "Cargo.toml" "--no-deps", kill_on_drop: false }`
[INFO] crate crates.io crate rop-finder-api 1.0.0 already has a lockfile, it will not be regenerated
[INFO] running `Command { std: CARGO_HOME="/workspace/cargo-home" RUSTUP_HOME="/workspace/rustup-home" "/workspace/cargo-home/bin/cargo" "+1.100.0-beta.1" "fetch" "--manifest-path" "Cargo.toml", kill_on_drop: false }`
[INFO] running `Command { std: "docker" "create" "-v" "/var/lib/crater-agent-workspace/builds/worker-1-tc2/source:/opt/rustwide/workdir:ro,Z" "-v" "/var/lib/crater-agent-workspace/builds/worker-1-tc2/target:/opt/rustwide/target:rw,Z" "-v" "/var/lib/crater-agent-workspace/cargo-home:/opt/rustwide/cargo-home:ro,Z" "-v" "/var/lib/crater-agent-workspace/rustup-home:/opt/rustwide/rustup-home:ro,Z" "-m" "1610612736" "--network" "none" "ghcr.io/rust-lang/crates-build-env/linux@sha256:77db811e55d90add9212f6832c23229e3de5f1c1f9905e8cb07319ea15df73ac" "sleep" "infinity", kill_on_drop: false }`
[INFO] [stdout] 05c374a7e3ed016dec5b07557e07d67926f2ca919de58c2544069db0c261ea25
[INFO] running `Command { std: "docker" "start" "05c374a7e3ed016dec5b07557e07d67926f2ca919de58c2544069db0c261ea25", kill_on_drop: false }`
[INFO] running `Command { std: "docker" "inspect" "05c374a7e3ed016dec5b07557e07d67926f2ca919de58c2544069db0c261ea25", kill_on_drop: false }`
[INFO] running `Command { std: "docker" "exec" "-e" "SOURCE_DIR=/opt/rustwide/workdir" "-e" "CARGO_HOME=/opt/rustwide/cargo-home" "-e" "RUSTUP_HOME=/opt/rustwide/rustup-home" "-e" "CARGO_TARGET_DIR=/opt/rustwide/target" "-w" "/opt/rustwide/workdir" "--user" "0:0" "05c374a7e3ed016dec5b07557e07d67926f2ca919de58c2544069db0c261ea25" "/opt/rustwide/cargo-home/bin/cargo" "+1.100.0-beta.1" "metadata" "--no-deps" "--format-version=1", kill_on_drop: false }`
[INFO] running `Command { std: "docker" "inspect" "05c374a7e3ed016dec5b07557e07d67926f2ca919de58c2544069db0c261ea25", kill_on_drop: false }`
[INFO] running `Command { std: "docker" "exec" "-e" "SOURCE_DIR=/opt/rustwide/workdir" "-e" "CARGO_HOME=/opt/rustwide/cargo-home" "-e" "RUSTUP_HOME=/opt/rustwide/rustup-home" "-e" "CARGO_TARGET_DIR=/opt/rustwide/target" "-e" "CARGO_INCREMENTAL=0" "-e" "RUST_BACKTRACE=full" "-e" "RUSTFLAGS=--cap-lints=warn" "-e" "RUSTDOCFLAGS=--cap-lints=warn" "-w" "/opt/rustwide/workdir" "--user" "0:0" "05c374a7e3ed016dec5b07557e07d67926f2ca919de58c2544069db0c261ea25" "/opt/rustwide/cargo-home/bin/cargo" "+1.100.0-beta.1" "build" "--frozen" "--message-format=json" "--release", kill_on_drop: false }`
[INFO] [stderr]    Compiling crossbeam-utils v0.8.22
[INFO] [stderr]    Compiling find-msvc-tools v0.1.11
[INFO] [stderr]    Compiling crossbeam-epoch v0.9.20
[INFO] [stderr]    Compiling crossbeam-deque v0.8.7
[INFO] [stderr]    Compiling plain v0.2.3
[INFO] [stderr]    Compiling aho-corasick v1.1.5
[INFO] [stderr]    Compiling either v1.18.0
[INFO] [stderr]    Compiling syn v3.0.4
[INFO] [stderr]    Compiling iced-x86 v1.21.0
[INFO] [stderr]    Compiling bstr v1.13.1
[INFO] [stderr]    Compiling serde_json v1.0.151
[INFO] [stderr]    Compiling cc v1.4.4
[INFO] [stderr]    Compiling rayon-core v1.13.0
[INFO] [stderr]    Compiling capstone-sys v0.18.0
[INFO] [stderr]    Compiling rayon v1.12.0
[INFO] [stderr]    Compiling scroll_derive v0.13.2
[INFO] [stderr]    Compiling thiserror-impl v2.0.20
[INFO] [stderr]    Compiling serde_derive v1.0.229
[INFO] [stderr]    Compiling regex-automata v0.4.18
[INFO] [stderr]    Compiling scroll v0.13.0
[INFO] [stderr]    Compiling thiserror v2.0.20
[INFO] [stderr]    Compiling goblin v0.10.7
[INFO] [stderr]    Compiling serde v1.0.229
[INFO] [stderr]    Compiling rop-finder-core v1.0.0
[INFO] [stderr]    Compiling regex v1.13.1
[INFO] [stderr]    Compiling globset v0.4.20
[INFO] [stderr]    Compiling capstone v0.14.0
[INFO] [stderr]    Compiling rop-finder-scan v1.0.0
[INFO] [stderr]    Compiling rop-finder-classify v1.0.0
[INFO] [stderr]    Compiling rop-finder-chain v1.0.0
[INFO] [stderr]    Compiling rop-finder-api v1.0.0 (/opt/rustwide/workdir)
[INFO] [stderr]     Finished `release` profile [optimized] target(s) in 1m 35s
[INFO] running `Command { std: "docker" "inspect" "05c374a7e3ed016dec5b07557e07d67926f2ca919de58c2544069db0c261ea25", kill_on_drop: false }`
[INFO] running `Command { std: "docker" "exec" "-e" "SOURCE_DIR=/opt/rustwide/workdir" "-e" "CARGO_HOME=/opt/rustwide/cargo-home" "-e" "RUSTUP_HOME=/opt/rustwide/rustup-home" "-e" "CARGO_TARGET_DIR=/opt/rustwide/target" "-e" "CARGO_INCREMENTAL=0" "-e" "RUST_BACKTRACE=full" "-e" "RUSTFLAGS=--cap-lints=warn" "-e" "RUSTDOCFLAGS=--cap-lints=warn" "-w" "/opt/rustwide/workdir" "--user" "0:0" "05c374a7e3ed016dec5b07557e07d67926f2ca919de58c2544069db0c261ea25" "/opt/rustwide/cargo-home/bin/cargo" "+1.100.0-beta.1" "test" "--frozen" "--no-run" "--message-format=json" "--release", kill_on_drop: false }`
[INFO] [stderr]    Compiling rop-finder-api v1.0.0 (/opt/rustwide/workdir)
[INFO] [stderr]     Finished `release` profile [optimized] target(s) in 1.75s
[INFO] running `Command { std: "docker" "inspect" "05c374a7e3ed016dec5b07557e07d67926f2ca919de58c2544069db0c261ea25", kill_on_drop: false }`
[INFO] running `Command { std: "docker" "exec" "-e" "SOURCE_DIR=/opt/rustwide/workdir" "-e" "CARGO_HOME=/opt/rustwide/cargo-home" "-e" "RUSTUP_HOME=/opt/rustwide/rustup-home" "-e" "CARGO_TARGET_DIR=/opt/rustwide/target" "-e" "CARGO_INCREMENTAL=0" "-e" "RUST_BACKTRACE=full" "-e" "RUSTFLAGS=--cap-lints=warn" "-e" "RUSTDOCFLAGS=--cap-lints=warn" "-w" "/opt/rustwide/workdir" "--user" "0:0" "05c374a7e3ed016dec5b07557e07d67926f2ca919de58c2544069db0c261ea25" "/opt/rustwide/cargo-home/bin/cargo" "+1.100.0-beta.1" "test" "--frozen" "--release", kill_on_drop: false }`
[INFO] [stderr]     Finished `release` profile [optimized] target(s) in 0.07s
[INFO] [stderr]      Running unittests src/lib.rs (/opt/rustwide/target/release/build/rop-finder-api/102d35d70f9887c8/out/rf_api-102d35d70f9887c8)
[INFO] [stdout] 
[INFO] [stdout] running 15 tests
[INFO] [stdout] test info::tests::unknown_renders_as_a_string_not_a_boolean ... ok
[INFO] [stdout] test query::tests::pivot_is_the_stack_pivot_label ... ok
[INFO] [stdout] test query::tests::register_names_lose_their_sigil ... ok
[INFO] [stdout] test query::tests::terminator_vocabulary_accepts_both_spellings ... ok
[INFO] [stdout] test pe_exports::tests::every_truncation_of_a_pe_is_survivable ... FAILED
[INFO] [stdout] test query::tests::search_rejects_an_empty_pattern ... ok
[INFO] [stdout] test pe_exports::tests::the_shipped_executables_export_nothing ... FAILED
[INFO] [stdout] test info::tests::enabled_yes_and_no_stay_booleans ... ok
[INFO] [stdout] test query::tests::invalid_values_name_the_vocabulary ... ok
[INFO] [stdout] test pe_exports::tests::a_non_pe_has_no_exports ... ok
[INFO] [stdout] test query::tests::an_unknown_stack_delta_never_satisfies_a_bound ... ok
[INFO] [stdout] test query::tests::from_stack_requires_every_named_register_to_come_off_the_payload ... ok
[INFO] [stdout] test query::tests::register_flags_are_comma_separated_all_of_lists ... ok
[INFO] [stdout] test query::tests::search_matches_a_contiguous_subsequence ... ok
[INFO] [stdout] test query::tests::search_wildcards_and_metacharacters ... ok
[INFO] [stdout] 
[INFO] [stdout] failures:
[INFO] [stdout] 
[INFO] [stdout] ---- pe_exports::tests::every_truncation_of_a_pe_is_survivable stdout ----
[INFO] [stdout] 
[INFO] [stdout] thread 'pe_exports::tests::every_truncation_of_a_pe_is_survivable' (1192) panicked at src/pe_exports.rs:240:10:
[INFO] [stdout] called `Result::unwrap()` on an `Err` value: Os { code: 2, kind: NotFound, message: "No such file or directory" }
[INFO] [stdout] stack backtrace:
[INFO] [stdout]    0:     0x59b56fe1a291 - <<std[617be2ca0a6fd877]::sys::backtrace::BacktraceLock>::print::DisplayBacktrace as core[a373ad73a504971]::fmt::Display>::fmt
[INFO] [stdout]    1:     0x59b56fe304ea - core[a373ad73a504971]::fmt::write
[INFO] [stdout]    2:     0x59b56fe1e4ac - <alloc[2e1b2a31b91974c5]::vec::Vec<u8> as core[a373ad73a504971]::io::write::Write>::write_fmt
[INFO] [stdout]    3:     0x59b56fdf63e6 - std[617be2ca0a6fd877]::panicking::default_hook::{closure#0}
[INFO] [stdout]    4:     0x59b56fe12619 - std[617be2ca0a6fd877]::panicking::default_hook
[INFO] [stdout]    5:     0x59b56fbb2da0 - test[aada8e7e76ba119b]::test_main_inner::{closure#0}
[INFO] [stdout]    6:     0x59b56fe127d2 - std[617be2ca0a6fd877]::panicking::panic_with_hook
[INFO] [stdout]    7:     0x59b56fdf6492 - std[617be2ca0a6fd877]::panicking::panic_handler::{closure#0}
[INFO] [stdout]    8:     0x59b56fdef019 - std[617be2ca0a6fd877]::sys::backtrace::__rust_end_short_backtrace::<std[617be2ca0a6fd877]::panicking::panic_handler::{closure#0}, !>
[INFO] [stdout]    9:     0x59b56fdf709d - __rustc[ea4f61d10b84890b]::rust_begin_unwind
[INFO] [stdout]   10:     0x59b56fe30ccc - core[a373ad73a504971]::panicking::panic_fmt
[INFO] [stdout]   11:     0x59b56fe30aa2 - core[a373ad73a504971]::result::unwrap_failed
[INFO] [stdout]   12:     0x59b56fba5ecf - <rf_api[9872c3de8902cf38]::pe_exports::tests::every_truncation_of_a_pe_is_survivable::{closure#0} as core[a373ad73a504971]::ops::function::FnOnce<()>>::call_once
[INFO] [stdout]   13:     0x59b56fba61eb - test[aada8e7e76ba119b]::__rust_begin_short_backtrace::<core[a373ad73a504971]::result::Result<(), alloc[2e1b2a31b91974c5]::string::String>, fn() -> core[a373ad73a504971]::result::Result<(), alloc[2e1b2a31b91974c5]::string::String>>
[INFO] [stdout]   14:     0x59b56fbb33c5 - test[aada8e7e76ba119b]::run_test::{closure#0}
[INFO] [stdout]   15:     0x59b56fbaccb4 - std[617be2ca0a6fd877]::sys::backtrace::__rust_begin_short_backtrace::<test[aada8e7e76ba119b]::run_test::{closure#1}, ()>
[INFO] [stdout]   16:     0x59b56fbb6452 - <std[617be2ca0a6fd877]::thread::lifecycle::spawn_unchecked<test[aada8e7e76ba119b]::run_test::{closure#1}, ()>::{closure#1} as core[a373ad73a504971]::ops::function::FnOnce<()>>::call_once::{shim:vtable#0}
[INFO] [stdout]   17:     0x59b56fe197df - <std[617be2ca0a6fd877]::sys::thread::unix::Thread>::new::thread_start
[INFO] [stdout]   18:     0x7a9bf0fa9dfa - <unknown>
[INFO] [stdout]   19:     0x7a9bf103d3d4 - clone
[INFO] [stdout]   20:                0x0 - <unknown>
[INFO] [stdout] 
[INFO] [stdout] ---- pe_exports::tests::the_shipped_executables_export_nothing stdout ----
[INFO] [stdout] 
[INFO] [stdout] thread 'pe_exports::tests::the_shipped_executables_export_nothing' (1193) panicked at src/pe_exports.rs:224:14:
[INFO] [stdout] called `Result::unwrap()` on an `Err` value: Os { code: 2, kind: NotFound, message: "No such file or directory" }
[INFO] [stdout] stack backtrace:
[INFO] [stdout]    0:     0x59b56fe1a291 - <<std[617be2ca0a6fd877]::sys::backtrace::BacktraceLock>::print::DisplayBacktrace as core[a373ad73a504971]::fmt::Display>::fmt
[INFO] [stdout]    1:     0x59b56fe304ea - core[a373ad73a504971]::fmt::write
[INFO] [stdout]    2:     0x59b56fe1e4ac - <alloc[2e1b2a31b91974c5]::vec::Vec<u8> as core[a373ad73a504971]::io::write::Write>::write_fmt
[INFO] [stdout]    3:     0x59b56fdf63e6 - std[617be2ca0a6fd877]::panicking::default_hook::{closure#0}
[INFO] [stdout]    4:     0x59b56fe12619 - std[617be2ca0a6fd877]::panicking::default_hook
[INFO] [stdout]    5:     0x59b56fbb2da0 - test[aada8e7e76ba119b]::test_main_inner::{closure#0}
[INFO] [stdout]    6:     0x59b56fe127d2 - std[617be2ca0a6fd877]::panicking::panic_with_hook
[INFO] [stdout]    7:     0x59b56fdf6492 - std[617be2ca0a6fd877]::panicking::panic_handler::{closure#0}
[INFO] [stdout]    8:     0x59b56fdef019 - std[617be2ca0a6fd877]::sys::backtrace::__rust_end_short_backtrace::<std[617be2ca0a6fd877]::panicking::panic_handler::{closure#0}, !>
[INFO] [stdout]    9:     0x59b56fdf709d - __rustc[ea4f61d10b84890b]::rust_begin_unwind
[INFO] [stdout]   10:     0x59b56fe30ccc - core[a373ad73a504971]::panicking::panic_fmt
[INFO] [stdout]   11:     0x59b56fe30aa2 - core[a373ad73a504971]::result::unwrap_failed
[INFO] [stdout]   12:     0x59b56fba613b - <rf_api[9872c3de8902cf38]::pe_exports::tests::the_shipped_executables_export_nothing::{closure#0} as core[a373ad73a504971]::ops::function::FnOnce<()>>::call_once
[INFO] [stdout]   13:     0x59b56fba61eb - test[aada8e7e76ba119b]::__rust_begin_short_backtrace::<core[a373ad73a504971]::result::Result<(), alloc[2e1b2a31b91974c5]::string::String>, fn() -> core[a373ad73a504971]::result::Result<(), alloc[2e1b2a31b91974c5]::string::String>>
[INFO] [stdout]   14:     0x59b56fbb33c5 - test[aada8e7e76ba119b]::run_test::{closure#0}
[INFO] [stdout]   15:     0x59b56fbaccb4 - std[617be2ca0a6fd877]::sys::backtrace::__rust_begin_short_backtrace::<test[aada8e7e76ba119b]::run_test::{closure#1}, ()>
[INFO] [stdout]   16:     0x59b56fbb6452 - <std[617be2ca0a6fd877]::thread::lifecycle::spawn_unchecked<test[aada8e7e76ba119b]::run_test::{closure#1}, ()>::{closure#1} as core[a373ad73a504971]::ops::function::FnOnce<()>>::call_once::{shim:vtable#0}
[INFO] [stdout]   17:     0x59b56fe197df - <std[617be2ca0a6fd877]::sys::thread::unix::Thread>::new::thread_start
[INFO] [stdout]   18:     0x7a9bf0fa9dfa - <unknown>
[INFO] [stdout]   19:     0x7a9bf103d3d4 - clone
[INFO] [stdout]   20:                0x0 - <unknown>
[INFO] [stdout] 
[INFO] [stdout] 
[INFO] [stdout] failures:
[INFO] [stdout]     pe_exports::tests::every_truncation_of_a_pe_is_survivable
[INFO] [stdout]     pe_exports::tests::the_shipped_executables_export_nothing
[INFO] [stdout] 
[INFO] [stdout] test result: FAILED. 13 passed; 2 failed; 0 ignored; 0 measured; 0 filtered out; finished in 0.02s
[INFO] [stdout] 
[INFO] [stderr] error: test failed, to rerun pass `--lib`
[INFO] running `Command { std: "docker" "inspect" "05c374a7e3ed016dec5b07557e07d67926f2ca919de58c2544069db0c261ea25", kill_on_drop: false }`
[INFO] running `Command { std: "docker" "rm" "-f" "05c374a7e3ed016dec5b07557e07d67926f2ca919de58c2544069db0c261ea25", kill_on_drop: false }`
[INFO] [stdout] 05c374a7e3ed016dec5b07557e07d67926f2ca919de58c2544069db0c261ea25
