[INFO] fetching crate rootle-trace 0.12.2...
[INFO] testing rootle-trace-0.12.2 against 1.99.0-beta.8+cargoflags=--release for beta-release-1.100-2
[INFO] extracting crate rootle-trace 0.12.2 into /workspace/builds/worker-2-tc1/source
[INFO] started tweaking crates.io crate rootle-trace 0.12.2
[INFO] finished tweaking crates.io crate rootle-trace 0.12.2
[INFO] tweaked toml for crates.io crate rootle-trace 0.12.2 written to /workspace/builds/worker-2-tc1/source/Cargo.toml
[INFO] validating manifest of crates.io crate rootle-trace 0.12.2 on toolchain 1.99.0-beta.8
[INFO] running `Command { std: CARGO_HOME="/workspace/cargo-home" RUSTUP_HOME="/workspace/rustup-home" "/workspace/cargo-home/bin/cargo" "+1.99.0-beta.8" "metadata" "--manifest-path" "Cargo.toml" "--no-deps", kill_on_drop: false }`
[INFO] crate crates.io crate rootle-trace 0.12.2 already has a lockfile, it will not be regenerated
[INFO] running `Command { std: CARGO_HOME="/workspace/cargo-home" RUSTUP_HOME="/workspace/rustup-home" "/workspace/cargo-home/bin/cargo" "+1.99.0-beta.8" "fetch" "--manifest-path" "Cargo.toml", kill_on_drop: false }`
[INFO] running `Command { std: "docker" "create" "-v" "/var/lib/crater-agent-workspace/builds/worker-2-tc1/source:/opt/rustwide/workdir:ro,Z" "-v" "/var/lib/crater-agent-workspace/builds/worker-2-tc1/target:/opt/rustwide/target:rw,Z" "-v" "/var/lib/crater-agent-workspace/cargo-home:/opt/rustwide/cargo-home:ro,Z" "-v" "/var/lib/crater-agent-workspace/rustup-home:/opt/rustwide/rustup-home:ro,Z" "-m" "1610612736" "--network" "none" "ghcr.io/rust-lang/crates-build-env/linux@sha256:77db811e55d90add9212f6832c23229e3de5f1c1f9905e8cb07319ea15df73ac" "sleep" "infinity", kill_on_drop: false }`
[INFO] [stdout] 3b3594f106b15e6c28f32f81e5db1017e3e43fe8196b23d3c3af6167499a0cc9
[INFO] running `Command { std: "docker" "start" "3b3594f106b15e6c28f32f81e5db1017e3e43fe8196b23d3c3af6167499a0cc9", kill_on_drop: false }`
[INFO] running `Command { std: "docker" "inspect" "3b3594f106b15e6c28f32f81e5db1017e3e43fe8196b23d3c3af6167499a0cc9", kill_on_drop: false }`
[INFO] running `Command { std: "docker" "exec" "-e" "SOURCE_DIR=/opt/rustwide/workdir" "-e" "CARGO_HOME=/opt/rustwide/cargo-home" "-e" "RUSTUP_HOME=/opt/rustwide/rustup-home" "-e" "CARGO_TARGET_DIR=/opt/rustwide/target" "-w" "/opt/rustwide/workdir" "--user" "0:0" "3b3594f106b15e6c28f32f81e5db1017e3e43fe8196b23d3c3af6167499a0cc9" "/opt/rustwide/cargo-home/bin/cargo" "+1.99.0-beta.8" "metadata" "--no-deps" "--format-version=1", kill_on_drop: false }`
[INFO] running `Command { std: "docker" "inspect" "3b3594f106b15e6c28f32f81e5db1017e3e43fe8196b23d3c3af6167499a0cc9", kill_on_drop: false }`
[INFO] running `Command { std: "docker" "exec" "-e" "SOURCE_DIR=/opt/rustwide/workdir" "-e" "CARGO_HOME=/opt/rustwide/cargo-home" "-e" "RUSTUP_HOME=/opt/rustwide/rustup-home" "-e" "CARGO_TARGET_DIR=/opt/rustwide/target" "-e" "CARGO_INCREMENTAL=0" "-e" "RUST_BACKTRACE=full" "-e" "RUSTFLAGS=--cap-lints=warn" "-e" "RUSTDOCFLAGS=--cap-lints=warn" "-w" "/opt/rustwide/workdir" "--user" "0:0" "3b3594f106b15e6c28f32f81e5db1017e3e43fe8196b23d3c3af6167499a0cc9" "/opt/rustwide/cargo-home/bin/cargo" "+1.99.0-beta.8" "build" "--frozen" "--message-format=json" "--release", kill_on_drop: false }`
[INFO] [stderr]    Compiling thiserror-impl v2.0.20
[INFO] [stderr]    Compiling arc-swap v1.9.2
[INFO] [stderr]    Compiling thiserror v2.0.20
[INFO] [stderr]    Compiling rootle-trace v0.12.2 (/opt/rustwide/workdir)
[INFO] [stderr]     Finished `release` profile [optimized] target(s) in 3.18s
[INFO] running `Command { std: "docker" "inspect" "3b3594f106b15e6c28f32f81e5db1017e3e43fe8196b23d3c3af6167499a0cc9", kill_on_drop: false }`
[INFO] running `Command { std: "docker" "exec" "-e" "SOURCE_DIR=/opt/rustwide/workdir" "-e" "CARGO_HOME=/opt/rustwide/cargo-home" "-e" "RUSTUP_HOME=/opt/rustwide/rustup-home" "-e" "CARGO_TARGET_DIR=/opt/rustwide/target" "-e" "CARGO_INCREMENTAL=0" "-e" "RUST_BACKTRACE=full" "-e" "RUSTFLAGS=--cap-lints=warn" "-e" "RUSTDOCFLAGS=--cap-lints=warn" "-w" "/opt/rustwide/workdir" "--user" "0:0" "3b3594f106b15e6c28f32f81e5db1017e3e43fe8196b23d3c3af6167499a0cc9" "/opt/rustwide/cargo-home/bin/cargo" "+1.99.0-beta.8" "test" "--frozen" "--no-run" "--message-format=json" "--release", kill_on_drop: false }`
[INFO] [stderr]    Compiling rootle-trace v0.12.2 (/opt/rustwide/workdir)
[INFO] [stderr]     Finished `release` profile [optimized] target(s) in 3.61s
[INFO] running `Command { std: "docker" "inspect" "3b3594f106b15e6c28f32f81e5db1017e3e43fe8196b23d3c3af6167499a0cc9", kill_on_drop: false }`
[INFO] running `Command { std: "docker" "exec" "-e" "SOURCE_DIR=/opt/rustwide/workdir" "-e" "CARGO_HOME=/opt/rustwide/cargo-home" "-e" "RUSTUP_HOME=/opt/rustwide/rustup-home" "-e" "CARGO_TARGET_DIR=/opt/rustwide/target" "-e" "CARGO_INCREMENTAL=0" "-e" "RUST_BACKTRACE=full" "-e" "RUSTFLAGS=--cap-lints=warn" "-e" "RUSTDOCFLAGS=--cap-lints=warn" "-w" "/opt/rustwide/workdir" "--user" "0:0" "3b3594f106b15e6c28f32f81e5db1017e3e43fe8196b23d3c3af6167499a0cc9" "/opt/rustwide/cargo-home/bin/cargo" "+1.99.0-beta.8" "test" "--frozen" "--release", kill_on_drop: false }`
[INFO] [stderr]     Finished `release` profile [optimized] target(s) in 0.05s
[INFO] [stderr]      Running unittests src/lib.rs (/opt/rustwide/target/release/deps/rootle_trace-08e76922476ba55e)
[INFO] [stdout] 
[INFO] [stdout] running 17 tests
[INFO] [stdout] test context::tests::guard_restores_through_nested_work ... ok
[INFO] [stdout] test writer::tests::disk_failure_is_recorded_and_signaled_not_silenced ... ok
[INFO] [stdout] test writer::tests::terminal_marker_always_writes_within_reservation ... ok
[INFO] [stdout] test bounded::tests::oversize_write_fails_instead_of_truncating ... ok
[INFO] [stdout] test context::tests::thread_labels_are_stable_and_distinct ... ok
[INFO] [stdout] test tests::panic_state_and_policy_do_not_poison_the_next_session ... ok
[INFO] [stdout] test tests::abandoned_session_is_explicitly_incomplete ... ok
[INFO] [stdout] test tests::queue_overflow_is_a_visible_failure_not_a_silent_drop ... ok
[INFO] [stdout] test tests::operation_context_restores_through_unwind ... ok
[INFO] [stdout] test tests::lifecycle_is_exclusive_ordered_and_durable ... FAILED
[INFO] [stdout] test tests::invalid_limits_are_refused_before_any_file_exists ... ok
[INFO] [stdout] test tests::panic_capture_is_bounded_honest_and_content_gated ... ok
[INFO] [stdout] test tests::event_cap_ends_with_explicit_incomplete_terminal_marker ... ok
[INFO] [stdout] test tests::oversize_record_fails_visibly_and_stops_admission ... ok
[INFO] [stdout] test tests::prepared_full_payload_cannot_cross_into_a_later_metadata_session ... ok
[INFO] [stdout] test tests::shutdown_wait_is_bounded_not_hanging ... ok
[INFO] [stdout] test tests::panic_admission_never_blocks_on_a_dead_producer_lock ... ok
[INFO] [stdout] 
[INFO] [stdout] failures:
[INFO] [stdout] 
[INFO] [stdout] ---- tests::lifecycle_is_exclusive_ordered_and_durable stdout ----
[INFO] [stdout] 
[INFO] [stdout] thread 'tests::lifecycle_is_exclusive_ordered_and_durable' (256) panicked at src/tests.rs:80:22:
[INFO] [stdout] called `Result::unwrap()` on an `Err` value: Incomplete("capture queue full or writer unavailable")
[INFO] [stdout] stack backtrace:
[INFO] [stdout]    0:     0x5abde3c44c31 - <<std[70759c8f55707aa4]::sys::backtrace::BacktraceLock>::print::DisplayBacktrace as core[df12db4294e9bfd3]::fmt::Display>::fmt
[INFO] [stdout]    1:     0x5abde3c5a02a - core[df12db4294e9bfd3]::fmt::write
[INFO] [stdout]    2:     0x5abde3c4937c - <alloc[2182bb758b4b3781]::vec::Vec<u8> as core[df12db4294e9bfd3]::io::write::Write>::write_fmt
[INFO] [stdout]    3:     0x5abde3c1f7a6 - std[70759c8f55707aa4]::panicking::default_hook::{closure#0}
[INFO] [stdout]    4:     0x5abde3c3c619 - std[70759c8f55707aa4]::panicking::default_hook
[INFO] [stdout]    5:     0x5abde3bd4f60 - test[9d35eded1c95d3be]::test_main_inner::<test[9d35eded1c95d3be]::test_main_static::{closure#0}>::{closure#0}
[INFO] [stdout]    6:     0x5abde3c3c942 - std[70759c8f55707aa4]::panicking::panic_with_hook
[INFO] [stdout]    7:     0x5abde3c1f852 - std[70759c8f55707aa4]::panicking::panic_handler::{closure#0}
[INFO] [stdout]    8:     0x5abde3c18329 - std[70759c8f55707aa4]::sys::backtrace::__rust_end_short_backtrace::<std[70759c8f55707aa4]::panicking::panic_handler::{closure#0}, !>
[INFO] [stdout]    9:     0x5abde3c2044d - __rustc[8fa7c3cbc660c2b3]::rust_begin_unwind
[INFO] [stdout]   10:     0x5abde3c5a75c - core[df12db4294e9bfd3]::panicking::panic_fmt
[INFO] [stdout]   11:     0x5abde3c5a532 - core[df12db4294e9bfd3]::result::unwrap_failed
[INFO] [stdout]   12:     0x5abde3b98993 - rootle_trace[e8d13fe1c4ec50a9]::tests::lifecycle_is_exclusive_ordered_and_durable
[INFO] [stdout]   13:     0x5abde3ba40b9 - <rootle_trace[e8d13fe1c4ec50a9]::tests::lifecycle_is_exclusive_ordered_and_durable::{closure#0} as core[df12db4294e9bfd3]::ops::function::FnOnce<()>>::call_once
[INFO] [stdout]   14:     0x5abde3bc824b - test[9d35eded1c95d3be]::__rust_begin_short_backtrace::<core[df12db4294e9bfd3]::result::Result<(), alloc[2182bb758b4b3781]::string::String>, fn() -> core[df12db4294e9bfd3]::result::Result<(), alloc[2182bb758b4b3781]::string::String>>
[INFO] [stdout]   15:     0x5abde3bd58b5 - test[9d35eded1c95d3be]::run_test::{closure#0}
[INFO] [stdout]   16:     0x5abde3bcf174 - std[70759c8f55707aa4]::sys::backtrace::__rust_begin_short_backtrace::<test[9d35eded1c95d3be]::run_test::{closure#1}, ()>
[INFO] [stdout]   17:     0x5abde3bd8a12 - <std[70759c8f55707aa4]::thread::lifecycle::spawn_unchecked<test[9d35eded1c95d3be]::run_test::{closure#1}, ()>::{closure#1} as core[df12db4294e9bfd3]::ops::function::FnOnce<()>>::call_once::{shim:vtable#0}
[INFO] [stdout]   18:     0x5abde3c44189 - <std[70759c8f55707aa4]::sys::thread::unix::Thread>::new::thread_start
[INFO] [stdout]   19:     0x7f45076f6dfa - <unknown>
[INFO] [stdout]   20:     0x7f450778a3d4 - clone
[INFO] [stdout]   21:                0x0 - <unknown>
[INFO] [stdout] 
[INFO] [stdout] 
[INFO] [stdout] failures:
[INFO] [stdout]     tests::lifecycle_is_exclusive_ordered_and_durable
[INFO] [stdout] 
[INFO] [stdout] test result: FAILED. 16 passed; 1 failed; 0 ignored; 0 measured; 0 filtered out; finished in 0.78s
[INFO] [stdout] 
[INFO] [stderr] error: test failed, to rerun pass `--lib`
[INFO] running `Command { std: "docker" "inspect" "3b3594f106b15e6c28f32f81e5db1017e3e43fe8196b23d3c3af6167499a0cc9", kill_on_drop: false }`
[INFO] running `Command { std: "docker" "rm" "-f" "3b3594f106b15e6c28f32f81e5db1017e3e43fe8196b23d3c3af6167499a0cc9", kill_on_drop: false }`
[INFO] [stdout] 3b3594f106b15e6c28f32f81e5db1017e3e43fe8196b23d3c3af6167499a0cc9
