[INFO] fetching crate roosterteeth_rs 0.3.1...
[INFO] testing roosterteeth_rs-0.3.1 against 1.99.0-beta.8+cargoflags=--release for beta-release-1.100-2
[INFO] extracting crate roosterteeth_rs 0.3.1 into /workspace/builds/worker-1-tc1/source
[INFO] started tweaking crates.io crate roosterteeth_rs 0.3.1
[INFO] finished tweaking crates.io crate roosterteeth_rs 0.3.1
[INFO] tweaked toml for crates.io crate roosterteeth_rs 0.3.1 written to /workspace/builds/worker-1-tc1/source/Cargo.toml
[INFO] validating manifest of crates.io crate roosterteeth_rs 0.3.1 on toolchain 1.99.0-beta.8
[INFO] running `Command { std: CARGO_HOME="/workspace/cargo-home" RUSTUP_HOME="/workspace/rustup-home" "/workspace/cargo-home/bin/cargo" "+1.99.0-beta.8" "metadata" "--manifest-path" "Cargo.toml" "--no-deps", kill_on_drop: false }`
[INFO] running `Command { std: CARGO_HOME="/workspace/cargo-home" RUSTUP_HOME="/workspace/rustup-home" "/workspace/cargo-home/bin/cargo" "+1.99.0-beta.8" "generate-lockfile" "--manifest-path" "Cargo.toml", kill_on_drop: false }`
[INFO] [stderr]     Updating crates.io index
[INFO] [stderr]      Locking 160 packages to highest compatible versions
[INFO] [stderr]       Adding reqwest v0.11.27 (available: v0.13.5)
[INFO] running `Command { std: CARGO_HOME="/workspace/cargo-home" RUSTUP_HOME="/workspace/rustup-home" "/workspace/cargo-home/bin/cargo" "+1.99.0-beta.8" "fetch" "--manifest-path" "Cargo.toml", kill_on_drop: false }`
[INFO] running `Command { std: "docker" "create" "-v" "/var/lib/crater-agent-workspace/builds/worker-1-tc1/source:/opt/rustwide/workdir:ro,Z" "-v" "/var/lib/crater-agent-workspace/builds/worker-1-tc1/target:/opt/rustwide/target:rw,Z" "-v" "/var/lib/crater-agent-workspace/cargo-home:/opt/rustwide/cargo-home:ro,Z" "-v" "/var/lib/crater-agent-workspace/rustup-home:/opt/rustwide/rustup-home:ro,Z" "-m" "1610612736" "--network" "none" "ghcr.io/rust-lang/crates-build-env/linux@sha256:77db811e55d90add9212f6832c23229e3de5f1c1f9905e8cb07319ea15df73ac" "sleep" "infinity", kill_on_drop: false }`
[INFO] [stdout] 310c7ec4c96c6169474239e157604b8442632581baf739142bbddf2eaead4178
[INFO] running `Command { std: "docker" "start" "310c7ec4c96c6169474239e157604b8442632581baf739142bbddf2eaead4178", kill_on_drop: false }`
[INFO] running `Command { std: "docker" "inspect" "310c7ec4c96c6169474239e157604b8442632581baf739142bbddf2eaead4178", kill_on_drop: false }`
[INFO] running `Command { std: "docker" "exec" "-e" "SOURCE_DIR=/opt/rustwide/workdir" "-e" "CARGO_HOME=/opt/rustwide/cargo-home" "-e" "RUSTUP_HOME=/opt/rustwide/rustup-home" "-e" "CARGO_TARGET_DIR=/opt/rustwide/target" "-w" "/opt/rustwide/workdir" "--user" "0:0" "310c7ec4c96c6169474239e157604b8442632581baf739142bbddf2eaead4178" "/opt/rustwide/cargo-home/bin/cargo" "+1.99.0-beta.8" "metadata" "--no-deps" "--format-version=1", kill_on_drop: false }`
[INFO] running `Command { std: "docker" "inspect" "310c7ec4c96c6169474239e157604b8442632581baf739142bbddf2eaead4178", kill_on_drop: false }`
[INFO] running `Command { std: "docker" "exec" "-e" "SOURCE_DIR=/opt/rustwide/workdir" "-e" "CARGO_HOME=/opt/rustwide/cargo-home" "-e" "RUSTUP_HOME=/opt/rustwide/rustup-home" "-e" "CARGO_TARGET_DIR=/opt/rustwide/target" "-e" "CARGO_INCREMENTAL=0" "-e" "RUST_BACKTRACE=full" "-e" "RUSTFLAGS=--cap-lints=warn" "-e" "RUSTDOCFLAGS=--cap-lints=warn" "-w" "/opt/rustwide/workdir" "--user" "0:0" "310c7ec4c96c6169474239e157604b8442632581baf739142bbddf2eaead4178" "/opt/rustwide/cargo-home/bin/cargo" "+1.99.0-beta.8" "build" "--frozen" "--message-format=json" "--release", kill_on_drop: false }`
[INFO] [stderr]    Compiling syn v3.0.9
[INFO] [stderr]    Compiling openssl-macros v0.1.1
[INFO] [stderr]    Compiling socket2 v0.6.5
[INFO] [stderr]    Compiling mio v1.2.4
[INFO] [stderr]    Compiling futures-util v0.3.34
[INFO] [stderr]    Compiling socket2 v0.5.10
[INFO] [stderr]    Compiling serde_json v1.0.154
[INFO] [stderr]    Compiling openssl v0.10.81
[INFO] [stderr]    Compiling tokio v1.53.3
[INFO] [stderr]    Compiling native-tls v0.2.18
[INFO] [stderr]    Compiling synstructure v0.14.0
[INFO] [stderr]    Compiling zerovec-derive v0.11.6
[INFO] [stderr]    Compiling displaydoc v0.2.7
[INFO] [stderr]    Compiling serde_derive v1.0.229
[INFO] [stderr]    Compiling zerofrom-derive v0.1.8
[INFO] [stderr]    Compiling yoke-derive v0.8.4
[INFO] [stderr]    Compiling tokio-util v0.7.20
[INFO] [stderr]    Compiling tokio-native-tls v0.3.1
[INFO] [stderr]    Compiling zerofrom v0.1.8
[INFO] [stderr]    Compiling yoke v0.8.3
[INFO] [stderr]    Compiling zerovec v0.11.8
[INFO] [stderr]    Compiling zerotrie v0.2.5
[INFO] [stderr]    Compiling h2 v0.3.27
[INFO] [stderr]    Compiling tinystr v0.8.4
[INFO] [stderr]    Compiling potential_utf v0.1.6
[INFO] [stderr]    Compiling icu_collections v2.3.0
[INFO] [stderr]    Compiling icu_locale_core v2.3.0
[INFO] [stderr]    Compiling serde v1.0.229
[INFO] [stderr]    Compiling serde_urlencoded v0.7.1
[INFO] [stderr]    Compiling chrono v0.4.45
[INFO] [stderr]    Compiling icu_provider v2.3.1
[INFO] [stderr]    Compiling icu_normalizer v2.3.0
[INFO] [stderr]    Compiling icu_properties v2.3.0
[INFO] [stderr]    Compiling hyper v0.14.32
[INFO] [stderr]    Compiling idna_adapter v1.2.2
[INFO] [stderr]    Compiling idna v1.1.0
[INFO] [stderr]    Compiling url v2.5.8
[INFO] [stderr]    Compiling hyper-tls v0.5.0
[INFO] [stderr]    Compiling reqwest v0.11.27
[INFO] [stderr]    Compiling roosterteeth_rs v0.3.1 (/opt/rustwide/workdir)
[INFO] [stdout] warning: multiple fields are never read
[INFO] [stdout]   --> src/requests.rs:52:2
[INFO] [stdout]    |
[INFO] [stdout] 50 | struct Token {
[INFO] [stdout]    |        ----- fields in this struct
[INFO] [stdout] 51 |     access_token: String,
[INFO] [stdout] 52 |     token_type: String,
[INFO] [stdout]    |     ^^^^^^^^^^
[INFO] [stdout] 53 |     expires_in: u32,
[INFO] [stdout]    |     ^^^^^^^^^^
[INFO] [stdout] 54 |     refresh_token: String,
[INFO] [stdout]    |     ^^^^^^^^^^^^^
[INFO] [stdout] 55 |     scope: String,
[INFO] [stdout]    |     ^^^^^
[INFO] [stdout] 56 |     created_at: u32,
[INFO] [stdout]    |     ^^^^^^^^^^
[INFO] [stdout] 57 |     user_id: u32,
[INFO] [stdout]    |     ^^^^^^^
[INFO] [stdout] 58 |     uuid: String,
[INFO] [stdout]    |     ^^^^
[INFO] [stdout]    |
[INFO] [stdout]    = note: `Token` has a derived impl for the trait `Debug`, but this is intentionally ignored during dead code analysis
[INFO] [stdout]    = note: `#[warn(dead_code)]` (part of `#[warn(unused)]`) on by default
[INFO] [stdout] 
[INFO] [stdout] 
[INFO] [stderr]     Finished `release` profile [optimized] target(s) in 55.92s
[INFO] running `Command { std: "docker" "inspect" "310c7ec4c96c6169474239e157604b8442632581baf739142bbddf2eaead4178", kill_on_drop: false }`
[INFO] running `Command { std: "docker" "exec" "-e" "SOURCE_DIR=/opt/rustwide/workdir" "-e" "CARGO_HOME=/opt/rustwide/cargo-home" "-e" "RUSTUP_HOME=/opt/rustwide/rustup-home" "-e" "CARGO_TARGET_DIR=/opt/rustwide/target" "-e" "CARGO_INCREMENTAL=0" "-e" "RUST_BACKTRACE=full" "-e" "RUSTFLAGS=--cap-lints=warn" "-e" "RUSTDOCFLAGS=--cap-lints=warn" "-w" "/opt/rustwide/workdir" "--user" "0:0" "310c7ec4c96c6169474239e157604b8442632581baf739142bbddf2eaead4178" "/opt/rustwide/cargo-home/bin/cargo" "+1.99.0-beta.8" "test" "--frozen" "--no-run" "--message-format=json" "--release", kill_on_drop: false }`
[INFO] [stderr]    Compiling roosterteeth_rs v0.3.1 (/opt/rustwide/workdir)
[INFO] [stdout] warning: multiple fields are never read
[INFO] [stdout]   --> src/requests.rs:52:2
[INFO] [stdout]    |
[INFO] [stdout] 50 | struct Token {
[INFO] [stdout]    |        ----- fields in this struct
[INFO] [stdout] 51 |     access_token: String,
[INFO] [stdout] 52 |     token_type: String,
[INFO] [stdout]    |     ^^^^^^^^^^
[INFO] [stdout] 53 |     expires_in: u32,
[INFO] [stdout]    |     ^^^^^^^^^^
[INFO] [stdout] 54 |     refresh_token: String,
[INFO] [stdout]    |     ^^^^^^^^^^^^^
[INFO] [stdout] 55 |     scope: String,
[INFO] [stdout]    |     ^^^^^
[INFO] [stdout] 56 |     created_at: u32,
[INFO] [stdout]    |     ^^^^^^^^^^
[INFO] [stdout] 57 |     user_id: u32,
[INFO] [stdout]    |     ^^^^^^^
[INFO] [stdout] 58 |     uuid: String,
[INFO] [stdout]    |     ^^^^
[INFO] [stdout]    |
[INFO] [stdout]    = note: `Token` has a derived impl for the trait `Debug`, but this is intentionally ignored during dead code analysis
[INFO] [stdout]    = note: `#[warn(dead_code)]` (part of `#[warn(unused)]`) on by default
[INFO] [stdout] 
[INFO] [stdout] 
[INFO] [stdout] warning: multiple fields are never read
[INFO] [stdout]   --> src/requests.rs:52:2
[INFO] [stdout]    |
[INFO] [stdout] 50 | struct Token {
[INFO] [stdout]    |        ----- fields in this struct
[INFO] [stdout] 51 |     access_token: String,
[INFO] [stdout] 52 |     token_type: String,
[INFO] [stdout]    |     ^^^^^^^^^^
[INFO] [stdout] 53 |     expires_in: u32,
[INFO] [stdout]    |     ^^^^^^^^^^
[INFO] [stdout] 54 |     refresh_token: String,
[INFO] [stdout]    |     ^^^^^^^^^^^^^
[INFO] [stdout] 55 |     scope: String,
[INFO] [stdout]    |     ^^^^^
[INFO] [stdout] 56 |     created_at: u32,
[INFO] [stdout]    |     ^^^^^^^^^^
[INFO] [stdout] 57 |     user_id: u32,
[INFO] [stdout]    |     ^^^^^^^
[INFO] [stdout] 58 |     uuid: String,
[INFO] [stdout]    |     ^^^^
[INFO] [stdout]    |
[INFO] [stdout]    = note: `Token` has a derived impl for the trait `Debug`, but this is intentionally ignored during dead code analysis
[INFO] [stdout]    = note: `#[warn(dead_code)]` (part of `#[warn(unused)]`) on by default
[INFO] [stdout] 
[INFO] [stdout] 
[INFO] [stderr]     Finished `release` profile [optimized] target(s) in 9.07s
[INFO] running `Command { std: "docker" "inspect" "310c7ec4c96c6169474239e157604b8442632581baf739142bbddf2eaead4178", kill_on_drop: false }`
[INFO] running `Command { std: "docker" "exec" "-e" "SOURCE_DIR=/opt/rustwide/workdir" "-e" "CARGO_HOME=/opt/rustwide/cargo-home" "-e" "RUSTUP_HOME=/opt/rustwide/rustup-home" "-e" "CARGO_TARGET_DIR=/opt/rustwide/target" "-e" "CARGO_INCREMENTAL=0" "-e" "RUST_BACKTRACE=full" "-e" "RUSTFLAGS=--cap-lints=warn" "-e" "RUSTDOCFLAGS=--cap-lints=warn" "-w" "/opt/rustwide/workdir" "--user" "0:0" "310c7ec4c96c6169474239e157604b8442632581baf739142bbddf2eaead4178" "/opt/rustwide/cargo-home/bin/cargo" "+1.99.0-beta.8" "test" "--frozen" "--release", kill_on_drop: false }`
[INFO] [stderr] warning: multiple fields are never read
[INFO] [stderr]   --> src/requests.rs:52:2
[INFO] [stderr]    |
[INFO] [stderr] 50 | struct Token {
[INFO] [stderr]    |        ----- fields in this struct
[INFO] [stderr] 51 |     access_token: String,
[INFO] [stderr] 52 |     token_type: String,
[INFO] [stderr]    |     ^^^^^^^^^^
[INFO] [stderr] 53 |     expires_in: u32,
[INFO] [stderr]    |     ^^^^^^^^^^
[INFO] [stderr] 54 |     refresh_token: String,
[INFO] [stderr]    |     ^^^^^^^^^^^^^
[INFO] [stderr] 55 |     scope: String,
[INFO] [stderr]    |     ^^^^^
[INFO] [stderr] 56 |     created_at: u32,
[INFO] [stderr]    |     ^^^^^^^^^^
[INFO] [stderr] 57 |     user_id: u32,
[INFO] [stderr]    |     ^^^^^^^
[INFO] [stderr] 58 |     uuid: String,
[INFO] [stderr]    |     ^^^^
[INFO] [stderr]    |
[INFO] [stderr]    = note: `Token` has a derived impl for the trait `Debug`, but this is intentionally ignored during dead code analysis
[INFO] [stderr]    = note: `#[warn(dead_code)]` (part of `#[warn(unused)]`) on by default
[INFO] [stderr] 
[INFO] [stderr] warning: `roosterteeth_rs` (lib) generated 1 warning
[INFO] [stderr] warning: `roosterteeth_rs` (lib test) generated 1 warning (1 duplicate)
[INFO] [stderr]     Finished `release` profile [optimized] target(s) in 0.13s
[INFO] [stderr]      Running unittests src/lib.rs (/opt/rustwide/target/release/deps/roosterteeth_rs-1ab2495fd8173b16)
[INFO] [stdout] 
[INFO] [stdout] running 9 tests
[INFO] [stdout] test tests::list_channels ... FAILED
[INFO] [stdout] test tests::process_new_videos ... FAILED
[INFO] [stdout] test tests::get_season_episodes ... FAILED
[INFO] [stdout] test tests::list_episodes ... FAILED
[INFO] [stdout] test tests::get_video ... FAILED
[INFO] [stdout] test tests::get_series ... FAILED
[INFO] [stdout] test tests::get_episode ... FAILED
[INFO] [stdout] test tests::list_series ... FAILED
[INFO] [stdout] test tests::get_seasons ... FAILED
[INFO] [stdout] 
[INFO] [stdout] failures:
[INFO] [stdout] 
[INFO] [stdout] ---- tests::list_channels stdout ----
[INFO] [stdout] 
[INFO] [stdout] thread 'tests::list_channels' (925) panicked at src/requests.rs:122:67:
[INFO] [stdout] called `Result::unwrap()` on an `Err` value: reqwest::Error { kind: Request, url: Url { scheme: "https", cannot_be_a_base: false, username: "", password: None, host: Some(Domain("svod-be.roosterteeth.com")), port: None, path: "/api/v1/channels", query: None, fragment: None }, source: hyper::Error(Connect, ConnectError("dns error", Custom { kind: Uncategorized, error: "failed to lookup address information: Temporary failure in name resolution" })) }
[INFO] [stdout] stack backtrace:
[INFO] [stdout]    0:     0x56256a67ec41 - <<std[70759c8f55707aa4]::sys::backtrace::BacktraceLock>::print::DisplayBacktrace as core[df12db4294e9bfd3]::fmt::Display>::fmt
[INFO] [stdout]    1:     0x56256a694b2a - core[df12db4294e9bfd3]::fmt::write
[INFO] [stdout]    2:     0x56256a6836ec - <alloc[2182bb758b4b3781]::vec::Vec<u8> as core[df12db4294e9bfd3]::io::write::Write>::write_fmt
[INFO] [stdout]    3:     0x56256a659f06 - std[70759c8f55707aa4]::panicking::default_hook::{closure#0}
[INFO] [stdout]    4:     0x56256a676af9 - std[70759c8f55707aa4]::panicking::default_hook
[INFO] [stdout]    5:     0x56256a4d2300 - test[9d35eded1c95d3be]::test_main_inner::<test[9d35eded1c95d3be]::test_main_static::{closure#0}>::{closure#0}
[INFO] [stdout]    6:     0x56256a676e22 - std[70759c8f55707aa4]::panicking::panic_with_hook
[INFO] [stdout]    7:     0x56256a659fb2 - std[70759c8f55707aa4]::panicking::panic_handler::{closure#0}
[INFO] [stdout]    8:     0x56256a652c59 - std[70759c8f55707aa4]::sys::backtrace::__rust_end_short_backtrace::<std[70759c8f55707aa4]::panicking::panic_handler::{closure#0}, !>
[INFO] [stdout]    9:     0x56256a65ad9d - __rustc[8fa7c3cbc660c2b3]::rust_begin_unwind
[INFO] [stdout]   10:     0x56256a69528c - core[df12db4294e9bfd3]::panicking::panic_fmt
[INFO] [stdout]   11:     0x56256a695062 - core[df12db4294e9bfd3]::result::unwrap_failed
[INFO] [stdout]   12:     0x56256a4b43cb - <roosterteeth_rs[8ef507f45cf18fb6]::requests::Requests>::list_channels
[INFO] [stdout]   13:     0x56256a4c4996 - roosterteeth_rs[8ef507f45cf18fb6]::tests::list_channels
[INFO] [stdout]   14:     0x56256a4b1789 - <roosterteeth_rs[8ef507f45cf18fb6]::tests::list_channels::{closure#0} as core[df12db4294e9bfd3]::ops::function::FnOnce<()>>::call_once
[INFO] [stdout]   15:     0x56256a4c55eb - test[9d35eded1c95d3be]::__rust_begin_short_backtrace::<core[df12db4294e9bfd3]::result::Result<(), alloc[2182bb758b4b3781]::string::String>, fn() -> core[df12db4294e9bfd3]::result::Result<(), alloc[2182bb758b4b3781]::string::String>>
[INFO] [stdout]   16:     0x56256a4d2c55 - test[9d35eded1c95d3be]::run_test::{closure#0}
[INFO] [stdout]   17:     0x56256a4cc514 - std[70759c8f55707aa4]::sys::backtrace::__rust_begin_short_backtrace::<test[9d35eded1c95d3be]::run_test::{closure#1}, ()>
[INFO] [stdout]   18:     0x56256a4d5db2 - <std[70759c8f55707aa4]::thread::lifecycle::spawn_unchecked<test[9d35eded1c95d3be]::run_test::{closure#1}, ()>::{closure#1} as core[df12db4294e9bfd3]::ops::function::FnOnce<()>>::call_once::{shim:vtable#0}
[INFO] [stdout]   19:     0x56256a67e169 - <std[70759c8f55707aa4]::sys::thread::unix::Thread>::new::thread_start
[INFO] [stdout]   20:     0x7035c291cdfa - <unknown>
[INFO] [stdout]   21:     0x7035c29b03d4 - clone
[INFO] [stdout]   22:                0x0 - <unknown>
[INFO] [stdout] 
[INFO] [stdout] ---- tests::process_new_videos stdout ----
[INFO] [stdout] 
[INFO] [stdout] thread 'tests::process_new_videos' (931) panicked at src/requests.rs:171:66:
[INFO] [stdout] called `Result::unwrap()` on an `Err` value: reqwest::Error { kind: Request, url: Url { scheme: "https", cannot_be_a_base: false, username: "", password: None, host: Some(Domain("svod-be.roosterteeth.com")), port: None, path: "/api/v1/shows/rt-animated-adventures/seasons", query: Some("order=desc"), fragment: None }, source: hyper::Error(Connect, ConnectError("dns error", Custom { kind: Uncategorized, error: "failed to lookup address information: Temporary failure in name resolution" })) }
[INFO] [stdout] stack backtrace:
[INFO] [stdout]    0:     0x56256a67ec41 - <<std[70759c8f55707aa4]::sys::backtrace::BacktraceLock>::print::DisplayBacktrace as core[df12db4294e9bfd3]::fmt::Display>::fmt
[INFO] [stdout]    1:     0x56256a694b2a - core[df12db4294e9bfd3]::fmt::write
[INFO] [stdout]    2:     0x56256a6836ec - <alloc[2182bb758b4b3781]::vec::Vec<u8> as core[df12db4294e9bfd3]::io::write::Write>::write_fmt
[INFO] [stdout]    3:     0x56256a659f06 - std[70759c8f55707aa4]::panicking::default_hook::{closure#0}
[INFO] [stdout]    4:     0x56256a676af9 - std[70759c8f55707aa4]::panicking::default_hook
[INFO] [stdout]    5:     0x56256a4d2300 - test[9d35eded1c95d3be]::test_main_inner::<test[9d35eded1c95d3be]::test_main_static::{closure#0}>::{closure#0}
[INFO] [stdout]    6:     0x56256a676e22 - std[70759c8f55707aa4]::panicking::panic_with_hook
[INFO] [stdout]    7:     0x56256a659fb2 - std[70759c8f55707aa4]::panicking::panic_handler::{closure#0}
[INFO] [stdout]    8:     0x56256a652c59 - std[70759c8f55707aa4]::sys::backtrace::__rust_end_short_backtrace::<std[70759c8f55707aa4]::panicking::panic_handler::{closure#0}, !>
[INFO] [stdout]    9:     0x56256a65ad9d - __rustc[8fa7c3cbc660c2b3]::rust_begin_unwind
[INFO] [stdout]   10:     0x56256a69528c - core[df12db4294e9bfd3]::panicking::panic_fmt
[INFO] [stdout]   11:     0x56256a695062 - core[df12db4294e9bfd3]::result::unwrap_failed
[INFO] [stdout]   12:     0x56256a4b3f43 - <roosterteeth_rs[8ef507f45cf18fb6]::requests::Requests>::get_seasons
[INFO] [stdout]   13:     0x56256a4c4e37 - roosterteeth_rs[8ef507f45cf18fb6]::tests::process_new_videos
[INFO] [stdout]   14:     0x56256a4b17c9 - <roosterteeth_rs[8ef507f45cf18fb6]::tests::process_new_videos::{closure#0} as core[df12db4294e9bfd3]::ops::function::FnOnce<()>>::call_once
[INFO] [stdout]   15:     0x56256a4c55eb - test[9d35eded1c95d3be]::__rust_begin_short_backtrace::<core[df12db4294e9bfd3]::result::Result<(), alloc[2182bb758b4b3781]::string::String>, fn() -> core[df12db4294e9bfd3]::result::Result<(), alloc[2182bb758b4b3781]::string::String>>
[INFO] [stdout]   16:     0x56256a4d2c55 - test[9d35eded1c95d3be]::run_test::{closure#0}
[INFO] [stdout]   17:     0x56256a4cc514 - std[70759c8f55707aa4]::sys::backtrace::__rust_begin_short_backtrace::<test[9d35eded1c95d3be]::run_test::{closure#1}, ()>
[INFO] [stdout]   18:     0x56256a4d5db2 - <std[70759c8f55707aa4]::thread::lifecycle::spawn_unchecked<test[9d35eded1c95d3be]::run_test::{closure#1}, ()>::{closure#1} as core[df12db4294e9bfd3]::ops::function::FnOnce<()>>::call_once::{shim:vtable#0}
[INFO] [stdout]   19:     0x56256a67e169 - <std[70759c8f55707aa4]::sys::thread::unix::Thread>::new::thread_start
[INFO] [stdout]   20:     0x7035c291cdfa - <unknown>
[INFO] [stdout]   21:     0x7035c29b03d4 - clone
[INFO] [stdout]   22:                0x0 - <unknown>
[INFO] [stdout] 
[INFO] [stdout] ---- tests::get_season_episodes stdout ----
[INFO] [stdout] 
[INFO] [stdout] thread 'tests::get_season_episodes' (921) panicked at src/requests.rs:189:67:
[INFO] [stdout] called `Result::unwrap()` on an `Err` value: reqwest::Error { kind: Request, url: Url { scheme: "https", cannot_be_a_base: false, username: "", password: None, host: Some(Domain("svod-be.roosterteeth.com")), port: None, path: "/api/v1/seasons/red-vs-blue-season-1/episodes", query: Some("order=asc&per_page=100"), fragment: None }, source: hyper::Error(Connect, ConnectError("dns error", Custom { kind: Uncategorized, error: "failed to lookup address information: Temporary failure in name resolution" })) }
[INFO] [stdout] stack backtrace:
[INFO] [stdout]    0:     0x56256a67ec41 - <<std[70759c8f55707aa4]::sys::backtrace::BacktraceLock>::print::DisplayBacktrace as core[df12db4294e9bfd3]::fmt::Display>::fmt
[INFO] [stdout]    1:     0x56256a694b2a - core[df12db4294e9bfd3]::fmt::write
[INFO] [stdout]    2:     0x56256a6836ec - <alloc[2182bb758b4b3781]::vec::Vec<u8> as core[df12db4294e9bfd3]::io::write::Write>::write_fmt
[INFO] [stdout]    3:     0x56256a659f06 - std[70759c8f55707aa4]::panicking::default_hook::{closure#0}
[INFO] [stdout]    4:     0x56256a676af9 - std[70759c8f55707aa4]::panicking::default_hook
[INFO] [stdout]    5:     0x56256a4d2300 - test[9d35eded1c95d3be]::test_main_inner::<test[9d35eded1c95d3be]::test_main_static::{closure#0}>::{closure#0}
[INFO] [stdout]    6:     0x56256a676e22 - std[70759c8f55707aa4]::panicking::panic_with_hook
[INFO] [stdout]    7:     0x56256a659fb2 - std[70759c8f55707aa4]::panicking::panic_handler::{closure#0}
[INFO] [stdout]    8:     0x56256a652c59 - std[70759c8f55707aa4]::sys::backtrace::__rust_end_short_backtrace::<std[70759c8f55707aa4]::panicking::panic_handler::{closure#0}, !>
[INFO] [stdout]    9:     0x56256a65ad9d - __rustc[8fa7c3cbc660c2b3]::rust_begin_unwind
[INFO] [stdout]   10:     0x56256a69528c - core[df12db4294e9bfd3]::panicking::panic_fmt
[INFO] [stdout]   11:     0x56256a695062 - core[df12db4294e9bfd3]::result::unwrap_failed
[INFO] [stdout]   12:     0x56256a4b48d0 - <roosterteeth_rs[8ef507f45cf18fb6]::requests::Requests>::get_season_episodes
[INFO] [stdout]   13:     0x56256a4c5135 - roosterteeth_rs[8ef507f45cf18fb6]::tests::get_season_episodes
[INFO] [stdout]   14:     0x56256a4b17e9 - <roosterteeth_rs[8ef507f45cf18fb6]::tests::get_season_episodes::{closure#0} as core[df12db4294e9bfd3]::ops::function::FnOnce<()>>::call_once
[INFO] [stdout]   15:     0x56256a4c55eb - test[9d35eded1c95d3be]::__rust_begin_short_backtrace::<core[df12db4294e9bfd3]::result::Result<(), alloc[2182bb758b4b3781]::string::String>, fn() -> core[df12db4294e9bfd3]::result::Result<(), alloc[2182bb758b4b3781]::string::String>>
[INFO] [stdout]   16:     0x56256a4d2c55 - test[9d35eded1c95d3be]::run_test::{closure#0}
[INFO] [stdout]   17:     0x56256a4cc514 - std[70759c8f55707aa4]::sys::backtrace::__rust_begin_short_backtrace::<test[9d35eded1c95d3be]::run_test::{closure#1}, ()>
[INFO] [stdout]   18:     0x56256a4d5db2 - <std[70759c8f55707aa4]::thread::lifecycle::spawn_unchecked<test[9d35eded1c95d3be]::run_test::{closure#1}, ()>::{closure#1} as core[df12db4294e9bfd3]::ops::function::FnOnce<()>>::call_once::{shim:vtable#0}
[INFO] [stdout]   19:     0x56256a67e169 - <std[70759c8f55707aa4]::sys::thread::unix::Thread>::new::thread_start
[INFO] [stdout]   20:     0x7035c291cdfa - <unknown>
[INFO] [stdout]   21:     0x7035c29b03d4 - clone
[INFO] [stdout]   22:                0x0 - <unknown>
[INFO] [stdout] 
[INFO] [stdout] ---- tests::list_episodes stdout ----
[INFO] [stdout] 
[INFO] [stdout] thread 'tests::list_episodes' (926) panicked at src/requests.rs:141:67:
[INFO] [stdout] called `Result::unwrap()` on an `Err` value: reqwest::Error { kind: Request, url: Url { scheme: "https", cannot_be_a_base: false, username: "", password: None, host: Some(Domain("svod-be.roosterteeth.com")), port: None, path: "/api/v1/episodes", query: Some("per_page=100&order=asc&page=1"), fragment: None }, source: hyper::Error(Connect, ConnectError("dns error", Custom { kind: Uncategorized, error: "failed to lookup address information: Temporary failure in name resolution" })) }
[INFO] [stdout] stack backtrace:
[INFO] [stdout]    0:     0x56256a67ec41 - <<std[70759c8f55707aa4]::sys::backtrace::BacktraceLock>::print::DisplayBacktrace as core[df12db4294e9bfd3]::fmt::Display>::fmt
[INFO] [stdout]    1:     0x56256a694b2a - core[df12db4294e9bfd3]::fmt::write
[INFO] [stdout]    2:     0x56256a6836ec - <alloc[2182bb758b4b3781]::vec::Vec<u8> as core[df12db4294e9bfd3]::io::write::Write>::write_fmt
[INFO] [stdout]    3:     0x56256a659f06 - std[70759c8f55707aa4]::panicking::default_hook::{closure#0}
[INFO] [stdout]    4:     0x56256a676af9 - std[70759c8f55707aa4]::panicking::default_hook
[INFO] [stdout]    5:     0x56256a4d2300 - test[9d35eded1c95d3be]::test_main_inner::<test[9d35eded1c95d3be]::test_main_static::{closure#0}>::{closure#0}
[INFO] [stdout]    6:     0x56256a676e22 - std[70759c8f55707aa4]::panicking::panic_with_hook
[INFO] [stdout]    7:     0x56256a659fb2 - std[70759c8f55707aa4]::panicking::panic_handler::{closure#0}
[INFO] [stdout]    8:     0x56256a652c59 - std[70759c8f55707aa4]::sys::backtrace::__rust_end_short_backtrace::<std[70759c8f55707aa4]::panicking::panic_handler::{closure#0}, !>
[INFO] [stdout]    9:     0x56256a65ad9d - __rustc[8fa7c3cbc660c2b3]::rust_begin_unwind
[INFO] [stdout]   10:     0x56256a69528c - core[df12db4294e9bfd3]::panicking::panic_fmt
[INFO] [stdout]   11:     0x56256a695062 - core[df12db4294e9bfd3]::result::unwrap_failed
[INFO] [stdout]   12:     0x56256a4b4679 - <roosterteeth_rs[8ef507f45cf18fb6]::requests::Requests>::list_episodes
[INFO] [stdout]   13:     0x56256a4c4bee - roosterteeth_rs[8ef507f45cf18fb6]::tests::list_episodes
[INFO] [stdout]   14:     0x56256a4b17a9 - <roosterteeth_rs[8ef507f45cf18fb6]::tests::list_episodes::{closure#0} as core[df12db4294e9bfd3]::ops::function::FnOnce<()>>::call_once
[INFO] [stdout]   15:     0x56256a4c55eb - test[9d35eded1c95d3be]::__rust_begin_short_backtrace::<core[df12db4294e9bfd3]::result::Result<(), alloc[2182bb758b4b3781]::string::String>, fn() -> core[df12db4294e9bfd3]::result::Result<(), alloc[2182bb758b4b3781]::string::String>>
[INFO] [stdout]   16:     0x56256a4d2c55 - test[9d35eded1c95d3be]::run_test::{closure#0}
[INFO] [stdout]   17:     0x56256a4cc514 - std[70759c8f55707aa4]::sys::backtrace::__rust_begin_short_backtrace::<test[9d35eded1c95d3be]::run_test::{closure#1}, ()>
[INFO] [stdout]   18:     0x56256a4d5db2 - <std[70759c8f55707aa4]::thread::lifecycle::spawn_unchecked<test[9d35eded1c95d3be]::run_test::{closure#1}, ()>::{closure#1} as core[df12db4294e9bfd3]::ops::function::FnOnce<()>>::call_once::{shim:vtable#0}
[INFO] [stdout]   19:     0x56256a67e169 - <std[70759c8f55707aa4]::sys::thread::unix::Thread>::new::thread_start
[INFO] [stdout]   20:     0x7035c291cdfa - <unknown>
[INFO] [stdout]   21:     0x7035c29b03d4 - clone
[INFO] [stdout]   22:                0x0 - <unknown>
[INFO] [stdout] 
[INFO] [stdout] ---- tests::get_video stdout ----
[INFO] [stdout] 
[INFO] [stdout] thread 'tests::get_video' (924) panicked at src/requests.rs:224:14:
[INFO] [stdout] called `Result::unwrap()` on an `Err` value: reqwest::Error { kind: Request, url: Url { scheme: "https", cannot_be_a_base: false, username: "", password: None, host: Some(Domain("svod-be.roosterteeth.com")), port: None, path: "/api/v1/watch/million-dollars-but-season-1-magic-dogs-and-muscle-men/videos", query: None, fragment: None }, source: hyper::Error(Connect, ConnectError("dns error", Custom { kind: Uncategorized, error: "failed to lookup address information: Temporary failure in name resolution" })) }
[INFO] [stdout] stack backtrace:
[INFO] [stdout]    0:     0x56256a67ec41 - <<std[70759c8f55707aa4]::sys::backtrace::BacktraceLock>::print::DisplayBacktrace as core[df12db4294e9bfd3]::fmt::Display>::fmt
[INFO] [stdout]    1:     0x56256a694b2a - core[df12db4294e9bfd3]::fmt::write
[INFO] [stdout]    2:     0x56256a6836ec - <alloc[2182bb758b4b3781]::vec::Vec<u8> as core[df12db4294e9bfd3]::io::write::Write>::write_fmt
[INFO] [stdout]    3:     0x56256a659f06 - std[70759c8f55707aa4]::panicking::default_hook::{closure#0}
[INFO] [stdout]    4:     0x56256a676af9 - std[70759c8f55707aa4]::panicking::default_hook
[INFO] [stdout]    5:     0x56256a4d2300 - test[9d35eded1c95d3be]::test_main_inner::<test[9d35eded1c95d3be]::test_main_static::{closure#0}>::{closure#0}
[INFO] [stdout]    6:     0x56256a676e22 - std[70759c8f55707aa4]::panicking::panic_with_hook
[INFO] [stdout]    7:     0x56256a659fb2 - std[70759c8f55707aa4]::panicking::panic_handler::{closure#0}
[INFO] [stdout]    8:     0x56256a652c59 - std[70759c8f55707aa4]::sys::backtrace::__rust_end_short_backtrace::<std[70759c8f55707aa4]::panicking::panic_handler::{closure#0}, !>
[INFO] [stdout]    9:     0x56256a65ad9d - __rustc[8fa7c3cbc660c2b3]::rust_begin_unwind
[INFO] [stdout]   10:     0x56256a69528c - core[df12db4294e9bfd3]::panicking::panic_fmt
[INFO] [stdout]   11:     0x56256a695062 - core[df12db4294e9bfd3]::result::unwrap_failed
[INFO] [stdout]   12:     0x56256a4b57ae - <roosterteeth_rs[8ef507f45cf18fb6]::requests::Requests>::get_video
[INFO] [stdout]   13:     0x56256a4c5389 - roosterteeth_rs[8ef507f45cf18fb6]::tests::get_video
[INFO] [stdout]   14:     0x56256a4b1809 - <roosterteeth_rs[8ef507f45cf18fb6]::tests::get_video::{closure#0} as core[df12db4294e9bfd3]::ops::function::FnOnce<()>>::call_once
[INFO] [stdout]   15:     0x56256a4c55eb - test[9d35eded1c95d3be]::__rust_begin_short_backtrace::<core[df12db4294e9bfd3]::result::Result<(), alloc[2182bb758b4b3781]::string::String>, fn() -> core[df12db4294e9bfd3]::result::Result<(), alloc[2182bb758b4b3781]::string::String>>
[INFO] [stdout]   16:     0x56256a4d2c55 - test[9d35eded1c95d3be]::run_test::{closure#0}
[INFO] [stdout]   17:     0x56256a4cc514 - std[70759c8f55707aa4]::sys::backtrace::__rust_begin_short_backtrace::<test[9d35eded1c95d3be]::run_test::{closure#1}, ()>
[INFO] [stdout]   18:     0x56256a4d5db2 - <std[70759c8f55707aa4]::thread::lifecycle::spawn_unchecked<test[9d35eded1c95d3be]::run_test::{closure#1}, ()>::{closure#1} as core[df12db4294e9bfd3]::ops::function::FnOnce<()>>::call_once::{shim:vtable#0}
[INFO] [stdout]   19:     0x56256a67e169 - <std[70759c8f55707aa4]::sys::thread::unix::Thread>::new::thread_start
[INFO] [stdout]   20:     0x7035c291cdfa - <unknown>
[INFO] [stdout]   21:     0x7035c29b03d4 - clone
[INFO] [stdout]   22:                0x0 - <unknown>
[INFO] [stdout] 
[INFO] [stdout] ---- tests::get_series stdout ----
[INFO] [stdout] 
[INFO] [stdout] thread 'tests::get_series' (923) panicked at src/requests.rs:199:69:
[INFO] [stdout] called `Result::unwrap()` on an `Err` value: reqwest::Error { kind: Request, url: Url { scheme: "https", cannot_be_a_base: false, username: "", password: None, host: Some(Domain("svod-be.roosterteeth.com")), port: None, path: "/api/v1/shows/red-vs-blue", query: None, fragment: None }, source: hyper::Error(Connect, ConnectError("dns error", Custom { kind: Uncategorized, error: "failed to lookup address information: Temporary failure in name resolution" })) }
[INFO] [stdout] stack backtrace:
[INFO] [stdout]    0:     0x56256a67ec41 - <<std[70759c8f55707aa4]::sys::backtrace::BacktraceLock>::print::DisplayBacktrace as core[df12db4294e9bfd3]::fmt::Display>::fmt
[INFO] [stdout]    1:     0x56256a694b2a - core[df12db4294e9bfd3]::fmt::write
[INFO] [stdout]    2:     0x56256a6836ec - <alloc[2182bb758b4b3781]::vec::Vec<u8> as core[df12db4294e9bfd3]::io::write::Write>::write_fmt
[INFO] [stdout]    3:     0x56256a659f06 - std[70759c8f55707aa4]::panicking::default_hook::{closure#0}
[INFO] [stdout]    4:     0x56256a676af9 - std[70759c8f55707aa4]::panicking::default_hook
[INFO] [stdout]    5:     0x56256a4d2300 - test[9d35eded1c95d3be]::test_main_inner::<test[9d35eded1c95d3be]::test_main_static::{closure#0}>::{closure#0}
[INFO] [stdout]    6:     0x56256a676e22 - std[70759c8f55707aa4]::panicking::panic_with_hook
[INFO] [stdout]    7:     0x56256a659fb2 - std[70759c8f55707aa4]::panicking::panic_handler::{closure#0}
[INFO] [stdout]    8:     0x56256a652c59 - std[70759c8f55707aa4]::sys::backtrace::__rust_end_short_backtrace::<std[70759c8f55707aa4]::panicking::panic_handler::{closure#0}, !>
[INFO] [stdout]    9:     0x56256a65ad9d - __rustc[8fa7c3cbc660c2b3]::rust_begin_unwind
[INFO] [stdout]   10:     0x56256a69528c - core[df12db4294e9bfd3]::panicking::panic_fmt
[INFO] [stdout]   11:     0x56256a695062 - core[df12db4294e9bfd3]::result::unwrap_failed
[INFO] [stdout]   12:     0x56256a4b3a04 - <roosterteeth_rs[8ef507f45cf18fb6]::requests::Requests>::get_series
[INFO] [stdout]   13:     0x56256a4c4249 - roosterteeth_rs[8ef507f45cf18fb6]::tests::get_series
[INFO] [stdout]   14:     0x56256a4b1709 - <roosterteeth_rs[8ef507f45cf18fb6]::tests::get_series::{closure#0} as core[df12db4294e9bfd3]::ops::function::FnOnce<()>>::call_once
[INFO] [stdout]   15:     0x56256a4c55eb - test[9d35eded1c95d3be]::__rust_begin_short_backtrace::<core[df12db4294e9bfd3]::result::Result<(), alloc[2182bb758b4b3781]::string::String>, fn() -> core[df12db4294e9bfd3]::result::Result<(), alloc[2182bb758b4b3781]::string::String>>
[INFO] [stdout]   16:     0x56256a4d2c55 - test[9d35eded1c95d3be]::run_test::{closure#0}
[INFO] [stdout]   17:     0x56256a4cc514 - std[70759c8f55707aa4]::sys::backtrace::__rust_begin_short_backtrace::<test[9d35eded1c95d3be]::run_test::{closure#1}, ()>
[INFO] [stdout]   18:     0x56256a4d5db2 - <std[70759c8f55707aa4]::thread::lifecycle::spawn_unchecked<test[9d35eded1c95d3be]::run_test::{closure#1}, ()>::{closure#1} as core[df12db4294e9bfd3]::ops::function::FnOnce<()>>::call_once::{shim:vtable#0}
[INFO] [stdout]   19:     0x56256a67e169 - <std[70759c8f55707aa4]::sys::thread::unix::Thread>::new::thread_start
[INFO] [stdout]   20:     0x7035c291cdfa - <unknown>
[INFO] [stdout]   21:     0x7035c29b03d4 - clone
[INFO] [stdout]   22:                0x0 - <unknown>
[INFO] [stdout] 
[INFO] [stdout] ---- tests::get_episode stdout ----
[INFO] [stdout] 
[INFO] [stdout] thread 'tests::get_episode' (920) panicked at src/requests.rs:207:71:
[INFO] [stdout] called `Result::unwrap()` on an `Err` value: reqwest::Error { kind: Request, url: Url { scheme: "https", cannot_be_a_base: false, username: "", password: None, host: Some(Domain("svod-be.roosterteeth.com")), port: None, path: "/api/v1/watch/million-dollars-but-season-1-magic-dogs-and-muscle-men", query: None, fragment: None }, source: hyper::Error(Connect, ConnectError("dns error", Custom { kind: Uncategorized, error: "failed to lookup address information: Temporary failure in name resolution" })) }
[INFO] [stdout] stack backtrace:
[INFO] [stdout]    0:     0x56256a67ec41 - <<std[70759c8f55707aa4]::sys::backtrace::BacktraceLock>::print::DisplayBacktrace as core[df12db4294e9bfd3]::fmt::Display>::fmt
[INFO] [stdout]    1:     0x56256a694b2a - core[df12db4294e9bfd3]::fmt::write
[INFO] [stdout]    2:     0x56256a6836ec - <alloc[2182bb758b4b3781]::vec::Vec<u8> as core[df12db4294e9bfd3]::io::write::Write>::write_fmt
[INFO] [stdout]    3:     0x56256a659f06 - std[70759c8f55707aa4]::panicking::default_hook::{closure#0}
[INFO] [stdout]    4:     0x56256a676af9 - std[70759c8f55707aa4]::panicking::default_hook
[INFO] [stdout]    5:     0x56256a4d2300 - test[9d35eded1c95d3be]::test_main_inner::<test[9d35eded1c95d3be]::test_main_static::{closure#0}>::{closure#0}
[INFO] [stdout]    6:     0x56256a676e22 - std[70759c8f55707aa4]::panicking::panic_with_hook
[INFO] [stdout]    7:     0x56256a659fb2 - std[70759c8f55707aa4]::panicking::panic_handler::{closure#0}
[INFO] [stdout]    8:     0x56256a652c59 - std[70759c8f55707aa4]::sys::backtrace::__rust_end_short_backtrace::<std[70759c8f55707aa4]::panicking::panic_handler::{closure#0}, !>
[INFO] [stdout]    9:     0x56256a65ad9d - __rustc[8fa7c3cbc660c2b3]::rust_begin_unwind
[INFO] [stdout]   10:     0x56256a69528c - core[df12db4294e9bfd3]::panicking::panic_fmt
[INFO] [stdout]   11:     0x56256a695062 - core[df12db4294e9bfd3]::result::unwrap_failed
[INFO] [stdout]   12:     0x56256a4b3cf4 - <roosterteeth_rs[8ef507f45cf18fb6]::requests::Requests>::get_episode
[INFO] [stdout]   13:     0x56256a4c43b9 - roosterteeth_rs[8ef507f45cf18fb6]::tests::get_episode
[INFO] [stdout]   14:     0x56256a4b1729 - <roosterteeth_rs[8ef507f45cf18fb6]::tests::get_episode::{closure#0} as core[df12db4294e9bfd3]::ops::function::FnOnce<()>>::call_once
[INFO] [stdout]   15:     0x56256a4c55eb - test[9d35eded1c95d3be]::__rust_begin_short_backtrace::<core[df12db4294e9bfd3]::result::Result<(), alloc[2182bb758b4b3781]::string::String>, fn() -> core[df12db4294e9bfd3]::result::Result<(), alloc[2182bb758b4b3781]::string::String>>
[INFO] [stdout]   16:     0x56256a4d2c55 - test[9d35eded1c95d3be]::run_test::{closure#0}
[INFO] [stdout]   17:     0x56256a4cc514 - std[70759c8f55707aa4]::sys::backtrace::__rust_begin_short_backtrace::<test[9d35eded1c95d3be]::run_test::{closure#1}, ()>
[INFO] [stdout]   18:     0x56256a4d5db2 - <std[70759c8f55707aa4]::thread::lifecycle::spawn_unchecked<test[9d35eded1c95d3be]::run_test::{closure#1}, ()>::{closure#1} as core[df12db4294e9bfd3]::ops::function::FnOnce<()>>::call_once::{shim:vtable#0}
[INFO] [stdout]   19:     0x56256a67e169 - <std[70759c8f55707aa4]::sys::thread::unix::Thread>::new::thread_start
[INFO] [stdout]   20:     0x7035c291cdfa - <unknown>
[INFO] [stdout]   21:     0x7035c29b03d4 - clone
[INFO] [stdout]   22:                0x0 - <unknown>
[INFO] [stdout] 
[INFO] [stdout] ---- tests::list_series stdout ----
[INFO] [stdout] 
[INFO] [stdout] thread 'tests::list_series' (930) panicked at src/requests.rs:157:65:
[INFO] [stdout] called `Result::unwrap()` on an `Err` value: reqwest::Error { kind: Request, url: Url { scheme: "https", cannot_be_a_base: false, username: "", password: None, host: Some(Domain("svod-be.roosterteeth.com")), port: None, path: "/api/v1/shows", query: Some("per_page=1000&order=asc&page=1"), fragment: None }, source: hyper::Error(Connect, ConnectError("dns error", Custom { kind: Uncategorized, error: "failed to lookup address information: Temporary failure in name resolution" })) }
[INFO] [stdout] stack backtrace:
[INFO] [stdout]    0:     0x56256a67ec41 - <<std[70759c8f55707aa4]::sys::backtrace::BacktraceLock>::print::DisplayBacktrace as core[df12db4294e9bfd3]::fmt::Display>::fmt
[INFO] [stdout]    1:     0x56256a694b2a - core[df12db4294e9bfd3]::fmt::write
[INFO] [stdout]    2:     0x56256a6836ec - <alloc[2182bb758b4b3781]::vec::Vec<u8> as core[df12db4294e9bfd3]::io::write::Write>::write_fmt
[INFO] [stdout]    3:     0x56256a659f06 - std[70759c8f55707aa4]::panicking::default_hook::{closure#0}
[INFO] [stdout]    4:     0x56256a676af9 - std[70759c8f55707aa4]::panicking::default_hook
[INFO] [stdout]    5:     0x56256a4d2300 - test[9d35eded1c95d3be]::test_main_inner::<test[9d35eded1c95d3be]::test_main_static::{closure#0}>::{closure#0}
[INFO] [stdout]    6:     0x56256a676e22 - std[70759c8f55707aa4]::panicking::panic_with_hook
[INFO] [stdout]    7:     0x56256a659fb2 - std[70759c8f55707aa4]::panicking::panic_handler::{closure#0}
[INFO] [stdout]    8:     0x56256a652c59 - std[70759c8f55707aa4]::sys::backtrace::__rust_end_short_backtrace::<std[70759c8f55707aa4]::panicking::panic_handler::{closure#0}, !>
[INFO] [stdout]    9:     0x56256a65ad9d - __rustc[8fa7c3cbc660c2b3]::rust_begin_unwind
[INFO] [stdout]   10:     0x56256a69528c - core[df12db4294e9bfd3]::panicking::panic_fmt
[INFO] [stdout]   11:     0x56256a695062 - core[df12db4294e9bfd3]::result::unwrap_failed
[INFO] [stdout]   12:     0x56256a4b41ce - <roosterteeth_rs[8ef507f45cf18fb6]::requests::Requests>::list_series
[INFO] [stdout]   13:     0x56256a4c4777 - roosterteeth_rs[8ef507f45cf18fb6]::tests::list_series
[INFO] [stdout]   14:     0x56256a4b1769 - <roosterteeth_rs[8ef507f45cf18fb6]::tests::list_series::{closure#0} as core[df12db4294e9bfd3]::ops::function::FnOnce<()>>::call_once
[INFO] [stdout]   15:     0x56256a4c55eb - test[9d35eded1c95d3be]::__rust_begin_short_backtrace::<core[df12db4294e9bfd3]::result::Result<(), alloc[2182bb758b4b3781]::string::String>, fn() -> core[df12db4294e9bfd3]::result::Result<(), alloc[2182bb758b4b3781]::string::String>>
[INFO] [stdout]   16:     0x56256a4d2c55 - test[9d35eded1c95d3be]::run_test::{closure#0}
[INFO] [stdout]   17:     0x56256a4cc514 - std[70759c8f55707aa4]::sys::backtrace::__rust_begin_short_backtrace::<test[9d35eded1c95d3be]::run_test::{closure#1}, ()>
[INFO] [stdout]   18:     0x56256a4d5db2 - <std[70759c8f55707aa4]::thread::lifecycle::spawn_unchecked<test[9d35eded1c95d3be]::run_test::{closure#1}, ()>::{closure#1} as core[df12db4294e9bfd3]::ops::function::FnOnce<()>>::call_once::{shim:vtable#0}
[INFO] [stdout]   19:     0x56256a67e169 - <std[70759c8f55707aa4]::sys::thread::unix::Thread>::new::thread_start
[INFO] [stdout]   20:     0x7035c291cdfa - <unknown>
[INFO] [stdout]   21:     0x7035c29b03d4 - clone
[INFO] [stdout]   22:                0x0 - <unknown>
[INFO] [stdout] 
[INFO] [stdout] ---- tests::get_seasons stdout ----
[INFO] [stdout] 
[INFO] [stdout] thread 'tests::get_seasons' (922) panicked at src/requests.rs:171:66:
[INFO] [stdout] called `Result::unwrap()` on an `Err` value: reqwest::Error { kind: Request, url: Url { scheme: "https", cannot_be_a_base: false, username: "", password: None, host: Some(Domain("svod-be.roosterteeth.com")), port: None, path: "/api/v1/shows/red-vs-blue/seasons", query: Some("order=asc"), fragment: None }, source: hyper::Error(Connect, ConnectError("dns error", Custom { kind: Uncategorized, error: "failed to lookup address information: Temporary failure in name resolution" })) }
[INFO] [stdout] stack backtrace:
[INFO] [stdout]    0:     0x56256a67ec41 - <<std[70759c8f55707aa4]::sys::backtrace::BacktraceLock>::print::DisplayBacktrace as core[df12db4294e9bfd3]::fmt::Display>::fmt
[INFO] [stdout]    1:     0x56256a694b2a - core[df12db4294e9bfd3]::fmt::write
[INFO] [stdout]    2:     0x56256a6836ec - <alloc[2182bb758b4b3781]::vec::Vec<u8> as core[df12db4294e9bfd3]::io::write::Write>::write_fmt
[INFO] [stdout]    3:     0x56256a659f06 - std[70759c8f55707aa4]::panicking::default_hook::{closure#0}
[INFO] [stdout]    4:     0x56256a676af9 - std[70759c8f55707aa4]::panicking::default_hook
[INFO] [stdout]    5:     0x56256a4d2300 - test[9d35eded1c95d3be]::test_main_inner::<test[9d35eded1c95d3be]::test_main_static::{closure#0}>::{closure#0}
[INFO] [stdout]    6:     0x56256a676e22 - std[70759c8f55707aa4]::panicking::panic_with_hook
[INFO] [stdout]    7:     0x56256a659fb2 - std[70759c8f55707aa4]::panicking::panic_handler::{closure#0}
[INFO] [stdout]    8:     0x56256a652c59 - std[70759c8f55707aa4]::sys::backtrace::__rust_end_short_backtrace::<std[70759c8f55707aa4]::panicking::panic_handler::{closure#0}, !>
[INFO] [stdout]    9:     0x56256a65ad9d - __rustc[8fa7c3cbc660c2b3]::rust_begin_unwind
[INFO] [stdout]   10:     0x56256a69528c - core[df12db4294e9bfd3]::panicking::panic_fmt
[INFO] [stdout]   11:     0x56256a695062 - core[df12db4294e9bfd3]::result::unwrap_failed
[INFO] [stdout]   12:     0x56256a4b3f43 - <roosterteeth_rs[8ef507f45cf18fb6]::requests::Requests>::get_seasons
[INFO] [stdout]   13:     0x56256a4c453f - roosterteeth_rs[8ef507f45cf18fb6]::tests::get_seasons
[INFO] [stdout]   14:     0x56256a4b1749 - <roosterteeth_rs[8ef507f45cf18fb6]::tests::get_seasons::{closure#0} as core[df12db4294e9bfd3]::ops::function::FnOnce<()>>::call_once
[INFO] [stdout]   15:     0x56256a4c55eb - test[9d35eded1c95d3be]::__rust_begin_short_backtrace::<core[df12db4294e9bfd3]::result::Result<(), alloc[2182bb758b4b3781]::string::String>, fn() -> core[df12db4294e9bfd3]::result::Result<(), alloc[2182bb758b4b3781]::string::String>>
[INFO] [stdout]   16:     0x56256a4d2c55 - test[9d35eded1c95d3be]::run_test::{closure#0}
[INFO] [stdout]   17:     0x56256a4cc514 - std[70759c8f55707aa4]::sys::backtrace::__rust_begin_short_backtrace::<test[9d35eded1c95d3be]::run_test::{closure#1}, ()>
[INFO] [stdout]   18:     0x56256a4d5db2 - <std[70759c8f55707aa4]::thread::lifecycle::spawn_unchecked<test[9d35eded1c95d3be]::run_test::{closure#1}, ()>::{closure#1} as core[df12db4294e9bfd3]::ops::function::FnOnce<()>>::call_once::{shim:vtable#0}
[INFO] [stdout]   19:     0x56256a67e169 - <std[70759c8f55707aa4]::sys::thread::unix::Thread>::new::thread_start
[INFO] [stdout]   20:     0x7035c291cdfa - <unknown>
[INFO] [stdout]   21:     0x7035c29b03d4 - clone
[INFO] [stdout]   22:                0x0 - <unknown>
[INFO] [stdout] 
[INFO] [stdout] 
[INFO] [stdout] failures:
[INFO] [stdout]     tests::get_episode
[INFO] [stdout]     tests::get_season_episodes
[INFO] [stdout]     tests::get_seasons
[INFO] [stdout]     tests::get_series
[INFO] [stdout]     tests::get_video
[INFO] [stdout]     tests::list_channels
[INFO] [stdout]     tests::list_episodes
[INFO] [stdout]     tests::list_series
[INFO] [stdout]     tests::process_new_videos
[INFO] [stdout] 
[INFO] [stdout] test result: FAILED. 0 passed; 9 failed; 0 ignored; 0 measured; 0 filtered out; finished in 0.36s
[INFO] [stdout] 
[INFO] [stderr] error: test failed, to rerun pass `--lib`
[INFO] running `Command { std: "docker" "inspect" "310c7ec4c96c6169474239e157604b8442632581baf739142bbddf2eaead4178", kill_on_drop: false }`
[INFO] running `Command { std: "docker" "rm" "-f" "310c7ec4c96c6169474239e157604b8442632581baf739142bbddf2eaead4178", kill_on_drop: false }`
[INFO] [stdout] 310c7ec4c96c6169474239e157604b8442632581baf739142bbddf2eaead4178
