[INFO] fetching crate roost-dot 0.2.5...
[INFO] testing roost-dot-0.2.5 against 1.100.0-beta.1+cargoflags=--release for beta-release-1.100-2
[INFO] extracting crate roost-dot 0.2.5 into /workspace/builds/worker-1-tc2/source
[INFO] started tweaking crates.io crate roost-dot 0.2.5
[INFO] removed 0 missing tests
[INFO] finished tweaking crates.io crate roost-dot 0.2.5
[INFO] tweaked toml for crates.io crate roost-dot 0.2.5 written to /workspace/builds/worker-1-tc2/source/Cargo.toml
[INFO] validating manifest of crates.io crate roost-dot 0.2.5 on toolchain 1.100.0-beta.1
[INFO] running `Command { std: CARGO_HOME="/workspace/cargo-home" RUSTUP_HOME="/workspace/rustup-home" "/workspace/cargo-home/bin/cargo" "+1.100.0-beta.1" "metadata" "--manifest-path" "Cargo.toml" "--no-deps", kill_on_drop: false }`
[INFO] crate crates.io crate roost-dot 0.2.5 already has a lockfile, it will not be regenerated
[INFO] running `Command { std: CARGO_HOME="/workspace/cargo-home" RUSTUP_HOME="/workspace/rustup-home" "/workspace/cargo-home/bin/cargo" "+1.100.0-beta.1" "fetch" "--manifest-path" "Cargo.toml", kill_on_drop: false }`
[INFO] running `Command { std: "docker" "create" "-v" "/var/lib/crater-agent-workspace/builds/worker-1-tc2/source:/opt/rustwide/workdir:ro,Z" "-v" "/var/lib/crater-agent-workspace/builds/worker-1-tc2/target:/opt/rustwide/target:rw,Z" "-v" "/var/lib/crater-agent-workspace/cargo-home:/opt/rustwide/cargo-home:ro,Z" "-v" "/var/lib/crater-agent-workspace/rustup-home:/opt/rustwide/rustup-home:ro,Z" "-m" "1610612736" "--network" "none" "ghcr.io/rust-lang/crates-build-env/linux@sha256:77db811e55d90add9212f6832c23229e3de5f1c1f9905e8cb07319ea15df73ac" "sleep" "infinity", kill_on_drop: false }`
[INFO] [stdout] 99e568a9662aee5ec7e4669ada070164aa57caf4e0fb3c6f03e506099273dae4
[INFO] running `Command { std: "docker" "start" "99e568a9662aee5ec7e4669ada070164aa57caf4e0fb3c6f03e506099273dae4", kill_on_drop: false }`
[INFO] running `Command { std: "docker" "inspect" "99e568a9662aee5ec7e4669ada070164aa57caf4e0fb3c6f03e506099273dae4", kill_on_drop: false }`
[INFO] running `Command { std: "docker" "exec" "-e" "SOURCE_DIR=/opt/rustwide/workdir" "-e" "CARGO_HOME=/opt/rustwide/cargo-home" "-e" "RUSTUP_HOME=/opt/rustwide/rustup-home" "-e" "CARGO_TARGET_DIR=/opt/rustwide/target" "-w" "/opt/rustwide/workdir" "--user" "0:0" "99e568a9662aee5ec7e4669ada070164aa57caf4e0fb3c6f03e506099273dae4" "/opt/rustwide/cargo-home/bin/cargo" "+1.100.0-beta.1" "metadata" "--no-deps" "--format-version=1", kill_on_drop: false }`
[INFO] running `Command { std: "docker" "inspect" "99e568a9662aee5ec7e4669ada070164aa57caf4e0fb3c6f03e506099273dae4", kill_on_drop: false }`
[INFO] running `Command { std: "docker" "exec" "-e" "SOURCE_DIR=/opt/rustwide/workdir" "-e" "CARGO_HOME=/opt/rustwide/cargo-home" "-e" "RUSTUP_HOME=/opt/rustwide/rustup-home" "-e" "CARGO_TARGET_DIR=/opt/rustwide/target" "-e" "CARGO_INCREMENTAL=0" "-e" "RUST_BACKTRACE=full" "-e" "RUSTFLAGS=--cap-lints=warn" "-e" "RUSTDOCFLAGS=--cap-lints=warn" "-w" "/opt/rustwide/workdir" "--user" "0:0" "99e568a9662aee5ec7e4669ada070164aa57caf4e0fb3c6f03e506099273dae4" "/opt/rustwide/cargo-home/bin/cargo" "+1.100.0-beta.1" "build" "--frozen" "--message-format=json" "--release", kill_on_drop: false }`
[INFO] [stderr]    Compiling libc v0.2.185
[INFO] [stderr]    Compiling thiserror v2.0.18
[INFO] [stderr]    Compiling unicode-segmentation v1.13.2
[INFO] [stderr]    Compiling itertools v0.14.0
[INFO] [stderr]    Compiling rustix v1.1.4
[INFO] [stderr]    Compiling lru v0.16.4
[INFO] [stderr]    Compiling darling_core v0.23.0
[INFO] [stderr]    Compiling strum_macros v0.27.2
[INFO] [stderr]    Compiling compact_str v0.9.0
[INFO] [stderr]    Compiling owo-colors v4.3.0
[INFO] [stderr]    Compiling tracing v0.1.44
[INFO] [stderr]    Compiling nix v0.31.2
[INFO] [stderr]    Compiling tracing-subscriber v0.3.23
[INFO] [stderr]    Compiling line-clipping v0.3.7
[INFO] [stderr]    Compiling memchr v2.8.0
[INFO] [stderr]    Compiling eyre v0.6.12
[INFO] [stderr]    Compiling color-spantrace v0.3.0
[INFO] [stderr]    Compiling serde_spanned v0.6.9
[INFO] [stderr]    Compiling toml_datetime v0.6.11
[INFO] [stderr]    Compiling kasuari v0.4.12
[INFO] [stderr]    Compiling clap_derive v4.6.1
[INFO] [stderr]    Compiling rustc-demangle v0.1.27
[INFO] [stderr]    Compiling object v0.37.3
[INFO] [stderr]    Compiling option-ext v0.2.0
[INFO] [stderr]    Compiling indenter v0.3.4
[INFO] [stderr]    Compiling convert_case v0.10.0
[INFO] [stderr]    Compiling toml_edit v0.22.27
[INFO] [stderr]    Compiling derive_more-impl v2.1.1
[INFO] [stderr]    Compiling tracing-error v0.2.1
[INFO] [stderr]    Compiling derive_more v2.1.1
[INFO] [stderr]    Compiling strum v0.27.2
[INFO] [stderr]    Compiling clap v4.6.1
[INFO] [stderr]    Compiling clap_complete v4.6.3
[INFO] [stderr]    Compiling darling_macro v0.23.0
[INFO] [stderr]    Compiling darling v0.23.0
[INFO] [stderr]    Compiling instability v0.3.12
[INFO] [stderr]    Compiling unicode-truncate v2.0.1
[INFO] [stderr]    Compiling errno v0.3.14
[INFO] [stderr]    Compiling ratatui-core v0.1.0
[INFO] [stderr]    Compiling signal-hook-registry v1.4.8
[INFO] [stderr]    Compiling mio v1.2.0
[INFO] [stderr]    Compiling parking_lot_core v0.9.12
[INFO] [stderr]    Compiling time v0.3.47
[INFO] [stderr]    Compiling getrandom v0.4.2
[INFO] [stderr]    Compiling dirs-sys v0.5.0
[INFO] [stderr]    Compiling console v0.16.3
[INFO] [stderr]    Compiling signal-hook v0.3.18
[INFO] [stderr]    Compiling tempfile v3.27.0
[INFO] [stderr]    Compiling dirs v6.0.0
[INFO] [stderr]    Compiling parking_lot v0.12.5
[INFO] [stderr]    Compiling signal-hook-mio v0.2.5
[INFO] [stderr]    Compiling crossterm v0.29.0
[INFO] [stderr]    Compiling dialoguer v0.12.0
[INFO] [stderr]    Compiling ctrlc v3.5.2
[INFO] [stderr]    Compiling toml v0.8.23
[INFO] [stderr]    Compiling ratatui-widgets v0.3.0
[INFO] [stderr]    Compiling ratatui-crossterm v0.1.0
[INFO] [stderr]    Compiling backtrace v0.3.76
[INFO] [stderr]    Compiling color-eyre v0.6.5
[INFO] [stderr]    Compiling ratatui-macros v0.7.0
[INFO] [stderr]    Compiling ratatui v0.30.0
[INFO] [stderr]    Compiling roost-dot v0.2.5 (/opt/rustwide/workdir)
[INFO] [stdout] warning: trailing semicolon in macro used in expression position
[INFO] [stdout]    --> src/main.rs:421:9
[INFO] [stdout]     |
[INFO] [stdout] 421 |         bail!("Specify either an app name or use --all")
[INFO] [stdout]     |         ^^^^^^^^^^^^^^^^^^^^^^^^^^^^^^^^^^^^^^^^^^^^^^^^
[INFO] [stdout]     |
[INFO] [stdout]     = note: macro invocations at the end of a block are treated as expressions
[INFO] [stdout]     = note: to ignore the value produced by the macro, add a semicolon after the invocation of `bail`
[INFO] [stdout]     = warning: this was previously accepted by the compiler but is being phased out; it will become a hard error in a future release!
[INFO] [stdout]     = note: for more information, see issue #79813 <https://github.com/rust-lang/rust/issues/79813>
[INFO] [stdout]     = note: `#[warn(semicolon_in_expressions_from_non_local_macros)]` (part of `#[warn(future_incompatible)]`) on by default
[INFO] [stdout]     = note: this warning originates in the macro `bail` (in Nightly builds, run with -Z macro-backtrace for more info)
[INFO] [stdout] 
[INFO] [stdout] 
[INFO] [stderr]     Finished `release` profile [optimized] target(s) in 54.89s
[INFO] [stderr] warning: the following packages contain code that will be rejected by a future version of Rust: nix v0.31.2, roost-dot v0.2.5 (/opt/rustwide/workdir)
[INFO] [stderr] note: to see what the problems were, use the option `--future-incompat-report`, or run `cargo report future-incompatibilities --id 6`
[INFO] running `Command { std: "docker" "inspect" "99e568a9662aee5ec7e4669ada070164aa57caf4e0fb3c6f03e506099273dae4", kill_on_drop: false }`
[INFO] running `Command { std: "docker" "exec" "-e" "SOURCE_DIR=/opt/rustwide/workdir" "-e" "CARGO_HOME=/opt/rustwide/cargo-home" "-e" "RUSTUP_HOME=/opt/rustwide/rustup-home" "-e" "CARGO_TARGET_DIR=/opt/rustwide/target" "-e" "CARGO_INCREMENTAL=0" "-e" "RUST_BACKTRACE=full" "-e" "RUSTFLAGS=--cap-lints=warn" "-e" "RUSTDOCFLAGS=--cap-lints=warn" "-w" "/opt/rustwide/workdir" "--user" "0:0" "99e568a9662aee5ec7e4669ada070164aa57caf4e0fb3c6f03e506099273dae4" "/opt/rustwide/cargo-home/bin/cargo" "+1.100.0-beta.1" "test" "--frozen" "--no-run" "--message-format=json" "--release", kill_on_drop: false }`
[INFO] [stderr]    Compiling object v0.37.3
[INFO] [stderr]    Compiling regex-automata v0.4.14
[INFO] [stderr]    Compiling predicates-core v1.0.10
[INFO] [stderr]    Compiling float-cmp v0.10.0
[INFO] [stderr]    Compiling normalize-line-endings v0.3.0
[INFO] [stderr]    Compiling assert_cmd v2.2.1
[INFO] [stderr]    Compiling difflib v0.4.0
[INFO] [stderr]    Compiling wait-timeout v0.2.1
[INFO] [stderr]    Compiling predicates-tree v1.0.13
[INFO] [stderr]    Compiling regex v1.12.3
[INFO] [stderr]    Compiling bstr v1.12.1
[INFO] [stderr]    Compiling predicates v3.1.4
[INFO] [stderr]    Compiling backtrace v0.3.76
[INFO] [stderr]    Compiling color-eyre v0.6.5
[INFO] [stderr]    Compiling roost-dot v0.2.5 (/opt/rustwide/workdir)
[INFO] [stdout] warning: trailing semicolon in macro used in expression position
[INFO] [stdout]    --> src/main.rs:421:9
[INFO] [stdout]     |
[INFO] [stdout] 421 |         bail!("Specify either an app name or use --all")
[INFO] [stdout]     |         ^^^^^^^^^^^^^^^^^^^^^^^^^^^^^^^^^^^^^^^^^^^^^^^^
[INFO] [stdout]     |
[INFO] [stdout]     = note: macro invocations at the end of a block are treated as expressions
[INFO] [stdout]     = note: to ignore the value produced by the macro, add a semicolon after the invocation of `bail`
[INFO] [stdout]     = warning: this was previously accepted by the compiler but is being phased out; it will become a hard error in a future release!
[INFO] [stdout]     = note: for more information, see issue #79813 <https://github.com/rust-lang/rust/issues/79813>
[INFO] [stdout]     = note: `#[warn(semicolon_in_expressions_from_non_local_macros)]` (part of `#[warn(future_incompatible)]`) on by default
[INFO] [stdout]     = note: this warning originates in the macro `bail` (in Nightly builds, run with -Z macro-backtrace for more info)
[INFO] [stdout] 
[INFO] [stdout] 
[INFO] [stdout] warning: trailing semicolon in macro used in expression position
[INFO] [stdout]    --> src/main.rs:421:9
[INFO] [stdout]     |
[INFO] [stdout] 421 |         bail!("Specify either an app name or use --all")
[INFO] [stdout]     |         ^^^^^^^^^^^^^^^^^^^^^^^^^^^^^^^^^^^^^^^^^^^^^^^^
[INFO] [stdout]     |
[INFO] [stdout]     = note: macro invocations at the end of a block are treated as expressions
[INFO] [stdout]     = note: to ignore the value produced by the macro, add a semicolon after the invocation of `bail`
[INFO] [stdout]     = warning: this was previously accepted by the compiler but is being phased out; it will become a hard error in a future release!
[INFO] [stdout]     = note: for more information, see issue #79813 <https://github.com/rust-lang/rust/issues/79813>
[INFO] [stdout]     = note: `#[warn(semicolon_in_expressions_from_non_local_macros)]` (part of `#[warn(future_incompatible)]`) on by default
[INFO] [stdout]     = note: this warning originates in the macro `bail` (in Nightly builds, run with -Z macro-backtrace for more info)
[INFO] [stdout] 
[INFO] [stdout] 
[INFO] [stderr]     Finished `release` profile [optimized] target(s) in 46.24s
[INFO] [stderr] warning: the following packages contain code that will be rejected by a future version of Rust: nix v0.31.2, roost-dot v0.2.5 (/opt/rustwide/workdir)
[INFO] [stderr] note: to see what the problems were, use the option `--future-incompat-report`, or run `cargo report future-incompatibilities --id 7`
[INFO] running `Command { std: "docker" "inspect" "99e568a9662aee5ec7e4669ada070164aa57caf4e0fb3c6f03e506099273dae4", kill_on_drop: false }`
[INFO] running `Command { std: "docker" "exec" "-e" "SOURCE_DIR=/opt/rustwide/workdir" "-e" "CARGO_HOME=/opt/rustwide/cargo-home" "-e" "RUSTUP_HOME=/opt/rustwide/rustup-home" "-e" "CARGO_TARGET_DIR=/opt/rustwide/target" "-e" "CARGO_INCREMENTAL=0" "-e" "RUST_BACKTRACE=full" "-e" "RUSTFLAGS=--cap-lints=warn" "-e" "RUSTDOCFLAGS=--cap-lints=warn" "-w" "/opt/rustwide/workdir" "--user" "0:0" "99e568a9662aee5ec7e4669ada070164aa57caf4e0fb3c6f03e506099273dae4" "/opt/rustwide/cargo-home/bin/cargo" "+1.100.0-beta.1" "test" "--frozen" "--release", kill_on_drop: false }`
[INFO] [stderr] warning: trailing semicolon in macro used in expression position
[INFO] [stderr]    --> src/main.rs:421:9
[INFO] [stderr]     |
[INFO] [stderr] 421 |         bail!("Specify either an app name or use --all")
[INFO] [stderr]     |         ^^^^^^^^^^^^^^^^^^^^^^^^^^^^^^^^^^^^^^^^^^^^^^^^
[INFO] [stderr]     |
[INFO] [stderr]     = note: macro invocations at the end of a block are treated as expressions
[INFO] [stderr]     = note: to ignore the value produced by the macro, add a semicolon after the invocation of `bail`
[INFO] [stderr]     = warning: this was previously accepted by the compiler but is being phased out; it will become a hard error in a future release!
[INFO] [stderr]     = note: for more information, see issue #79813 <https://github.com/rust-lang/rust/issues/79813>
[INFO] [stderr]     = note: `#[warn(semicolon_in_expressions_from_non_local_macros)]` (part of `#[warn(future_incompatible)]`) on by default
[INFO] [stderr]     = note: this warning originates in the macro `bail` (in Nightly builds, run with -Z macro-backtrace for more info)
[INFO] [stderr] 
[INFO] [stderr] warning: `roost-dot` (bin "roost") generated 1 warning
[INFO] [stderr] warning: `roost-dot` (bin "roost" test) generated 1 warning (1 duplicate)
[INFO] [stderr]     Finished `release` profile [optimized] target(s) in 0.32s
[INFO] [stderr] warning: the following packages contain code that will be rejected by a future version of Rust: nix v0.31.2, roost-dot v0.2.5 (/opt/rustwide/workdir)
[INFO] [stderr] note: to see what the problems were, use the option `--future-incompat-report`, or run `cargo report future-incompatibilities --id 7`
[INFO] [stderr]      Running unittests src/lib.rs (/opt/rustwide/target/release/build/roost-dot/9d28522e99b15c4b/out/roost-9d28522e99b15c4b)
[INFO] [stdout] 
[INFO] [stdout] running 129 tests
[INFO] [stdout] test app::tests::tilde_serde_deserializes_non_home_path_unchanged ... ok
[INFO] [stdout] test app::tests::tilde_serde_round_trip ... ok
[INFO] [stdout] test app::tests::validate_accepts_valid_config ... ok
[INFO] [stdout] test app::tests::validate_rejects_unknown_source_profile ... ok
[INFO] [stdout] test app::tests::validate_rejects_unknown_app_in_profile ... ok
[INFO] [stdout] test data::tests::comments_and_blanks_filtered ... ok
[INFO] [stdout] test app::tests::tilde_serde_deserializes_relative_path_unchanged ... ok
[INFO] [stdout] test data::tests::default_ignore_patterns_has_16 ... ok
[INFO] [stdout] test app::tests::validate_rejects_cycle_in_app_sources ... ok
[INFO] [stdout] test data::tests::known_apps_not_empty ... ok
[INFO] [stdout] test app::tests::local_config_round_trip ... ok
[INFO] [stdout] test app::tests::shared_config_round_trip ... ok
[INFO] [stdout] test app::tests::empty_config_round_trip ... ok
[INFO] [stdout] test app::tests::validate_rejects_unknown_profile_in_app ... ok
[INFO] [stdout] test app::tests::test_sanitize_app_name_replaces_separators ... ok
[INFO] [stdout] test data::tests::known_dotfiles_not_empty ... ok
[INFO] [stdout] test data::tests::known_non_configs_not_empty ... ok
[INFO] [stdout] test gitignore::tests::includes_global_patterns ... ok
[INFO] [stdout] test gitignore::tests::generates_basic_gitignore ... ok
[INFO] [stdout] test gitignore::tests::preserves_user_rules ... ok
[INFO] [stdout] test gitignore::tests::includes_per_app_patterns ... ok
[INFO] [stdout] test gitignore::tests::regenerate_is_idempotent ... ok
[INFO] [stdout] test gitignore::tests::skips_file_apps_for_per_app_rules ... ok
[INFO] [stdout] test gitignore::tests::translates_git_to_safe_form ... ok
[INFO] [stdout] test linker::tests::app_dest_dir_vs_file ... ok
[INFO] [stdout] test linker::tests::copy_to_creates_independent_copy ... ok
[INFO] [stdout] test app::tests::roost_dir_respects_env_var ... ok
[INFO] [stdout] test linker::tests::copy_to_rejects_existing_target ... ok
[INFO] [stdout] test linker::tests::ensure_links_backs_up_conflicting_real_file ... ok
[INFO] [stdout] test linker::tests::ensure_links_backs_up_dir_conflict_as_dir ... ok
[INFO] [stdout] test linker::tests::copy_to_creates_independent_copy_for_file_app ... ok
[INFO] [stdout] test linker::tests::ensure_links_backs_up_file_conflict_as_file ... ok
[INFO] [stdout] test linker::tests::ensure_links_creates_missing_symlinks ... ok
[INFO] [stdout] test linker::tests::ensure_links_backs_up_wrong_symlink ... ok
[INFO] [stdout] test linker::tests::ensure_links_preserves_symlink_in_backup ... ok
[INFO] [stdout] test linker::tests::ensure_links_preserves_symlink_in_dir_backup ... ok
[INFO] [stdout] test linker::tests::import_from_creates_chain ... ok
[INFO] [stdout] test linker::tests::ensure_links_skips_already_correct ... ok
[INFO] [stdout] test linker::tests::ensure_links_skips_apps_with_invalid_link_paths ... ok
[INFO] [stdout] test git::tests::init_creates_git_dir ... ok
[INFO] [stdout] test linker::tests::import_from_rejects_missing_source ... ok
[INFO] [stdout] test linker::tests::import_from_rejects_symlink_source ... ok
[INFO] [stdout] test linker::tests::ingest_creates_backup ... ok
[INFO] [stdout] test linker::tests::ingest_dir_moves_and_symlinks ... ok
[INFO] [stdout] test linker::tests::ingest_file_moves_to_misc ... ok
[INFO] [stdout] test linker::tests::ingest_rejects_nonexistent ... ok
[INFO] [stdout] test linker::tests::ingest_rejects_symlink ... ok
[INFO] [stdout] test linker::tests::ingest_rejects_invalid_app_name ... ok
[INFO] [stdout] test linker::tests::restore_rejects_invalid_app_name ... ok
[INFO] [stdout] test linker::tests::ingest_rejects_path_outside_home ... ok
[INFO] [stdout] test linker::tests::restore_rejects_path_outside_home ... ok
[INFO] [stdout] test linker::tests::restore_creates_symlink ... ok
[INFO] [stdout] test linker::tests::switch_profile_rejects_invalid_profile_name ... ok
[INFO] [stdout] test linker::tests::restore_skips_if_already_linked ... ok
[INFO] [stdout] test linker::tests::restore_rejects_real_file ... ok
[INFO] [stdout] test linker::tests::switch_profile_rejects_unknown_profile ... ok
[INFO] [stdout] test linker::tests::test_validate_path_rejects_outside_home ... ok
[INFO] [stdout] test linker::tests::test_validate_path_accepts_inside_home ... ok
[INFO] [stdout] test linker::tests::test_validate_path_rejects_parent_dir ... ok
[INFO] [stdout] test linker::tests::switch_profile_removes_old_creates_new ... ok
[INFO] [stdout] test linker::tests::unlink_file_cleans_empty_misc_dir ... ok
[INFO] [stdout] test linker::tests::unlink_rejects_non_symlink ... ok
[INFO] [stdout] test linker::tests::unlink_rejects_path_outside_home ... ok
[INFO] [stdout] test linker::tests::import_from_creates_chain_for_file_app ... ok
[INFO] [stdout] test miller::tests::current_cursor_path_returns_entry_path ... ok
[INFO] [stdout] test miller::tests::current_path_returns_last_column_path ... ok
[INFO] [stdout] test miller::tests::load_empty_directory ... ok
[INFO] [stdout] test miller::tests::load_reads_directory ... ok
[INFO] [stdout] test linker::tests::unlink_leaves_misc_dir_if_other_files ... ok
[INFO] [stdout] test miller::tests::move_up_clamps_at_zero ... ok
[INFO] [stdout] test miller::tests::navigate_down_ignores_files ... ok
[INFO] [stdout] test miller::tests::navigate_up_pops_but_not_below_one ... ok
[INFO] [stdout] test miller::tests::navigate_down_pushes_column_for_dir ... ok
[INFO] [stdout] test git::tests::set_and_get_remote ... ok
[INFO] [stdout] test miller::tests::preview_binary_file ... ok
[INFO] [stdout] test miller::tests::move_down_advances_and_clamps ... ok
[INFO] [stdout] test miller::tests::preview_renders_text_content ... ok
[INFO] [stdout] test linker::tests::unlink_removes_symlink_and_restores_files ... ok
[INFO] [stdout] test scanner::tests::ignore_exact_match ... ok
[INFO] [stdout] test scanner::tests::default_scan_sources_penalizes_secondary ... ok
[INFO] [stdout] test miller::tests::toggle_select_adds_and_removes ... ok
[INFO] [stdout] test scanner::tests::default_scan_sources_includes_home_and_config ... ok
[INFO] [stdout] test scanner::tests::no_ignore_when_not_matching ... ok
[INFO] [stdout] test scanner::tests::scan_directory_discovers_items ... ok
[INFO] [stdout] test scanner::tests::ignore_suffix_wildcard ... ok
[INFO] [stdout] test scanner::tests::scan_directory_respects_ignores ... ok
[INFO] [stdout] test scanner::tests::scan_sources_applies_negative_modifier ... ok
[INFO] [stdout] test scanner::tests::scan_sources_applies_positive_modifier ... ok
[INFO] [stdout] test scanner::tests::scan_sources_deduplicates_by_path ... ok
[INFO] [stdout] test scanner::tests::scan_sources_discards_below_threshold ... ok
[INFO] [stdout] test scanner::tests::scan_sources_combines_multiple_directories ... ok
[INFO] [stdout] test git::tests::save_returns_false_when_clean ... ok
[INFO] [stdout] test scanner::tests::scan_sources_penalized_items_above_threshold_are_kept ... ok
[INFO] [stdout] test scanner::tests::scan_sources_keeps_at_threshold ... ok
[INFO] [stdout] test scanner::tests::scan_directory_skips_known_non_configs ... ok
[INFO] [stdout] test scanner::tests::score_config_file ... ok
[INFO] [stdout] test scanner::tests::score_dir_without_config_children ... ok
[INFO] [stdout] test scanner::tests::scan_directory_sorted_by_confidence ... ok
[INFO] [stdout] test scanner::tests::score_dir_with_config_children ... ok
[INFO] [stdout] test scanner::tests::score_known_app_dir ... ok
[INFO] [stdout] test scanner::tests::score_unknown_file ... ok
[INFO] [stdout] test scanner::tests::score_known_dotfile ... ok
[INFO] [stdout] test tui::confirm::tests::cancel_dialog ... ok
[INFO] [stdout] test tui::confirm::tests::confirm_dialog_lifecycle ... ok
[INFO] [stdout] test tui::search::tests::clear_resets_engine ... ok
[INFO] [stdout] test tui::search::tests::consecutive_bonus_scores_higher ... ok
[INFO] [stdout] test tui::main_view::event::tests::selected_app_without_local_link_path_is_unlinked ... ok
[INFO] [stdout] test tui::main_view::ui::tests::render_apps_panel_marks_unlinked_apps ... ok
[INFO] [stdout] test tui::search::tests::cursor_bounds ... ok
[INFO] [stdout] test tui::search::tests::filter_case_insensitive ... ok
[INFO] [stdout] test tui::search::tests::filter_empty_query_returns_all ... ok
[INFO] [stdout] test tui::search::tests::filter_skips_chars ... ok
[INFO] [stdout] test tui::search::tests::filter_finds_fuzzy_matches ... ok
[INFO] [stdout] test tui::search::tests::no_matches_cursor_zero ... ok
[INFO] [stdout] test tui::search::tests::word_boundary_bonus_scores_higher ... ok
[INFO] [stdout] [?1049l[?1049h[2Jtest tui::suspend::tests::suspend_and_run_propagates_error ... ok
[INFO] [stdout] [?1049l[?1049h[2Jtest tui::main_view::event::tests::unlinked_app_blocks_focus_and_file_actions ... ok
[INFO] [stdout] test tui::search::tests::backspace_updates_filter ... ok
[INFO] [stdout] test tui::suspend::tests::suspend_and_run_no_op ... ok
[INFO] [stdout] test git::tests::save_commits_changes ... ok
[INFO] [stdout] test git::tests::diff_returns_uncommitted_changes ... ok
[INFO] [stdout] test git::tests::init_uses_main_branch ... ok
[INFO] [stdout] test git::tests::read_shared_at_reads_config_from_commit ... ok
[INFO] [stdout] test git::tests::log_returns_commits_in_order ... ok
[INFO] [stdout] test git::tests::is_dirty_detects_changes ... ok
[INFO] [stdout] test git::tests::rollback_resets_to_hash ... ok
[INFO] [stdout] test git::tests::safe_rollback_preserves_protected_apps ... ok
[INFO] [stdout] test git::tests::safe_rollback_fails_on_ensure_links_error_and_does_not_commit ... ok
[INFO] [stderr]      Running unittests src/main.rs (/opt/rustwide/target/release/build/roost-dot/cb4cd27f83c920d4/out/roost-cb4cd27f83c920d4)
[INFO] [stdout] test git::tests::undo_resets_head ... ok
[INFO] [stdout] 
[INFO] [stdout] test result: ok. 129 passed; 0 failed; 0 ignored; 0 measured; 0 filtered out; finished in 0.34s
[INFO] [stdout] 
[INFO] [stdout] 
[INFO] [stdout] running 0 tests
[INFO] [stdout] 
[INFO] [stdout] test result: ok. 0 passed; 0 failed; 0 ignored; 0 measured; 0 filtered out; finished in 0.00s
[INFO] [stdout] 
[INFO] [stderr]      Running tests/add_remove.rs (/opt/rustwide/target/release/build/roost-dot/074f1c4188fa1056/out/add_remove-074f1c4188fa1056)
[INFO] [stdout] 
[INFO] [stdout] running 15 tests
[INFO] [stdout] test add_existing_unlinked_app_on_active_profile_fails_with_recovery_hint ... ok
[INFO] [stdout] test remove_all_requires_all_flag_or_app_name ... ok
[INFO] [stdout] test add_file_moves_into_roost ... ok
[INFO] [stdout] test remove_unknown_app_fails ... ok
[INFO] [stdout] test add_existing_app_with_local_path_still_fails_as_already_managed ... ok
[INFO] [stdout] test add_existing_unlinked_app_to_new_active_profile_sets_local_path ... ok
[INFO] [stdout] test add_dir_moves_into_roost ... ok
[INFO] [stdout] test remove_all_empty_profile ... ok
[INFO] [stdout] test remove_restores_files ... ok
[INFO] [stdout] test remove_all_restores_files ... ok
[INFO] [stdout] test add_updates_config ... ok
[INFO] [stdout] test remove_all_restores_directories ... ok
[INFO] [stdout] test remove_cleans_config ... ok
[INFO] [stdout] test add_nonexistent_path_fails ... ok
[INFO] [stdout] test remove_all_cleans_config ... ok
[INFO] [stdout] 
[INFO] [stdout] test result: ok. 15 passed; 0 failed; 0 ignored; 0 measured; 0 filtered out; finished in 0.27s
[INFO] [stdout] 
[INFO] [stderr]      Running tests/adopt.rs (/opt/rustwide/target/release/build/roost-dot/aafb50abfb8b8c97/out/adopt-aafb50abfb8b8c97)
[INFO] [stdout] 
[INFO] [stdout] running 2 tests
[INFO] [stdout] test adopt_errors_without_init ... ok
[INFO] [stdout] test adopt_no_orphans ... ok
[INFO] [stderr]      Running tests/completions.rs (/opt/rustwide/target/release/build/roost-dot/391fbb7520e4f0f9/out/completions-391fbb7520e4f0f9)
[INFO] [stdout] 
[INFO] [stdout] test result: ok. 2 passed; 0 failed; 0 ignored; 0 measured; 0 filtered out; finished in 0.07s
[INFO] [stdout] 
[INFO] [stdout] 
[INFO] [stdout] running 3 tests
[INFO] [stdout] test completions_generates_zsh ... ok
[INFO] [stdout] test completions_rejects_invalid_shell ... ok
[INFO] [stdout] test completions_generates_bash ... ok
[INFO] [stdout] 
[INFO] [stdout] test result: ok. 3 passed; 0 failed; 0 ignored; 0 measured; 0 filtered out; finished in 0.01s
[INFO] [stdout] 
[INFO] [stderr]      Running tests/diff.rs (/opt/rustwide/target/release/build/roost-dot/d5721a9df94f5423/out/diff-d5721a9df94f5423)
[INFO] [stdout] 
[INFO] [stdout] running 3 tests
[INFO] [stdout] test diff_errors_without_init ... ok
[INFO] [stdout] test diff_shows_changes_when_dirty ... ok
[INFO] [stderr]      Running tests/doctor.rs (/opt/rustwide/target/release/build/roost-dot/c1f0edbe0446561d/out/doctor-c1f0edbe0446561d)
[INFO] [stdout] test diff_shows_no_output_when_clean ... ok
[INFO] [stdout] 
[INFO] [stdout] test result: ok. 3 passed; 0 failed; 0 ignored; 0 measured; 0 filtered out; finished in 0.18s
[INFO] [stdout] 
[INFO] [stdout] 
[INFO] [stdout] running 3 tests
[INFO] [stdout] test doctor_detects_orphaned_app ... ok
[INFO] [stdout] test doctor_passes_on_healthy_setup ... ok
[INFO] [stdout] test doctor_detects_missing_app_in_config ... ok
[INFO] [stdout] 
[INFO] [stdout] test result: ok. 3 passed; 0 failed; 0 ignored; 0 measured; 0 filtered out; finished in 0.07s
[INFO] [stdout] 
[INFO] [stderr]      Running tests/git_commands.rs (/opt/rustwide/target/release/build/roost-dot/952467032f314e50/out/git_commands-952467032f314e50)
[INFO] [stdout] 
[INFO] [stdout] running 6 tests
[INFO] [stdout] test log_shows_commits ... ok
[INFO] [stdout] test remote_shows_no_remote ... ok
[INFO] [stdout] test log_shows_multiple_commits ... ok
[INFO] [stdout] test undo_creates_rollback_commit ... ok
[INFO] [stdout] test remote_sets_url ... ok
[INFO] [stderr]      Running tests/ignore.rs (/opt/rustwide/target/release/build/roost-dot/898aff9738066515/out/ignore-898aff9738066515)
[INFO] [stdout] test undo_defaults_to_one ... ok
[INFO] [stdout] 
[INFO] [stdout] test result: ok. 6 passed; 0 failed; 0 ignored; 0 measured; 0 filtered out; finished in 0.32s
[INFO] [stdout] 
[INFO] [stdout] 
[INFO] [stdout] running 7 tests
[INFO] [stdout] test ignore_errors_without_init ... ok
[INFO] [stdout] test ignore_list_empty ... ok
[INFO] [stdout] test ignore_regenerates_gitignore ... ok
[INFO] [stdout] test ignore_add_duplicate_no_op ... ok
[INFO] [stdout] test ignore_list_shows_patterns ... ok
[INFO] [stdout] test ignore_add_per_app_pattern ... ok
[INFO] [stdout] test ignore_add_global_pattern ... ok
[INFO] [stdout] 
[INFO] [stdout] test result: ok. 7 passed; 0 failed; 0 ignored; 0 measured; 0 filtered out; finished in 0.12s
[INFO] [stdout] 
[INFO] [stderr]      Running tests/import_copy.rs (/opt/rustwide/target/release/build/roost-dot/7c2d843085006d89/out/import_copy-7c2d843085006d89)
[INFO] [stdout] 
[INFO] [stdout] running 6 tests
[INFO] [stdout] test import_app_rejects_missing_app ... ok
[INFO] [stdout] test import_app_rejects_missing_profile ... ok
[INFO] [stdout] test copy_app_rejects_app_not_in_active_profile ... ok
[INFO] [stdout] test copy_app_rejects_missing_profile ... ok
[INFO] [stdout] test copy_app_creates_independent_copy ... ok
[INFO] [stderr]      Running tests/init_remote.rs (/opt/rustwide/target/release/build/roost-dot/036b819b92f357b2/out/init_remote-036b819b92f357b2)
[INFO] [stdout] test import_app_creates_cross_profile_symlink ... ok
[INFO] [stdout] 
[INFO] [stdout] test result: ok. 6 passed; 0 failed; 0 ignored; 0 measured; 0 filtered out; finished in 0.14s
[INFO] [stdout] 
[INFO] [stdout] 
[INFO] [stdout] running 2 tests
[INFO] [stdout] test hydrate_existing_remote_reports_empty_remote_without_creating_shared_config ... ok
[INFO] [stdout] test hydrate_existing_remote_fetches_profile_files_before_tui_use ... ok
[INFO] [stdout] 
[INFO] [stdout] test result: ok. 2 passed; 0 failed; 0 ignored; 0 measured; 0 filtered out; finished in 0.38s
[INFO] [stdout] 
[INFO] [stderr]      Running tests/list.rs (/opt/rustwide/target/release/build/roost-dot/23581a79c4ad5858/out/list-23581a79c4ad5858)
[INFO] [stdout] 
[INFO] [stdout] running 6 tests
[INFO] [stdout] test list_errors_without_init ... ok
[INFO] [stdout] test list_with_profile_flag ... ok
[INFO] [stdout] test list_errors_for_unknown_profile ... ok
[INFO] [stdout] test list_shows_managed_apps ... ok
[INFO] [stdout] test list_marks_apps_without_local_link_paths_as_unlinked ... ok
[INFO] [stdout] test list_shows_empty_profile ... ok
[INFO] [stderr]      Running tests/profile.rs (/opt/rustwide/target/release/build/roost-dot/da91d3b3246be95d/out/profile-da91d3b3246be95d)
[INFO] [stdout] 
[INFO] [stdout] test result: ok. 6 passed; 0 failed; 0 ignored; 0 measured; 0 filtered out; finished in 0.08s
[INFO] [stdout] 
[INFO] [stdout] 
[INFO] [stdout] running 8 tests
[INFO] [stdout] test profile_list_shows_profiles ... ok
[INFO] [stdout] test profile_add_rejects_duplicate ... ok
[INFO] [stdout] test profile_list_marks_active ... ok
[INFO] [stdout] test profile_switch_changes_active ... ok
[INFO] [stdout] test profile_add_from_copies_apps ... ok
[INFO] [stdout] test profile_delete_removes_profile ... ok
[INFO] [stdout] test profile_add_creates_new ... ok
[INFO] [stdout] test profile_rename_works ... ok
[INFO] [stderr]      Running tests/restore.rs (/opt/rustwide/target/release/build/roost-dot/a829034288ca9389/out/restore-a829034288ca9389)
[INFO] [stdout] 
[INFO] [stdout] test result: ok. 8 passed; 0 failed; 0 ignored; 0 measured; 0 filtered out; finished in 0.16s
[INFO] [stdout] 
[INFO] [stdout] 
[INFO] [stdout] running 3 tests
[INFO] [stdout] test restore_errors_without_init ... ok
[INFO] [stdout] test restore_creates_symlink ... ok
[INFO] [stdout] test restore_errors_for_unknown_app ... ok
[INFO] [stdout] 
[INFO] [stdout] test result: ok. 3 passed; 0 failed; 0 ignored; 0 measured; 0 filtered out; finished in 0.05s
[INFO] [stdout] 
[INFO] [stdout] 
[INFO] [stdout] running 4 tests
[INFO] [stderr]      Running tests/rollback.rs (/opt/rustwide/target/release/build/roost-dot/147060c9131abae8/out/rollback-147060c9131abae8)
[INFO] [stdout] test rollback_errors_without_init ... ok
[INFO] [stdout] test rollback_to_specific_hash ... ok
[INFO] [stdout] test rollback_rejects_invalid_hash ... ok
[INFO] [stdout] test rollback_preserves_new_apps ... ok
[INFO] [stdout] 
[INFO] [stdout] test result: ok. 4 passed; 0 failed; 0 ignored; 0 measured; 0 filtered out; finished in 0.20s
[INFO] [stdout] 
[INFO] [stderr]      Running tests/save.rs (/opt/rustwide/target/release/build/roost-dot/838ef542c692b4fa/out/save-838ef542c692b4fa)
[INFO] [stdout] 
[INFO] [stdout] running 4 tests
[INFO] [stdout] test save_errors_without_init ... ok
[INFO] [stdout] test save_with_custom_message ... ok
[INFO] [stdout] test save_no_op_when_clean ... ok
[INFO] [stdout] test save_commits_dirty_changes ... ok
[INFO] [stdout] 
[INFO] [stdout] test result: ok. 4 passed; 0 failed; 0 ignored; 0 measured; 0 filtered out; finished in 0.10s
[INFO] [stdout] 
[INFO] [stderr]      Running tests/status.rs (/opt/rustwide/target/release/build/roost-dot/af8fdd42083217a2/out/status-af8fdd42083217a2)
[INFO] [stdout] 
[INFO] [stdout] running 4 tests
[INFO] [stdout] test status_errors_without_init ... ok
[INFO] [stdout] test status_shows_dirty_state ... ok
[INFO] [stdout] test status_shows_app_count ... ok
[INFO] [stdout] test status_shows_profile_and_clean_state ... ok
[INFO] [stdout] 
[INFO] [stdout] test result: ok. 4 passed; 0 failed; 0 ignored; 0 measured; 0 filtered out; finished in 0.37s
[INFO] [stdout] 
[INFO] [stderr]      Running tests/sync.rs (/opt/rustwide/target/release/build/roost-dot/e00875d1ca1633b9/out/sync-e00875d1ca1633b9)
[INFO] [stdout] 
[INFO] [stdout] running 6 tests
[INFO] [stdout] test sync_errors_without_init ... ok
[INFO] [stdout] test sync_errors_without_remote ... ok
[INFO] [stdout] test sync_pulls_remote_changes ... FAILED
[INFO] [stdout] test sync_no_op_when_up_to_date ... FAILED
[INFO] [stdout] test sync_pushes_local_changes ... FAILED
[INFO] [stdout] test sync_resolves_config_conflict_without_file_conflict ... FAILED
[INFO] [stdout] 
[INFO] [stdout] failures:
[INFO] [stdout] 
[INFO] [stdout] ---- sync_pulls_remote_changes stdout ----
[INFO] [stdout] 
[INFO] [stdout] thread 'sync_pulls_remote_changes' (3715) panicked at /rustc/e3feeb59cd1bdd011a2bfcc0747b55125d9b8527/library/core/src/ops/function.rs:250:5:
[INFO] [stdout] Unexpected failure.
[INFO] [stdout] code=1
[INFO] [stdout] stderr=``````
[INFO] [stdout] Error: 
[INFO] [stdout]    0: \x1b[91mgit push -u origin main failed: error: src refspec main does not match any
[INFO] [stdout]       error: failed to push some refs to \'/tmp/.tmppKNpMe\'\x1b[0m
[INFO] [stdout] 
[INFO] [stdout] Location:
[INFO] [stdout]    \x1b[35msrc/git/mod.rs\x1b[0m:\x1b[35m59\x1b[0m
[INFO] [stdout] 
[INFO] [stdout]   ━━━━━━━━━━━━━━━━━━━━━━━━━━━━━━━━━━ BACKTRACE ━━━━━━━━━━━━━━━━━━━━━━━━━━━━━━━━━━━
[INFO] [stderr] error: test failed, to rerun pass `--test sync`
[INFO] [stdout]    1: \x1b[91m<color_eyre[fc6f4c9498ab616f]::config::EyreHook>::into_eyre_hook::{closure#0}\x1b[0m\x1b[90m<unknown>\x1b[0m
[INFO] [stdout]       at \x1b[35m<unknown source file>\x1b[0m:\x1b[35m<unknown line>\x1b[0m
[INFO] [stdout]    2: \x1b[91meyre[805fff8848d8aea7]::capture_handler\x1b[0m\x1b[90m<unknown>\x1b[0m
[INFO] [stdout]       at \x1b[35m<unknown source file>\x1b[0m:\x1b[35m<unknown line>\x1b[0m
[INFO] [stdout]    3: \x1b[91m<eyre[805fff8848d8aea7]::Report>::from_adhoc::<alloc[2e1b2a31b91974c5]::string::String>\x1b[0m\x1b[90m<unknown>\x1b[0m
[INFO] [stdout]       at \x1b[35m<unknown source file>\x1b[0m:\x1b[35m<unknown line>\x1b[0m
[INFO] [stdout]    4: \x1b[91mroost[9390512b529eae61]::git::run_git\x1b[0m\x1b[90m<unknown>\x1b[0m
[INFO] [stdout]       at \x1b[35m<unknown source file>\x1b[0m:\x1b[35m<unknown line>\x1b[0m
[INFO] [stdout]    5: \x1b[91mroost[9390512b529eae61]::git::sync\x1b[0m\x1b[90m<unknown>\x1b[0m
[INFO] [stdout]       at \x1b[35m<unknown source file>\x1b[0m:\x1b[35m<unknown line>\x1b[0m
[INFO] [stdout]    6: \x1b[91mroost[1eb2564aa21d3b39]::cmd_sync\x1b[0m\x1b[90m<unknown>\x1b[0m
[INFO] [stdout]       at \x1b[35m<unknown source file>\x1b[0m:\x1b[35m<unknown line>\x1b[0m
[INFO] [stdout]    7: \x1b[91mstd[617be2ca0a6fd877]::sys::backtrace::__rust_begin_short_backtrace::<fn() -> core[a373ad73a504971]::result::Result<(), eyre[805fff8848d8aea7]::Report>, core[a373ad73a504971]::result::Result<(), eyre[805fff8848d8aea7]::Report>>\x1b[0m\x1b[90m<unknown>\x1b[0m
[INFO] [stdout]       at \x1b[35m<unknown source file>\x1b[0m:\x1b[35m<unknown line>\x1b[0m
[INFO] [stdout]    8: \x1b[91mstd[617be2ca0a6fd877]::rt::lang_start::<core[a373ad73a504971]::result::Result<(), eyre[805fff8848d8aea7]::Report>>::{closure#0}\x1b[0m\x1b[90m<unknown>\x1b[0m
[INFO] [stdout]       at \x1b[35m<unknown source file>\x1b[0m:\x1b[35m<unknown line>\x1b[0m
[INFO] [stdout]    9: \x1b[91mstd[617be2ca0a6fd877]::rt::lang_start_internal\x1b[0m\x1b[90m<unknown>\x1b[0m
[INFO] [stdout]       at \x1b[35m<unknown source file>\x1b[0m:\x1b[35m<unknown line>\x1b[0m
[INFO] [stdout]   10: \x1b[32mmain\x1b[0m\x1b[90m<unknown>\x1b[0m
[INFO] [stdout]       at \x1b[35m<unknown source file>\x1b[0m:\x1b[35m<unknown line>\x1b[0m
[INFO] [stdout]   11: \x1b[32m__libc_start_main\x1b[0m\x1b[90m<unknown>\x1b[0m
[INFO] [stdout]       at \x1b[35m<unknown source file>\x1b[0m:\x1b[35m<unknown line>\x1b[0m
[INFO] [stdout]   12: \x1b[32m_start\x1b[0m\x1b[90m<unknown>\x1b[0m
[INFO] [stdout]       at \x1b[35m<unknown source file>\x1b[0m:\x1b[35m<unknown line>\x1b[0m
[INFO] [stdout] 
[INFO] [stdout] Run with COLORBT_SHOW_HIDDEN=1 environment variable to disable frame filtering.
[INFO] [stdout] ```
[INFO] [stdout] ```
[INFO] [stdout] command=`ROOST_DIR="/tmp/.tmpEAaHHu" "/opt/rustwide/target/release/roost" "sync"`
[INFO] [stdout] code=1
[INFO] [stdout] stdout=""
[INFO] [stdout] stderr=```
[INFO] [stdout] Error: 
[INFO] [stdout]    0: \x1b[91mgit push -u origin main failed: error: src refspec main does not match any
[INFO] [stdout]       error: failed to push some refs to \'/tmp/.tmppKNpMe\'\x1b[0m
[INFO] [stdout] 
[INFO] [stdout] Location:
[INFO] [stdout]    \x1b[35msrc/git/mod.rs\x1b[0m:\x1b[35m59\x1b[0m
[INFO] [stdout] 
[INFO] [stdout]   ━━━━━━━━━━━━━━━━━━━━━━━━━━━━━━━━━━ BACKTRACE ━━━━━━━━━━━━━━━━━━━━━━━━━━━━━━━━━━━
[INFO] [stdout]    1: \x1b[91m<color_eyre[fc6f4c9498ab616f]::config::EyreHook>::into_eyre_hook::{closure#0}\x1b[0m\x1b[90m<unknown>\x1b[0m
[INFO] [stdout]       at \x1b[35m<unknown source file>\x1b[0m:\x1b[35m<unknown line>\x1b[0m
[INFO] [stdout]    2: \x1b[91meyre[805fff8848d8aea7]::capture_handler\x1b[0m\x1b[90m<unknown>\x1b[0m
[INFO] [stdout]       at \x1b[35m<unknown source file>\x1b[0m:\x1b[35m<unknown line>\x1b[0m
[INFO] [stdout]    3: \x1b[91m<eyre[805fff8848d8aea7]::Report>::from_adhoc::<alloc[2e1b2a31b91974c5]::string::String>\x1b[0m\x1b[90m<unknown>\x1b[0m
[INFO] [stdout]       at \x1b[35m<unknown source file>\x1b[0m:\x1b[35m<unknown line>\x1b[0m
[INFO] [stdout]    4: \x1b[91mroost[9390512b529eae61]::git::run_git\x1b[0m\x1b[90m<unknown>\x1b[0m
[INFO] [stdout]       at \x1b[35m<unknown source file>\x1b[0m:\x1b[35m<unknown line>\x1b[0m
[INFO] [stdout]    5: \x1b[91mroost[9390512b529eae61]::git::sync\x1b[0m\x1b[90m<unknown>\x1b[0m
[INFO] [stdout]       at \x1b[35m<unknown source file>\x1b[0m:\x1b[35m<unknown line>\x1b[0m
[INFO] [stdout]    6: \x1b[91mroost[1eb2564aa21d3b39]::cmd_sync\x1b[0m\x1b[90m<unknown>\x1b[0m
[INFO] [stdout]       at \x1b[35m<unknown source file>\x1b[0m:\x1b[35m<unknown line>\x1b[0m
[INFO] [stdout]    7: \x1b[91mstd[617be2ca0a6fd877]::sys::backtrace::__rust_begin_short_backtrace::<fn() -> core[a373ad73a504971]::result::Result<(), eyre[805fff8848d8aea7]::Report>, core[a373ad73a504971]::result::Result<(), eyre[805fff8848d8aea7]::Report>>\x1b[0m\x1b[90m<unknown>\x1b[0m
[INFO] [stdout]       at \x1b[35m<unknown source file>\x1b[0m:\x1b[35m<unknown line>\x1b[0m
[INFO] [stdout]    8: \x1b[91mstd[617be2ca0a6fd877]::rt::lang_start::<core[a373ad73a504971]::result::Result<(), eyre[805fff8848d8aea7]::Report>>::{closure#0}\x1b[0m\x1b[90m<unknown>\x1b[0m
[INFO] [stdout]       at \x1b[35m<unknown source file>\x1b[0m:\x1b[35m<unknown line>\x1b[0m
[INFO] [stdout]    9: \x1b[91mstd[617be2ca0a6fd877]::rt::lang_start_internal\x1b[0m\x1b[90m<unknown>\x1b[0m
[INFO] [stdout]       at \x1b[35m<unknown source file>\x1b[0m:\x1b[35m<unknown line>\x1b[0m
[INFO] [stdout]   10: \x1b[32mmain\x1b[0m\x1b[90m<unknown>\x1b[0m
[INFO] [stdout]       at \x1b[35m<unknown source file>\x1b[0m:\x1b[35m<unknown line>\x1b[0m
[INFO] [stdout]   11: \x1b[32m__libc_start_main\x1b[0m\x1b[90m<unknown>\x1b[0m
[INFO] [stdout]       at \x1b[35m<unknown source file>\x1b[0m:\x1b[35m<unknown line>\x1b[0m
[INFO] [stdout]   12: \x1b[32m_start\x1b[0m\x1b[90m<unknown>\x1b[0m
[INFO] [stdout]       at \x1b[35m<unknown source file>\x1b[0m:\x1b[35m<unknown line>\x1b[0m
[INFO] [stdout] 
[INFO] [stdout] Run with COLORBT_SHOW_HIDDEN=1 environment variable to disable frame filtering.
[INFO] [stdout] ```
[INFO] [stdout] 
[INFO] [stdout] 
[INFO] [stdout] stack backtrace:
[INFO] [stdout]    0:     0x58264dcc1dd1 - <<std[617be2ca0a6fd877]::sys::backtrace::BacktraceLock>::print::DisplayBacktrace as core[a373ad73a504971]::fmt::Display>::fmt
[INFO] [stdout]    1:     0x58264dcd88fa - core[a373ad73a504971]::fmt::write
[INFO] [stdout]    2:     0x58264dcc76cc - <alloc[2e1b2a31b91974c5]::vec::Vec<u8> as core[a373ad73a504971]::io::write::Write>::write_fmt
[INFO] [stdout]    3:     0x58264dc9c1a6 - std[617be2ca0a6fd877]::panicking::default_hook::{closure#0}
[INFO] [stdout]    4:     0x58264dcb9789 - std[617be2ca0a6fd877]::panicking::default_hook
[INFO] [stdout]    5:     0x58264dc43750 - test[aada8e7e76ba119b]::test_main_inner::{closure#0}
[INFO] [stdout]    6:     0x58264dcb9942 - std[617be2ca0a6fd877]::panicking::panic_with_hook
[INFO] [stdout]    7:     0x58264dc9c252 - std[617be2ca0a6fd877]::panicking::panic_handler::{closure#0}
[INFO] [stdout]    8:     0x58264dc94cb9 - std[617be2ca0a6fd877]::sys::backtrace::__rust_end_short_backtrace::<std[617be2ca0a6fd877]::panicking::panic_handler::{closure#0}, !>
[INFO] [stdout]    9:     0x58264dc9ce5d - __rustc[ea4f61d10b84890b]::rust_begin_unwind
[INFO] [stdout]   10:     0x58264dcd90ac - core[a373ad73a504971]::panicking::panic_fmt
[INFO] [stdout]   11:     0x58264dc78ce3 - <assert_cmd[6b3a7ac6bcb6bdc6]::assert::AssertError>::panic::<assert_cmd[6b3a7ac6bcb6bdc6]::assert::Assert>
[INFO] [stdout]   12:     0x58264dc795a6 - <assert_cmd[6b3a7ac6bcb6bdc6]::assert::Assert>::success
[INFO] [stdout]   13:     0x58264dc30b23 - <sync[75722081bed3479e]::sync_pulls_remote_changes::{closure#0} as core[a373ad73a504971]::ops::function::FnOnce<()>>::call_once
[INFO] [stdout]   14:     0x58264dc36b9b - test[aada8e7e76ba119b]::__rust_begin_short_backtrace::<core[a373ad73a504971]::result::Result<(), alloc[2e1b2a31b91974c5]::string::String>, fn() -> core[a373ad73a504971]::result::Result<(), alloc[2e1b2a31b91974c5]::string::String>>
[INFO] [stdout]   15:     0x58264dc43d75 - test[aada8e7e76ba119b]::run_test::{closure#0}
[INFO] [stdout]   16:     0x58264dc3d664 - std[617be2ca0a6fd877]::sys::backtrace::__rust_begin_short_backtrace::<test[aada8e7e76ba119b]::run_test::{closure#1}, ()>
[INFO] [stdout]   17:     0x58264dc46e02 - <std[617be2ca0a6fd877]::thread::lifecycle::spawn_unchecked<test[aada8e7e76ba119b]::run_test::{closure#1}, ()>::{closure#1} as core[a373ad73a504971]::ops::function::FnOnce<()>>::call_once::{shim:vtable#0}
[INFO] [stdout]   18:     0x58264dcc106f - <std[617be2ca0a6fd877]::sys::thread::unix::Thread>::new::thread_start
[INFO] [stdout]   19:     0x70fea1d64dfa - <unknown>
[INFO] [stdout]   20:     0x70fea1df83d4 - clone
[INFO] [stdout]   21:                0x0 - <unknown>
[INFO] [stdout] 
[INFO] [stdout] ---- sync_no_op_when_up_to_date stdout ----
[INFO] [stdout] 
[INFO] [stdout] thread 'sync_no_op_when_up_to_date' (3714) panicked at /rustc/e3feeb59cd1bdd011a2bfcc0747b55125d9b8527/library/core/src/ops/function.rs:250:5:
[INFO] [stdout] Unexpected failure.
[INFO] [stdout] code=1
[INFO] [stdout] stderr=``````
[INFO] [stdout] Error: 
[INFO] [stdout]    0: \x1b[91mgit push -u origin main failed: error: src refspec main does not match any
[INFO] [stdout]       error: failed to push some refs to \'/tmp/.tmpCbp8RP\'\x1b[0m
[INFO] [stdout] 
[INFO] [stdout] Location:
[INFO] [stdout]    \x1b[35msrc/git/mod.rs\x1b[0m:\x1b[35m59\x1b[0m
[INFO] [stdout] 
[INFO] [stdout]   ━━━━━━━━━━━━━━━━━━━━━━━━━━━━━━━━━━ BACKTRACE ━━━━━━━━━━━━━━━━━━━━━━━━━━━━━━━━━━━
[INFO] [stdout]    1: \x1b[91m<color_eyre[fc6f4c9498ab616f]::config::EyreHook>::into_eyre_hook::{closure#0}\x1b[0m\x1b[90m<unknown>\x1b[0m
[INFO] [stdout]       at \x1b[35m<unknown source file>\x1b[0m:\x1b[35m<unknown line>\x1b[0m
[INFO] [stdout]    2: \x1b[91meyre[805fff8848d8aea7]::capture_handler\x1b[0m\x1b[90m<unknown>\x1b[0m
[INFO] [stdout]       at \x1b[35m<unknown source file>\x1b[0m:\x1b[35m<unknown line>\x1b[0m
[INFO] [stdout]    3: \x1b[91m<eyre[805fff8848d8aea7]::Report>::from_adhoc::<alloc[2e1b2a31b91974c5]::string::String>\x1b[0m\x1b[90m<unknown>\x1b[0m
[INFO] [stdout]       at \x1b[35m<unknown source file>\x1b[0m:\x1b[35m<unknown line>\x1b[0m
[INFO] [stdout]    4: \x1b[91mroost[9390512b529eae61]::git::run_git\x1b[0m\x1b[90m<unknown>\x1b[0m
[INFO] [stdout]       at \x1b[35m<unknown source file>\x1b[0m:\x1b[35m<unknown line>\x1b[0m
[INFO] [stdout]    5: \x1b[91mroost[9390512b529eae61]::git::sync\x1b[0m\x1b[90m<unknown>\x1b[0m
[INFO] [stdout]       at \x1b[35m<unknown source file>\x1b[0m:\x1b[35m<unknown line>\x1b[0m
[INFO] [stdout]    6: \x1b[91mroost[1eb2564aa21d3b39]::cmd_sync\x1b[0m\x1b[90m<unknown>\x1b[0m
[INFO] [stdout]       at \x1b[35m<unknown source file>\x1b[0m:\x1b[35m<unknown line>\x1b[0m
[INFO] [stdout]    7: \x1b[91mstd[617be2ca0a6fd877]::sys::backtrace::__rust_begin_short_backtrace::<fn() -> core[a373ad73a504971]::result::Result<(), eyre[805fff8848d8aea7]::Report>, core[a373ad73a504971]::result::Result<(), eyre[805fff8848d8aea7]::Report>>\x1b[0m\x1b[90m<unknown>\x1b[0m
[INFO] [stdout]       at \x1b[35m<unknown source file>\x1b[0m:\x1b[35m<unknown line>\x1b[0m
[INFO] [stdout]    8: \x1b[91mstd[617be2ca0a6fd877]::rt::lang_start::<core[a373ad73a504971]::result::Result<(), eyre[805fff8848d8aea7]::Report>>::{closure#0}\x1b[0m\x1b[90m<unknown>\x1b[0m
[INFO] [stdout]       at \x1b[35m<unknown source file>\x1b[0m:\x1b[35m<unknown line>\x1b[0m
[INFO] [stdout]    9: \x1b[91mstd[617be2ca0a6fd877]::rt::lang_start_internal\x1b[0m\x1b[90m<unknown>\x1b[0m
[INFO] [stdout]       at \x1b[35m<unknown source file>\x1b[0m:\x1b[35m<unknown line>\x1b[0m
[INFO] [stdout]   10: \x1b[32mmain\x1b[0m\x1b[90m<unknown>\x1b[0m
[INFO] [stdout]       at \x1b[35m<unknown source file>\x1b[0m:\x1b[35m<unknown line>\x1b[0m
[INFO] [stdout]   11: \x1b[32m__libc_start_main\x1b[0m\x1b[90m<unknown>\x1b[0m
[INFO] [stdout]       at \x1b[35m<unknown source file>\x1b[0m:\x1b[35m<unknown line>\x1b[0m
[INFO] [stdout]   12: \x1b[32m_start\x1b[0m\x1b[90m<unknown>\x1b[0m
[INFO] [stdout]       at \x1b[35m<unknown source file>\x1b[0m:\x1b[35m<unknown line>\x1b[0m
[INFO] [stdout] 
[INFO] [stdout] Run with COLORBT_SHOW_HIDDEN=1 environment variable to disable frame filtering.
[INFO] [stdout] ```
[INFO] [stdout] ```
[INFO] [stdout] command=`ROOST_DIR="/tmp/.tmpE90Fe0" "/opt/rustwide/target/release/roost" "sync"`
[INFO] [stdout] code=1
[INFO] [stdout] stdout=""
[INFO] [stdout] stderr=```
[INFO] [stdout] Error: 
[INFO] [stdout]    0: \x1b[91mgit push -u origin main failed: error: src refspec main does not match any
[INFO] [stdout]       error: failed to push some refs to \'/tmp/.tmpCbp8RP\'\x1b[0m
[INFO] [stdout] 
[INFO] [stdout] Location:
[INFO] [stdout]    \x1b[35msrc/git/mod.rs\x1b[0m:\x1b[35m59\x1b[0m
[INFO] [stdout] 
[INFO] [stdout]   ━━━━━━━━━━━━━━━━━━━━━━━━━━━━━━━━━━ BACKTRACE ━━━━━━━━━━━━━━━━━━━━━━━━━━━━━━━━━━━
[INFO] [stdout]    1: \x1b[91m<color_eyre[fc6f4c9498ab616f]::config::EyreHook>::into_eyre_hook::{closure#0}\x1b[0m\x1b[90m<unknown>\x1b[0m
[INFO] [stdout]       at \x1b[35m<unknown source file>\x1b[0m:\x1b[35m<unknown line>\x1b[0m
[INFO] [stdout]    2: \x1b[91meyre[805fff8848d8aea7]::capture_handler\x1b[0m\x1b[90m<unknown>\x1b[0m
[INFO] [stdout]       at \x1b[35m<unknown source file>\x1b[0m:\x1b[35m<unknown line>\x1b[0m
[INFO] [stdout]    3: \x1b[91m<eyre[805fff8848d8aea7]::Report>::from_adhoc::<alloc[2e1b2a31b91974c5]::string::String>\x1b[0m\x1b[90m<unknown>\x1b[0m
[INFO] [stdout]       at \x1b[35m<unknown source file>\x1b[0m:\x1b[35m<unknown line>\x1b[0m
[INFO] [stdout]    4: \x1b[91mroost[9390512b529eae61]::git::run_git\x1b[0m\x1b[90m<unknown>\x1b[0m
[INFO] [stdout]       at \x1b[35m<unknown source file>\x1b[0m:\x1b[35m<unknown line>\x1b[0m
[INFO] [stdout]    5: \x1b[91mroost[9390512b529eae61]::git::sync\x1b[0m\x1b[90m<unknown>\x1b[0m
[INFO] [stdout]       at \x1b[35m<unknown source file>\x1b[0m:\x1b[35m<unknown line>\x1b[0m
[INFO] [stdout]    6: \x1b[91mroost[1eb2564aa21d3b39]::cmd_sync\x1b[0m\x1b[90m<unknown>\x1b[0m
[INFO] [stdout]       at \x1b[35m<unknown source file>\x1b[0m:\x1b[35m<unknown line>\x1b[0m
[INFO] [stdout]    7: \x1b[91mstd[617be2ca0a6fd877]::sys::backtrace::__rust_begin_short_backtrace::<fn() -> core[a373ad73a504971]::result::Result<(), eyre[805fff8848d8aea7]::Report>, core[a373ad73a504971]::result::Result<(), eyre[805fff8848d8aea7]::Report>>\x1b[0m\x1b[90m<unknown>\x1b[0m
[INFO] [stdout]       at \x1b[35m<unknown source file>\x1b[0m:\x1b[35m<unknown line>\x1b[0m
[INFO] [stdout]    8: \x1b[91mstd[617be2ca0a6fd877]::rt::lang_start::<core[a373ad73a504971]::result::Result<(), eyre[805fff8848d8aea7]::Report>>::{closure#0}\x1b[0m\x1b[90m<unknown>\x1b[0m
[INFO] [stdout]       at \x1b[35m<unknown source file>\x1b[0m:\x1b[35m<unknown line>\x1b[0m
[INFO] [stdout]    9: \x1b[91mstd[617be2ca0a6fd877]::rt::lang_start_internal\x1b[0m\x1b[90m<unknown>\x1b[0m
[INFO] [stdout]       at \x1b[35m<unknown source file>\x1b[0m:\x1b[35m<unknown line>\x1b[0m
[INFO] [stdout]   10: \x1b[32mmain\x1b[0m\x1b[90m<unknown>\x1b[0m
[INFO] [stdout]       at \x1b[35m<unknown source file>\x1b[0m:\x1b[35m<unknown line>\x1b[0m
[INFO] [stdout]   11: \x1b[32m__libc_start_main\x1b[0m\x1b[90m<unknown>\x1b[0m
[INFO] [stdout]       at \x1b[35m<unknown source file>\x1b[0m:\x1b[35m<unknown line>\x1b[0m
[INFO] [stdout]   12: \x1b[32m_start\x1b[0m\x1b[90m<unknown>\x1b[0m
[INFO] [stdout]       at \x1b[35m<unknown source file>\x1b[0m:\x1b[35m<unknown line>\x1b[0m
[INFO] [stdout] 
[INFO] [stdout] Run with COLORBT_SHOW_HIDDEN=1 environment variable to disable frame filtering.
[INFO] [stdout] ```
[INFO] [stdout] 
[INFO] [stdout] 
[INFO] [stdout] stack backtrace:
[INFO] [stdout]    0:     0x58264dcc1dd1 - <<std[617be2ca0a6fd877]::sys::backtrace::BacktraceLock>::print::DisplayBacktrace as core[a373ad73a504971]::fmt::Display>::fmt
[INFO] [stdout]    1:     0x58264dcd88fa - core[a373ad73a504971]::fmt::write
[INFO] [stdout]    2:     0x58264dcc76cc - <alloc[2e1b2a31b91974c5]::vec::Vec<u8> as core[a373ad73a504971]::io::write::Write>::write_fmt
[INFO] [stdout]    3:     0x58264dc9c1a6 - std[617be2ca0a6fd877]::panicking::default_hook::{closure#0}
[INFO] [stdout]    4:     0x58264dcb9789 - std[617be2ca0a6fd877]::panicking::default_hook
[INFO] [stdout]    5:     0x58264dc43750 - test[aada8e7e76ba119b]::test_main_inner::{closure#0}
[INFO] [stdout]    6:     0x58264dcb9942 - std[617be2ca0a6fd877]::panicking::panic_with_hook
[INFO] [stdout]    7:     0x58264dc9c252 - std[617be2ca0a6fd877]::panicking::panic_handler::{closure#0}
[INFO] [stdout]    8:     0x58264dc94cb9 - std[617be2ca0a6fd877]::sys::backtrace::__rust_end_short_backtrace::<std[617be2ca0a6fd877]::panicking::panic_handler::{closure#0}, !>
[INFO] [stdout]    9:     0x58264dc9ce5d - __rustc[ea4f61d10b84890b]::rust_begin_unwind
[INFO] [stdout]   10:     0x58264dcd90ac - core[a373ad73a504971]::panicking::panic_fmt
[INFO] [stdout]   11:     0x58264dc78ce3 - <assert_cmd[6b3a7ac6bcb6bdc6]::assert::AssertError>::panic::<assert_cmd[6b3a7ac6bcb6bdc6]::assert::Assert>
[INFO] [stdout]   12:     0x58264dc795a6 - <assert_cmd[6b3a7ac6bcb6bdc6]::assert::Assert>::success
[INFO] [stdout]   13:     0x58264dc33105 - <sync[75722081bed3479e]::sync_no_op_when_up_to_date::{closure#0} as core[a373ad73a504971]::ops::function::FnOnce<()>>::call_once
[INFO] [stdout]   14:     0x58264dc36b9b - test[aada8e7e76ba119b]::__rust_begin_short_backtrace::<core[a373ad73a504971]::result::Result<(), alloc[2e1b2a31b91974c5]::string::String>, fn() -> core[a373ad73a504971]::result::Result<(), alloc[2e1b2a31b91974c5]::string::String>>
[INFO] [stdout]   15:     0x58264dc43d75 - test[aada8e7e76ba119b]::run_test::{closure#0}
[INFO] [stdout]   16:     0x58264dc3d664 - std[617be2ca0a6fd877]::sys::backtrace::__rust_begin_short_backtrace::<test[aada8e7e76ba119b]::run_test::{closure#1}, ()>
[INFO] [stdout]   17:     0x58264dc46e02 - <std[617be2ca0a6fd877]::thread::lifecycle::spawn_unchecked<test[aada8e7e76ba119b]::run_test::{closure#1}, ()>::{closure#1} as core[a373ad73a504971]::ops::function::FnOnce<()>>::call_once::{shim:vtable#0}
[INFO] [stdout]   18:     0x58264dcc106f - <std[617be2ca0a6fd877]::sys::thread::unix::Thread>::new::thread_start
[INFO] [stdout]   19:     0x70fea1d64dfa - <unknown>
[INFO] [stdout]   20:     0x70fea1df83d4 - clone
[INFO] [stdout]   21:                0x0 - <unknown>
[INFO] [stdout] 
[INFO] [stdout] ---- sync_pushes_local_changes stdout ----
[INFO] [stdout] 
[INFO] [stdout] thread 'sync_pushes_local_changes' (3716) panicked at /rustc/e3feeb59cd1bdd011a2bfcc0747b55125d9b8527/library/core/src/ops/function.rs:250:5:
[INFO] [stdout] Unexpected failure.
[INFO] [stdout] code=1
[INFO] [stdout] stderr=``````
[INFO] [stdout] Error: 
[INFO] [stdout]    0: \x1b[91mgit push -u origin main failed: error: src refspec main does not match any
[INFO] [stdout]       error: failed to push some refs to \'/tmp/.tmptZiaaF\'\x1b[0m
[INFO] [stdout] 
[INFO] [stdout] Location:
[INFO] [stdout]    \x1b[35msrc/git/mod.rs\x1b[0m:\x1b[35m59\x1b[0m
[INFO] [stdout] 
[INFO] [stdout]   ━━━━━━━━━━━━━━━━━━━━━━━━━━━━━━━━━━ BACKTRACE ━━━━━━━━━━━━━━━━━━━━━━━━━━━━━━━━━━━
[INFO] [stdout]    1: \x1b[91m<color_eyre[fc6f4c9498ab616f]::config::EyreHook>::into_eyre_hook::{closure#0}\x1b[0m\x1b[90m<unknown>\x1b[0m
[INFO] [stdout]       at \x1b[35m<unknown source file>\x1b[0m:\x1b[35m<unknown line>\x1b[0m
[INFO] [stdout]    2: \x1b[91meyre[805fff8848d8aea7]::capture_handler\x1b[0m\x1b[90m<unknown>\x1b[0m
[INFO] [stdout]       at \x1b[35m<unknown source file>\x1b[0m:\x1b[35m<unknown line>\x1b[0m
[INFO] [stdout]    3: \x1b[91m<eyre[805fff8848d8aea7]::Report>::from_adhoc::<alloc[2e1b2a31b91974c5]::string::String>\x1b[0m\x1b[90m<unknown>\x1b[0m
[INFO] [stdout]       at \x1b[35m<unknown source file>\x1b[0m:\x1b[35m<unknown line>\x1b[0m
[INFO] [stdout]    4: \x1b[91mroost[9390512b529eae61]::git::run_git\x1b[0m\x1b[90m<unknown>\x1b[0m
[INFO] [stdout]       at \x1b[35m<unknown source file>\x1b[0m:\x1b[35m<unknown line>\x1b[0m
[INFO] [stdout]    5: \x1b[91mroost[9390512b529eae61]::git::sync\x1b[0m\x1b[90m<unknown>\x1b[0m
[INFO] [stdout]       at \x1b[35m<unknown source file>\x1b[0m:\x1b[35m<unknown line>\x1b[0m
[INFO] [stdout]    6: \x1b[91mroost[1eb2564aa21d3b39]::cmd_sync\x1b[0m\x1b[90m<unknown>\x1b[0m
[INFO] [stdout]       at \x1b[35m<unknown source file>\x1b[0m:\x1b[35m<unknown line>\x1b[0m
[INFO] [stdout]    7: \x1b[91mstd[617be2ca0a6fd877]::sys::backtrace::__rust_begin_short_backtrace::<fn() -> core[a373ad73a504971]::result::Result<(), eyre[805fff8848d8aea7]::Report>, core[a373ad73a504971]::result::Result<(), eyre[805fff8848d8aea7]::Report>>\x1b[0m\x1b[90m<unknown>\x1b[0m
[INFO] [stdout]       at \x1b[35m<unknown source file>\x1b[0m:\x1b[35m<unknown line>\x1b[0m
[INFO] [stdout]    8: \x1b[91mstd[617be2ca0a6fd877]::rt::lang_start::<core[a373ad73a504971]::result::Result<(), eyre[805fff8848d8aea7]::Report>>::{closure#0}\x1b[0m\x1b[90m<unknown>\x1b[0m
[INFO] [stdout]       at \x1b[35m<unknown source file>\x1b[0m:\x1b[35m<unknown line>\x1b[0m
[INFO] [stdout]    9: \x1b[91mstd[617be2ca0a6fd877]::rt::lang_start_internal\x1b[0m\x1b[90m<unknown>\x1b[0m
[INFO] [stdout]       at \x1b[35m<unknown source file>\x1b[0m:\x1b[35m<unknown line>\x1b[0m
[INFO] [stdout]   10: \x1b[32mmain\x1b[0m\x1b[90m<unknown>\x1b[0m
[INFO] [stdout]       at \x1b[35m<unknown source file>\x1b[0m:\x1b[35m<unknown line>\x1b[0m
[INFO] [stdout]   11: \x1b[32m__libc_start_main\x1b[0m\x1b[90m<unknown>\x1b[0m
[INFO] [stdout]       at \x1b[35m<unknown source file>\x1b[0m:\x1b[35m<unknown line>\x1b[0m
[INFO] [stdout]   12: \x1b[32m_start\x1b[0m\x1b[90m<unknown>\x1b[0m
[INFO] [stdout]       at \x1b[35m<unknown source file>\x1b[0m:\x1b[35m<unknown line>\x1b[0m
[INFO] [stdout] 
[INFO] [stdout] Run with COLORBT_SHOW_HIDDEN=1 environment variable to disable frame filtering.
[INFO] [stdout] ```
[INFO] [stdout] ```
[INFO] [stdout] command=`ROOST_DIR="/tmp/.tmpVV3i27" "/opt/rustwide/target/release/roost" "sync"`
[INFO] [stdout] code=1
[INFO] [stdout] stdout=""
[INFO] [stdout] stderr=```
[INFO] [stdout] Error: 
[INFO] [stdout]    0: \x1b[91mgit push -u origin main failed: error: src refspec main does not match any
[INFO] [stdout]       error: failed to push some refs to \'/tmp/.tmptZiaaF\'\x1b[0m
[INFO] [stdout] 
[INFO] [stdout] Location:
[INFO] [stdout]    \x1b[35msrc/git/mod.rs\x1b[0m:\x1b[35m59\x1b[0m
[INFO] [stdout] 
[INFO] [stdout]   ━━━━━━━━━━━━━━━━━━━━━━━━━━━━━━━━━━ BACKTRACE ━━━━━━━━━━━━━━━━━━━━━━━━━━━━━━━━━━━
[INFO] [stdout]    1: \x1b[91m<color_eyre[fc6f4c9498ab616f]::config::EyreHook>::into_eyre_hook::{closure#0}\x1b[0m\x1b[90m<unknown>\x1b[0m
[INFO] [stdout]       at \x1b[35m<unknown source file>\x1b[0m:\x1b[35m<unknown line>\x1b[0m
[INFO] [stdout]    2: \x1b[91meyre[805fff8848d8aea7]::capture_handler\x1b[0m\x1b[90m<unknown>\x1b[0m
[INFO] [stdout]       at \x1b[35m<unknown source file>\x1b[0m:\x1b[35m<unknown line>\x1b[0m
[INFO] [stdout]    3: \x1b[91m<eyre[805fff8848d8aea7]::Report>::from_adhoc::<alloc[2e1b2a31b91974c5]::string::String>\x1b[0m\x1b[90m<unknown>\x1b[0m
[INFO] [stdout]       at \x1b[35m<unknown source file>\x1b[0m:\x1b[35m<unknown line>\x1b[0m
[INFO] [stdout]    4: \x1b[91mroost[9390512b529eae61]::git::run_git\x1b[0m\x1b[90m<unknown>\x1b[0m
[INFO] [stdout]       at \x1b[35m<unknown source file>\x1b[0m:\x1b[35m<unknown line>\x1b[0m
[INFO] [stdout]    5: \x1b[91mroost[9390512b529eae61]::git::sync\x1b[0m\x1b[90m<unknown>\x1b[0m
[INFO] [stdout]       at \x1b[35m<unknown source file>\x1b[0m:\x1b[35m<unknown line>\x1b[0m
[INFO] [stdout]    6: \x1b[91mroost[1eb2564aa21d3b39]::cmd_sync\x1b[0m\x1b[90m<unknown>\x1b[0m
[INFO] [stdout]       at \x1b[35m<unknown source file>\x1b[0m:\x1b[35m<unknown line>\x1b[0m
[INFO] [stdout]    7: \x1b[91mstd[617be2ca0a6fd877]::sys::backtrace::__rust_begin_short_backtrace::<fn() -> core[a373ad73a504971]::result::Result<(), eyre[805fff8848d8aea7]::Report>, core[a373ad73a504971]::result::Result<(), eyre[805fff8848d8aea7]::Report>>\x1b[0m\x1b[90m<unknown>\x1b[0m
[INFO] [stdout]       at \x1b[35m<unknown source file>\x1b[0m:\x1b[35m<unknown line>\x1b[0m
[INFO] [stdout]    8: \x1b[91mstd[617be2ca0a6fd877]::rt::lang_start::<core[a373ad73a504971]::result::Result<(), eyre[805fff8848d8aea7]::Report>>::{closure#0}\x1b[0m\x1b[90m<unknown>\x1b[0m
[INFO] [stdout]       at \x1b[35m<unknown source file>\x1b[0m:\x1b[35m<unknown line>\x1b[0m
[INFO] [stdout]    9: \x1b[91mstd[617be2ca0a6fd877]::rt::lang_start_internal\x1b[0m\x1b[90m<unknown>\x1b[0m
[INFO] [stdout]       at \x1b[35m<unknown source file>\x1b[0m:\x1b[35m<unknown line>\x1b[0m
[INFO] [stdout]   10: \x1b[32mmain\x1b[0m\x1b[90m<unknown>\x1b[0m
[INFO] [stdout]       at \x1b[35m<unknown source file>\x1b[0m:\x1b[35m<unknown line>\x1b[0m
[INFO] [stdout]   11: \x1b[32m__libc_start_main\x1b[0m\x1b[90m<unknown>\x1b[0m
[INFO] [stdout]       at \x1b[35m<unknown source file>\x1b[0m:\x1b[35m<unknown line>\x1b[0m
[INFO] [stdout]   12: \x1b[32m_start\x1b[0m\x1b[90m<unknown>\x1b[0m
[INFO] [stdout]       at \x1b[35m<unknown source file>\x1b[0m:\x1b[35m<unknown line>\x1b[0m
[INFO] [stdout] 
[INFO] [stdout] Run with COLORBT_SHOW_HIDDEN=1 environment variable to disable frame filtering.
[INFO] [stdout] ```
[INFO] [stdout] 
[INFO] [stdout] 
[INFO] [stdout] stack backtrace:
[INFO] [stdout]    0:     0x58264dcc1dd1 - <<std[617be2ca0a6fd877]::sys::backtrace::BacktraceLock>::print::DisplayBacktrace as core[a373ad73a504971]::fmt::Display>::fmt
[INFO] [stdout]    1:     0x58264dcd88fa - core[a373ad73a504971]::fmt::write
[INFO] [stdout]    2:     0x58264dcc76cc - <alloc[2e1b2a31b91974c5]::vec::Vec<u8> as core[a373ad73a504971]::io::write::Write>::write_fmt
[INFO] [stdout]    3:     0x58264dc9c1a6 - std[617be2ca0a6fd877]::panicking::default_hook::{closure#0}
[INFO] [stdout]    4:     0x58264dcb9789 - std[617be2ca0a6fd877]::panicking::default_hook
[INFO] [stdout]    5:     0x58264dc43750 - test[aada8e7e76ba119b]::test_main_inner::{closure#0}
[INFO] [stdout]    6:     0x58264dcb9942 - std[617be2ca0a6fd877]::panicking::panic_with_hook
[INFO] [stdout]    7:     0x58264dc9c252 - std[617be2ca0a6fd877]::panicking::panic_handler::{closure#0}
[INFO] [stdout]    8:     0x58264dc94cb9 - std[617be2ca0a6fd877]::sys::backtrace::__rust_end_short_backtrace::<std[617be2ca0a6fd877]::panicking::panic_handler::{closure#0}, !>
[INFO] [stdout]    9:     0x58264dc9ce5d - __rustc[ea4f61d10b84890b]::rust_begin_unwind
[INFO] [stdout]   10:     0x58264dcd90ac - core[a373ad73a504971]::panicking::panic_fmt
[INFO] [stdout]   11:     0x58264dc78ce3 - <assert_cmd[6b3a7ac6bcb6bdc6]::assert::AssertError>::panic::<assert_cmd[6b3a7ac6bcb6bdc6]::assert::Assert>
[INFO] [stdout]   12:     0x58264dc795a6 - <assert_cmd[6b3a7ac6bcb6bdc6]::assert::Assert>::success
[INFO] [stdout]   13:     0x58264dc31d3f - <sync[75722081bed3479e]::sync_pushes_local_changes::{closure#0} as core[a373ad73a504971]::ops::function::FnOnce<()>>::call_once
[INFO] [stdout]   14:     0x58264dc36b9b - test[aada8e7e76ba119b]::__rust_begin_short_backtrace::<core[a373ad73a504971]::result::Result<(), alloc[2e1b2a31b91974c5]::string::String>, fn() -> core[a373ad73a504971]::result::Result<(), alloc[2e1b2a31b91974c5]::string::String>>
[INFO] [stdout]   15:     0x58264dc43d75 - test[aada8e7e76ba119b]::run_test::{closure#0}
[INFO] [stdout]   16:     0x58264dc3d664 - std[617be2ca0a6fd877]::sys::backtrace::__rust_begin_short_backtrace::<test[aada8e7e76ba119b]::run_test::{closure#1}, ()>
[INFO] [stdout]   17:     0x58264dc46e02 - <std[617be2ca0a6fd877]::thread::lifecycle::spawn_unchecked<test[aada8e7e76ba119b]::run_test::{closure#1}, ()>::{closure#1} as core[a373ad73a504971]::ops::function::FnOnce<()>>::call_once::{shim:vtable#0}
[INFO] [stdout]   18:     0x58264dcc106f - <std[617be2ca0a6fd877]::sys::thread::unix::Thread>::new::thread_start
[INFO] [stdout]   19:     0x70fea1d64dfa - <unknown>
[INFO] [stdout]   20:     0x70fea1df83d4 - clone
[INFO] [stdout]   21:                0x0 - <unknown>
[INFO] [stdout] 
[INFO] [stdout] ---- sync_resolves_config_conflict_without_file_conflict stdout ----
[INFO] [stdout] 
[INFO] [stdout] thread 'sync_resolves_config_conflict_without_file_conflict' (3718) panicked at /rustc/e3feeb59cd1bdd011a2bfcc0747b55125d9b8527/library/core/src/ops/function.rs:250:5:
[INFO] [stdout] Unexpected failure.
[INFO] [stdout] code=1
[INFO] [stdout] stderr=``````
[INFO] [stdout] Error: 
[INFO] [stdout]    0: \x1b[91mgit push -u origin main failed: error: src refspec main does not match any
[INFO] [stdout]       error: failed to push some refs to \'/tmp/.tmpZx5Stg\'\x1b[0m
[INFO] [stdout] 
[INFO] [stdout] Location:
[INFO] [stdout]    \x1b[35msrc/git/mod.rs\x1b[0m:\x1b[35m59\x1b[0m
[INFO] [stdout] 
[INFO] [stdout]   ━━━━━━━━━━━━━━━━━━━━━━━━━━━━━━━━━━ BACKTRACE ━━━━━━━━━━━━━━━━━━━━━━━━━━━━━━━━━━━
[INFO] [stdout]    1: \x1b[91m<color_eyre[fc6f4c9498ab616f]::config::EyreHook>::into_eyre_hook::{closure#0}\x1b[0m\x1b[90m<unknown>\x1b[0m
[INFO] [stdout]       at \x1b[35m<unknown source file>\x1b[0m:\x1b[35m<unknown line>\x1b[0m
[INFO] [stdout]    2: \x1b[91meyre[805fff8848d8aea7]::capture_handler\x1b[0m\x1b[90m<unknown>\x1b[0m
[INFO] [stdout]       at \x1b[35m<unknown source file>\x1b[0m:\x1b[35m<unknown line>\x1b[0m
[INFO] [stdout]    3: \x1b[91m<eyre[805fff8848d8aea7]::Report>::from_adhoc::<alloc[2e1b2a31b91974c5]::string::String>\x1b[0m\x1b[90m<unknown>\x1b[0m
[INFO] [stdout]       at \x1b[35m<unknown source file>\x1b[0m:\x1b[35m<unknown line>\x1b[0m
[INFO] [stdout]    4: \x1b[91mroost[9390512b529eae61]::git::run_git\x1b[0m\x1b[90m<unknown>\x1b[0m
[INFO] [stdout]       at \x1b[35m<unknown source file>\x1b[0m:\x1b[35m<unknown line>\x1b[0m
[INFO] [stdout]    5: \x1b[91mroost[9390512b529eae61]::git::sync\x1b[0m\x1b[90m<unknown>\x1b[0m
[INFO] [stdout]       at \x1b[35m<unknown source file>\x1b[0m:\x1b[35m<unknown line>\x1b[0m
[INFO] [stdout]    6: \x1b[91mroost[1eb2564aa21d3b39]::cmd_sync\x1b[0m\x1b[90m<unknown>\x1b[0m
[INFO] [stdout]       at \x1b[35m<unknown source file>\x1b[0m:\x1b[35m<unknown line>\x1b[0m
[INFO] [stdout]    7: \x1b[91mstd[617be2ca0a6fd877]::sys::backtrace::__rust_begin_short_backtrace::<fn() -> core[a373ad73a504971]::result::Result<(), eyre[805fff8848d8aea7]::Report>, core[a373ad73a504971]::result::Result<(), eyre[805fff8848d8aea7]::Report>>\x1b[0m\x1b[90m<unknown>\x1b[0m
[INFO] [stdout]       at \x1b[35m<unknown source file>\x1b[0m:\x1b[35m<unknown line>\x1b[0m
[INFO] [stdout]    8: \x1b[91mstd[617be2ca0a6fd877]::rt::lang_start::<core[a373ad73a504971]::result::Result<(), eyre[805fff8848d8aea7]::Report>>::{closure#0}\x1b[0m\x1b[90m<unknown>\x1b[0m
[INFO] [stdout]       at \x1b[35m<unknown source file>\x1b[0m:\x1b[35m<unknown line>\x1b[0m
[INFO] [stdout]    9: \x1b[91mstd[617be2ca0a6fd877]::rt::lang_start_internal\x1b[0m\x1b[90m<unknown>\x1b[0m
[INFO] [stdout]       at \x1b[35m<unknown source file>\x1b[0m:\x1b[35m<unknown line>\x1b[0m
[INFO] [stdout]   10: \x1b[32mmain\x1b[0m\x1b[90m<unknown>\x1b[0m
[INFO] [stdout]       at \x1b[35m<unknown source file>\x1b[0m:\x1b[35m<unknown line>\x1b[0m
[INFO] [stdout]   11: \x1b[32m__libc_start_main\x1b[0m\x1b[90m<unknown>\x1b[0m
[INFO] [stdout]       at \x1b[35m<unknown source file>\x1b[0m:\x1b[35m<unknown line>\x1b[0m
[INFO] [stdout]   12: \x1b[32m_start\x1b[0m\x1b[90m<unknown>\x1b[0m
[INFO] [stdout]       at \x1b[35m<unknown source file>\x1b[0m:\x1b[35m<unknown line>\x1b[0m
[INFO] [stdout] 
[INFO] [stdout] Run with COLORBT_SHOW_HIDDEN=1 environment variable to disable frame filtering.
[INFO] [stdout] ```
[INFO] [stdout] ```
[INFO] [stdout] command=`ROOST_DIR="/tmp/.tmpvMfqNZ" "/opt/rustwide/target/release/roost" "sync"`
[INFO] [stdout] code=1
[INFO] [stdout] stdout=""
[INFO] [stdout] stderr=```
[INFO] [stdout] Error: 
[INFO] [stdout]    0: \x1b[91mgit push -u origin main failed: error: src refspec main does not match any
[INFO] [stdout]       error: failed to push some refs to \'/tmp/.tmpZx5Stg\'\x1b[0m
[INFO] [stdout] 
[INFO] [stdout] Location:
[INFO] [stdout]    \x1b[35msrc/git/mod.rs\x1b[0m:\x1b[35m59\x1b[0m
[INFO] [stdout] 
[INFO] [stdout]   ━━━━━━━━━━━━━━━━━━━━━━━━━━━━━━━━━━ BACKTRACE ━━━━━━━━━━━━━━━━━━━━━━━━━━━━━━━━━━━
[INFO] [stdout]    1: \x1b[91m<color_eyre[fc6f4c9498ab616f]::config::EyreHook>::into_eyre_hook::{closure#0}\x1b[0m\x1b[90m<unknown>\x1b[0m
[INFO] [stdout]       at \x1b[35m<unknown source file>\x1b[0m:\x1b[35m<unknown line>\x1b[0m
[INFO] [stdout]    2: \x1b[91meyre[805fff8848d8aea7]::capture_handler\x1b[0m\x1b[90m<unknown>\x1b[0m
[INFO] [stdout]       at \x1b[35m<unknown source file>\x1b[0m:\x1b[35m<unknown line>\x1b[0m
[INFO] [stdout]    3: \x1b[91m<eyre[805fff8848d8aea7]::Report>::from_adhoc::<alloc[2e1b2a31b91974c5]::string::String>\x1b[0m\x1b[90m<unknown>\x1b[0m
[INFO] [stdout]       at \x1b[35m<unknown source file>\x1b[0m:\x1b[35m<unknown line>\x1b[0m
[INFO] [stdout]    4: \x1b[91mroost[9390512b529eae61]::git::run_git\x1b[0m\x1b[90m<unknown>\x1b[0m
[INFO] [stdout]       at \x1b[35m<unknown source file>\x1b[0m:\x1b[35m<unknown line>\x1b[0m
[INFO] [stdout]    5: \x1b[91mroost[9390512b529eae61]::git::sync\x1b[0m\x1b[90m<unknown>\x1b[0m
[INFO] [stdout]       at \x1b[35m<unknown source file>\x1b[0m:\x1b[35m<unknown line>\x1b[0m
[INFO] [stdout]    6: \x1b[91mroost[1eb2564aa21d3b39]::cmd_sync\x1b[0m\x1b[90m<unknown>\x1b[0m
[INFO] [stdout]       at \x1b[35m<unknown source file>\x1b[0m:\x1b[35m<unknown line>\x1b[0m
[INFO] [stdout]    7: \x1b[91mstd[617be2ca0a6fd877]::sys::backtrace::__rust_begin_short_backtrace::<fn() -> core[a373ad73a504971]::result::Result<(), eyre[805fff8848d8aea7]::Report>, core[a373ad73a504971]::result::Result<(), eyre[805fff8848d8aea7]::Report>>\x1b[0m\x1b[90m<unknown>\x1b[0m
[INFO] [stdout]       at \x1b[35m<unknown source file>\x1b[0m:\x1b[35m<unknown line>\x1b[0m
[INFO] [stdout]    8: \x1b[91mstd[617be2ca0a6fd877]::rt::lang_start::<core[a373ad73a504971]::result::Result<(), eyre[805fff8848d8aea7]::Report>>::{closure#0}\x1b[0m\x1b[90m<unknown>\x1b[0m
[INFO] [stdout]       at \x1b[35m<unknown source file>\x1b[0m:\x1b[35m<unknown line>\x1b[0m
[INFO] [stdout]    9: \x1b[91mstd[617be2ca0a6fd877]::rt::lang_start_internal\x1b[0m\x1b[90m<unknown>\x1b[0m
[INFO] [stdout]       at \x1b[35m<unknown source file>\x1b[0m:\x1b[35m<unknown line>\x1b[0m
[INFO] [stdout]   10: \x1b[32mmain\x1b[0m\x1b[90m<unknown>\x1b[0m
[INFO] [stdout]       at \x1b[35m<unknown source file>\x1b[0m:\x1b[35m<unknown line>\x1b[0m
[INFO] [stdout]   11: \x1b[32m__libc_start_main\x1b[0m\x1b[90m<unknown>\x1b[0m
[INFO] [stdout]       at \x1b[35m<unknown source file>\x1b[0m:\x1b[35m<unknown line>\x1b[0m
[INFO] [stdout]   12: \x1b[32m_start\x1b[0m\x1b[90m<unknown>\x1b[0m
[INFO] [stdout]       at \x1b[35m<unknown source file>\x1b[0m:\x1b[35m<unknown line>\x1b[0m
[INFO] [stdout] 
[INFO] [stdout] Run with COLORBT_SHOW_HIDDEN=1 environment variable to disable frame filtering.
[INFO] [stdout] ```
[INFO] [stdout] 
[INFO] [stdout] 
[INFO] [stdout] stack backtrace:
[INFO] [stdout]    0:     0x58264dcc1dd1 - <<std[617be2ca0a6fd877]::sys::backtrace::BacktraceLock>::print::DisplayBacktrace as core[a373ad73a504971]::fmt::Display>::fmt
[INFO] [stdout]    1:     0x58264dcd88fa - core[a373ad73a504971]::fmt::write
[INFO] [stdout]    2:     0x58264dcc76cc - <alloc[2e1b2a31b91974c5]::vec::Vec<u8> as core[a373ad73a504971]::io::write::Write>::write_fmt
[INFO] [stdout]    3:     0x58264dc9c1a6 - std[617be2ca0a6fd877]::panicking::default_hook::{closure#0}
[INFO] [stdout]    4:     0x58264dcb9789 - std[617be2ca0a6fd877]::panicking::default_hook
[INFO] [stdout]    5:     0x58264dc43750 - test[aada8e7e76ba119b]::test_main_inner::{closure#0}
[INFO] [stdout]    6:     0x58264dcb9942 - std[617be2ca0a6fd877]::panicking::panic_with_hook
[INFO] [stdout]    7:     0x58264dc9c252 - std[617be2ca0a6fd877]::panicking::panic_handler::{closure#0}
[INFO] [stdout]    8:     0x58264dc94cb9 - std[617be2ca0a6fd877]::sys::backtrace::__rust_end_short_backtrace::<std[617be2ca0a6fd877]::panicking::panic_handler::{closure#0}, !>
[INFO] [stdout]    9:     0x58264dc9ce5d - __rustc[ea4f61d10b84890b]::rust_begin_unwind
[INFO] [stdout]   10:     0x58264dcd90ac - core[a373ad73a504971]::panicking::panic_fmt
[INFO] [stdout]   11:     0x58264dc78ce3 - <assert_cmd[6b3a7ac6bcb6bdc6]::assert::AssertError>::panic::<assert_cmd[6b3a7ac6bcb6bdc6]::assert::Assert>
[INFO] [stdout]   12:     0x58264dc795a6 - <assert_cmd[6b3a7ac6bcb6bdc6]::assert::Assert>::success
[INFO] [stdout]   13:     0x58264dc343fd - <sync[75722081bed3479e]::sync_resolves_config_conflict_without_file_conflict::{closure#0} as core[a373ad73a504971]::ops::function::FnOnce<()>>::call_once
[INFO] [stdout]   14:     0x58264dc36b9b - test[aada8e7e76ba119b]::__rust_begin_short_backtrace::<core[a373ad73a504971]::result::Result<(), alloc[2e1b2a31b91974c5]::string::String>, fn() -> core[a373ad73a504971]::result::Result<(), alloc[2e1b2a31b91974c5]::string::String>>
[INFO] [stdout]   15:     0x58264dc43d75 - test[aada8e7e76ba119b]::run_test::{closure#0}
[INFO] [stdout]   16:     0x58264dc3d664 - std[617be2ca0a6fd877]::sys::backtrace::__rust_begin_short_backtrace::<test[aada8e7e76ba119b]::run_test::{closure#1}, ()>
[INFO] [stdout]   17:     0x58264dc46e02 - <std[617be2ca0a6fd877]::thread::lifecycle::spawn_unchecked<test[aada8e7e76ba119b]::run_test::{closure#1}, ()>::{closure#1} as core[a373ad73a504971]::ops::function::FnOnce<()>>::call_once::{shim:vtable#0}
[INFO] [stdout]   18:     0x58264dcc106f - <std[617be2ca0a6fd877]::sys::thread::unix::Thread>::new::thread_start
[INFO] [stdout]   19:     0x70fea1d64dfa - <unknown>
[INFO] [stdout]   20:     0x70fea1df83d4 - clone
[INFO] [stdout]   21:                0x0 - <unknown>
[INFO] [stdout] 
[INFO] [stdout] 
[INFO] [stdout] failures:
[INFO] [stdout]     sync_no_op_when_up_to_date
[INFO] [stdout]     sync_pulls_remote_changes
[INFO] [stdout]     sync_pushes_local_changes
[INFO] [stdout]     sync_resolves_config_conflict_without_file_conflict
[INFO] [stdout] 
[INFO] [stdout] test result: FAILED. 2 passed; 4 failed; 0 ignored; 0 measured; 0 filtered out; finished in 0.32s
[INFO] [stdout] 
[INFO] running `Command { std: "docker" "inspect" "99e568a9662aee5ec7e4669ada070164aa57caf4e0fb3c6f03e506099273dae4", kill_on_drop: false }`
[INFO] running `Command { std: "docker" "rm" "-f" "99e568a9662aee5ec7e4669ada070164aa57caf4e0fb3c6f03e506099273dae4", kill_on_drop: false }`
[INFO] [stdout] 99e568a9662aee5ec7e4669ada070164aa57caf4e0fb3c6f03e506099273dae4
