[INFO] fetching crate ronin-validate 0.1.0...
[INFO] testing ronin-validate-0.1.0 against 1.99.0-beta.8+cargoflags=--release for beta-release-1.100-2
[INFO] extracting crate ronin-validate 0.1.0 into /workspace/builds/worker-6-tc1/source
[INFO] started tweaking crates.io crate ronin-validate 0.1.0
[INFO] removed 0 missing tests
[INFO] finished tweaking crates.io crate ronin-validate 0.1.0
[INFO] tweaked toml for crates.io crate ronin-validate 0.1.0 written to /workspace/builds/worker-6-tc1/source/Cargo.toml
[INFO] validating manifest of crates.io crate ronin-validate 0.1.0 on toolchain 1.99.0-beta.8
[INFO] running `Command { std: CARGO_HOME="/workspace/cargo-home" RUSTUP_HOME="/workspace/rustup-home" "/workspace/cargo-home/bin/cargo" "+1.99.0-beta.8" "metadata" "--manifest-path" "Cargo.toml" "--no-deps", kill_on_drop: false }`
[INFO] crate crates.io crate ronin-validate 0.1.0 already has a lockfile, it will not be regenerated
[INFO] running `Command { std: CARGO_HOME="/workspace/cargo-home" RUSTUP_HOME="/workspace/rustup-home" "/workspace/cargo-home/bin/cargo" "+1.99.0-beta.8" "fetch" "--manifest-path" "Cargo.toml", kill_on_drop: false }`
[INFO] [stderr]     Updating crates.io index
[INFO] [stderr]  Downloading crates ...
[INFO] [stderr]   Downloaded referencing v0.46.5
[INFO] [stderr]   Downloaded jsonschema v0.46.5
[INFO] [stderr]   Downloaded fancy-regex v0.18.0
[INFO] [stderr]   Downloaded ronin-core v0.1.0
[INFO] running `Command { std: "docker" "create" "-v" "/var/lib/crater-agent-workspace/builds/worker-6-tc1/source:/opt/rustwide/workdir:ro,Z" "-v" "/var/lib/crater-agent-workspace/builds/worker-6-tc1/target:/opt/rustwide/target:rw,Z" "-v" "/var/lib/crater-agent-workspace/cargo-home:/opt/rustwide/cargo-home:ro,Z" "-v" "/var/lib/crater-agent-workspace/rustup-home:/opt/rustwide/rustup-home:ro,Z" "-m" "1610612736" "--network" "none" "ghcr.io/rust-lang/crates-build-env/linux@sha256:77db811e55d90add9212f6832c23229e3de5f1c1f9905e8cb07319ea15df73ac" "sleep" "infinity", kill_on_drop: false }`
[INFO] [stdout] 3382c80b7efb008b18b4c254ff3025d66b304a900f3a52691c7d63a2df0afbdd
[INFO] running `Command { std: "docker" "start" "3382c80b7efb008b18b4c254ff3025d66b304a900f3a52691c7d63a2df0afbdd", kill_on_drop: false }`
[INFO] running `Command { std: "docker" "inspect" "3382c80b7efb008b18b4c254ff3025d66b304a900f3a52691c7d63a2df0afbdd", kill_on_drop: false }`
[INFO] running `Command { std: "docker" "exec" "-e" "SOURCE_DIR=/opt/rustwide/workdir" "-e" "CARGO_HOME=/opt/rustwide/cargo-home" "-e" "RUSTUP_HOME=/opt/rustwide/rustup-home" "-e" "CARGO_TARGET_DIR=/opt/rustwide/target" "-w" "/opt/rustwide/workdir" "--user" "0:0" "3382c80b7efb008b18b4c254ff3025d66b304a900f3a52691c7d63a2df0afbdd" "/opt/rustwide/cargo-home/bin/cargo" "+1.99.0-beta.8" "metadata" "--no-deps" "--format-version=1", kill_on_drop: false }`
[INFO] running `Command { std: "docker" "inspect" "3382c80b7efb008b18b4c254ff3025d66b304a900f3a52691c7d63a2df0afbdd", kill_on_drop: false }`
[INFO] running `Command { std: "docker" "exec" "-e" "SOURCE_DIR=/opt/rustwide/workdir" "-e" "CARGO_HOME=/opt/rustwide/cargo-home" "-e" "RUSTUP_HOME=/opt/rustwide/rustup-home" "-e" "CARGO_TARGET_DIR=/opt/rustwide/target" "-e" "CARGO_INCREMENTAL=0" "-e" "RUST_BACKTRACE=full" "-e" "RUSTFLAGS=--cap-lints=warn" "-e" "RUSTDOCFLAGS=--cap-lints=warn" "-w" "/opt/rustwide/workdir" "--user" "0:0" "3382c80b7efb008b18b4c254ff3025d66b304a900f3a52691c7d63a2df0afbdd" "/opt/rustwide/cargo-home/bin/cargo" "+1.99.0-beta.8" "build" "--frozen" "--message-format=json" "--release", kill_on_drop: false }`
[INFO] [stderr]    Compiling serde_core v1.0.228
[INFO] [stderr]    Compiling libc v0.2.186
[INFO] [stderr]    Compiling smallvec v1.15.2
[INFO] [stderr]    Compiling memchr v2.8.2
[INFO] [stderr]    Compiling serde v1.0.228
[INFO] [stderr]    Compiling num-traits v0.2.19
[INFO] [stderr]    Compiling zerocopy v0.8.52
[INFO] [stderr]    Compiling ref-cast v1.0.25
[INFO] [stderr]    Compiling ahash v0.8.12
[INFO] [stderr]    Compiling serde_json v1.0.150
[INFO] [stderr]    Compiling syn v2.0.118
[INFO] [stderr]    Compiling regex-syntax v0.8.11
[INFO] [stderr]    Compiling bit-vec v0.8.0
[INFO] [stderr]    Compiling once_cell v1.21.4
[INFO] [stderr]    Compiling allocator-api2 v0.2.21
[INFO] [stderr]    Compiling borrow-or-share v0.2.4
[INFO] [stderr]    Compiling foldhash v0.2.0
[INFO] [stderr]    Compiling unicode-general-category v1.1.0
[INFO] [stderr]    Compiling outref v0.5.2
[INFO] [stderr]    Compiling micromap v0.3.0
[INFO] [stderr]    Compiling vsimd v0.8.0
[INFO] [stderr]    Compiling data-encoding v2.11.0
[INFO] [stderr]    Compiling bit-set v0.8.0
[INFO] [stderr]    Compiling num-cmp v0.1.0
[INFO] [stderr]    Compiling hashbrown v0.16.1
[INFO] [stderr]    Compiling bytecount v0.6.9
[INFO] [stderr]    Compiling ronin-core v0.1.0
[INFO] [stderr]    Compiling aho-corasick v1.1.4
[INFO] [stderr]    Compiling uuid-simd v0.8.0
[INFO] [stderr]    Compiling num-integer v0.1.46
[INFO] [stderr]    Compiling num-complex v0.4.6
[INFO] [stderr]    Compiling parking_lot_core v0.9.12
[INFO] [stderr]    Compiling getrandom v0.3.4
[INFO] [stderr]    Compiling num-bigint v0.4.6
[INFO] [stderr]    Compiling num-iter v0.1.45
[INFO] [stderr]    Compiling parking_lot v0.12.5
[INFO] [stderr]    Compiling regex-automata v0.4.14
[INFO] [stderr]    Compiling synstructure v0.13.2
[INFO] [stderr]    Compiling num-rational v0.4.2
[INFO] [stderr]    Compiling zerofrom-derive v0.1.7
[INFO] [stderr]    Compiling yoke-derive v0.8.2
[INFO] [stderr]    Compiling zerovec-derive v0.11.3
[INFO] [stderr]    Compiling displaydoc v0.2.6
[INFO] [stderr]    Compiling serde_derive v1.0.228
[INFO] [stderr]    Compiling ref-cast-impl v1.0.25
[INFO] [stderr]    Compiling num v0.4.3
[INFO] [stderr]    Compiling zerofrom v0.1.8
[INFO] [stderr]    Compiling fraction v0.15.4
[INFO] [stderr]    Compiling yoke v0.8.3
[INFO] [stderr]    Compiling zerotrie v0.2.4
[INFO] [stderr]    Compiling zerovec v0.11.6
[INFO] [stderr]    Compiling tinystr v0.8.3
[INFO] [stderr]    Compiling potential_utf v0.1.5
[INFO] [stderr]    Compiling icu_collections v2.2.0
[INFO] [stderr]    Compiling icu_locale_core v2.2.0
[INFO] [stderr]    Compiling icu_provider v2.2.0
[INFO] [stderr]    Compiling icu_properties v2.2.0
[INFO] [stderr]    Compiling icu_normalizer v2.2.0
[INFO] [stderr]    Compiling regex v1.12.4
[INFO] [stderr]    Compiling fancy-regex v0.18.0
[INFO] [stderr]    Compiling fluent-uri v0.4.1
[INFO] [stderr]    Compiling email_address v0.2.9
[INFO] [stderr]    Compiling idna_adapter v1.2.2
[INFO] [stderr]    Compiling idna v1.1.0
[INFO] [stderr]    Compiling referencing v0.46.5
[INFO] [stderr]    Compiling jsonschema v0.46.5
[INFO] [stderr]    Compiling ronin-validate v0.1.0 (/opt/rustwide/workdir)
[INFO] [stderr]     Finished `release` profile [optimized] target(s) in 1m 20s
[INFO] running `Command { std: "docker" "inspect" "3382c80b7efb008b18b4c254ff3025d66b304a900f3a52691c7d63a2df0afbdd", kill_on_drop: false }`
[INFO] running `Command { std: "docker" "exec" "-e" "SOURCE_DIR=/opt/rustwide/workdir" "-e" "CARGO_HOME=/opt/rustwide/cargo-home" "-e" "RUSTUP_HOME=/opt/rustwide/rustup-home" "-e" "CARGO_TARGET_DIR=/opt/rustwide/target" "-e" "CARGO_INCREMENTAL=0" "-e" "RUST_BACKTRACE=full" "-e" "RUSTFLAGS=--cap-lints=warn" "-e" "RUSTDOCFLAGS=--cap-lints=warn" "-w" "/opt/rustwide/workdir" "--user" "0:0" "3382c80b7efb008b18b4c254ff3025d66b304a900f3a52691c7d63a2df0afbdd" "/opt/rustwide/cargo-home/bin/cargo" "+1.99.0-beta.8" "test" "--frozen" "--no-run" "--message-format=json" "--release", kill_on_drop: false }`
[INFO] [stderr]    Compiling getrandom v0.3.4
[INFO] [stderr]    Compiling rustix v1.1.4
[INFO] [stderr]    Compiling bit-vec v0.8.0
[INFO] [stderr]    Compiling bitflags v2.13.0
[INFO] [stderr]    Compiling linux-raw-sys v0.12.1
[INFO] [stderr]    Compiling getrandom v0.4.3
[INFO] [stderr]    Compiling fastrand v2.4.1
[INFO] [stderr]    Compiling ppv-lite86 v0.2.21
[INFO] [stderr]    Compiling wait-timeout v0.2.1
[INFO] [stderr]    Compiling quick-error v1.2.3
[INFO] [stderr]    Compiling console v0.16.3
[INFO] [stderr]    Compiling similar v2.7.0
[INFO] [stderr]    Compiling unarray v0.1.4
[INFO] [stderr]    Compiling bit-set v0.8.0
[INFO] [stderr]    Compiling rand_core v0.9.5
[INFO] [stderr]    Compiling ahash v0.8.12
[INFO] [stderr]    Compiling rand v0.9.4
[INFO] [stderr]    Compiling rand_xorshift v0.4.0
[INFO] [stderr]    Compiling fancy-regex v0.18.0
[INFO] [stderr]    Compiling referencing v0.46.5
[INFO] [stderr]    Compiling rand_chacha v0.9.0
[INFO] [stderr]    Compiling jsonschema v0.46.5
[INFO] [stderr]    Compiling tempfile v3.27.0
[INFO] [stderr]    Compiling rusty-fork v0.3.1
[INFO] [stderr]    Compiling insta v1.48.0
[INFO] [stderr]    Compiling proptest v1.11.0
[INFO] [stderr]    Compiling ronin-validate v0.1.0 (/opt/rustwide/workdir)
[INFO] [stderr]     Finished `release` profile [optimized] target(s) in 52.90s
[INFO] running `Command { std: "docker" "inspect" "3382c80b7efb008b18b4c254ff3025d66b304a900f3a52691c7d63a2df0afbdd", kill_on_drop: false }`
[INFO] running `Command { std: "docker" "exec" "-e" "SOURCE_DIR=/opt/rustwide/workdir" "-e" "CARGO_HOME=/opt/rustwide/cargo-home" "-e" "RUSTUP_HOME=/opt/rustwide/rustup-home" "-e" "CARGO_TARGET_DIR=/opt/rustwide/target" "-e" "CARGO_INCREMENTAL=0" "-e" "RUST_BACKTRACE=full" "-e" "RUSTFLAGS=--cap-lints=warn" "-e" "RUSTDOCFLAGS=--cap-lints=warn" "-w" "/opt/rustwide/workdir" "--user" "0:0" "3382c80b7efb008b18b4c254ff3025d66b304a900f3a52691c7d63a2df0afbdd" "/opt/rustwide/cargo-home/bin/cargo" "+1.99.0-beta.8" "test" "--frozen" "--release", kill_on_drop: false }`
[INFO] [stderr]     Finished `release` profile [optimized] target(s) in 0.19s
[INFO] [stderr]      Running unittests src/lib.rs (/opt/rustwide/target/release/deps/ronin_validate-881f14a21167808c)
[INFO] [stdout] 
[INFO] [stdout] running 5 tests
[INFO] [stdout] test validate::tests::dedup_against_structural_suppresses_only_overlapping_type_findings ... ok
[INFO] [stdout] test validate::tests::ranges_intersect_covers_overlap_containment_and_edges ... ok
[INFO] [stdout] test validate::tests::dedup_against_structural_is_identity_without_structural ... ok
[INFO] [stdout] test validate::tests::skip_unparseable_drops_findings_in_error_span_but_keeps_remainder ... ok
[INFO] [stdout] test validate::tests::read_only_document_bytes_unchanged_after_pass ... ok
[INFO] [stdout] 
[INFO] [stdout] test result: ok. 5 passed; 0 failed; 0 ignored; 0 measured; 0 filtered out; finished in 0.00s
[INFO] [stdout] 
[INFO] [stderr]      Running tests/degradation.rs (/opt/rustwide/target/release/deps/degradation-7b3064bded1f7e1e)
[INFO] [stdout] 
[INFO] [stdout] running 8 tests
[INFO] [stdout] test empty_model_is_structural_only_smoke ... ok
[INFO] [stdout] test dedup_suppresses_overlapping_type_findings_keeps_non_overlapping ... ok
[INFO] [stdout] test extra_field_allowed_silently_for_non_strict_type ... ok
[INFO] [stdout] test skip_unparseable_with_multibyte_remainder ... ok
[INFO] [stdout] test dedup_keeps_type_finding_disjoint_from_structural ... ok
[INFO] [stdout] test skip_unparseable_zero_cascade_in_span_diag_on_remainder_structural_present ... ok
[INFO] [stdout] test dedup_via_public_validate_suppresses_type_finding_over_structural_region ... ok
[INFO] [stdout] test extra_field_flagged_only_for_deny_unknown_fields ... ok
[INFO] [stdout] 
[INFO] [stdout] test result: ok. 8 passed; 0 failed; 0 ignored; 0 measured; 0 filtered out; finished in 0.01s
[INFO] [stdout] 
[INFO] [stderr]      Running tests/dependency_invariants.rs (/opt/rustwide/target/release/deps/dependency_invariants-1173f02abed46dca)
[INFO] [stdout] 
[INFO] [stdout] running 3 tests
[INFO] [stdout] test ronin_core_has_no_validation_deps_in_normal_closure ... ok
[INFO] [stdout] test ronin_types_absent_from_wasm_clean_crates ... ok
[INFO] [stdout] test ronin_validate_has_no_network_transport_in_normal_closure ... ok
[INFO] [stdout] 
[INFO] [stdout] test result: ok. 3 passed; 0 failed; 0 ignored; 0 measured; 0 filtered out; finished in 0.08s
[INFO] [stdout] 
[INFO] [stderr]      Running tests/error_kinds.rs (/opt/rustwide/target/release/deps/error_kinds-cc9013a8ead8fb25)
[INFO] [stdout] 
[INFO] [stdout] running 9 tests
[INFO] [stdout] test invalid_enum_variant_is_ron_v0003_at_variant_span ... ok
[INFO] [stdout] test nested_enum_newtype_variant_payload_validates ... ok
[INFO] [stdout] test wrong_tuple_arity_is_ron_v0004_at_tuple_span ... ok
[INFO] [stdout] test unknown_field_is_ron_v0006_warning_only_when_deny_unknown_fields ... ok
[INFO] [stdout] test valid_document_yields_no_diagnostics ... ok
[INFO] [stdout] test missing_required_is_ron_v0002 ... ok
[INFO] [stdout] test out_of_range_is_ron_v0005_at_value_span ... ok
[INFO] [stdout] test enum_value_constraint_const_is_ron_v0005 ... ok
[INFO] [stdout] test type_mismatch_is_ron_v0001_at_value_span ... ok
[INFO] [stdout] 
[INFO] [stdout] test result: ok. 9 passed; 0 failed; 0 ignored; 0 measured; 0 filtered out; finished in 0.01s
[INFO] [stdout] 
[INFO] [stdout] 
[INFO] [stdout] running 6 tests
[INFO] [stderr]      Running tests/no_false_positives.rs (/opt/rustwide/target/release/deps/no_false_positives-dc325cafad899f48)
[INFO] [stdout] test branch_b_empty_type_model_yields_zero_type_diagnostics ... FAILED
[INFO] [stdout] test branch_a_no_binding_yields_zero_type_diagnostics ... FAILED
[INFO] [stdout] test branch_c_unknown_bound_type_yields_zero_type_diagnostics ... FAILED
[INFO] [stderr] error: test failed, to rerun pass `--test no_false_positives`
[INFO] [stdout] test branch_c_unknown_scoping_multibyte_nested_clean ... ok
[INFO] [stdout] test branch_c_unknown_field_scopes_to_subtree_siblings_clean ... ok
[INFO] [stdout] test branch_c_positive_control_resolved_sibling_violation_still_fires ... ok
[INFO] [stdout] 
[INFO] [stdout] failures:
[INFO] [stdout] 
[INFO] [stdout] ---- branch_b_empty_type_model_yields_zero_type_diagnostics stdout ----
[INFO] [stdout] 
[INFO] [stdout] thread 'branch_b_empty_type_model_yields_zero_type_diagnostics' (2264) panicked at tests/no_false_positives.rs:50:29:
[INFO] [stdout] cannot read corpus dir /opt/rustwide/workdir/../ronin-core/tests/corpus/valid: No such file or directory (os error 2)
[INFO] [stdout] stack backtrace:
[INFO] [stdout]    0:     0x62fb385c6f91 - <<std[70759c8f55707aa4]::sys::backtrace::BacktraceLock>::print::DisplayBacktrace as core[df12db4294e9bfd3]::fmt::Display>::fmt
[INFO] [stdout]    1:     0x62fb385df11a - core[df12db4294e9bfd3]::fmt::write
[INFO] [stdout]    2:     0x62fb385cb7cc - <alloc[2182bb758b4b3781]::vec::Vec<u8> as core[df12db4294e9bfd3]::io::write::Write>::write_fmt
[INFO] [stdout]    3:     0x62fb385a2bb6 - std[70759c8f55707aa4]::panicking::default_hook::{closure#0}
[INFO] [stdout]    4:     0x62fb385bf0a9 - std[70759c8f55707aa4]::panicking::default_hook
[INFO] [stdout]    5:     0x62fb382a40d0 - test[9d35eded1c95d3be]::test_main_inner::<test[9d35eded1c95d3be]::test_main_static::{closure#0}>::{closure#0}
[INFO] [stdout]    6:     0x62fb385bf262 - std[70759c8f55707aa4]::panicking::panic_with_hook
[INFO] [stdout]    7:     0x62fb385a2c62 - std[70759c8f55707aa4]::panicking::panic_handler::{closure#0}
[INFO] [stdout]    8:     0x62fb3859b789 - std[70759c8f55707aa4]::sys::backtrace::__rust_end_short_backtrace::<std[70759c8f55707aa4]::panicking::panic_handler::{closure#0}, !>
[INFO] [stdout]    9:     0x62fb385a385d - __rustc[8fa7c3cbc660c2b3]::rust_begin_unwind
[INFO] [stdout]   10:     0x62fb385df8fc - core[df12db4294e9bfd3]::panicking::panic_fmt
[INFO] [stdout]   11:     0x62fb3828e8a9 - no_false_positives[927a8f711b048bdd]::read_valid_corpus::{closure#0}
[INFO] [stdout]   12:     0x62fb3828ea32 - no_false_positives[927a8f711b048bdd]::all_docs
[INFO] [stdout]   13:     0x62fb38290361 - <no_false_positives[927a8f711b048bdd]::branch_b_empty_type_model_yields_zero_type_diagnostics::{closure#0} as core[df12db4294e9bfd3]::ops::function::FnOnce<()>>::call_once
[INFO] [stdout]   14:     0x62fb382973bb - test[9d35eded1c95d3be]::__rust_begin_short_backtrace::<core[df12db4294e9bfd3]::result::Result<(), alloc[2182bb758b4b3781]::string::String>, fn() -> core[df12db4294e9bfd3]::result::Result<(), alloc[2182bb758b4b3781]::string::String>>
[INFO] [stdout]   15:     0x62fb382a4a25 - test[9d35eded1c95d3be]::run_test::{closure#0}
[INFO] [stdout]   16:     0x62fb3829e2e4 - std[70759c8f55707aa4]::sys::backtrace::__rust_begin_short_backtrace::<test[9d35eded1c95d3be]::run_test::{closure#1}, ()>
[INFO] [stdout]   17:     0x62fb382a7b82 - <std[70759c8f55707aa4]::thread::lifecycle::spawn_unchecked<test[9d35eded1c95d3be]::run_test::{closure#1}, ()>::{closure#1} as core[df12db4294e9bfd3]::ops::function::FnOnce<()>>::call_once::{shim:vtable#0}
[INFO] [stdout]   18:     0x62fb385c64f9 - <std[70759c8f55707aa4]::sys::thread::unix::Thread>::new::thread_start
[INFO] [stdout]   19:     0x7bc4cce00dfa - <unknown>
[INFO] [stdout]   20:     0x7bc4cce943d4 - clone
[INFO] [stdout]   21:                0x0 - <unknown>
[INFO] [stdout] 
[INFO] [stdout] ---- branch_a_no_binding_yields_zero_type_diagnostics stdout ----
[INFO] [stdout] 
[INFO] [stdout] thread 'branch_a_no_binding_yields_zero_type_diagnostics' (2263) panicked at tests/no_false_positives.rs:50:29:
[INFO] [stdout] cannot read corpus dir /opt/rustwide/workdir/../ronin-core/tests/corpus/valid: No such file or directory (os error 2)
[INFO] [stdout] stack backtrace:
[INFO] [stdout]    0:     0x62fb385c6f91 - <<std[70759c8f55707aa4]::sys::backtrace::BacktraceLock>::print::DisplayBacktrace as core[df12db4294e9bfd3]::fmt::Display>::fmt
[INFO] [stdout]    1:     0x62fb385df11a - core[df12db4294e9bfd3]::fmt::write
[INFO] [stdout]    2:     0x62fb385cb7cc - <alloc[2182bb758b4b3781]::vec::Vec<u8> as core[df12db4294e9bfd3]::io::write::Write>::write_fmt
[INFO] [stdout]    3:     0x62fb385a2bb6 - std[70759c8f55707aa4]::panicking::default_hook::{closure#0}
[INFO] [stdout]    4:     0x62fb385bf0a9 - std[70759c8f55707aa4]::panicking::default_hook
[INFO] [stdout]    5:     0x62fb382a40d0 - test[9d35eded1c95d3be]::test_main_inner::<test[9d35eded1c95d3be]::test_main_static::{closure#0}>::{closure#0}
[INFO] [stdout]    6:     0x62fb385bf262 - std[70759c8f55707aa4]::panicking::panic_with_hook
[INFO] [stdout]    7:     0x62fb385a2c62 - std[70759c8f55707aa4]::panicking::panic_handler::{closure#0}
[INFO] [stdout]    8:     0x62fb3859b789 - std[70759c8f55707aa4]::sys::backtrace::__rust_end_short_backtrace::<std[70759c8f55707aa4]::panicking::panic_handler::{closure#0}, !>
[INFO] [stdout]    9:     0x62fb385a385d - __rustc[8fa7c3cbc660c2b3]::rust_begin_unwind
[INFO] [stdout]   10:     0x62fb385df8fc - core[df12db4294e9bfd3]::panicking::panic_fmt
[INFO] [stdout]   11:     0x62fb3828e8a9 - no_false_positives[927a8f711b048bdd]::read_valid_corpus::{closure#0}
[INFO] [stdout]   12:     0x62fb3828ea32 - no_false_positives[927a8f711b048bdd]::all_docs
[INFO] [stdout]   13:     0x62fb38290080 - <no_false_positives[927a8f711b048bdd]::branch_a_no_binding_yields_zero_type_diagnostics::{closure#0} as core[df12db4294e9bfd3]::ops::function::FnOnce<()>>::call_once
[INFO] [stdout]   14:     0x62fb382973bb - test[9d35eded1c95d3be]::__rust_begin_short_backtrace::<core[df12db4294e9bfd3]::result::Result<(), alloc[2182bb758b4b3781]::string::String>, fn() -> core[df12db4294e9bfd3]::result::Result<(), alloc[2182bb758b4b3781]::string::String>>
[INFO] [stdout]   15:     0x62fb382a4a25 - test[9d35eded1c95d3be]::run_test::{closure#0}
[INFO] [stdout]   16:     0x62fb3829e2e4 - std[70759c8f55707aa4]::sys::backtrace::__rust_begin_short_backtrace::<test[9d35eded1c95d3be]::run_test::{closure#1}, ()>
[INFO] [stdout]   17:     0x62fb382a7b82 - <std[70759c8f55707aa4]::thread::lifecycle::spawn_unchecked<test[9d35eded1c95d3be]::run_test::{closure#1}, ()>::{closure#1} as core[df12db4294e9bfd3]::ops::function::FnOnce<()>>::call_once::{shim:vtable#0}
[INFO] [stdout]   18:     0x62fb385c64f9 - <std[70759c8f55707aa4]::sys::thread::unix::Thread>::new::thread_start
[INFO] [stdout]   19:     0x7bc4cce00dfa - <unknown>
[INFO] [stdout]   20:     0x7bc4cce943d4 - clone
[INFO] [stdout]   21:                0x0 - <unknown>
[INFO] [stdout] 
[INFO] [stdout] ---- branch_c_unknown_bound_type_yields_zero_type_diagnostics stdout ----
[INFO] [stdout] 
[INFO] [stdout] thread 'branch_c_unknown_bound_type_yields_zero_type_diagnostics' (2266) panicked at tests/no_false_positives.rs:50:29:
[INFO] [stdout] cannot read corpus dir /opt/rustwide/workdir/../ronin-core/tests/corpus/valid: No such file or directory (os error 2)
[INFO] [stdout] stack backtrace:
[INFO] [stdout]    0:     0x62fb385c6f91 - <<std[70759c8f55707aa4]::sys::backtrace::BacktraceLock>::print::DisplayBacktrace as core[df12db4294e9bfd3]::fmt::Display>::fmt
[INFO] [stdout]    1:     0x62fb385df11a - core[df12db4294e9bfd3]::fmt::write
[INFO] [stdout]    2:     0x62fb385cb7cc - <alloc[2182bb758b4b3781]::vec::Vec<u8> as core[df12db4294e9bfd3]::io::write::Write>::write_fmt
[INFO] [stdout]    3:     0x62fb385a2bb6 - std[70759c8f55707aa4]::panicking::default_hook::{closure#0}
[INFO] [stdout]    4:     0x62fb385bf0a9 - std[70759c8f55707aa4]::panicking::default_hook
[INFO] [stdout]    5:     0x62fb382a40d0 - test[9d35eded1c95d3be]::test_main_inner::<test[9d35eded1c95d3be]::test_main_static::{closure#0}>::{closure#0}
[INFO] [stdout]    6:     0x62fb385bf262 - std[70759c8f55707aa4]::panicking::panic_with_hook
[INFO] [stdout]    7:     0x62fb385a2c62 - std[70759c8f55707aa4]::panicking::panic_handler::{closure#0}
[INFO] [stdout]    8:     0x62fb3859b789 - std[70759c8f55707aa4]::sys::backtrace::__rust_end_short_backtrace::<std[70759c8f55707aa4]::panicking::panic_handler::{closure#0}, !>
[INFO] [stdout]    9:     0x62fb385a385d - __rustc[8fa7c3cbc660c2b3]::rust_begin_unwind
[INFO] [stdout]   10:     0x62fb385df8fc - core[df12db4294e9bfd3]::panicking::panic_fmt
[INFO] [stdout]   11:     0x62fb3828e8a9 - no_false_positives[927a8f711b048bdd]::read_valid_corpus::{closure#0}
[INFO] [stdout]   12:     0x62fb3828ea32 - no_false_positives[927a8f711b048bdd]::all_docs
[INFO] [stdout]   13:     0x62fb38291588 - <no_false_positives[927a8f711b048bdd]::branch_c_unknown_bound_type_yields_zero_type_diagnostics::{closure#0} as core[df12db4294e9bfd3]::ops::function::FnOnce<()>>::call_once
[INFO] [stdout]   14:     0x62fb382973bb - test[9d35eded1c95d3be]::__rust_begin_short_backtrace::<core[df12db4294e9bfd3]::result::Result<(), alloc[2182bb758b4b3781]::string::String>, fn() -> core[df12db4294e9bfd3]::result::Result<(), alloc[2182bb758b4b3781]::string::String>>
[INFO] [stdout]   15:     0x62fb382a4a25 - test[9d35eded1c95d3be]::run_test::{closure#0}
[INFO] [stdout]   16:     0x62fb3829e2e4 - std[70759c8f55707aa4]::sys::backtrace::__rust_begin_short_backtrace::<test[9d35eded1c95d3be]::run_test::{closure#1}, ()>
[INFO] [stdout]   17:     0x62fb382a7b82 - <std[70759c8f55707aa4]::thread::lifecycle::spawn_unchecked<test[9d35eded1c95d3be]::run_test::{closure#1}, ()>::{closure#1} as core[df12db4294e9bfd3]::ops::function::FnOnce<()>>::call_once::{shim:vtable#0}
[INFO] [stdout]   18:     0x62fb385c64f9 - <std[70759c8f55707aa4]::sys::thread::unix::Thread>::new::thread_start
[INFO] [stdout]   19:     0x7bc4cce00dfa - <unknown>
[INFO] [stdout]   20:     0x7bc4cce943d4 - clone
[INFO] [stdout]   21:                0x0 - <unknown>
[INFO] [stdout] 
[INFO] [stdout] 
[INFO] [stdout] failures:
[INFO] [stdout]     branch_a_no_binding_yields_zero_type_diagnostics
[INFO] [stdout]     branch_b_empty_type_model_yields_zero_type_diagnostics
[INFO] [stdout]     branch_c_unknown_bound_type_yields_zero_type_diagnostics
[INFO] [stdout] 
[INFO] [stdout] test result: FAILED. 3 passed; 3 failed; 0 ignored; 0 measured; 0 filtered out; finished in 0.01s
[INFO] [stdout] 
[INFO] running `Command { std: "docker" "inspect" "3382c80b7efb008b18b4c254ff3025d66b304a900f3a52691c7d63a2df0afbdd", kill_on_drop: false }`
[INFO] running `Command { std: "docker" "rm" "-f" "3382c80b7efb008b18b4c254ff3025d66b304a900f3a52691c7d63a2df0afbdd", kill_on_drop: false }`
[INFO] [stdout] 3382c80b7efb008b18b4c254ff3025d66b304a900f3a52691c7d63a2df0afbdd
