[INFO] fetching crate rollo 0.13.6...
[INFO] testing rollo-0.13.6 against 1.100.0-beta.1+cargoflags=--release for beta-release-1.100-2
[INFO] extracting crate rollo 0.13.6 into /workspace/builds/worker-5-tc2/source
[INFO] started tweaking crates.io crate rollo 0.13.6
[INFO] finished tweaking crates.io crate rollo 0.13.6
[INFO] tweaked toml for crates.io crate rollo 0.13.6 written to /workspace/builds/worker-5-tc2/source/Cargo.toml
[INFO] validating manifest of crates.io crate rollo 0.13.6 on toolchain 1.100.0-beta.1
[INFO] running `Command { std: CARGO_HOME="/workspace/cargo-home" RUSTUP_HOME="/workspace/rustup-home" "/workspace/cargo-home/bin/cargo" "+1.100.0-beta.1" "metadata" "--manifest-path" "Cargo.toml" "--no-deps", kill_on_drop: false }`
[INFO] running `Command { std: CARGO_HOME="/workspace/cargo-home" RUSTUP_HOME="/workspace/rustup-home" "/workspace/cargo-home/bin/cargo" "+1.100.0-beta.1" "generate-lockfile" "--manifest-path" "Cargo.toml", kill_on_drop: false }`
[INFO] [stderr]     Updating crates.io index
[INFO] [stderr]      Locking 95 packages to highest compatible versions
[INFO] [stderr]       Adding easy-pool v0.1.3 (available: v0.2.7)
[INFO] [stderr]       Adding fastrand v1.9.0 (available: v2.5.0)
[INFO] [stderr]       Adding flatbuffers v23.5.26 (available: v25.12.19)
[INFO] [stderr]       Adding indexmap v1.9.3 (available: v2.14.2)
[INFO] [stderr]       Adding rand v0.8.8 (available: v0.10.3)
[INFO] [stderr]       Adding rand_xoshiro v0.6.0 (available: v0.8.1)
[INFO] [stderr]       Adding rustls-pemfile v0.2.1 (available: v2.2.0)
[INFO] [stderr]       Adding serial_test v0.5.1 (available: v4.0.1)
[INFO] [stderr]       Adding tokio-rustls v0.23.4 (available: v0.26.6)
[INFO] running `Command { std: CARGO_HOME="/workspace/cargo-home" RUSTUP_HOME="/workspace/rustup-home" "/workspace/cargo-home/bin/cargo" "+1.100.0-beta.1" "fetch" "--manifest-path" "Cargo.toml", kill_on_drop: false }`
[INFO] running `Command { std: "docker" "create" "-v" "/var/lib/crater-agent-workspace/builds/worker-5-tc2/source:/opt/rustwide/workdir:ro,Z" "-v" "/var/lib/crater-agent-workspace/builds/worker-5-tc2/target:/opt/rustwide/target:rw,Z" "-v" "/var/lib/crater-agent-workspace/cargo-home:/opt/rustwide/cargo-home:ro,Z" "-v" "/var/lib/crater-agent-workspace/rustup-home:/opt/rustwide/rustup-home:ro,Z" "-m" "1610612736" "--network" "none" "ghcr.io/rust-lang/crates-build-env/linux@sha256:77db811e55d90add9212f6832c23229e3de5f1c1f9905e8cb07319ea15df73ac" "sleep" "infinity", kill_on_drop: false }`
[INFO] [stdout] 0657b9e02fcbdcd5f76ca7a99a8ec2fd42abb24775a209951876ece3cd960e7d
[INFO] running `Command { std: "docker" "start" "0657b9e02fcbdcd5f76ca7a99a8ec2fd42abb24775a209951876ece3cd960e7d", kill_on_drop: false }`
[INFO] running `Command { std: "docker" "inspect" "0657b9e02fcbdcd5f76ca7a99a8ec2fd42abb24775a209951876ece3cd960e7d", kill_on_drop: false }`
[INFO] running `Command { std: "docker" "exec" "-e" "SOURCE_DIR=/opt/rustwide/workdir" "-e" "CARGO_HOME=/opt/rustwide/cargo-home" "-e" "RUSTUP_HOME=/opt/rustwide/rustup-home" "-e" "CARGO_TARGET_DIR=/opt/rustwide/target" "-w" "/opt/rustwide/workdir" "--user" "0:0" "0657b9e02fcbdcd5f76ca7a99a8ec2fd42abb24775a209951876ece3cd960e7d" "/opt/rustwide/cargo-home/bin/cargo" "+1.100.0-beta.1" "metadata" "--no-deps" "--format-version=1", kill_on_drop: false }`
[INFO] running `Command { std: "docker" "inspect" "0657b9e02fcbdcd5f76ca7a99a8ec2fd42abb24775a209951876ece3cd960e7d", kill_on_drop: false }`
[INFO] running `Command { std: "docker" "exec" "-e" "SOURCE_DIR=/opt/rustwide/workdir" "-e" "CARGO_HOME=/opt/rustwide/cargo-home" "-e" "RUSTUP_HOME=/opt/rustwide/rustup-home" "-e" "CARGO_TARGET_DIR=/opt/rustwide/target" "-e" "CARGO_INCREMENTAL=0" "-e" "RUST_BACKTRACE=full" "-e" "RUSTFLAGS=--cap-lints=warn" "-e" "RUSTDOCFLAGS=--cap-lints=warn" "-w" "/opt/rustwide/workdir" "--user" "0:0" "0657b9e02fcbdcd5f76ca7a99a8ec2fd42abb24775a209951876ece3cd960e7d" "/opt/rustwide/cargo-home/bin/cargo" "+1.100.0-beta.1" "build" "--frozen" "--message-format=json" "--release", kill_on_drop: false }`
[INFO] [stderr]    Compiling rollo v0.13.6 (/opt/rustwide/workdir)
[INFO] [stderr] warning: unused dependency `log`
[INFO] [stderr]   --> Cargo.toml:29:15
[INFO] [stderr]    |
[INFO] [stderr] 29 | [dependencies.log]
[INFO] [stderr]    |               ^^^^
[INFO] [stderr]    |
[INFO] [stderr]    = note: `cargo::unused_dependencies` is set to `warn` by default
[INFO] [stderr] help: consider removing the dependency on `log`
[INFO] [stderr] warning: `rollo` (manifest) generated 1 warning
[INFO] [stderr]     Finished `release` profile [optimized] target(s) in 0.19s
[INFO] running `Command { std: "docker" "inspect" "0657b9e02fcbdcd5f76ca7a99a8ec2fd42abb24775a209951876ece3cd960e7d", kill_on_drop: false }`
[INFO] running `Command { std: "docker" "exec" "-e" "SOURCE_DIR=/opt/rustwide/workdir" "-e" "CARGO_HOME=/opt/rustwide/cargo-home" "-e" "RUSTUP_HOME=/opt/rustwide/rustup-home" "-e" "CARGO_TARGET_DIR=/opt/rustwide/target" "-e" "CARGO_INCREMENTAL=0" "-e" "RUST_BACKTRACE=full" "-e" "RUSTFLAGS=--cap-lints=warn" "-e" "RUSTDOCFLAGS=--cap-lints=warn" "-w" "/opt/rustwide/workdir" "--user" "0:0" "0657b9e02fcbdcd5f76ca7a99a8ec2fd42abb24775a209951876ece3cd960e7d" "/opt/rustwide/cargo-home/bin/cargo" "+1.100.0-beta.1" "test" "--frozen" "--no-run" "--message-format=json" "--release", kill_on_drop: false }`
[INFO] [stderr]    Compiling fastrand v1.9.0
[INFO] [stderr]    Compiling instant v0.1.13
[INFO] [stderr]    Compiling syn v1.0.109
[INFO] [stderr]    Compiling parking_lot_core v0.8.6
[INFO] [stderr]    Compiling parking_lot v0.11.2
[INFO] [stderr]    Compiling serial_test_derive v0.5.1
[INFO] [stderr]    Compiling serial_test v0.5.1
[INFO] [stderr]    Compiling rollo v0.13.6 (/opt/rustwide/workdir)
[INFO] [stderr] warning: unused dependency `log`
[INFO] [stderr]   --> Cargo.toml:29:15
[INFO] [stderr]    |
[INFO] [stderr] 29 | [dependencies.log]
[INFO] [stderr]    |               ^^^^
[INFO] [stderr]    |
[INFO] [stderr]    = note: `cargo::unused_dependencies` is set to `warn` by default
[INFO] [stderr] help: consider removing the dependency on `log`
[INFO] [stderr] warning: `rollo` (manifest) generated 1 warning
[INFO] [stderr]     Finished `release` profile [optimized] target(s) in 4.83s
[INFO] running `Command { std: "docker" "inspect" "0657b9e02fcbdcd5f76ca7a99a8ec2fd42abb24775a209951876ece3cd960e7d", kill_on_drop: false }`
[INFO] running `Command { std: "docker" "exec" "-e" "SOURCE_DIR=/opt/rustwide/workdir" "-e" "CARGO_HOME=/opt/rustwide/cargo-home" "-e" "RUSTUP_HOME=/opt/rustwide/rustup-home" "-e" "CARGO_TARGET_DIR=/opt/rustwide/target" "-e" "CARGO_INCREMENTAL=0" "-e" "RUST_BACKTRACE=full" "-e" "RUSTFLAGS=--cap-lints=warn" "-e" "RUSTDOCFLAGS=--cap-lints=warn" "-w" "/opt/rustwide/workdir" "--user" "0:0" "0657b9e02fcbdcd5f76ca7a99a8ec2fd42abb24775a209951876ece3cd960e7d" "/opt/rustwide/cargo-home/bin/cargo" "+1.100.0-beta.1" "test" "--frozen" "--release", kill_on_drop: false }`
[INFO] [stderr] warning: unused dependency `log`
[INFO] [stderr]   --> Cargo.toml:29:15
[INFO] [stderr]    |
[INFO] [stderr] 29 | [dependencies.log]
[INFO] [stderr]    |               ^^^^
[INFO] [stderr]    |
[INFO] [stderr]    = note: `cargo::unused_dependencies` is set to `warn` by default
[INFO] [stderr] help: consider removing the dependency on `log`
[INFO] [stderr] warning: `rollo` (manifest) generated 1 warning
[INFO] [stderr]     Finished `release` profile [optimized] target(s) in 0.06s
[INFO] [stderr]      Running unittests src/lib.rs (/opt/rustwide/target/release/build/rollo/b10fd097659c9563/out/rollo-b10fd097659c9563)
[INFO] [stdout] 
[INFO] [stdout] running 0 tests
[INFO] [stderr]      Running tests/event.rs (/opt/rustwide/target/release/build/rollo/d145fdd224fb15bf/out/event-d145fdd224fb15bf)
[INFO] [stdout] 
[INFO] [stdout] test result: ok. 0 passed; 0 failed; 0 ignored; 0 measured; 0 filtered out; finished in 0.00s
[INFO] [stdout] 
[INFO] [stdout] 
[INFO] [stdout] running 0 tests
[INFO] [stdout] 
[INFO] [stdout] test result: ok. 0 passed; 0 failed; 0 ignored; 0 measured; 0 filtered out; finished in 0.00s
[INFO] [stdout] 
[INFO] [stderr]      Running tests/stress.rs (/opt/rustwide/target/release/build/rollo/9bbb0e70901b2f0e/out/stress-9bbb0e70901b2f0e)
[INFO] [stdout] 
[INFO] [stderr]      Running tests/test_dos.rs (/opt/rustwide/target/release/build/rollo/272504115c075633/out/test_dos-272504115c075633)
[INFO] [stdout] running 0 tests
[INFO] [stdout] 
[INFO] [stdout] test result: ok. 0 passed; 0 failed; 0 ignored; 0 measured; 0 filtered out; finished in 0.00s
[INFO] [stdout] 
[INFO] [stderr]      Running tests/test_game_loop.rs (/opt/rustwide/target/release/build/rollo/4616e8806782f33a/out/test_game_loop-4616e8806782f33a)
[INFO] [stdout] 
[INFO] [stdout] running 0 tests
[INFO] [stdout] 
[INFO] [stdout] test result: ok. 0 passed; 0 failed; 0 ignored; 0 measured; 0 filtered out; finished in 0.00s
[INFO] [stdout] 
[INFO] [stdout] 
[INFO] [stderr]      Running tests/test_latency.rs (/opt/rustwide/target/release/build/rollo/b4565f9d5b99895c/out/test_latency-b4565f9d5b99895c)
[INFO] [stdout] running 0 tests
[INFO] [stdout] 
[INFO] [stdout] test result: ok. 0 passed; 0 failed; 0 ignored; 0 measured; 0 filtered out; finished in 0.00s
[INFO] [stdout] 
[INFO] [stdout] 
[INFO] [stdout] running 0 tests
[INFO] [stdout] 
[INFO] [stderr]      Running tests/test_open_socket.rs (/opt/rustwide/target/release/build/rollo/9bcfa515cff96b52/out/test_open_socket-9bcfa515cff96b52)
[INFO] [stdout] test result: ok. 0 passed; 0 failed; 0 ignored; 0 measured; 0 filtered out; finished in 0.00s
[INFO] [stdout] 
[INFO] [stdout] 
[INFO] [stdout] running 0 tests
[INFO] [stdout] 
[INFO] [stderr]      Running tests/test_tls.rs (/opt/rustwide/target/release/build/rollo/0a1d6f76d45185a9/out/test_tls-0a1d6f76d45185a9)
[INFO] [stdout] test result: ok. 0 passed; 0 failed; 0 ignored; 0 measured; 0 filtered out; finished in 0.00s
[INFO] [stdout] 
[INFO] [stdout] 
[INFO] [stdout] running 0 tests
[INFO] [stdout] 
[INFO] [stdout] test result: ok. 0 passed; 0 failed; 0 ignored; 0 measured; 0 filtered out; finished in 0.00s
[INFO] [stdout] 
[INFO] [stderr]      Running tests/test_write.rs (/opt/rustwide/target/release/build/rollo/acb292e82b973126/out/test_write-acb292e82b973126)
[INFO] [stdout] 
[INFO] [stdout] running 0 tests
[INFO] [stdout] 
[INFO] [stdout] test result: ok. 0 passed; 0 failed; 0 ignored; 0 measured; 0 filtered out; finished in 0.00s
[INFO] [stdout] 
[INFO] [stderr]    Doc-tests rollo
[INFO] [stdout] 
[INFO] [stdout] running 1 test
[INFO] [stdout] test src/lib.rs - (line 62) - compile ... FAILED
[INFO] [stdout] 
[INFO] [stdout] failures:
[INFO] [stdout] 
[INFO] [stdout] ---- src/lib.rs - (line 62) stdout ----
[INFO] [stdout] error[E0432]: unresolved imports `rollo::game`, `rollo::packet`, `rollo::packet`, `rollo::server`, `rollo::AtomicCell`
[INFO] [stdout]   --> src/lib.rs:66:5
[INFO] [stdout]    |
[INFO] [stdout] 66 |     game::GameTime,
[INFO] [stdout]    |     ^^^^ could not find `game` in `rollo`
[INFO] [stdout] 67 |     packet::to_bytes,
[INFO] [stdout]    |     ^^^^^^ could not find `packet` in `rollo`
[INFO] [stdout] 68 |     packet::Packet,
[INFO] [stdout]    |     ^^^^^^ could not find `packet` in `rollo`
[INFO] [stdout] 69 |     server::{ListenerSecurity, SocketTools, World, WorldSession, WorldSocketMgr},
[INFO] [stdout]    |     ^^^^^^ could not find `server` in `rollo`
[INFO] [stdout] 70 |     AtomicCell,
[INFO] [stdout]    |     ^^^^^^^^^^ no `AtomicCell` in the root
[INFO] [stdout]    |
[INFO] [stdout] note: found an item that was configured out
[INFO] [stdout]   --> src/lib.rs:22:13
[INFO] [stdout]    |
[INFO] [stdout] 22 |     pub mod game;
[INFO] [stdout]    |             ^^^^
[INFO] [stdout]    |
[INFO] [stdout]   ::: src/macros/cfg.rs:44:19
[INFO] [stdout]    |
[INFO] [stdout] 44 |             #[cfg(feature = "game")]
[INFO] [stdout]    |                   ---------------- the item is gated behind the `game` feature
[INFO] [stdout] note: found an item that was configured out
[INFO] [stdout]   --> src/lib.rs:26:13
[INFO] [stdout]    |
[INFO] [stdout] 26 |     pub mod packet;
[INFO] [stdout]    |             ^^^^^^
[INFO] [stdout]    |
[INFO] [stdout]   ::: src/macros/cfg.rs:6:19
[INFO] [stdout]    |
[INFO] [stdout]  6 |             #[cfg(feature = "server")]
[INFO] [stdout]    |                   ------------------ the item is gated behind the `server` feature
[INFO] [stdout] note: found an item that was configured out
[INFO] [stdout]   --> src/lib.rs:26:13
[INFO] [stdout]    |
[INFO] [stdout] 26 |     pub mod packet;
[INFO] [stdout]    |             ^^^^^^
[INFO] [stdout]    |
[INFO] [stdout]   ::: src/macros/cfg.rs:6:19
[INFO] [stdout]    |
[INFO] [stdout]  6 |             #[cfg(feature = "server")]
[INFO] [stdout]    |                   ------------------ the item is gated behind the `server` feature
[INFO] [stdout] note: found an item that was configured out
[INFO] [stdout]   --> src/lib.rs:27:13
[INFO] [stdout]    |
[INFO] [stdout] 27 |     pub mod server;
[INFO] [stdout]    |             ^^^^^^
[INFO] [stdout]    |
[INFO] [stdout]   ::: src/macros/cfg.rs:6:19
[INFO] [stdout]    |
[INFO] [stdout]  6 |             #[cfg(feature = "server")]
[INFO] [stdout]    |                   ------------------ the item is gated behind the `server` feature
[INFO] [stdout] note: found an item that was configured out
[INFO] [stdout]   --> src/lib.rs:32:32
[INFO] [stdout]    |
[INFO] [stdout] 32 |     pub use crossbeam::atomic::AtomicCell;
[INFO] [stdout]    |                                ^^^^^^^^^^
[INFO] [stdout]    |
[INFO] [stdout]   ::: src/macros/cfg.rs:6:19
[INFO] [stdout]    |
[INFO] [stdout]  6 |             #[cfg(feature = "server")]
[INFO] [stdout]    |                   ------------------ the item is gated behind the `server` feature
[INFO] [stdout] 
[INFO] [stdout] error[E0433]: cannot find `async_trait` in `rollo`
[INFO] [stdout]    --> src/lib.rs:110:10
[INFO] [stdout]     |
[INFO] [stdout] 110 | #[rollo::async_trait]
[INFO] [stdout]     |          ^^^^^^^^^^^ could not find `async_trait` in `rollo`
[INFO] [stdout]     |
[INFO] [stdout] note: found an item that was configured out
[INFO] [stdout]    --> src/lib.rs:29:26
[INFO] [stdout]     |
[INFO] [stdout]  29 |     pub use async_trait::async_trait;
[INFO] [stdout]     |                          ^^^^^^^^^^^
[INFO] [stdout]     |
[INFO] [stdout]    ::: src/macros/cfg.rs:6:19
[INFO] [stdout]     |
[INFO] [stdout]   6 |             #[cfg(feature = "server")]
[INFO] [stdout]     |                   ------------------ the item is gated behind the `server` feature
[INFO] [stdout] 
[INFO] [stdout] error[E0433]: cannot find module or crate `tokio` in this scope
[INFO] [stdout]   --> src/lib.rs:74:3
[INFO] [stdout]    |
[INFO] [stdout] 74 | #[tokio::main]
[INFO] [stdout]    |   ^^^^^ use of unresolved module or unlinked crate `tokio`
[INFO] [stdout] 
[INFO] [stdout] error: aborting due to 3 previous errors
[INFO] [stdout] 
[INFO] [stdout] Some errors have detailed explanations: E0432, E0433.
[INFO] [stdout] For more information about an error, try `rustc --explain E0432`.
[INFO] [stdout] Couldn't compile the test.
[INFO] [stdout] 
[INFO] [stdout] failures:
[INFO] [stdout]     src/lib.rs - (line 62)
[INFO] [stdout] 
[INFO] [stdout] test result: FAILED. 0 passed; 1 failed; 0 ignored; 0 measured; 0 filtered out; finished in 0.07s
[INFO] [stdout] 
[INFO] [stderr] error: doctest failed, to rerun pass `--doc`
[INFO] running `Command { std: "docker" "inspect" "0657b9e02fcbdcd5f76ca7a99a8ec2fd42abb24775a209951876ece3cd960e7d", kill_on_drop: false }`
[INFO] running `Command { std: "docker" "rm" "-f" "0657b9e02fcbdcd5f76ca7a99a8ec2fd42abb24775a209951876ece3cd960e7d", kill_on_drop: false }`
[INFO] [stdout] 0657b9e02fcbdcd5f76ca7a99a8ec2fd42abb24775a209951876ece3cd960e7d
