[INFO] fetching crate rollblock 0.4.1...
[INFO] testing rollblock-0.4.1 against 1.99.0-beta.8+cargoflags=--release for beta-release-1.100-2
[INFO] extracting crate rollblock 0.4.1 into /workspace/builds/worker-7-tc1/source
[INFO] started tweaking crates.io crate rollblock 0.4.1
[INFO] removed 0 missing examples
[INFO] removed 0 missing tests
[INFO] finished tweaking crates.io crate rollblock 0.4.1
[INFO] tweaked toml for crates.io crate rollblock 0.4.1 written to /workspace/builds/worker-7-tc1/source/Cargo.toml
[INFO] validating manifest of crates.io crate rollblock 0.4.1 on toolchain 1.99.0-beta.8
[INFO] running `Command { std: CARGO_HOME="/workspace/cargo-home" RUSTUP_HOME="/workspace/rustup-home" "/workspace/cargo-home/bin/cargo" "+1.99.0-beta.8" "metadata" "--manifest-path" "Cargo.toml" "--no-deps", kill_on_drop: false }`
[INFO] crate crates.io crate rollblock 0.4.1 already has a lockfile, it will not be regenerated
[INFO] running `Command { std: CARGO_HOME="/workspace/cargo-home" RUSTUP_HOME="/workspace/rustup-home" "/workspace/cargo-home/bin/cargo" "+1.99.0-beta.8" "fetch" "--manifest-path" "Cargo.toml", kill_on_drop: false }`
[INFO] [stderr]  Downloading crates ...
[INFO] [stderr]   Downloaded cc v1.2.48
[INFO] [stderr]   Downloaded heed v0.20.5
[INFO] [stderr]   Downloaded heed-types v0.20.1
[INFO] [stderr]   Downloaded lmdb-master-sys v0.2.5
[INFO] running `Command { std: "docker" "create" "-v" "/var/lib/crater-agent-workspace/builds/worker-7-tc1/source:/opt/rustwide/workdir:ro,Z" "-v" "/var/lib/crater-agent-workspace/builds/worker-7-tc1/target:/opt/rustwide/target:rw,Z" "-v" "/var/lib/crater-agent-workspace/cargo-home:/opt/rustwide/cargo-home:ro,Z" "-v" "/var/lib/crater-agent-workspace/rustup-home:/opt/rustwide/rustup-home:ro,Z" "-m" "1610612736" "--network" "none" "ghcr.io/rust-lang/crates-build-env/linux@sha256:77db811e55d90add9212f6832c23229e3de5f1c1f9905e8cb07319ea15df73ac" "sleep" "infinity", kill_on_drop: false }`
[INFO] [stdout] ca147ad147b9dd105cd824c074871d04ae17f38ae22378ea613122643459d3e1
[INFO] running `Command { std: "docker" "start" "ca147ad147b9dd105cd824c074871d04ae17f38ae22378ea613122643459d3e1", kill_on_drop: false }`
[INFO] running `Command { std: "docker" "inspect" "ca147ad147b9dd105cd824c074871d04ae17f38ae22378ea613122643459d3e1", kill_on_drop: false }`
[INFO] running `Command { std: "docker" "exec" "-e" "SOURCE_DIR=/opt/rustwide/workdir" "-e" "CARGO_HOME=/opt/rustwide/cargo-home" "-e" "RUSTUP_HOME=/opt/rustwide/rustup-home" "-e" "CARGO_TARGET_DIR=/opt/rustwide/target" "-w" "/opt/rustwide/workdir" "--user" "0:0" "ca147ad147b9dd105cd824c074871d04ae17f38ae22378ea613122643459d3e1" "/opt/rustwide/cargo-home/bin/cargo" "+1.99.0-beta.8" "metadata" "--no-deps" "--format-version=1", kill_on_drop: false }`
[INFO] running `Command { std: "docker" "inspect" "ca147ad147b9dd105cd824c074871d04ae17f38ae22378ea613122643459d3e1", kill_on_drop: false }`
[INFO] running `Command { std: "docker" "exec" "-e" "SOURCE_DIR=/opt/rustwide/workdir" "-e" "CARGO_HOME=/opt/rustwide/cargo-home" "-e" "RUSTUP_HOME=/opt/rustwide/rustup-home" "-e" "CARGO_TARGET_DIR=/opt/rustwide/target" "-e" "CARGO_INCREMENTAL=0" "-e" "RUST_BACKTRACE=full" "-e" "RUSTFLAGS=--cap-lints=warn" "-e" "RUSTDOCFLAGS=--cap-lints=warn" "-w" "/opt/rustwide/workdir" "--user" "0:0" "ca147ad147b9dd105cd824c074871d04ae17f38ae22378ea613122643459d3e1" "/opt/rustwide/cargo-home/bin/cargo" "+1.99.0-beta.8" "build" "--frozen" "--message-format=json" "--release", kill_on_drop: false }`
[INFO] [stderr]    Compiling libc v0.2.177
[INFO] [stderr]    Compiling phf_shared v0.11.3
[INFO] [stderr]    Compiling serde_json v1.0.145
[INFO] [stderr]    Compiling syn v2.0.111
[INFO] [stderr]    Compiling zerocopy v0.8.30
[INFO] [stderr]    Compiling log v0.4.28
[INFO] [stderr]    Compiling memchr v2.7.6
[INFO] [stderr]    Compiling ahash v0.8.12
[INFO] [stderr]    Compiling regex-syntax v0.8.8
[INFO] [stderr]    Compiling rustls v0.21.12
[INFO] [stderr]    Compiling phf_generator v0.11.3
[INFO] [stderr]    Compiling tracing-log v0.2.0
[INFO] [stderr]    Compiling bitflags v2.10.0
[INFO] [stderr]    Compiling rollblock v0.4.1 (/opt/rustwide/workdir)
[INFO] [stderr]    Compiling either v1.15.0
[INFO] [stderr]    Compiling constant_time_eq v0.3.1
[INFO] [stderr]    Compiling rayon v1.11.0
[INFO] [stderr]    Compiling jobserver v0.1.34
[INFO] [stderr]    Compiling getrandom v0.2.16
[INFO] [stderr]    Compiling mio v1.1.0
[INFO] [stderr]    Compiling socket2 v0.6.1
[INFO] [stderr]    Compiling cc v1.2.48
[INFO] [stderr]    Compiling regex-automata v0.4.13
[INFO] [stderr]    Compiling parking_lot_core v0.9.12
[INFO] [stderr]    Compiling page_size v0.6.0
[INFO] [stderr]    Compiling parking_lot v0.12.5
[INFO] [stderr]    Compiling hashbrown v0.14.5
[INFO] [stderr]    Compiling ring v0.17.14
[INFO] [stderr]    Compiling zstd-sys v2.0.16+zstd.1.5.7
[INFO] [stderr]    Compiling blake3 v1.8.2
[INFO] [stderr]    Compiling fs2 v0.4.3
[INFO] [stderr]    Compiling memmap2 v0.9.9
[INFO] [stderr]    Compiling matchers v0.2.0
[INFO] [stderr]    Compiling phf_macros v0.11.3
[INFO] [stderr]    Compiling serde_derive v1.0.228
[INFO] [stderr]    Compiling tracing-attributes v0.1.31
[INFO] [stderr]    Compiling phf v0.11.3
[INFO] [stderr]    Compiling doxygen-rs v0.4.2
[INFO] [stderr]    Compiling tokio-macros v2.6.0
[INFO] [stderr]    Compiling lmdb-master-sys v0.2.5
[INFO] [stderr]    Compiling thiserror-impl v2.0.17
[INFO] [stderr]    Compiling tokio v1.48.0
[INFO] [stderr]    Compiling tracing v0.1.43
[INFO] [stderr]    Compiling thiserror v2.0.17
[INFO] [stderr]    Compiling serde v1.0.228
[INFO] [stderr]    Compiling bincode v1.3.3
[INFO] [stderr]    Compiling tracing-serde v0.2.0
[INFO] [stderr]    Compiling tracing-subscriber v0.3.22
[INFO] [stderr]    Compiling heed-types v0.20.1
[INFO] [stderr]    Compiling heed v0.20.5
[INFO] [stderr]    Compiling rustls-webpki v0.101.7
[INFO] [stderr]    Compiling sct v0.7.1
[INFO] [stderr]    Compiling tokio-rustls v0.24.1
[INFO] [stderr]    Compiling zstd-safe v7.2.4
[INFO] [stderr]    Compiling zstd v0.13.3
[INFO] [stderr]     Finished `release` profile [optimized] target(s) in 3m 19s
[INFO] running `Command { std: "docker" "inspect" "ca147ad147b9dd105cd824c074871d04ae17f38ae22378ea613122643459d3e1", kill_on_drop: false }`
[INFO] running `Command { std: "docker" "exec" "-e" "SOURCE_DIR=/opt/rustwide/workdir" "-e" "CARGO_HOME=/opt/rustwide/cargo-home" "-e" "RUSTUP_HOME=/opt/rustwide/rustup-home" "-e" "CARGO_TARGET_DIR=/opt/rustwide/target" "-e" "CARGO_INCREMENTAL=0" "-e" "RUST_BACKTRACE=full" "-e" "RUSTFLAGS=--cap-lints=warn" "-e" "RUSTDOCFLAGS=--cap-lints=warn" "-w" "/opt/rustwide/workdir" "--user" "0:0" "ca147ad147b9dd105cd824c074871d04ae17f38ae22378ea613122643459d3e1" "/opt/rustwide/cargo-home/bin/cargo" "+1.99.0-beta.8" "test" "--frozen" "--no-run" "--message-format=json" "--release", kill_on_drop: false }`
[INFO] [stderr]    Compiling bitflags v2.10.0
[INFO] [stderr]    Compiling deranged v0.5.5
[INFO] [stderr]    Compiling rustix v1.1.2
[INFO] [stderr]    Compiling getrandom v0.3.4
[INFO] [stderr]    Compiling heed v0.20.5
[INFO] [stderr]    Compiling rollblock v0.4.1 (/opt/rustwide/workdir)
[INFO] [stderr]    Compiling time v0.3.44
[INFO] [stderr]    Compiling yasna v0.5.2
[INFO] [stderr]    Compiling tempfile v3.23.0
[INFO] [stderr]    Compiling rcgen v0.12.1
[INFO] [stderr]     Finished `release` profile [optimized] target(s) in 1m 38s
[INFO] running `Command { std: "docker" "inspect" "ca147ad147b9dd105cd824c074871d04ae17f38ae22378ea613122643459d3e1", kill_on_drop: false }`
[INFO] running `Command { std: "docker" "exec" "-e" "SOURCE_DIR=/opt/rustwide/workdir" "-e" "CARGO_HOME=/opt/rustwide/cargo-home" "-e" "RUSTUP_HOME=/opt/rustwide/rustup-home" "-e" "CARGO_TARGET_DIR=/opt/rustwide/target" "-e" "CARGO_INCREMENTAL=0" "-e" "RUST_BACKTRACE=full" "-e" "RUSTFLAGS=--cap-lints=warn" "-e" "RUSTDOCFLAGS=--cap-lints=warn" "-w" "/opt/rustwide/workdir" "--user" "0:0" "ca147ad147b9dd105cd824c074871d04ae17f38ae22378ea613122643459d3e1" "/opt/rustwide/cargo-home/bin/cargo" "+1.99.0-beta.8" "test" "--frozen" "--release", kill_on_drop: false }`
[INFO] [stderr]     Finished `release` profile [optimized] target(s) in 0.22s
[INFO] [stderr]      Running unittests src/lib.rs (/opt/rustwide/target/release/deps/rollblock-4d71f4449da55131)
[INFO] [stdout] 
[INFO] [stdout] running 162 tests
[INFO] [stdout] test api::facade::config::tests::enable_remote_server_uses_existing_settings ... ok
[INFO] [stdout] test api::facade::config::tests::enable_remote_server_fails_without_settings ... ok
[INFO] [stdout] test api::facade::config::tests::new_rejects_zero_shards_count ... ok
[INFO] [stdout] test api::facade::config::tests::pruning_diagnostics_accepts_sufficient_window ... ok
[INFO] [stdout] test api::facade::config::tests::new_rejects_zero_thread_count ... ok
[INFO] [stdout] test api::facade::config::tests::pruning_diagnostics_detects_small_window_once_history_exists ... ok
[INFO] [stdout] test api::facade::config::tests::journal_chunk_size_preserves_custom_bootstrap_profile ... ok
[INFO] [stdout] test api::facade::config::tests::pruning_diagnostics_reports_small_window ... ok
[INFO] [stdout] test api::facade::config::tests::with_bootstrap_block_profile_rejects_zero ... ok
[INFO] [stdout] test api::facade::config::tests::pruning_diagnostics_uses_bootstrap_without_history ... ok
[INFO] [stdout] test api::facade::config::tests::pruning_diagnostics_waiting_for_history_reports_small_window ... ok
[INFO] [stdout] test api::facade::config::tests::new_rejects_zero_initial_capacity ... ok
[INFO] [stdout] test api::facade::config::tests::existing_config_uses_stored_chunk_size ... FAILED
[INFO] [stdout] test api::facade::recovery::tests::resolve_shard_layout_rejects_key_bytes_mismatch ... FAILED
[INFO] [stdout] test api::facade::config::tests::worker_thread_override_is_clamped ... ok
[INFO] [stdout] test api::facade::tests::facade_tests::block_facade_close_requires_no_pending_block ... FAILED
[INFO] [stdout] test api::facade::recovery::tests::resolve_shard_layout_rejects_missing_hash_version ... FAILED
[INFO] [stdout] test api::facade::config::tests::with_shard_layout_rejects_zero_values ... ok
[INFO] [stdout] test api::facade::recovery::tests::resolve_shard_layout_rejects_hash_version_mismatch ... FAILED
[INFO] [stdout] test api::facade::recovery::tests::resolve_shard_layout_rejects_older_hash_version ... FAILED
[INFO] [stdout] test api::facade::tests::facade_tests::block_facade_stages_operations_before_commit ... ok
[INFO] [stdout] test api::facade::tests::facade_tests::block_facade_store_pop_rejects_during_pending_block ... ok
[INFO] [stdout] test api::facade::tests::facade_tests::block_facade_validates_block_lifecycle ... ok
[INFO] [stdout] test api::facade::config::tests::with_min_rollback_window_rejects_zero ... ok
[INFO] [stdout] test api::facade::tests::facade_tests::block_facade_commit_failure_is_fatal ... ok
[INFO] [stdout] test api::facade::tests::facade_tests::block_facade_multi_get_includes_staged_operations ... ok
[INFO] [stdout] test api::facade::tests::facade_tests::block_facade_overrides_existing_values_in_staging ... ok
[INFO] [stdout] test api::facade::tests::facade_tests::disable_relaxed_mode_flushes_before_metadata_interval_reset ... ok
[INFO] [stdout] test api::facade::tests::facade_tests::close_prevents_drop_from_running_shutdown_twice ... ok
[INFO] [stdout] test api::facade::tests::facade_tests::enable_relaxed_mode_batches_metadata_before_relaxing_journal ... ok
[INFO] [stdout] test api::facade::config::tests::with_prune_interval_rejects_zero ... ok
[INFO] [stdout] test api::facade::tests::facade_tests::block_facade_pop_resolves_staged_state ... ok
[INFO] [stdout] test api::facade::tests::facade_tests::block_facade_prevents_rollback_with_pending_block ... ok
[INFO] [stdout] test api::facade::tests::facade_tests::drop_triggers_shutdown_on_last_instance ... ok
[INFO] [stdout] test api::facade::tests::facade_tests::facades_report_current_block ... ok
[INFO] [stdout] test api::facade::tests::facade_tests::drop_defers_shutdown_until_last_clone ... ok
[INFO] [stdout] test api::facade::tests::facade_tests::facade_new_initializes_components_and_executes_operations ... FAILED
[INFO] [stdout] test api::facade::tests::facade_tests::existing_config_uses_persisted_layout_when_optional_fields_missing ... FAILED
[INFO] [stdout] test api::facade::tests::facade_tests::facade_new_uses_parallel_orchestrator_when_requested ... FAILED
[INFO] [stdout] test api::facade::tests::facade_tests::graceful_shutdown_persists_state_for_restart ... FAILED
[INFO] [stdout] test api::facade::tests::facade_tests::relaxed_mode_enabled_reflects_runtime_state ... ok
[INFO] [stdout] test api::facade::tests::facade_tests::pop_on_missing_key_returns_empty_value ... ok
[INFO] [stdout] test api::facade::tests::facade_tests::multi_get_preserves_order_and_zero_fill ... ok
[INFO] [stdout] test api::facade::tests::facade_tests::pop_returns_previous_value_and_removes_key ... ok
[INFO] [stdout] test api::facade::tests::facade_tests::reopening_with_mismatched_shards_count_fails ... FAILED
[INFO] [stdout] test api::facade::tests::facade_tests::facade_from_orchestrator_delegates_calls ... ok
[INFO] [stdout] test api::facade::tests::facade_tests::reconcile_metadata_with_journal_rebuilds_missing_index ... FAILED
[INFO] [stdout] test api::facade::tests::facade_tests::reconcile_metadata_with_journal_recovers_missing_entries ... FAILED
[INFO] [stdout] test api::facade::tests::facade_tests::replay_committed_blocks_errors_on_missing_journal_offsets ... ok
[INFO] [stdout] test api::facade::tests::facade_tests::rollback_persists_across_restart ... FAILED
[INFO] [stdout] test api::facade::tests::facade_tests::restart_after_truncated_journal_tail_discards_corrupted_block ... FAILED
[INFO] [stdout] test api::facade::tests::facade_tests::rollback_removes_newer_snapshots ... FAILED
[INFO] [stdout] test api::facade::tests::recovery_tests::replay_committed_blocks_errors_when_no_offsets ... ok
[INFO] [stdout] test api::types::tests::key_bincode_roundtrip_default_width ... ok
[INFO] [stdout] test api::facade::tests::facade_tests::restart_without_snapshot_rebuilds_state_from_journal ... FAILED
[INFO] [stdout] test api::facade::tests::facade_tests::store_config_generates_expected_paths ... ok
[INFO] [stdout] test api::types::tests::key_supports_larger_widths ... ok
[INFO] [stdout] test api::types::tests::key_bincode_roundtrip_larger_width ... ok
[INFO] [stdout] test api::types::tests::key_supports_max_width ... ok
[INFO] [stdout] test api::types::tests::key_supports_default_width ... ok
[INFO] [stdout] test api::facade::tests::recovery_tests::replay_committed_blocks_errors_on_gaps ... ok
[INFO] [stdout] test api::types::tests::key_try_from_slice_accepts_exact_width ... ok
[INFO] [stdout] test api::types::tests::key_bincode_rejects_wrong_length ... ok
[INFO] [stdout] test api::types::tests::key_from_prefix_rejects_overlong_prefix - should panic ... ok
[INFO] [stdout] test api::types::tests::svo_9_bytes_is_heap ... ok
[INFO] [stdout] test api::types::tests::svo_empty_is_inline ... ok
[INFO] [stdout] test api::facade::tests::facade_tests::restore_existing_state_skips_corrupted_snapshot ... FAILED
[INFO] [stdout] test api::facade::tests::facade_tests::restart_replays_blocks_beyond_snapshot ... FAILED
[INFO] [stdout] test api::types::tests::key_try_from_slice_rejects_mismatched_length ... ok
[INFO] [stdout] test api::types::tests::svo_8_bytes_is_inline ... ok
[INFO] [stdout] test api::types::tests::svo_clone_preserves_inline ... ok
[INFO] [stdout] test api::types::tests::svo_equality_works ... ok
[INFO] [stdout] test api::types::tests::svo_from_le_bytes_is_inline ... ok
[INFO] [stdout] test api::types::tests::svo_small_slice_is_inline ... ok
[INFO] [stdout] test runtime::metrics::tests::health_reports_idle_initially ... ok
[INFO] [stdout] test runtime::metrics::tests::health_reports_unhealthy_after_checksum_error ... ok
[INFO] [stdout] test api::types::tests::svo_into_inner_works_for_inline ... ok
[INFO] [stdout] test api::types::tests::svo_valuebuf_roundtrip ... ok
[INFO] [stdout] test api::types::tests::svo_u64_is_inline ... ok
[INFO] [stdout] test api::types::tests::try_from_vec_rejects_oversized_payloads ... ok
[INFO] [stdout] test runtime::metrics::tests::health_reports_healthy_after_operation ... ok
[INFO] [stdout] test net::server::tests::serve_connection_batches_remote_reads ... ok
[INFO] [stdout] test runtime::metrics::tests::metrics_new_has_zero_values ... ok
[INFO] [stdout] test runtime::metrics::tests::record_apply_updates_metrics ... ok
[INFO] [stdout] test state::engine::tests::commit_block_height_mismatch_errors ... ok
[INFO] [stdout] test state::engine::tests::commit_and_revert_with_thread_pool ... ok
[INFO] [stdout] test state::engine::tests::commit_handles_noop_operations ... ok
[INFO] [stdout] test runtime::metrics::tests::record_rollback_updates_metrics ... ok
[INFO] [stdout] test state::engine::tests::commit_without_shards_errors ... ok
[INFO] [stdout] test runtime::metrics::tests::percentile_calculation ... ok
[INFO] [stdout] test runtime::metrics::tests::recent_operations_tracks_last_100 ... ok
[INFO] [stdout] test state::engine::tests::commit_and_revert_round_trip ... ok
[INFO] [stdout] test state::engine::tests::commit_errors_on_invalid_shard_index ... ok
[INFO] [stdout] test state::engine::tests::lookup_many_returns_values_in_original_order ... ok
[INFO] [stdout] test state::engine::hashing::tests::shard_hash_accepts_16_byte_keys ... ok
[INFO] [stdout] test state::engine::hashing::tests::shard_hash_accepts_8_byte_keys ... ok
[INFO] [stdout] test state::engine::tests::prepare_journal_requires_shards ... ok
[INFO] [stdout] test state::engine::tests::revert_without_shards_errors ... ok
[INFO] [stdout] test state::engine::tests::revert_block_height_mismatch_errors ... ok
[INFO] [stdout] test state::engine::tests::prepare_journal_collects_expected_undo_entries ... ok
[INFO] [stdout] test state::engine::tests::revert_errors_on_invalid_shard_index ... ok
[INFO] [stdout] test state::engine::tests::shard_hash_uses_xxh3_over_key_bytes ... ok
[INFO] [stdout] test state::engine::tests::lookup_without_shards_returns_none ... ok
[INFO] [stdout] test state::engine::tests::shard_index_for_key_reference_distribution ... ok
[INFO] [stdout] test state::shard::raw_table::tests::export_data_returns_all_pairs ... ok
[INFO] [stdout] test state::shard::raw_table::tests::import_data_replaces_existing_state ... ok
[INFO] [stdout] test state::shard::raw_table::tests::insert_update_delete_cycle ... ok
[INFO] [stdout] test state::shard::raw_table::tests::revert_restores_state_after_batch_operations ... ok
[INFO] [stdout] test storage::journal::file::tests::append_block_with_variable_length_values ... FAILED
[INFO] [stdout] test storage::journal::file::tests::corrupted_payload_results_in_checksum_error ... FAILED
[INFO] [stdout] test state::shard::raw_table::tests::revert_updated_entry_with_no_previous_value_removes_key ... ok
[INFO] [stdout] test storage::journal::file::tests::append_empty_block_round_trip ... FAILED
[INFO] [stdout] test storage::journal::file::tests::append_rejects_mismatched_block_height ... FAILED
[INFO] [stdout] test storage::journal::file::tests::iter_backwards_empty_journal_is_noop ... FAILED
[INFO] [stdout] test storage::journal::file::tests::plan_prunes_sealed_chunks_and_preserves_new_entries ... FAILED
[INFO] [stdout] test storage::journal::file::tests::append_and_read_single_block ... FAILED
[INFO] [stdout] test storage::journal::file::tests::bootstrap_truncates_partial_header_before_reuse ... FAILED
[INFO] [stdout] test storage::journal::file::tests::plan_replay_is_idempotent_after_recovery ... FAILED
[INFO] [stdout] test storage::journal::file::tests::iterate_multiple_blocks_descending ... FAILED
[INFO] [stdout] test storage::journal::file::tests::iter_backwards_rejects_invalid_range ... FAILED
[INFO] [stdout] test storage::journal::file::tests::iterates_across_chunk_boundaries ... FAILED
[INFO] [stdout] test storage::journal::file::tests::plan_waits_when_only_one_historical_chunk_exists ... FAILED
[INFO] [stdout] test storage::journal::maintenance::tests::scan_entries_rejects_mid_chunk_key_width_mismatch ... FAILED
[INFO] [stdout] test storage::journal::pruner::tests::background_iteration_consumes_plan ... ok
[INFO] [stdout] test storage::journal::format::tests::read_journal_block_rejects_key_width_mismatch ... FAILED
[INFO] [stdout] test storage::journal::file::tests::scan_entries_truncates_corrupted_chunk_tail ... FAILED
[INFO] [stdout] test storage::journal::file::tests::rotates_chunk_when_limit_reached ... FAILED
[INFO] [stdout] test storage::journal::prune_plan_tests::missing_staged_index_aborts_plan_before_side_effects ... ok
[INFO] [stdout] test storage::journal::file::tests::prune_plan_aborts_when_candidate_reopens_before_commit ... FAILED
[INFO] [stdout] test storage::journal::file::tests::tiny_chunk_size_is_clamped ... FAILED
[INFO] [stdout] test storage::journal::file::tests::truncate_removes_later_chunks ... FAILED
[INFO] [stdout] test storage::journal::pruner::tests::prune_now_executes_single_iteration ... ok
[INFO] [stdout] test storage::journal::pruner::tests::replay_plan_applies_watermark ... ok
[INFO] [stdout] test storage::journal::tests::sync_policy_clone_preserves_counter ... ok
[INFO] [stdout] test storage::journal::tests::sync_policy_counter_wraps_without_panicking ... ok
[INFO] [stdout] test storage::journal::tests::sync_policy_every_block_always_syncs ... ok
[INFO] [stdout] test storage::journal::tests::sync_policy_reset_triggers_next_sync ... ok
[INFO] [stdout] test storage::journal::tests::sync_policy_every_n_blocks_syncs_periodically ... ok
[INFO] [stdout] test storage::journal::tests::sync_policy_every_n_blocks_with_n_equals_one ... ok
[INFO] [stdout] test storage::metadata::lmdb::tests::clone_shares_environment_and_path ... FAILED
[INFO] [stdout] test storage::metadata::lmdb::tests::custom_map_size_creates_store ... FAILED
[INFO] [stdout] test storage::metadata::lmdb::tests::gc_watermark_round_trip ... FAILED
[INFO] [stdout] test storage::metadata::lmdb::tests::journal_chunk_size_round_trip ... FAILED
[INFO] [stdout] test storage::metadata::lmdb::tests::default_map_size_is_sufficient_for_bitcoin ... FAILED
[INFO] [stdout] test storage::metadata::lmdb::tests::journal_offsets_invalid_range_errors ... FAILED
[INFO] [stdout] test storage::journal::tests::sync_policy_manual_never_syncs ... ok
[INFO] [stdout] test storage::metadata::lmdb::tests::journal_offsets_round_trip ... FAILED
[INFO] [stdout] test storage::metadata::lmdb::tests::snapshot_watermark_round_trip ... FAILED
[INFO] [stdout] test storage::metadata::lmdb::tests::prune_journal_offsets_removes_range ... FAILED
[INFO] [stdout] test storage::metadata::lmdb::tests::pruning_config_round_trip ... FAILED
[INFO] [stdout] test storage::snapshot::tests::create_and_load_snapshot_with_data ... FAILED
[INFO] [stdout] test storage::snapshot::tests::create_and_load_snapshot_with_empty_shards ... FAILED
[INFO] [stdout] test storage::snapshot::tests::prune_snapshots_after_removes_newer_files ... FAILED
[INFO] [stdout] test storage::snapshot::tests::snapshot_file_format_is_correct ... FAILED
[INFO] [stdout] test storage::snapshot::tests::snapshot_round_trip_variable_length_values ... FAILED
[INFO] [stdout] test storage::metadata::lmdb::tests::current_block_defaults_to_zero_and_updates ... FAILED
[INFO] [stdout] test storage::snapshot::tests::create_snapshot_skips_when_height_unchanged ... FAILED
[INFO] [stdout] test storage::snapshot::tests::load_snapshot_detects_checksum_mismatch ... FAILED
[INFO] [stdout] test storage::snapshot::tests::load_snapshot_validates_shard_count ... FAILED
[INFO] [stdout] test storage::snapshot::tests::load_snapshot_rejects_key_width_mismatch ... FAILED
[INFO] [stdout] test storage::journal::pruner::tests::prune_now_overlapping_shutdown_is_serialized ... ok
[INFO] [stdout] test storage::journal::pruner::tests::shutdown_waits_for_inflight_iteration ... ok
[INFO] [stdout] 
[INFO] [stdout] failures:
[INFO] [stdout] 
[INFO] [stdout] ---- api::facade::config::tests::existing_config_uses_stored_chunk_size stdout ----
[INFO] [stdout] 
[INFO] [stdout] thread 'api::facade::config::tests::existing_config_uses_stored_chunk_size' (2033) panicked at src/api/facade/config.rs:884:49:
[INFO] [stdout] called `Result::unwrap()` on an `Err` value: Os { code: 30, kind: ReadOnlyFilesystem, message: "Read-only file system" }
[INFO] [stdout] stack backtrace:
[INFO] [stdout]    0:     0x64692f887591 - <<std[70759c8f55707aa4]::sys::backtrace::BacktraceLock>::print::DisplayBacktrace as core[df12db4294e9bfd3]::fmt::Display>::fmt
[INFO] [stdout]    1:     0x64692f89e03a - core[df12db4294e9bfd3]::fmt::write
[INFO] [stdout]    2:     0x64692f88c14c - <alloc[2182bb758b4b3781]::vec::Vec<u8> as core[df12db4294e9bfd3]::io::write::Write>::write_fmt
[INFO] [stdout]    3:     0x64692f860bb6 - std[70759c8f55707aa4]::panicking::default_hook::{closure#0}
[INFO] [stdout]    4:     0x64692f87e8e9 - std[70759c8f55707aa4]::panicking::default_hook
[INFO] [stdout]    5:     0x64692f71f4a0 - test[9d35eded1c95d3be]::test_main_inner::<test[9d35eded1c95d3be]::test_main_static::{closure#0}>::{closure#0}
[INFO] [stdout]    6:     0x64692f87ec12 - std[70759c8f55707aa4]::panicking::panic_with_hook
[INFO] [stdout]    7:     0x64692f860c62 - std[70759c8f55707aa4]::panicking::panic_handler::{closure#0}
[INFO] [stdout]    8:     0x64692f859799 - std[70759c8f55707aa4]::sys::backtrace::__rust_end_short_backtrace::<std[70759c8f55707aa4]::panicking::panic_handler::{closure#0}, !>
[INFO] [stdout]    9:     0x64692f86194d - __rustc[8fa7c3cbc660c2b3]::rust_begin_unwind
[INFO] [stdout]   10:     0x64692f89e79c - core[df12db4294e9bfd3]::panicking::panic_fmt
[INFO] [stdout]   11:     0x64692f89e572 - core[df12db4294e9bfd3]::result::unwrap_failed
[INFO] [stdout]   12:     0x64692f6070a0 - rollblock[279f191558f33de4]::api::facade::config::tests::existing_config_uses_stored_chunk_size
[INFO] [stdout]   13:     0x64692f541a29 - <rollblock[279f191558f33de4]::api::facade::config::tests::existing_config_uses_stored_chunk_size::{closure#0} as core[df12db4294e9bfd3]::ops::function::FnOnce<()>>::call_once
[INFO] [stdout]   14:     0x64692f71278b - test[9d35eded1c95d3be]::__rust_begin_short_backtrace::<core[df12db4294e9bfd3]::result::Result<(), alloc[2182bb758b4b3781]::string::String>, fn() -> core[df12db4294e9bfd3]::result::Result<(), alloc[2182bb758b4b3781]::string::String>>
[INFO] [stdout]   15:     0x64692f71fdf5 - test[9d35eded1c95d3be]::run_test::{closure#0}
[INFO] [stdout]   16:     0x64692f7196b4 - std[70759c8f55707aa4]::sys::backtrace::__rust_begin_short_backtrace::<test[9d35eded1c95d3be]::run_test::{closure#1}, ()>
[INFO] [stdout]   17:     0x64692f722f52 - <std[70759c8f55707aa4]::thread::lifecycle::spawn_unchecked<test[9d35eded1c95d3be]::run_test::{closure#1}, ()>::{closure#1} as core[df12db4294e9bfd3]::ops::function::FnOnce<()>>::call_once::{shim:vtable#0}
[INFO] [stdout]   18:     0x64692f886c39 - <std[70759c8f55707aa4]::sys::thread::unix::Thread>::new::thread_start
[INFO] [stdout]   19:     0x73d5d03dbdfa - <unknown>
[INFO] [stdout]   20:     0x73d5d046f3d4 - clone
[INFO] [stdout]   21:                0x0 - <unknown>
[INFO] [stdout] 
[INFO] [stdout] ---- api::facade::recovery::tests::resolve_shard_layout_rejects_key_bytes_mismatch stdout ----
[INFO] [stdout] 
[INFO] [stdout] thread 'api::facade::recovery::tests::resolve_shard_layout_rejects_key_bytes_mismatch' (2049) panicked at src/api/facade/recovery.rs:474:35:
[INFO] [stdout] called `Result::unwrap()` on an `Err` value: Os { code: 30, kind: ReadOnlyFilesystem, message: "Read-only file system" }
[INFO] [stdout] stack backtrace:
[INFO] [stdout]    0:     0x64692f887591 - <<std[70759c8f55707aa4]::sys::backtrace::BacktraceLock>::print::DisplayBacktrace as core[df12db4294e9bfd3]::fmt::Display>::fmt
[INFO] [stdout]    1:     0x64692f89e03a - core[df12db4294e9bfd3]::fmt::write
[INFO] [stdout]    2:     0x64692f88c14c - <alloc[2182bb758b4b3781]::vec::Vec<u8> as core[df12db4294e9bfd3]::io::write::Write>::write_fmt
[INFO] [stdout]    3:     0x64692f860bb6 - std[70759c8f55707aa4]::panicking::default_hook::{closure#0}
[INFO] [stdout]    4:     0x64692f87e8e9 - std[70759c8f55707aa4]::panicking::default_hook
[INFO] [stdout]    5:     0x64692f71f4a0 - test[9d35eded1c95d3be]::test_main_inner::<test[9d35eded1c95d3be]::test_main_static::{closure#0}>::{closure#0}
[INFO] [stdout]    6:     0x64692f87ec12 - std[70759c8f55707aa4]::panicking::panic_with_hook
[INFO] [stdout]    7:     0x64692f860c62 - std[70759c8f55707aa4]::panicking::panic_handler::{closure#0}
[INFO] [stdout]    8:     0x64692f859799 - std[70759c8f55707aa4]::sys::backtrace::__rust_end_short_backtrace::<std[70759c8f55707aa4]::panicking::panic_handler::{closure#0}, !>
[INFO] [stdout]    9:     0x64692f86194d - __rustc[8fa7c3cbc660c2b3]::rust_begin_unwind
[INFO] [stdout]   10:     0x64692f89e79c - core[df12db4294e9bfd3]::panicking::panic_fmt
[INFO] [stdout]   11:     0x64692f89e572 - core[df12db4294e9bfd3]::result::unwrap_failed
[INFO] [stdout]   12:     0x64692f5ba334 - rollblock[279f191558f33de4]::api::facade::recovery::tests::workspace_tmp
[INFO] [stdout]   13:     0x64692f5ba3c7 - rollblock[279f191558f33de4]::api::facade::recovery::tests::resolve_shard_layout_rejects_key_bytes_mismatch
[INFO] [stdout]   14:     0x64692f541b69 - <rollblock[279f191558f33de4]::api::facade::recovery::tests::resolve_shard_layout_rejects_key_bytes_mismatch::{closure#0} as core[df12db4294e9bfd3]::ops::function::FnOnce<()>>::call_once
[INFO] [stdout]   15:     0x64692f71278b - test[9d35eded1c95d3be]::__rust_begin_short_backtrace::<core[df12db4294e9bfd3]::result::Result<(), alloc[2182bb758b4b3781]::string::String>, fn() -> core[df12db4294e9bfd3]::result::Result<(), alloc[2182bb758b4b3781]::string::String>>
[INFO] [stdout]   16:     0x64692f71fdf5 - test[9d35eded1c95d3be]::run_test::{closure#0}
[INFO] [stdout]   17:     0x64692f7196b4 - std[70759c8f55707aa4]::sys::backtrace::__rust_begin_short_backtrace::<test[9d35eded1c95d3be]::run_test::{closure#1}, ()>
[INFO] [stdout]   18:     0x64692f722f52 - <std[70759c8f55707aa4]::thread::lifecycle::spawn_unchecked<test[9d35eded1c95d3be]::run_test::{closure#1}, ()>::{closure#1} as core[df12db4294e9bfd3]::ops::function::FnOnce<()>>::call_once::{shim:vtable#0}
[INFO] [stdout]   19:     0x64692f886c39 - <std[70759c8f55707aa4]::sys::thread::unix::Thread>::new::thread_start
[INFO] [stdout]   20:     0x73d5d03dbdfa - <unknown>
[INFO] [stdout]   21:     0x73d5d046f3d4 - clone
[INFO] [stdout]   22:                0x0 - <unknown>
[INFO] [stdout] 
[INFO] [stdout] ---- api::facade::tests::facade_tests::block_facade_close_requires_no_pending_block stdout ----
[INFO] [stdout] 
[INFO] [stdout] thread 'api::facade::tests::facade_tests::block_facade_close_requires_no_pending_block' (2052) panicked at src/api/facade/tests.rs:775:40:
[INFO] [stdout] called `Result::unwrap()` on an `Err` value: Os { code: 30, kind: ReadOnlyFilesystem, message: "Read-only file system" }
[INFO] [stdout] stack backtrace:
[INFO] [stdout]    0:     0x64692f887591 - <<std[70759c8f55707aa4]::sys::backtrace::BacktraceLock>::print::DisplayBacktrace as core[df12db4294e9bfd3]::fmt::Display>::fmt
[INFO] [stdout]    1:     0x64692f89e03a - core[df12db4294e9bfd3]::fmt::write
[INFO] [stdout]    2:     0x64692f88c14c - <alloc[2182bb758b4b3781]::vec::Vec<u8> as core[df12db4294e9bfd3]::io::write::Write>::write_fmt
[INFO] [stdout]    3:     0x64692f860bb6 - std[70759c8f55707aa4]::panicking::default_hook::{closure#0}
[INFO] [stdout]    4:     0x64692f87e8e9 - std[70759c8f55707aa4]::panicking::default_hook
[INFO] [stdout]    5:     0x64692f71f4a0 - test[9d35eded1c95d3be]::test_main_inner::<test[9d35eded1c95d3be]::test_main_static::{closure#0}>::{closure#0}
[INFO] [stdout]    6:     0x64692f87ec12 - std[70759c8f55707aa4]::panicking::panic_with_hook
[INFO] [stdout]    7:     0x64692f860c62 - std[70759c8f55707aa4]::panicking::panic_handler::{closure#0}
[INFO] [stdout]    8:     0x64692f859799 - std[70759c8f55707aa4]::sys::backtrace::__rust_end_short_backtrace::<std[70759c8f55707aa4]::panicking::panic_handler::{closure#0}, !>
[INFO] [stdout]    9:     0x64692f86194d - __rustc[8fa7c3cbc660c2b3]::rust_begin_unwind
[INFO] [stdout]   10:     0x64692f89e79c - core[df12db4294e9bfd3]::panicking::panic_fmt
[INFO] [stdout]   11:     0x64692f89e572 - core[df12db4294e9bfd3]::result::unwrap_failed
[INFO] [stdout]   12:     0x64692f546cb9 - rollblock[279f191558f33de4]::api::facade::tests::facade_tests::workspace_tmp_dir
[INFO] [stdout]   13:     0x64692f54f51e - rollblock[279f191558f33de4]::api::facade::tests::facade_tests::block_facade_close_requires_no_pending_block
[INFO] [stdout]   14:     0x64692f541509 - <rollblock[279f191558f33de4]::api::facade::tests::facade_tests::block_facade_close_requires_no_pending_block::{closure#0} as core[df12db4294e9bfd3]::ops::function::FnOnce<()>>::call_once
[INFO] [stdout]   15:     0x64692f71278b - test[9d35eded1c95d3be]::__rust_begin_short_backtrace::<core[df12db4294e9bfd3]::result::Result<(), alloc[2182bb758b4b3781]::string::String>, fn() -> core[df12db4294e9bfd3]::result::Result<(), alloc[2182bb758b4b3781]::string::String>>
[INFO] [stdout]   16:     0x64692f71fdf5 - test[9d35eded1c95d3be]::run_test::{closure#0}
[INFO] [stdout]   17:     0x64692f7196b4 - std[70759c8f55707aa4]::sys::backtrace::__rust_begin_short_backtrace::<test[9d35eded1c95d3be]::run_test::{closure#1}, ()>
[INFO] [stdout]   18:     0x64692f722f52 - <std[70759c8f55707aa4]::thread::lifecycle::spawn_unchecked<test[9d35eded1c95d3be]::run_test::{closure#1}, ()>::{closure#1} as core[df12db4294e9bfd3]::ops::function::FnOnce<()>>::call_once::{shim:vtable#0}
[INFO] [stdout]   19:     0x64692f886c39 - <std[70759c8f55707aa4]::sys::thread::unix::Thread>::new::thread_start
[INFO] [stdout]   20:     0x73d5d03dbdfa - <unknown>
[INFO] [stdout]   21:     0x73d5d046f3d4 - clone
[INFO] [stdout]   22:                0x0 - <unknown>
[INFO] [stdout] 
[INFO] [stdout] ---- api::facade::recovery::tests::resolve_shard_layout_rejects_missing_hash_version stdout ----
[INFO] [stdout] 
[INFO] [stdout] thread 'api::facade::recovery::tests::resolve_shard_layout_rejects_missing_hash_version' (2050) panicked at src/api/facade/recovery.rs:474:35:
[INFO] [stdout] called `Result::unwrap()` on an `Err` value: Os { code: 30, kind: ReadOnlyFilesystem, message: "Read-only file system" }
[INFO] [stdout] stack backtrace:
[INFO] [stdout]    0:     0x64692f887591 - <<std[70759c8f55707aa4]::sys::backtrace::BacktraceLock>::print::DisplayBacktrace as core[df12db4294e9bfd3]::fmt::Display>::fmt
[INFO] [stdout]    1:     0x64692f89e03a - core[df12db4294e9bfd3]::fmt::write
[INFO] [stdout]    2:     0x64692f88c14c - <alloc[2182bb758b4b3781]::vec::Vec<u8> as core[df12db4294e9bfd3]::io::write::Write>::write_fmt
[INFO] [stdout]    3:     0x64692f860bb6 - std[70759c8f55707aa4]::panicking::default_hook::{closure#0}
[INFO] [stdout]    4:     0x64692f87e8e9 - std[70759c8f55707aa4]::panicking::default_hook
[INFO] [stdout]    5:     0x64692f71f4a0 - test[9d35eded1c95d3be]::test_main_inner::<test[9d35eded1c95d3be]::test_main_static::{closure#0}>::{closure#0}
[INFO] [stdout]    6:     0x64692f87ec12 - std[70759c8f55707aa4]::panicking::panic_with_hook
[INFO] [stdout]    7:     0x64692f860c62 - std[70759c8f55707aa4]::panicking::panic_handler::{closure#0}
[INFO] [stdout]    8:     0x64692f859799 - std[70759c8f55707aa4]::sys::backtrace::__rust_end_short_backtrace::<std[70759c8f55707aa4]::panicking::panic_handler::{closure#0}, !>
[INFO] [stdout]    9:     0x64692f86194d - __rustc[8fa7c3cbc660c2b3]::rust_begin_unwind
[INFO] [stdout]   10:     0x64692f89e79c - core[df12db4294e9bfd3]::panicking::panic_fmt
[INFO] [stdout]   11:     0x64692f89e572 - core[df12db4294e9bfd3]::result::unwrap_failed
[INFO] [stdout]   12:     0x64692f5ba334 - rollblock[279f191558f33de4]::api::facade::recovery::tests::workspace_tmp
[INFO] [stdout]   13:     0x64692f5bb257 - rollblock[279f191558f33de4]::api::facade::recovery::tests::resolve_shard_layout_rejects_missing_hash_version
[INFO] [stdout]   14:     0x64692f541ba9 - <rollblock[279f191558f33de4]::api::facade::recovery::tests::resolve_shard_layout_rejects_missing_hash_version::{closure#0} as core[df12db4294e9bfd3]::ops::function::FnOnce<()>>::call_once
[INFO] [stdout]   15:     0x64692f71278b - test[9d35eded1c95d3be]::__rust_begin_short_backtrace::<core[df12db4294e9bfd3]::result::Result<(), alloc[2182bb758b4b3781]::string::String>, fn() -> core[df12db4294e9bfd3]::result::Result<(), alloc[2182bb758b4b3781]::string::String>>
[INFO] [stdout]   16:     0x64692f71fdf5 - test[9d35eded1c95d3be]::run_test::{closure#0}
[INFO] [stdout]   17:     0x64692f7196b4 - std[70759c8f55707aa4]::sys::backtrace::__rust_begin_short_backtrace::<test[9d35eded1c95d3be]::run_test::{closure#1}, ()>
[INFO] [stdout]   18:     0x64692f722f52 - <std[70759c8f55707aa4]::thread::lifecycle::spawn_unchecked<test[9d35eded1c95d3be]::run_test::{closure#1}, ()>::{closure#1} as core[df12db4294e9bfd3]::ops::function::FnOnce<()>>::call_once::{shim:vtable#0}
[INFO] [stdout]   19:     0x64692f886c39 - <std[70759c8f55707aa4]::sys::thread::unix::Thread>::new::thread_start
[INFO] [stdout]   20:     0x73d5d03dbdfa - <unknown>
[INFO] [stdout]   21:     0x73d5d046f3d4 - clone
[INFO] [stdout]   22:                0x0 - <unknown>
[INFO] [stdout] 
[INFO] [stdout] ---- api::facade::recovery::tests::resolve_shard_layout_rejects_hash_version_mismatch stdout ----
[INFO] [stdout] 
[INFO] [stdout] thread 'api::facade::recovery::tests::resolve_shard_layout_rejects_hash_version_mismatch' (2048) panicked at src/api/facade/recovery.rs:474:35:
[INFO] [stdout] called `Result::unwrap()` on an `Err` value: Os { code: 30, kind: ReadOnlyFilesystem, message: "Read-only file system" }
[INFO] [stdout] stack backtrace:
[INFO] [stdout]    0:     0x64692f887591 - <<std[70759c8f55707aa4]::sys::backtrace::BacktraceLock>::print::DisplayBacktrace as core[df12db4294e9bfd3]::fmt::Display>::fmt
[INFO] [stdout]    1:     0x64692f89e03a - core[df12db4294e9bfd3]::fmt::write
[INFO] [stdout]    2:     0x64692f88c14c - <alloc[2182bb758b4b3781]::vec::Vec<u8> as core[df12db4294e9bfd3]::io::write::Write>::write_fmt
[INFO] [stdout]    3:     0x64692f860bb6 - std[70759c8f55707aa4]::panicking::default_hook::{closure#0}
[INFO] [stdout]    4:     0x64692f87e8e9 - std[70759c8f55707aa4]::panicking::default_hook
[INFO] [stdout]    5:     0x64692f71f4a0 - test[9d35eded1c95d3be]::test_main_inner::<test[9d35eded1c95d3be]::test_main_static::{closure#0}>::{closure#0}
[INFO] [stdout]    6:     0x64692f87ec12 - std[70759c8f55707aa4]::panicking::panic_with_hook
[INFO] [stdout]    7:     0x64692f860c62 - std[70759c8f55707aa4]::panicking::panic_handler::{closure#0}
[INFO] [stdout]    8:     0x64692f859799 - std[70759c8f55707aa4]::sys::backtrace::__rust_end_short_backtrace::<std[70759c8f55707aa4]::panicking::panic_handler::{closure#0}, !>
[INFO] [stdout]    9:     0x64692f86194d - __rustc[8fa7c3cbc660c2b3]::rust_begin_unwind
[INFO] [stdout]   10:     0x64692f89e79c - core[df12db4294e9bfd3]::panicking::panic_fmt
[INFO] [stdout]   11:     0x64692f89e572 - core[df12db4294e9bfd3]::result::unwrap_failed
[INFO] [stdout]   12:     0x64692f5ba334 - rollblock[279f191558f33de4]::api::facade::recovery::tests::workspace_tmp
[INFO] [stdout]   13:     0x64692f5bbb27 - rollblock[279f191558f33de4]::api::facade::recovery::tests::resolve_shard_layout_rejects_hash_version_mismatch
[INFO] [stdout]   14:     0x64692f541bc9 - <rollblock[279f191558f33de4]::api::facade::recovery::tests::resolve_shard_layout_rejects_hash_version_mismatch::{closure#0} as core[df12db4294e9bfd3]::ops::function::FnOnce<()>>::call_once
[INFO] [stdout]   15:     0x64692f71278b - test[9d35eded1c95d3be]::__rust_begin_short_backtrace::<core[df12db4294e9bfd3]::result::Result<(), alloc[2182bb758b4b3781]::string::String>, fn() -> core[df12db4294e9bfd3]::result::Result<(), alloc[2182bb758b4b3781]::string::String>>
[INFO] [stdout]   16:     0x64692f71fdf5 - test[9d35eded1c95d3be]::run_test::{closure#0}
[INFO] [stdout]   17:     0x64692f7196b4 - std[70759c8f55707aa4]::sys::backtrace::__rust_begin_short_backtrace::<test[9d35eded1c95d3be]::run_test::{closure#1}, ()>
[INFO] [stdout]   18:     0x64692f722f52 - <std[70759c8f55707aa4]::thread::lifecycle::spawn_unchecked<test[9d35eded1c95d3be]::run_test::{closure#1}, ()>::{closure#1} as core[df12db4294e9bfd3]::ops::function::FnOnce<()>>::call_once::{shim:vtable#0}
[INFO] [stdout]   19:     0x64692f886c39 - <std[70759c8f55707aa4]::sys::thread::unix::Thread>::new::thread_start
[INFO] [stdout]   20:     0x73d5d03dbdfa - <unknown>
[INFO] [stdout]   21:     0x73d5d046f3d4 - clone
[INFO] [stdout]   22:                0x0 - <unknown>
[INFO] [stdout] 
[INFO] [stdout] ---- api::facade::recovery::tests::resolve_shard_layout_rejects_older_hash_version stdout ----
[INFO] [stdout] 
[INFO] [stdout] thread 'api::facade::recovery::tests::resolve_shard_layout_rejects_older_hash_version' (2051) panicked at src/api/facade/recovery.rs:474:35:
[INFO] [stdout] called `Result::unwrap()` on an `Err` value: Os { code: 30, kind: ReadOnlyFilesystem, message: "Read-only file system" }
[INFO] [stdout] stack backtrace:
[INFO] [stdout]    0:     0x64692f887591 - <<std[70759c8f55707aa4]::sys::backtrace::BacktraceLock>::print::DisplayBacktrace as core[df12db4294e9bfd3]::fmt::Display>::fmt
[INFO] [stdout]    1:     0x64692f89e03a - core[df12db4294e9bfd3]::fmt::write
[INFO] [stdout]    2:     0x64692f88c14c - <alloc[2182bb758b4b3781]::vec::Vec<u8> as core[df12db4294e9bfd3]::io::write::Write>::write_fmt
[INFO] [stdout]    3:     0x64692f860bb6 - std[70759c8f55707aa4]::panicking::default_hook::{closure#0}
[INFO] [stdout]    4:     0x64692f87e8e9 - std[70759c8f55707aa4]::panicking::default_hook
[INFO] [stdout]    5:     0x64692f71f4a0 - test[9d35eded1c95d3be]::test_main_inner::<test[9d35eded1c95d3be]::test_main_static::{closure#0}>::{closure#0}
[INFO] [stdout]    6:     0x64692f87ec12 - std[70759c8f55707aa4]::panicking::panic_with_hook
[INFO] [stdout]    7:     0x64692f860c62 - std[70759c8f55707aa4]::panicking::panic_handler::{closure#0}
[INFO] [stdout]    8:     0x64692f859799 - std[70759c8f55707aa4]::sys::backtrace::__rust_end_short_backtrace::<std[70759c8f55707aa4]::panicking::panic_handler::{closure#0}, !>
[INFO] [stdout]    9:     0x64692f86194d - __rustc[8fa7c3cbc660c2b3]::rust_begin_unwind
[INFO] [stdout]   10:     0x64692f89e79c - core[df12db4294e9bfd3]::panicking::panic_fmt
[INFO] [stdout]   11:     0x64692f89e572 - core[df12db4294e9bfd3]::result::unwrap_failed
[INFO] [stdout]   12:     0x64692f5ba334 - rollblock[279f191558f33de4]::api::facade::recovery::tests::workspace_tmp
[INFO] [stdout]   13:     0x64692f5baaf7 - rollblock[279f191558f33de4]::api::facade::recovery::tests::resolve_shard_layout_rejects_older_hash_version
[INFO] [stdout]   14:     0x64692f541b89 - <rollblock[279f191558f33de4]::api::facade::recovery::tests::resolve_shard_layout_rejects_older_hash_version::{closure#0} as core[df12db4294e9bfd3]::ops::function::FnOnce<()>>::call_once
[INFO] [stdout]   15:     0x64692f71278b - test[9d35eded1c95d3be]::__rust_begin_short_backtrace::<core[df12db4294e9bfd3]::result::Result<(), alloc[2182bb758b4b3781]::string::String>, fn() -> core[df12db4294e9bfd3]::result::Result<(), alloc[2182bb758b4b3781]::string::String>>
[INFO] [stdout]   16:     0x64692f71fdf5 - test[9d35eded1c95d3be]::run_test::{closure#0}
[INFO] [stdout]   17:     0x64692f7196b4 - std[70759c8f55707aa4]::sys::backtrace::__rust_begin_short_backtrace::<test[9d35eded1c95d3be]::run_test::{closure#1}, ()>
[INFO] [stdout]   18:     0x64692f722f52 - <std[70759c8f55707aa4]::thread::lifecycle::spawn_unchecked<test[9d35eded1c95d3be]::run_test::{closure#1}, ()>::{closure#1} as core[df12db4294e9bfd3]::ops::function::FnOnce<()>>::call_once::{shim:vtable#0}
[INFO] [stdout]   19:     0x64692f886c39 - <std[70759c8f55707aa4]::sys::thread::unix::Thread>::new::thread_start
[INFO] [stdout]   20:     0x73d5d03dbdfa - <unknown>
[INFO] [stdout]   21:     0x73d5d046f3d4 - clone
[INFO] [stdout]   22:                0x0 - <unknown>
[INFO] [stdout] 
[INFO] [stdout] ---- api::facade::tests::facade_tests::facade_new_initializes_components_and_executes_operations stdout ----
[INFO] [stdout] 
[INFO] [stdout] thread 'api::facade::tests::facade_tests::facade_new_initializes_components_and_executes_operations' (2068) panicked at src/api/facade/tests.rs:775:40:
[INFO] [stdout] called `Result::unwrap()` on an `Err` value: Os { code: 30, kind: ReadOnlyFilesystem, message: "Read-only file system" }
[INFO] [stdout] stack backtrace:
[INFO] [stdout]    0:     0x64692f887591 - <<std[70759c8f55707aa4]::sys::backtrace::BacktraceLock>::print::DisplayBacktrace as core[df12db4294e9bfd3]::fmt::Display>::fmt
[INFO] [stdout]    1:     0x64692f89e03a - core[df12db4294e9bfd3]::fmt::write
[INFO] [stdout]    2:     0x64692f88c14c - <alloc[2182bb758b4b3781]::vec::Vec<u8> as core[df12db4294e9bfd3]::io::write::Write>::write_fmt
[INFO] [stdout]    3:     0x64692f860bb6 - std[70759c8f55707aa4]::panicking::default_hook::{closure#0}
[INFO] [stdout]    4:     0x64692f87e8e9 - std[70759c8f55707aa4]::panicking::default_hook
[INFO] [stdout]    5:     0x64692f71f4a0 - test[9d35eded1c95d3be]::test_main_inner::<test[9d35eded1c95d3be]::test_main_static::{closure#0}>::{closure#0}
[INFO] [stdout]    6:     0x64692f87ec12 - std[70759c8f55707aa4]::panicking::panic_with_hook
[INFO] [stdout]    7:     0x64692f860c62 - std[70759c8f55707aa4]::panicking::panic_handler::{closure#0}
[INFO] [stdout]    8:     0x64692f859799 - std[70759c8f55707aa4]::sys::backtrace::__rust_end_short_backtrace::<std[70759c8f55707aa4]::panicking::panic_handler::{closure#0}, !>
[INFO] [stdout]    9:     0x64692f86194d - __rustc[8fa7c3cbc660c2b3]::rust_begin_unwind
[INFO] [stdout]   10:     0x64692f89e79c - core[df12db4294e9bfd3]::panicking::panic_fmt
[INFO] [stdout]   11:     0x64692f89e572 - core[df12db4294e9bfd3]::result::unwrap_failed
[INFO] [stdout]   12:     0x64692f546cb9 - rollblock[279f191558f33de4]::api::facade::tests::facade_tests::workspace_tmp_dir
[INFO] [stdout]   13:     0x64692f55883e - rollblock[279f191558f33de4]::api::facade::tests::facade_tests::facade_new_initializes_components_and_executes_operations
[INFO] [stdout]   14:     0x64692f5416c9 - <rollblock[279f191558f33de4]::api::facade::tests::facade_tests::facade_new_initializes_components_and_executes_operations::{closure#0} as core[df12db4294e9bfd3]::ops::function::FnOnce<()>>::call_once
[INFO] [stdout]   15:     0x64692f71278b - test[9d35eded1c95d3be]::__rust_begin_short_backtrace::<core[df12db4294e9bfd3]::result::Result<(), alloc[2182bb758b4b3781]::string::String>, fn() -> core[df12db4294e9bfd3]::result::Result<(), alloc[2182bb758b4b3781]::string::String>>
[INFO] [stdout]   16:     0x64692f71fdf5 - test[9d35eded1c95d3be]::run_test::{closure#0}
[INFO] [stdout]   17:     0x64692f7196b4 - std[70759c8f55707aa4]::sys::backtrace::__rust_begin_short_backtrace::<test[9d35eded1c95d3be]::run_test::{closure#1}, ()>
[INFO] [stdout]   18:     0x64692f722f52 - <std[70759c8f55707aa4]::thread::lifecycle::spawn_unchecked<test[9d35eded1c95d3be]::run_test::{closure#1}, ()>::{closure#1} as core[df12db4294e9bfd3]::ops::function::FnOnce<()>>::call_once::{shim:vtable#0}
[INFO] [stdout]   19:     0x64692f886c39 - <std[70759c8f55707aa4]::sys::thread::unix::Thread>::new::thread_start
[INFO] [stdout]   20:     0x73d5d03dbdfa - <unknown>
[INFO] [stdout]   21:     0x73d5d046f3d4 - clone
[INFO] [stdout]   22:                0x0 - <unknown>
[INFO] [stdout] 
[INFO] [stdout] ---- api::facade::tests::facade_tests::existing_config_uses_persisted_layout_when_optional_fields_missing stdout ----
[INFO] [stdout] 
[INFO] [stdout] thread 'api::facade::tests::facade_tests::existing_config_uses_persisted_layout_when_optional_fields_missing' (2066) panicked at src/api/facade/tests.rs:775:40:
[INFO] [stdout] called `Result::unwrap()` on an `Err` value: Os { code: 30, kind: ReadOnlyFilesystem, message: "Read-only file system" }
[INFO] [stdout] stack backtrace:
[INFO] [stdout]    0:     0x64692f887591 - <<std[70759c8f55707aa4]::sys::backtrace::BacktraceLock>::print::DisplayBacktrace as core[df12db4294e9bfd3]::fmt::Display>::fmt
[INFO] [stdout]    1:     0x64692f89e03a - core[df12db4294e9bfd3]::fmt::write
[INFO] [stdout]    2:     0x64692f88c14c - <alloc[2182bb758b4b3781]::vec::Vec<u8> as core[df12db4294e9bfd3]::io::write::Write>::write_fmt
[INFO] [stdout]    3:     0x64692f860bb6 - std[70759c8f55707aa4]::panicking::default_hook::{closure#0}
[INFO] [stdout]    4:     0x64692f87e8e9 - std[70759c8f55707aa4]::panicking::default_hook
[INFO] [stdout]    5:     0x64692f71f4a0 - test[9d35eded1c95d3be]::test_main_inner::<test[9d35eded1c95d3be]::test_main_static::{closure#0}>::{closure#0}
[INFO] [stdout]    6:     0x64692f87ec12 - std[70759c8f55707aa4]::panicking::panic_with_hook
[INFO] [stdout]    7:     0x64692f860c62 - std[70759c8f55707aa4]::panicking::panic_handler::{closure#0}
[INFO] [stdout]    8:     0x64692f859799 - std[70759c8f55707aa4]::sys::backtrace::__rust_end_short_backtrace::<std[70759c8f55707aa4]::panicking::panic_handler::{closure#0}, !>
[INFO] [stdout]    9:     0x64692f86194d - __rustc[8fa7c3cbc660c2b3]::rust_begin_unwind
[INFO] [stdout]   10:     0x64692f89e79c - core[df12db4294e9bfd3]::panicking::panic_fmt
[INFO] [stdout]   11:     0x64692f89e572 - core[df12db4294e9bfd3]::result::unwrap_failed
[INFO] [stdout]   12:     0x64692f546cb9 - rollblock[279f191558f33de4]::api::facade::tests::facade_tests::workspace_tmp_dir
[INFO] [stdout]   13:     0x64692f55b94e - rollblock[279f191558f33de4]::api::facade::tests::facade_tests::existing_config_uses_persisted_layout_when_optional_fields_missing
[INFO] [stdout]   14:     0x64692f5418e9 - <rollblock[279f191558f33de4]::api::facade::tests::facade_tests::existing_config_uses_persisted_layout_when_optional_fields_missing::{closure#0} as core[df12db4294e9bfd3]::ops::function::FnOnce<()>>::call_once
[INFO] [stdout]   15:     0x64692f71278b - test[9d35eded1c95d3be]::__rust_begin_short_backtrace::<core[df12db4294e9bfd3]::result::Result<(), alloc[2182bb758b4b3781]::string::String>, fn() -> core[df12db4294e9bfd3]::result::Result<(), alloc[2182bb758b4b3781]::string::String>>
[INFO] [stdout]   16:     0x64692f71fdf5 - test[9d35eded1c95d3be]::run_test::{closure#0}
[INFO] [stdout]   17:     0x64692f7196b4 - std[70759c8f55707aa4]::sys::backtrace::__rust_begin_short_backtrace::<test[9d35eded1c95d3be]::run_test::{closure#1}, ()>
[INFO] [stdout]   18:     0x64692f722f52 - <std[70759c8f55707aa4]::thread::lifecycle::spawn_unchecked<test[9d35eded1c95d3be]::run_test::{closure#1}, ()>::{closure#1} as core[df12db4294e9bfd3]::ops::function::FnOnce<()>>::call_once::{shim:vtable#0}
[INFO] [stdout]   19:     0x64692f886c39 - <std[70759c8f55707aa4]::sys::thread::unix::Thread>::new::thread_start
[INFO] [stdout]   20:     0x73d5d03dbdfa - <unknown>
[INFO] [stdout]   21:     0x73d5d046f3d4 - clone
[INFO] [stdout]   22:                0x0 - <unknown>
[INFO] [stdout] 
[INFO] [stdout] ---- api::facade::tests::facade_tests::facade_new_uses_parallel_orchestrator_when_requested stdout ----
[INFO] [stdout] 
[INFO] [stdout] thread 'api::facade::tests::facade_tests::facade_new_uses_parallel_orchestrator_when_requested' (2069) panicked at src/api/facade/tests.rs:775:40:
[INFO] [stdout] called `Result::unwrap()` on an `Err` value: Os { code: 30, kind: ReadOnlyFilesystem, message: "Read-only file system" }
[INFO] [stdout] stack backtrace:
[INFO] [stdout]    0:     0x64692f887591 - <<std[70759c8f55707aa4]::sys::backtrace::BacktraceLock>::print::DisplayBacktrace as core[df12db4294e9bfd3]::fmt::Display>::fmt
[INFO] [stdout]    1:     0x64692f89e03a - core[df12db4294e9bfd3]::fmt::write
[INFO] [stdout]    2:     0x64692f88c14c - <alloc[2182bb758b4b3781]::vec::Vec<u8> as core[df12db4294e9bfd3]::io::write::Write>::write_fmt
[INFO] [stdout]    3:     0x64692f860bb6 - std[70759c8f55707aa4]::panicking::default_hook::{closure#0}
[INFO] [stdout]    4:     0x64692f87e8e9 - std[70759c8f55707aa4]::panicking::default_hook
[INFO] [stdout]    5:     0x64692f71f4a0 - test[9d35eded1c95d3be]::test_main_inner::<test[9d35eded1c95d3be]::test_main_static::{closure#0}>::{closure#0}
[INFO] [stdout]    6:     0x64692f87ec12 - std[70759c8f55707aa4]::panicking::panic_with_hook
[INFO] [stdout]    7:     0x64692f860c62 - std[70759c8f55707aa4]::panicking::panic_handler::{closure#0}
[INFO] [stdout]    8:     0x64692f859799 - std[70759c8f55707aa4]::sys::backtrace::__rust_end_short_backtrace::<std[70759c8f55707aa4]::panicking::panic_handler::{closure#0}, !>
[INFO] [stdout]    9:     0x64692f86194d - __rustc[8fa7c3cbc660c2b3]::rust_begin_unwind
[INFO] [stdout]   10:     0x64692f89e79c - core[df12db4294e9bfd3]::panicking::panic_fmt
[INFO] [stdout]   11:     0x64692f89e572 - core[df12db4294e9bfd3]::result::unwrap_failed
[INFO] [stdout]   12:     0x64692f546cb9 - rollblock[279f191558f33de4]::api::facade::tests::facade_tests::workspace_tmp_dir
[INFO] [stdout]   13:     0x64692f554e1e - rollblock[279f191558f33de4]::api::facade::tests::facade_tests::facade_new_uses_parallel_orchestrator_when_requested
[INFO] [stdout]   14:     0x64692f541649 - <rollblock[279f191558f33de4]::api::facade::tests::facade_tests::facade_new_uses_parallel_orchestrator_when_requested::{closure#0} as core[df12db4294e9bfd3]::ops::function::FnOnce<()>>::call_once
[INFO] [stdout]   15:     0x64692f71278b - test[9d35eded1c95d3be]::__rust_begin_short_backtrace::<core[df12db4294e9bfd3]::result::Result<(), alloc[2182bb758b4b3781]::string::String>, fn() -> core[df12db4294e9bfd3]::result::Result<(), alloc[2182bb758b4b3781]::string::String>>
[INFO] [stdout]   16:     0x64692f71fdf5 - test[9d35eded1c95d3be]::run_test::{closure#0}
[INFO] [stdout]   17:     0x64692f7196b4 - std[70759c8f55707aa4]::sys::backtrace::__rust_begin_short_backtrace::<test[9d35eded1c95d3be]::run_test::{closure#1}, ()>
[INFO] [stdout]   18:     0x64692f722f52 - <std[70759c8f55707aa4]::thread::lifecycle::spawn_unchecked<test[9d35eded1c95d3be]::run_test::{closure#1}, ()>::{closure#1} as core[df12db4294e9bfd3]::ops::function::FnOnce<()>>::call_once::{shim:vtable#0}
[INFO] [stdout]   19:     0x64692f886c39 - <std[70759c8f55707aa4]::sys::thread::unix::Thread>::new::thread_start
[INFO] [stdout]   20:     0x73d5d03dbdfa - <unknown>
[INFO] [stdout]   21:     0x73d5d046f3d4 - clone
[INFO] [stdout]   22:                0x0 - <unknown>
[INFO] [stdout] 
[INFO] [stdout] ---- api::facade::tests::facade_tests::graceful_shutdown_persists_state_for_restart stdout ----
[INFO] [stdout] 
[INFO] [stdout] thread 'api::facade::tests::facade_tests::graceful_shutdown_persists_state_for_restart' (2071) panicked at src/api/facade/tests.rs:775:40:
[INFO] [stdout] called `Result::unwrap()` on an `Err` value: Os { code: 30, kind: ReadOnlyFilesystem, message: "Read-only file system" }
[INFO] [stdout] stack backtrace:
[INFO] [stdout]    0:     0x64692f887591 - <<std[70759c8f55707aa4]::sys::backtrace::BacktraceLock>::print::DisplayBacktrace as core[df12db4294e9bfd3]::fmt::Display>::fmt
[INFO] [stdout]    1:     0x64692f89e03a - core[df12db4294e9bfd3]::fmt::write
[INFO] [stdout]    2:     0x64692f88c14c - <alloc[2182bb758b4b3781]::vec::Vec<u8> as core[df12db4294e9bfd3]::io::write::Write>::write_fmt
[INFO] [stdout]    3:     0x64692f860bb6 - std[70759c8f55707aa4]::panicking::default_hook::{closure#0}
[INFO] [stdout]    4:     0x64692f87e8e9 - std[70759c8f55707aa4]::panicking::default_hook
[INFO] [stdout]    5:     0x64692f71f4a0 - test[9d35eded1c95d3be]::test_main_inner::<test[9d35eded1c95d3be]::test_main_static::{closure#0}>::{closure#0}
[INFO] [stdout]    6:     0x64692f87ec12 - std[70759c8f55707aa4]::panicking::panic_with_hook
[INFO] [stdout]    7:     0x64692f860c62 - std[70759c8f55707aa4]::panicking::panic_handler::{closure#0}
[INFO] [stdout]    8:     0x64692f859799 - std[70759c8f55707aa4]::sys::backtrace::__rust_end_short_backtrace::<std[70759c8f55707aa4]::panicking::panic_handler::{closure#0}, !>
[INFO] [stdout]    9:     0x64692f86194d - __rustc[8fa7c3cbc660c2b3]::rust_begin_unwind
[INFO] [stdout]   10:     0x64692f89e79c - core[df12db4294e9bfd3]::panicking::panic_fmt
[INFO] [stdout]   11:     0x64692f89e572 - core[df12db4294e9bfd3]::result::unwrap_failed
[INFO] [stdout]   12:     0x64692f546cb9 - rollblock[279f191558f33de4]::api::facade::tests::facade_tests::workspace_tmp_dir
[INFO] [stdout]   13:     0x64692f55061e - rollblock[279f191558f33de4]::api::facade::tests::facade_tests::graceful_shutdown_persists_state_for_restart
[INFO] [stdout]   14:     0x64692f541549 - <rollblock[279f191558f33de4]::api::facade::tests::facade_tests::graceful_shutdown_persists_state_for_restart::{closure#0} as core[df12db4294e9bfd3]::ops::function::FnOnce<()>>::call_once
[INFO] [stdout]   15:     0x64692f71278b - test[9d35eded1c95d3be]::__rust_begin_short_backtrace::<core[df12db4294e9bfd3]::result::Result<(), alloc[2182bb758b4b3781]::string::String>, fn() -> core[df12db4294e9bfd3]::result::Result<(), alloc[2182bb758b4b3781]::string::String>>
[INFO] [stdout]   16:     0x64692f71fdf5 - test[9d35eded1c95d3be]::run_test::{closure#0}
[INFO] [stdout]   17:     0x64692f7196b4 - std[70759c8f55707aa4]::sys::backtrace::__rust_begin_short_backtrace::<test[9d35eded1c95d3be]::run_test::{closure#1}, ()>
[INFO] [stdout]   18:     0x64692f722f52 - <std[70759c8f55707aa4]::thread::lifecycle::spawn_unchecked<test[9d35eded1c95d3be]::run_test::{closure#1}, ()>::{closure#1} as core[df12db4294e9bfd3]::ops::function::FnOnce<()>>::call_once::{shim:vtable#0}
[INFO] [stdout]   19:     0x64692f886c39 - <std[70759c8f55707aa4]::sys::thread::unix::Thread>::new::thread_start
[INFO] [stdout]   20:     0x73d5d03dbdfa - <unknown>
[INFO] [stdout]   21:     0x73d5d046f3d4 - clone
[INFO] [stdout]   22:                0x0 - <unknown>
[INFO] [stdout] 
[INFO] [stdout] ---- api::facade::tests::facade_tests::reopening_with_mismatched_shards_count_fails stdout ----
[INFO] [stdout] 
[INFO] [stdout] thread 'api::facade::tests::facade_tests::reopening_with_mismatched_shards_count_fails' (2078) panicked at src/api/facade/tests.rs:775:40:
[INFO] [stdout] called `Result::unwrap()` on an `Err` value: Os { code: 30, kind: ReadOnlyFilesystem, message: "Read-only file system" }
[INFO] [stdout] stack backtrace:
[INFO] [stdout]    0:     0x64692f887591 - <<std[70759c8f55707aa4]::sys::backtrace::BacktraceLock>::print::DisplayBacktrace as core[df12db4294e9bfd3]::fmt::Display>::fmt
[INFO] [stdout]    1:     0x64692f89e03a - core[df12db4294e9bfd3]::fmt::write
[INFO] [stdout]    2:     0x64692f88c14c - <alloc[2182bb758b4b3781]::vec::Vec<u8> as core[df12db4294e9bfd3]::io::write::Write>::write_fmt
[INFO] [stdout]    3:     0x64692f860bb6 - std[70759c8f55707aa4]::panicking::default_hook::{closure#0}
[INFO] [stdout]    4:     0x64692f87e8e9 - std[70759c8f55707aa4]::panicking::default_hook
[INFO] [stdout]    5:     0x64692f71f4a0 - test[9d35eded1c95d3be]::test_main_inner::<test[9d35eded1c95d3be]::test_main_static::{closure#0}>::{closure#0}
[INFO] [stdout]    6:     0x64692f87ec12 - std[70759c8f55707aa4]::panicking::panic_with_hook
[INFO] [stdout]    7:     0x64692f860c62 - std[70759c8f55707aa4]::panicking::panic_handler::{closure#0}
[INFO] [stdout]    8:     0x64692f859799 - std[70759c8f55707aa4]::sys::backtrace::__rust_end_short_backtrace::<std[70759c8f55707aa4]::panicking::panic_handler::{closure#0}, !>
[INFO] [stdout]    9:     0x64692f86194d - __rustc[8fa7c3cbc660c2b3]::rust_begin_unwind
[INFO] [stdout]   10:     0x64692f89e79c - core[df12db4294e9bfd3]::panicking::panic_fmt
[INFO] [stdout]   11:     0x64692f89e572 - core[df12db4294e9bfd3]::result::unwrap_failed
[INFO] [stdout]   12:     0x64692f546cb9 - rollblock[279f191558f33de4]::api::facade::tests::facade_tests::workspace_tmp_dir
[INFO] [stdout]   13:     0x64692f5511fe - rollblock[279f191558f33de4]::api::facade::tests::facade_tests::reopening_with_mismatched_shards_count_fails
[INFO] [stdout]   14:     0x64692f541569 - <rollblock[279f191558f33de4]::api::facade::tests::facade_tests::reopening_with_mismatched_shards_count_fails::{closure#0} as core[df12db4294e9bfd3]::ops::function::FnOnce<()>>::call_once
[INFO] [stdout]   15:     0x64692f71278b - test[9d35eded1c95d3be]::__rust_begin_short_backtrace::<core[df12db4294e9bfd3]::result::Result<(), alloc[2182bb758b4b3781]::string::String>, fn() -> core[df12db4294e9bfd3]::result::Result<(), alloc[2182bb758b4b3781]::string::String>>
[INFO] [stdout]   16:     0x64692f71fdf5 - test[9d35eded1c95d3be]::run_test::{closure#0}
[INFO] [stdout]   17:     0x64692f7196b4 - std[70759c8f55707aa4]::sys::backtrace::__rust_begin_short_backtrace::<test[9d35eded1c95d3be]::run_test::{closure#1}, ()>
[INFO] [stdout]   18:     0x64692f722f52 - <std[70759c8f55707aa4]::thread::lifecycle::spawn_unchecked<test[9d35eded1c95d3be]::run_test::{closure#1}, ()>::{closure#1} as core[df12db4294e9bfd3]::ops::function::FnOnce<()>>::call_once::{shim:vtable#0}
[INFO] [stdout]   19:     0x64692f886c39 - <std[70759c8f55707aa4]::sys::thread::unix::Thread>::new::thread_start
[INFO] [stdout]   20:     0x73d5d03dbdfa - <unknown>
[INFO] [stdout]   21:     0x73d5d046f3d4 - clone
[INFO] [stdout]   22:                0x0 - <unknown>
[INFO] [stdout] 
[INFO] [stdout] ---- api::facade::tests::facade_tests::reconcile_metadata_with_journal_rebuilds_missing_index stdout ----
[INFO] [stdout] 
[INFO] [stdout] thread 'api::facade::tests::facade_tests::reconcile_metadata_with_journal_rebuilds_missing_index' (2075) panicked at src/api/facade/tests.rs:775:40:
[INFO] [stdout] called `Result::unwrap()` on an `Err` value: Os { code: 30, kind: ReadOnlyFilesystem, message: "Read-only file system" }
[INFO] [stdout] stack backtrace:
[INFO] [stdout]    0:     0x64692f887591 - <<std[70759c8f55707aa4]::sys::backtrace::BacktraceLock>::print::DisplayBacktrace as core[df12db4294e9bfd3]::fmt::Display>::fmt
[INFO] [stdout]    1:     0x64692f89e03a - core[df12db4294e9bfd3]::fmt::write
[INFO] [stdout]    2:     0x64692f88c14c - <alloc[2182bb758b4b3781]::vec::Vec<u8> as core[df12db4294e9bfd3]::io::write::Write>::write_fmt
[INFO] [stdout]    3:     0x64692f860bb6 - std[70759c8f55707aa4]::panicking::default_hook::{closure#0}
[INFO] [stdout]    4:     0x64692f87e8e9 - std[70759c8f55707aa4]::panicking::default_hook
[INFO] [stdout]    5:     0x64692f71f4a0 - test[9d35eded1c95d3be]::test_main_inner::<test[9d35eded1c95d3be]::test_main_static::{closure#0}>::{closure#0}
[INFO] [stdout]    6:     0x64692f87ec12 - std[70759c8f55707aa4]::panicking::panic_with_hook
[INFO] [stdout]    7:     0x64692f860c62 - std[70759c8f55707aa4]::panicking::panic_handler::{closure#0}
[INFO] [stdout]    8:     0x64692f859799 - std[70759c8f55707aa4]::sys::backtrace::__rust_end_short_backtrace::<std[70759c8f55707aa4]::panicking::panic_handler::{closure#0}, !>
[INFO] [stdout]    9:     0x64692f86194d - __rustc[8fa7c3cbc660c2b3]::rust_begin_unwind
[INFO] [stdout]   10:     0x64692f89e79c - core[df12db4294e9bfd3]::panicking::panic_fmt
[INFO] [stdout]   11:     0x64692f89e572 - core[df12db4294e9bfd3]::result::unwrap_failed
[INFO] [stdout]   12:     0x64692f546cb9 - rollblock[279f191558f33de4]::api::facade::tests::facade_tests::workspace_tmp_dir
[INFO] [stdout]   13:     0x64692f556ffe - rollblock[279f191558f33de4]::api::facade::tests::facade_tests::reconcile_metadata_with_journal_rebuilds_missing_index
[INFO] [stdout]   14:     0x64692f541689 - <rollblock[279f191558f33de4]::api::facade::tests::facade_tests::reconcile_metadata_with_journal_rebuilds_missing_index::{closure#0} as core[df12db4294e9bfd3]::ops::function::FnOnce<()>>::call_once
[INFO] [stdout]   15:     0x64692f71278b - test[9d35eded1c95d3be]::__rust_begin_short_backtrace::<core[df12db4294e9bfd3]::result::Result<(), alloc[2182bb758b4b3781]::string::String>, fn() -> core[df12db4294e9bfd3]::result::Result<(), alloc[2182bb758b4b3781]::string::String>>
[INFO] [stdout]   16:     0x64692f71fdf5 - test[9d35eded1c95d3be]::run_test::{closure#0}
[INFO] [stdout]   17:     0x64692f7196b4 - std[70759c8f55707aa4]::sys::backtrace::__rust_begin_short_backtrace::<test[9d35eded1c95d3be]::run_test::{closure#1}, ()>
[INFO] [stdout]   18:     0x64692f722f52 - <std[70759c8f55707aa4]::thread::lifecycle::spawn_unchecked<test[9d35eded1c95d3be]::run_test::{closure#1}, ()>::{closure#1} as core[df12db4294e9bfd3]::ops::function::FnOnce<()>>::call_once::{shim:vtable#0}
[INFO] [stdout]   19:     0x64692f886c39 - <std[70759c8f55707aa4]::sys::thread::unix::Thread>::new::thread_start
[INFO] [stdout]   20:     0x73d5d03dbdfa - <unknown>
[INFO] [stdout]   21:     0x73d5d046f3d4 - clone
[INFO] [stdout]   22:                0x0 - <unknown>
[INFO] [stdout] 
[INFO] [stdout] ---- api::facade::tests::facade_tests::reconcile_metadata_with_journal_recovers_missing_entries stdout ----
[INFO] [stdout] 
[INFO] [stdout] thread 'api::facade::tests::facade_tests::reconcile_metadata_with_journal_recovers_missing_entries' (2076) panicked at src/api/facade/tests.rs:775:40:
[INFO] [stdout] called `Result::unwrap()` on an `Err` value: Os { code: 30, kind: ReadOnlyFilesystem, message: "Read-only file system" }
[INFO] [stdout] stack backtrace:
[INFO] [stdout]    0:     0x64692f887591 - <<std[70759c8f55707aa4]::sys::backtrace::BacktraceLock>::print::DisplayBacktrace as core[df12db4294e9bfd3]::fmt::Display>::fmt
[INFO] [stdout]    1:     0x64692f89e03a - core[df12db4294e9bfd3]::fmt::write
[INFO] [stdout]    2:     0x64692f88c14c - <alloc[2182bb758b4b3781]::vec::Vec<u8> as core[df12db4294e9bfd3]::io::write::Write>::write_fmt
[INFO] [stdout]    3:     0x64692f860bb6 - std[70759c8f55707aa4]::panicking::default_hook::{closure#0}
[INFO] [stdout]    4:     0x64692f87e8e9 - std[70759c8f55707aa4]::panicking::default_hook
[INFO] [stdout]    5:     0x64692f71f4a0 - test[9d35eded1c95d3be]::test_main_inner::<test[9d35eded1c95d3be]::test_main_static::{closure#0}>::{closure#0}
[INFO] [stdout]    6:     0x64692f87ec12 - std[70759c8f55707aa4]::panicking::panic_with_hook
[INFO] [stdout]    7:     0x64692f860c62 - std[70759c8f55707aa4]::panicking::panic_handler::{closure#0}
[INFO] [stdout]    8:     0x64692f859799 - std[70759c8f55707aa4]::sys::backtrace::__rust_end_short_backtrace::<std[70759c8f55707aa4]::panicking::panic_handler::{closure#0}, !>
[INFO] [stdout]    9:     0x64692f86194d - __rustc[8fa7c3cbc660c2b3]::rust_begin_unwind
[INFO] [stdout]   10:     0x64692f89e79c - core[df12db4294e9bfd3]::panicking::panic_fmt
[INFO] [stdout]   11:     0x64692f89e572 - core[df12db4294e9bfd3]::result::unwrap_failed
[INFO] [stdout]   12:     0x64692f546cb9 - rollblock[279f191558f33de4]::api::facade::tests::facade_tests::workspace_tmp_dir
[INFO] [stdout]   13:     0x64692f557d7b - rollblock[279f191558f33de4]::api::facade::tests::facade_tests::reconcile_metadata_with_journal_recovers_missing_entries
[INFO] [stdout]   14:     0x64692f5416a9 - <rollblock[279f191558f33de4]::api::facade::tests::facade_tests::reconcile_metadata_with_journal_recovers_missing_entries::{closure#0} as core[df12db4294e9bfd3]::ops::function::FnOnce<()>>::call_once
[INFO] [stdout]   15:     0x64692f71278b - test[9d35eded1c95d3be]::__rust_begin_short_backtrace::<core[df12db4294e9bfd3]::result::Result<(), alloc[2182bb758b4b3781]::string::String>, fn() -> core[df12db4294e9bfd3]::result::Result<(), alloc[2182bb758b4b3781]::string::String>>
[INFO] [stdout]   16:     0x64692f71fdf5 - test[9d35eded1c95d3be]::run_test::{closure#0}
[INFO] [stdout]   17:     0x64692f7196b4 - std[70759c8f55707aa4]::sys::backtrace::__rust_begin_short_backtrace::<test[9d35eded1c95d3be]::run_test::{closure#1}, ()>
[INFO] [stdout]   18:     0x64692f722f52 - <std[70759c8f55707aa4]::thread::lifecycle::spawn_unchecked<test[9d35eded1c95d3be]::run_test::{closure#1}, ()>::{closure#1} as core[df12db4294e9bfd3]::ops::function::FnOnce<()>>::call_once::{shim:vtable#0}
[INFO] [stdout]   19:     0x64692f886c39 - <std[70759c8f55707aa4]::sys::thread::unix::Thread>::new::thread_start
[INFO] [stdout]   20:     0x73d5d03dbdfa - <unknown>
[INFO] [stdout]   21:     0x73d5d046f3d4 - clone
[INFO] [stdout]   22:                0x0 - <unknown>
[INFO] [stdout] 
[INFO] [stdout] ---- api::facade::tests::facade_tests::rollback_persists_across_restart stdout ----
[INFO] [stdout] 
[INFO] [stdout] thread 'api::facade::tests::facade_tests::rollback_persists_across_restart' (2084) panicked at src/api/facade/tests.rs:775:40:
[INFO] [stdout] called `Result::unwrap()` on an `Err` value: Os { code: 30, kind: ReadOnlyFilesystem, message: "Read-only file system" }
[INFO] [stdout] stack backtrace:
[INFO] [stdout]    0:     0x64692f887591 - <<std[70759c8f55707aa4]::sys::backtrace::BacktraceLock>::print::DisplayBacktrace as core[df12db4294e9bfd3]::fmt::Display>::fmt
[INFO] [stdout]    1:     0x64692f89e03a - core[df12db4294e9bfd3]::fmt::write
[INFO] [stdout]    2:     0x64692f88c14c - <alloc[2182bb758b4b3781]::vec::Vec<u8> as core[df12db4294e9bfd3]::io::write::Write>::write_fmt
[INFO] [stdout]    3:     0x64692f860bb6 - std[70759c8f55707aa4]::panicking::default_hook::{closure#0}
[INFO] [stdout]    4:     0x64692f87e8e9 - std[70759c8f55707aa4]::panicking::default_hook
[INFO] [stdout]    5:     0x64692f71f4a0 - test[9d35eded1c95d3be]::test_main_inner::<test[9d35eded1c95d3be]::test_main_static::{closure#0}>::{closure#0}
[INFO] [stdout]    6:     0x64692f87ec12 - std[70759c8f55707aa4]::panicking::panic_with_hook
[INFO] [stdout]    7:     0x64692f860c62 - std[70759c8f55707aa4]::panicking::panic_handler::{closure#0}
[INFO] [stdout]    8:     0x64692f859799 - std[70759c8f55707aa4]::sys::backtrace::__rust_end_short_backtrace::<std[70759c8f55707aa4]::panicking::panic_handler::{closure#0}, !>
[INFO] [stdout]    9:     0x64692f86194d - __rustc[8fa7c3cbc660c2b3]::rust_begin_unwind
[INFO] [stdout]   10:     0x64692f89e79c - core[df12db4294e9bfd3]::panicking::panic_fmt
[INFO] [stdout]   11:     0x64692f89e572 - core[df12db4294e9bfd3]::result::unwrap_failed
[INFO] [stdout]   12:     0x64692f546cb9 - rollblock[279f191558f33de4]::api::facade::tests::facade_tests::workspace_tmp_dir
[INFO] [stdout]   13:     0x64692f5472fe - rollblock[279f191558f33de4]::api::facade::tests::facade_tests::rollback_persists_across_restart
[INFO] [stdout]   14:     0x64692f541049 - <rollblock[279f191558f33de4]::api::facade::tests::facade_tests::rollback_persists_across_restart::{closure#0} as core[df12db4294e9bfd3]::ops::function::FnOnce<()>>::call_once
[INFO] [stdout]   15:     0x64692f71278b - test[9d35eded1c95d3be]::__rust_begin_short_backtrace::<core[df12db4294e9bfd3]::result::Result<(), alloc[2182bb758b4b3781]::string::String>, fn() -> core[df12db4294e9bfd3]::result::Result<(), alloc[2182bb758b4b3781]::string::String>>
[INFO] [stdout]   16:     0x64692f71fdf5 - test[9d35eded1c95d3be]::run_test::{closure#0}
[INFO] [stdout]   17:     0x64692f7196b4 - std[70759c8f55707aa4]::sys::backtrace::__rust_begin_short_backtrace::<test[9d35eded1c95d3be]::run_test::{closure#1}, ()>
[INFO] [stdout]   18:     0x64692f722f52 - <std[70759c8f55707aa4]::thread::lifecycle::spawn_unchecked<test[9d35eded1c95d3be]::run_test::{closure#1}, ()>::{closure#1} as core[df12db4294e9bfd3]::ops::function::FnOnce<()>>::call_once::{shim:vtable#0}
[INFO] [stdout]   19:     0x64692f886c39 - <std[70759c8f55707aa4]::sys::thread::unix::Thread>::new::thread_start
[INFO] [stdout]   20:     0x73d5d03dbdfa - <unknown>
[INFO] [stdout]   21:     0x73d5d046f3d4 - clone
[INFO] [stdout]   22:                0x0 - <unknown>
[INFO] [stdout] 
[INFO] [stdout] ---- api::facade::tests::facade_tests::restart_after_truncated_journal_tail_discards_corrupted_block stdout ----
[INFO] [stdout] 
[INFO] [stdout] thread 'api::facade::tests::facade_tests::restart_after_truncated_journal_tail_discards_corrupted_block' (2080) panicked at src/api/facade/tests.rs:775:40:
[INFO] [stdout] called `Result::unwrap()` on an `Err` value: Os { code: 30, kind: ReadOnlyFilesystem, message: "Read-only file system" }
[INFO] [stdout] stack backtrace:
[INFO] [stdout]    0:     0x64692f887591 - <<std[70759c8f55707aa4]::sys::backtrace::BacktraceLock>::print::DisplayBacktrace as core[df12db4294e9bfd3]::fmt::Display>::fmt
[INFO] [stdout]    1:     0x64692f89e03a - core[df12db4294e9bfd3]::fmt::write
[INFO] [stdout]    2:     0x64692f88c14c - <alloc[2182bb758b4b3781]::vec::Vec<u8> as core[df12db4294e9bfd3]::io::write::Write>::write_fmt
[INFO] [stdout]    3:     0x64692f860bb6 - std[70759c8f55707aa4]::panicking::default_hook::{closure#0}
[INFO] [stdout]    4:     0x64692f87e8e9 - std[70759c8f55707aa4]::panicking::default_hook
[INFO] [stdout]    5:     0x64692f71f4a0 - test[9d35eded1c95d3be]::test_main_inner::<test[9d35eded1c95d3be]::test_main_static::{closure#0}>::{closure#0}
[INFO] [stdout]    6:     0x64692f87ec12 - std[70759c8f55707aa4]::panicking::panic_with_hook
[INFO] [stdout]    7:     0x64692f860c62 - std[70759c8f55707aa4]::panicking::panic_handler::{closure#0}
[INFO] [stdout]    8:     0x64692f859799 - std[70759c8f55707aa4]::sys::backtrace::__rust_end_short_backtrace::<std[70759c8f55707aa4]::panicking::panic_handler::{closure#0}, !>
[INFO] [stdout]    9:     0x64692f86194d - __rustc[8fa7c3cbc660c2b3]::rust_begin_unwind
[INFO] [stdout]   10:     0x64692f89e79c - core[df12db4294e9bfd3]::panicking::panic_fmt
[INFO] [stdout]   11:     0x64692f89e572 - core[df12db4294e9bfd3]::result::unwrap_failed
[INFO] [stdout]   12:     0x64692f546cb9 - rollblock[279f191558f33de4]::api::facade::tests::facade_tests::workspace_tmp_dir
[INFO] [stdout]   13:     0x64692f55a41e - rollblock[279f191558f33de4]::api::facade::tests::facade_tests::restart_after_truncated_journal_tail_discards_corrupted_block
[INFO] [stdout]   14:     0x64692f5418c9 - <rollblock[279f191558f33de4]::api::facade::tests::facade_tests::restart_after_truncated_journal_tail_discards_corrupted_block::{closure#0} as core[df12db4294e9bfd3]::ops::function::FnOnce<()>>::call_once
[INFO] [stdout]   15:     0x64692f71278b - test[9d35eded1c95d3be]::__rust_begin_short_backtrace::<core[df12db4294e9bfd3]::result::Result<(), alloc[2182bb758b4b3781]::string::String>, fn() -> core[df12db4294e9bfd3]::result::Result<(), alloc[2182bb758b4b3781]::string::String>>
[INFO] [stdout]   16:     0x64692f71fdf5 - test[9d35eded1c95d3be]::run_test::{closure#0}
[INFO] [stdout]   17:     0x64692f7196b4 - std[70759c8f55707aa4]::sys::backtrace::__rust_begin_short_backtrace::<test[9d35eded1c95d3be]::run_test::{closure#1}, ()>
[INFO] [stdout]   18:     0x64692f722f52 - <std[70759c8f55707aa4]::thread::lifecycle::spawn_unchecked<test[9d35eded1c95d3be]::run_test::{closure#1}, ()>::{closure#1} as core[df12db4294e9bfd3]::ops::function::FnOnce<()>>::call_once::{shim:vtable#0}
[INFO] [stdout]   19:     0x64692f886c39 - <std[70759c8f55707aa4]::sys::thread::unix::Thread>::new::thread_start
[INFO] [stdout]   20:     0x73d5d03dbdfa - <unknown>
[INFO] [stdout]   21:     0x73d5d046f3d4 - clone
[INFO] [stdout]   22:                0x0 - <unknown>
[INFO] [stdout] 
[INFO] [stdout] ---- api::facade::tests::facade_tests::rollback_removes_newer_snapshots stdout ----
[INFO] [stdout] 
[INFO] [stdout] thread 'api::facade::tests::facade_tests::rollback_removes_newer_snapshots' (2085) panicked at src/api/facade/tests.rs:775:40:
[INFO] [stdout] called `Result::unwrap()` on an `Err` value: Os { code: 30, kind: ReadOnlyFilesystem, message: "Read-only file system" }
[INFO] [stdout] stack backtrace:
[INFO] [stdout]    0:     0x64692f887591 - <<std[70759c8f55707aa4]::sys::backtrace::BacktraceLock>::print::DisplayBacktrace as core[df12db4294e9bfd3]::fmt::Display>::fmt
[INFO] [stdout]    1:     0x64692f89e03a - core[df12db4294e9bfd3]::fmt::write
[INFO] [stdout]    2:     0x64692f88c14c - <alloc[2182bb758b4b3781]::vec::Vec<u8> as core[df12db4294e9bfd3]::io::write::Write>::write_fmt
[INFO] [stdout]    3:     0x64692f860bb6 - std[70759c8f55707aa4]::panicking::default_hook::{closure#0}
[INFO] [stdout]    4:     0x64692f87e8e9 - std[70759c8f55707aa4]::panicking::default_hook
[INFO] [stdout]    5:     0x64692f71f4a0 - test[9d35eded1c95d3be]::test_main_inner::<test[9d35eded1c95d3be]::test_main_static::{closure#0}>::{closure#0}
[INFO] [stdout]    6:     0x64692f87ec12 - std[70759c8f55707aa4]::panicking::panic_with_hook
[INFO] [stdout]    7:     0x64692f860c62 - std[70759c8f55707aa4]::panicking::panic_handler::{closure#0}
[INFO] [stdout]    8:     0x64692f859799 - std[70759c8f55707aa4]::sys::backtrace::__rust_end_short_backtrace::<std[70759c8f55707aa4]::panicking::panic_handler::{closure#0}, !>
[INFO] [stdout]    9:     0x64692f86194d - __rustc[8fa7c3cbc660c2b3]::rust_begin_unwind
[INFO] [stdout]   10:     0x64692f89e79c - core[df12db4294e9bfd3]::panicking::panic_fmt
[INFO] [stdout]   11:     0x64692f89e572 - core[df12db4294e9bfd3]::result::unwrap_failed
[INFO] [stdout]   12:     0x64692f546cb9 - rollblock[279f191558f33de4]::api::facade::tests::facade_tests::workspace_tmp_dir
[INFO] [stdout]   13:     0x64692f54859e - rollblock[279f191558f33de4]::api::facade::tests::facade_tests::rollback_removes_newer_snapshots
[INFO] [stdout]   14:     0x64692f541069 - <rollblock[279f191558f33de4]::api::facade::tests::facade_tests::rollback_removes_newer_snapshots::{closure#0} as core[df12db4294e9bfd3]::ops::function::FnOnce<()>>::call_once
[INFO] [stdout]   15:     0x64692f71278b - test[9d35eded1c95d3be]::__rust_begin_short_backtrace::<core[df12db4294e9bfd3]::result::Result<(), alloc[2182bb758b4b3781]::string::String>, fn() -> core[df12db4294e9bfd3]::result::Result<(), alloc[2182bb758b4b3781]::string::String>>
[INFO] [stdout]   16:     0x64692f71fdf5 - test[9d35eded1c95d3be]::run_test::{closure#0}
[INFO] [stdout]   17:     0x64692f7196b4 - std[70759c8f55707aa4]::sys::backtrace::__rust_begin_short_backtrace::<test[9d35eded1c95d3be]::run_test::{closure#1}, ()>
[INFO] [stdout]   18:     0x64692f722f52 - <std[70759c8f55707aa4]::thread::lifecycle::spawn_unchecked<test[9d35eded1c95d3be]::run_test::{closure#1}, ()>::{closure#1} as core[df12db4294e9bfd3]::ops::function::FnOnce<()>>::call_once::{shim:vtable#0}
[INFO] [stdout]   19:     0x64692f886c39 - <std[70759c8f55707aa4]::sys::thread::unix::Thread>::new::thread_start
[INFO] [stdout]   20:     0x73d5d03dbdfa - <unknown>
[INFO] [stdout]   21:     0x73d5d046f3d4 - clone
[INFO] [stdout]   22:                0x0 - <unknown>
[INFO] [stdout] 
[INFO] [stdout] ---- api::facade::tests::facade_tests::restart_without_snapshot_rebuilds_state_from_journal stdout ----
[INFO] [stdout] 
[INFO] [stdout] thread 'api::facade::tests::facade_tests::restart_without_snapshot_rebuilds_state_from_journal' (2082) panicked at src/api/facade/tests.rs:775:40:
[INFO] [stdout] called `Result::unwrap()` on an `Err` value: Os { code: 30, kind: ReadOnlyFilesystem, message: "Read-only file system" }
[INFO] [stdout] stack backtrace:
[INFO] [stdout]    0:     0x64692f887591 - <<std[70759c8f55707aa4]::sys::backtrace::BacktraceLock>::print::DisplayBacktrace as core[df12db4294e9bfd3]::fmt::Display>::fmt
[INFO] [stdout]    1:     0x64692f89e03a - core[df12db4294e9bfd3]::fmt::write
[INFO] [stdout]    2:     0x64692f88c14c - <alloc[2182bb758b4b3781]::vec::Vec<u8> as core[df12db4294e9bfd3]::io::write::Write>::write_fmt
[INFO] [stdout]    3:     0x64692f860bb6 - std[70759c8f55707aa4]::panicking::default_hook::{closure#0}
[INFO] [stdout]    4:     0x64692f87e8e9 - std[70759c8f55707aa4]::panicking::default_hook
[INFO] [stdout]    5:     0x64692f71f4a0 - test[9d35eded1c95d3be]::test_main_inner::<test[9d35eded1c95d3be]::test_main_static::{closure#0}>::{closure#0}
[INFO] [stdout]    6:     0x64692f87ec12 - std[70759c8f55707aa4]::panicking::panic_with_hook
[INFO] [stdout]    7:     0x64692f860c62 - std[70759c8f55707aa4]::panicking::panic_handler::{closure#0}
[INFO] [stdout]    8:     0x64692f859799 - std[70759c8f55707aa4]::sys::backtrace::__rust_end_short_backtrace::<std[70759c8f55707aa4]::panicking::panic_handler::{closure#0}, !>
[INFO] [stdout]    9:     0x64692f86194d - __rustc[8fa7c3cbc660c2b3]::rust_begin_unwind
[INFO] [stdout]   10:     0x64692f89e79c - core[df12db4294e9bfd3]::panicking::panic_fmt
[INFO] [stdout]   11:     0x64692f89e572 - core[df12db4294e9bfd3]::result::unwrap_failed
[INFO] [stdout]   12:     0x64692f546cb9 - rollblock[279f191558f33de4]::api::facade::tests::facade_tests::workspace_tmp_dir
[INFO] [stdout]   13:     0x64692f55622e - rollblock[279f191558f33de4]::api::facade::tests::facade_tests::restart_without_snapshot_rebuilds_state_from_journal
[INFO] [stdout]   14:     0x64692f541669 - <rollblock[279f191558f33de4]::api::facade::tests::facade_tests::restart_without_snapshot_rebuilds_state_from_journal::{closure#0} as core[df12db4294e9bfd3]::ops::function::FnOnce<()>>::call_once
[INFO] [stdout]   15:     0x64692f71278b - test[9d35eded1c95d3be]::__rust_begin_short_backtrace::<core[df12db4294e9bfd3]::result::Result<(), alloc[2182bb758b4b3781]::string::String>, fn() -> core[df12db4294e9bfd3]::result::Result<(), alloc[2182bb758b4b3781]::string::String>>
[INFO] [stdout]   16:     0x64692f71fdf5 - test[9d35eded1c95d3be]::run_test::{closure#0}
[INFO] [stdout]   17:     0x64692f7196b4 - std[70759c8f55707aa4]::sys::backtrace::__rust_begin_short_backtrace::<test[9d35eded1c95d3be]::run_test::{closure#1}, ()>
[INFO] [stdout]   18:     0x64692f722f52 - <std[70759c8f55707aa4]::thread::lifecycle::spawn_unchecked<test[9d35eded1c95d3be]::run_test::{closure#1}, ()>::{closure#1} as core[df12db4294e9bfd3]::ops::function::FnOnce<()>>::call_once::{shim:vtable#0}
[INFO] [stdout]   19:     0x64692f886c39 - <std[70759c8f55707aa4]::sys::thread::unix::Thread>::new::thread_start
[INFO] [stdout]   20:     0x73d5d03dbdfa - <unknown>
[INFO] [stdout]   21:     0x73d5d046f3d4 - clone
[INFO] [stdout]   22:                0x0 - <unknown>
[INFO] [stdout] 
[INFO] [stdout] ---- api::facade::tests::facade_tests::restore_existing_state_skips_corrupted_snapshot stdout ----
[INFO] [stdout] 
[INFO] [stdout] thread 'api::facade::tests::facade_tests::restore_existing_state_skips_corrupted_snapshot' (2083) panicked at src/api/facade/tests.rs:775:40:
[INFO] [stdout] called `Result::unwrap()` on an `Err` value: Os { code: 30, kind: ReadOnlyFilesystem, message: "Read-only file system" }
[INFO] [stdout] stack backtrace:
[INFO] [stdout]    0:     0x64692f887591 - <<std[70759c8f55707aa4]::sys::backtrace::BacktraceLock>::print::DisplayBacktrace as core[df12db4294e9bfd3]::fmt::Display>::fmt
[INFO] [stdout]    1:     0x64692f89e03a - core[df12db4294e9bfd3]::fmt::write
[INFO] [stdout]    2:     0x64692f88c14c - <alloc[2182bb758b4b3781]::vec::Vec<u8> as core[df12db4294e9bfd3]::io::write::Write>::write_fmt
[INFO] [stdout]    3:     0x64692f860bb6 - std[70759c8f55707aa4]::panicking::default_hook::{closure#0}
[INFO] [stdout]    4:     0x64692f87e8e9 - std[70759c8f55707aa4]::panicking::default_hook
[INFO] [stdout]    5:     0x64692f71f4a0 - test[9d35eded1c95d3be]::test_main_inner::<test[9d35eded1c95d3be]::test_main_static::{closure#0}>::{closure#0}
[INFO] [stdout]    6:     0x64692f87ec12 - std[70759c8f55707aa4]::panicking::panic_with_hook
[INFO] [stdout]    7:     0x64692f860c62 - std[70759c8f55707aa4]::panicking::panic_handler::{closure#0}
[INFO] [stdout]    8:     0x64692f859799 - std[70759c8f55707aa4]::sys::backtrace::__rust_end_short_backtrace::<std[70759c8f55707aa4]::panicking::panic_handler::{closure#0}, !>
[INFO] [stdout]    9:     0x64692f86194d - __rustc[8fa7c3cbc660c2b3]::rust_begin_unwind
[INFO] [stdout]   10:     0x64692f89e79c - core[df12db4294e9bfd3]::panicking::panic_fmt
[INFO] [stdout]   11:     0x64692f89e572 - core[df12db4294e9bfd3]::result::unwrap_failed
[INFO] [stdout]   12:     0x64692f546cb9 - rollblock[279f191558f33de4]::api::facade::tests::facade_tests::workspace_tmp_dir
[INFO] [stdout]   13:     0x64692f55273e - rollblock[279f191558f33de4]::api::facade::tests::facade_tests::restore_existing_state_skips_corrupted_snapshot
[INFO] [stdout]   14:     0x64692f5415a9 - <rollblock[279f191558f33de4]::api::facade::tests::facade_tests::restore_existing_state_skips_corrupted_snapshot::{closure#0} as core[df12db4294e9bfd3]::ops::function::FnOnce<()>>::call_once
[INFO] [stdout]   15:     0x64692f71278b - test[9d35eded1c95d3be]::__rust_begin_short_backtrace::<core[df12db4294e9bfd3]::result::Result<(), alloc[2182bb758b4b3781]::string::String>, fn() -> core[df12db4294e9bfd3]::result::Result<(), alloc[2182bb758b4b3781]::string::String>>
[INFO] [stdout]   16:     0x64692f71fdf5 - test[9d35eded1c95d3be]::run_test::{closure#0}
[INFO] [stdout]   17:     0x64692f7196b4 - std[70759c8f55707aa4]::sys::backtrace::__rust_begin_short_backtrace::<test[9d35eded1c95d3be]::run_test::{closure#1}, ()>
[INFO] [stdout]   18:     0x64692f722f52 - <std[70759c8f55707aa4]::thread::lifecycle::spawn_unchecked<test[9d35eded1c95d3be]::run_test::{closure#1}, ()>::{closure#1} as core[df12db4294e9bfd3]::ops::function::FnOnce<()>>::call_once::{shim:vtable#0}
[INFO] [stdout]   19:     0x64692f886c39 - <std[70759c8f55707aa4]::sys::thread::unix::Thread>::new::thread_start
[INFO] [stdout]   20:     0x73d5d03dbdfa - <unknown>
[INFO] [stdout]   21:     0x73d5d046f3d4 - clone
[INFO] [stdout]   22:                0x0 - <unknown>
[INFO] [stdout] 
[INFO] [stdout] ---- api::facade::tests::facade_tests::restart_replays_blocks_beyond_snapshot stdout ----
[INFO] [stdout] 
[INFO] [stdout] thread 'api::facade::tests::facade_tests::restart_replays_blocks_beyond_snapshot' (2081) panicked at src/api/facade/tests.rs:775:40:
[INFO] [stdout] called `Result::unwrap()` on an `Err` value: Os { code: 30, kind: ReadOnlyFilesystem, message: "Read-only file system" }
[INFO] [stdout] stack backtrace:
[INFO] [stdout]    0:     0x64692f887591 - <<std[70759c8f55707aa4]::sys::backtrace::BacktraceLock>::print::DisplayBacktrace as core[df12db4294e9bfd3]::fmt::Display>::fmt
[INFO] [stdout]    1:     0x64692f89e03a - core[df12db4294e9bfd3]::fmt::write
[INFO] [stdout]    2:     0x64692f88c14c - <alloc[2182bb758b4b3781]::vec::Vec<u8> as core[df12db4294e9bfd3]::io::write::Write>::write_fmt
[INFO] [stdout]    3:     0x64692f860bb6 - std[70759c8f55707aa4]::panicking::default_hook::{closure#0}
[INFO] [stdout]    4:     0x64692f87e8e9 - std[70759c8f55707aa4]::panicking::default_hook
[INFO] [stdout]    5:     0x64692f71f4a0 - test[9d35eded1c95d3be]::test_main_inner::<test[9d35eded1c95d3be]::test_main_static::{closure#0}>::{closure#0}
[INFO] [stdout]    6:     0x64692f87ec12 - std[70759c8f55707aa4]::panicking::panic_with_hook
[INFO] [stdout]    7:     0x64692f860c62 - std[70759c8f55707aa4]::panicking::panic_handler::{closure#0}
[INFO] [stdout]    8:     0x64692f859799 - std[70759c8f55707aa4]::sys::backtrace::__rust_end_short_backtrace::<std[70759c8f55707aa4]::panicking::panic_handler::{closure#0}, !>
[INFO] [stdout]    9:     0x64692f86194d - __rustc[8fa7c3cbc660c2b3]::rust_begin_unwind
[INFO] [stdout]   10:     0x64692f89e79c - core[df12db4294e9bfd3]::panicking::panic_fmt
[INFO] [stdout]   11:     0x64692f89e572 - core[df12db4294e9bfd3]::result::unwrap_failed
[INFO] [stdout]   12:     0x64692f546cb9 - rollblock[279f191558f33de4]::api::facade::tests::facade_tests::workspace_tmp_dir
[INFO] [stdout]   13:     0x64692f54c86e - rollblock[279f191558f33de4]::api::facade::tests::facade_tests::restart_replays_blocks_beyond_snapshot
[INFO] [stdout]   14:     0x64692f5412c9 - <rollblock[279f191558f33de4]::api::facade::tests::facade_tests::restart_replays_blocks_beyond_snapshot::{closure#0} as core[df12db4294e9bfd3]::ops::function::FnOnce<()>>::call_once
[INFO] [stdout]   15:     0x64692f71278b - test[9d35eded1c95d3be]::__rust_begin_short_backtrace::<core[df12db4294e9bfd3]::result::Result<(), alloc[2182bb758b4b3781]::string::String>, fn() -> core[df12db4294e9bfd3]::result::Result<(), alloc[2182bb758b4b3781]::string::String>>
[INFO] [stdout]   16:     0x64692f71fdf5 - test[9d35eded1c95d3be]::run_test::{closure#0}
[INFO] [stdout]   17:     0x64692f7196b4 - std[70759c8f55707aa4]::sys::backtrace::__rust_begin_short_backtrace::<test[9d35eded1c95d3be]::run_test::{closure#1}, ()>
[INFO] [stdout]   18:     0x64692f722f52 - <std[70759c8f55707aa4]::thread::lifecycle::spawn_unchecked<test[9d35eded1c95d3be]::run_test::{closure#1}, ()>::{closure#1} as core[df12db4294e9bfd3]::ops::function::FnOnce<()>>::call_once::{shim:vtable#0}
[INFO] [stdout]   19:     0x64692f886c39 - <std[70759c8f55707aa4]::sys::thread::unix::Thread>::new::thread_start
[INFO] [stdout]   20:     0x73d5d03dbdfa - <unknown>
[INFO] [stdout]   21:     0x73d5d046f3d4 - clone
[INFO] [stdout]   22:                0x0 - <unknown>
[INFO] [stdout] 
[INFO] [stdout] ---- storage::journal::file::tests::append_block_with_variable_length_values stdout ----
[INFO] [stdout] 
[INFO] [stdout] thread 'storage::journal::file::tests::append_block_with_variable_length_values' (2144) panicked at src/storage/journal/file.rs:787:49:
[INFO] [stdout] called `Result::unwrap()` on an `Err` value: Os { code: 30, kind: ReadOnlyFilesystem, message: "Read-only file system" }
[INFO] [stdout] stack backtrace:
[INFO] [stdout]    0:     0x64692f887591 - <<std[70759c8f55707aa4]::sys::backtrace::BacktraceLock>::print::DisplayBacktrace as core[df12db4294e9bfd3]::fmt::Display>::fmt
[INFO] [stdout]    1:     0x64692f89e03a - core[df12db4294e9bfd3]::fmt::write
[INFO] [stdout]    2:     0x64692f88c14c - <alloc[2182bb758b4b3781]::vec::Vec<u8> as core[df12db4294e9bfd3]::io::write::Write>::write_fmt
[INFO] [stdout]    3:     0x64692f860bb6 - std[70759c8f55707aa4]::panicking::default_hook::{closure#0}
[INFO] [stdout]    4:     0x64692f87e8e9 - std[70759c8f55707aa4]::panicking::default_hook
[INFO] [stdout]    5:     0x64692f71f4a0 - test[9d35eded1c95d3be]::test_main_inner::<test[9d35eded1c95d3be]::test_main_static::{closure#0}>::{closure#0}
[INFO] [stdout]    6:     0x64692f87ec12 - std[70759c8f55707aa4]::panicking::panic_with_hook
[INFO] [stdout]    7:     0x64692f860c62 - std[70759c8f55707aa4]::panicking::panic_handler::{closure#0}
[INFO] [stdout]    8:     0x64692f859799 - std[70759c8f55707aa4]::sys::backtrace::__rust_end_short_backtrace::<std[70759c8f55707aa4]::panicking::panic_handler::{closure#0}, !>
[INFO] [stdout]    9:     0x64692f86194d - __rustc[8fa7c3cbc660c2b3]::rust_begin_unwind
[INFO] [stdout]   10:     0x64692f89e79c - core[df12db4294e9bfd3]::panicking::panic_fmt
[INFO] [stdout]   11:     0x64692f89e572 - core[df12db4294e9bfd3]::result::unwrap_failed
[INFO] [stdout]   12:     0x64692f610a5d - rollblock[279f191558f33de4]::storage::journal::file::tests::append_block_with_variable_length_values
[INFO] [stdout]   13:     0x64692f541de9 - <rollblock[279f191558f33de4]::storage::journal::file::tests::append_block_with_variable_length_values::{closure#0} as core[df12db4294e9bfd3]::ops::function::FnOnce<()>>::call_once
[INFO] [stdout]   14:     0x64692f71278b - test[9d35eded1c95d3be]::__rust_begin_short_backtrace::<core[df12db4294e9bfd3]::result::Result<(), alloc[2182bb758b4b3781]::string::String>, fn() -> core[df12db4294e9bfd3]::result::Result<(), alloc[2182bb758b4b3781]::string::String>>
[INFO] [stdout]   15:     0x64692f71fdf5 - test[9d35eded1c95d3be]::run_test::{closure#0}
[INFO] [stdout]   16:     0x64692f7196b4 - std[70759c8f55707aa4]::sys::backtrace::__rust_begin_short_backtrace::<test[9d35eded1c95d3be]::run_test::{closure#1}, ()>
[INFO] [stdout]   17:     0x64692f722f52 - <std[70759c8f55707aa4]::thread::lifecycle::spawn_unchecked<test[9d35eded1c95d3be]::run_test::{closure#1}, ()>::{closure#1} as core[df12db4294e9bfd3]::ops::function::FnOnce<()>>::call_once::{shim:vtable#0}
[INFO] [stdout]   18:     0x64692f886c39 - <std[70759c8f55707aa4]::sys::thread::unix::Thread>::new::thread_start
[INFO] [stdout]   19:     0x73d5d03dbdfa - <unknown>
[INFO] [stdout]   20:     0x73d5d046f3d4 - clone
[INFO] [stdout]   21:                0x0 - <unknown>
[INFO] [stdout] 
[INFO] [stdout] ---- storage::journal::file::tests::corrupted_payload_results_in_checksum_error stdout ----
[INFO] [stdout] 
[INFO] [stdout] thread 'storage::journal::file::tests::corrupted_payload_results_in_checksum_error' (2148) panicked at src/storage/journal/file.rs:928:49:
[INFO] [stdout] called `Result::unwrap()` on an `Err` value: Os { code: 30, kind: ReadOnlyFilesystem, message: "Read-only file system" }
[INFO] [stdout] stack backtrace:
[INFO] [stdout]    0:     0x64692f887591 - <<std[70759c8f55707aa4]::sys::backtrace::BacktraceLock>::print::DisplayBacktrace as core[df12db4294e9bfd3]::fmt::Display>::fmt
[INFO] [stdout]    1:     0x64692f89e03a - core[df12db4294e9bfd3]::fmt::write
[INFO] [stdout]    2:     0x64692f88c14c - <alloc[2182bb758b4b3781]::vec::Vec<u8> as core[df12db4294e9bfd3]::io::write::Write>::write_fmt
[INFO] [stdout]    3:     0x64692f860bb6 - std[70759c8f55707aa4]::panicking::default_hook::{closure#0}
[INFO] [stdout]    4:     0x64692f87e8e9 - std[70759c8f55707aa4]::panicking::default_hook
[INFO] [stdout]    5:     0x64692f71f4a0 - test[9d35eded1c95d3be]::test_main_inner::<test[9d35eded1c95d3be]::test_main_static::{closure#0}>::{closure#0}
[INFO] [stdout]    6:     0x64692f87ec12 - std[70759c8f55707aa4]::panicking::panic_with_hook
[INFO] [stdout]    7:     0x64692f860c62 - std[70759c8f55707aa4]::panicking::panic_handler::{closure#0}
[INFO] [stdout]    8:     0x64692f859799 - std[70759c8f55707aa4]::sys::backtrace::__rust_end_short_backtrace::<std[70759c8f55707aa4]::panicking::panic_handler::{closure#0}, !>
[INFO] [stdout]    9:     0x64692f86194d - __rustc[8fa7c3cbc660c2b3]::rust_begin_unwind
[INFO] [stdout]   10:     0x64692f89e79c - core[df12db4294e9bfd3]::panicking::panic_fmt
[INFO] [stdout]   11:     0x64692f89e572 - core[df12db4294e9bfd3]::result::unwrap_failed
[INFO] [stdout]   12:     0x64692f613202 - rollblock[279f191558f33de4]::storage::journal::file::tests::corrupted_payload_results_in_checksum_error
[INFO] [stdout]   13:     0x64692f541e29 - <rollblock[279f191558f33de4]::storage::journal::file::tests::corrupted_payload_results_in_checksum_error::{closure#0} as core[df12db4294e9bfd3]::ops::function::FnOnce<()>>::call_once
[INFO] [stdout]   14:     0x64692f71278b - test[9d35eded1c95d3be]::__rust_begin_short_backtrace::<core[df12db4294e9bfd3]::result::Result<(), alloc[2182bb758b4b3781]::string::String>, fn() -> core[df12db4294e9bfd3]::result::Result<(), alloc[2182bb758b4b3781]::string::String>>
[INFO] [stdout]   15:     0x64692f71fdf5 - test[9d35eded1c95d3be]::run_test::{closure#0}
[INFO] [stdout]   16:     0x64692f7196b4 - std[70759c8f55707aa4]::sys::backtrace::__rust_begin_short_backtrace::<test[9d35eded1c95d3be]::run_test::{closure#1}, ()>
[INFO] [stdout]   17:     0x64692f722f52 - <std[70759c8f55707aa4]::thread::lifecycle::spawn_unchecked<test[9d35eded1c95d3be]::run_test::{closure#1}, ()>::{closure#1} as core[df12db4294e9bfd3]::ops::function::FnOnce<()>>::call_once::{shim:vtable#0}
[INFO] [stdout]   18:     0x64692f886c39 - <std[70759c8f55707aa4]::sys::thread::unix::Thread>::new::thread_start
[INFO] [stdout]   19:     0x73d5d03dbdfa - <unknown>
[INFO] [stdout]   20:     0x73d5d046f3d4 - clone
[INFO] [stdout]   21:                0x0 - <unknown>
[INFO] [stdout] 
[INFO] [stdout] ---- storage::journal::file::tests::append_empty_block_round_trip stdout ----
[INFO] [stdout] 
[INFO] [stdout] thread 'storage::journal::file::tests::append_empty_block_round_trip' (2145) panicked at src/storage/journal/file.rs:831:49:
[INFO] [stdout] called `Result::unwrap()` on an `Err` value: Os { code: 30, kind: ReadOnlyFilesystem, message: "Read-only file system" }
[INFO] [stdout] stack backtrace:
[INFO] [stdout]    0:     0x64692f887591 - <<std[70759c8f55707aa4]::sys::backtrace::BacktraceLock>::print::DisplayBacktrace as core[df12db4294e9bfd3]::fmt::Display>::fmt
[INFO] [stdout]    1:     0x64692f89e03a - core[df12db4294e9bfd3]::fmt::write
[INFO] [stdout]    2:     0x64692f88c14c - <alloc[2182bb758b4b3781]::vec::Vec<u8> as core[df12db4294e9bfd3]::io::write::Write>::write_fmt
[INFO] [stdout]    3:     0x64692f860bb6 - std[70759c8f55707aa4]::panicking::default_hook::{closure#0}
[INFO] [stdout]    4:     0x64692f87e8e9 - std[70759c8f55707aa4]::panicking::default_hook
[INFO] [stdout]    5:     0x64692f71f4a0 - test[9d35eded1c95d3be]::test_main_inner::<test[9d35eded1c95d3be]::test_main_static::{closure#0}>::{closure#0}
[INFO] [stdout]    6:     0x64692f87ec12 - std[70759c8f55707aa4]::panicking::panic_with_hook
[INFO] [stdout]    7:     0x64692f860c62 - std[70759c8f55707aa4]::panicking::panic_handler::{closure#0}
[INFO] [stdout]    8:     0x64692f859799 - std[70759c8f55707aa4]::sys::backtrace::__rust_end_short_backtrace::<std[70759c8f55707aa4]::panicking::panic_handler::{closure#0}, !>
[INFO] [stdout]    9:     0x64692f86194d - __rustc[8fa7c3cbc660c2b3]::rust_begin_unwind
[INFO] [stdout]   10:     0x64692f89e79c - core[df12db4294e9bfd3]::panicking::panic_fmt
[INFO] [stdout]   11:     0x64692f89e572 - core[df12db4294e9bfd3]::result::unwrap_failed
[INFO] [stdout]   12:     0x64692f60b184 - rollblock[279f191558f33de4]::storage::journal::file::tests::append_empty_block_round_trip
[INFO] [stdout]   13:     0x64692f541ce9 - <rollblock[279f191558f33de4]::storage::journal::file::tests::append_empty_block_round_trip::{closure#0} as core[df12db4294e9bfd3]::ops::function::FnOnce<()>>::call_once
[INFO] [stdout]   14:     0x64692f71278b - test[9d35eded1c95d3be]::__rust_begin_short_backtrace::<core[df12db4294e9bfd3]::result::Result<(), alloc[2182bb758b4b3781]::string::String>, fn() -> core[df12db4294e9bfd3]::result::Result<(), alloc[2182bb758b4b3781]::string::String>>
[INFO] [stdout]   15:     0x64692f71fdf5 - test[9d35eded1c95d3be]::run_test::{closure#0}
[INFO] [stdout]   16:     0x64692f7196b4 - std[70759c8f55707aa4]::sys::backtrace::__rust_begin_short_backtrace::<test[9d35eded1c95d3be]::run_test::{closure#1}, ()>
[INFO] [stdout]   17:     0x64692f722f52 - <std[70759c8f55707aa4]::thread::lifecycle::spawn_unchecked<test[9d35eded1c95d3be]::run_test::{closure#1}, ()>::{closure#1} as core[df12db4294e9bfd3]::ops::function::FnOnce<()>>::call_once::{shim:vtable#0}
[INFO] [stdout]   18:     0x64692f886c39 - <std[70759c8f55707aa4]::sys::thread::unix::Thread>::new::thread_start
[INFO] [stdout]   19:     0x73d5d03dbdfa - <unknown>
[INFO] [stdout]   20:     0x73d5d046f3d4 - clone
[INFO] [stdout]   21:                0x0 - <unknown>
[INFO] [stdout] 
[INFO] [stdout] ---- storage::journal::file::tests::append_rejects_mismatched_block_height stdout ----
[INFO] [stdout] 
[INFO] [stdout] thread 'storage::journal::file::tests::append_rejects_mismatched_block_height' (2146) panicked at src/storage/journal/file.rs:882:49:
[INFO] [stdout] called `Result::unwrap()` on an `Err` value: Os { code: 30, kind: ReadOnlyFilesystem, message: "Read-only file system" }
[INFO] [stdout] stack backtrace:
[INFO] [stdout]    0:     0x64692f887591 - <<std[70759c8f55707aa4]::sys::backtrace::BacktraceLock>::print::DisplayBacktrace as core[df12db4294e9bfd3]::fmt::Display>::fmt
[INFO] [stdout]    1:     0x64692f89e03a - core[df12db4294e9bfd3]::fmt::write
[INFO] [stdout]    2:     0x64692f88c14c - <alloc[2182bb758b4b3781]::vec::Vec<u8> as core[df12db4294e9bfd3]::io::write::Write>::write_fmt
[INFO] [stdout]    3:     0x64692f860bb6 - std[70759c8f55707aa4]::panicking::default_hook::{closure#0}
[INFO] [stdout]    4:     0x64692f87e8e9 - std[70759c8f55707aa4]::panicking::default_hook
[INFO] [stdout]    5:     0x64692f71f4a0 - test[9d35eded1c95d3be]::test_main_inner::<test[9d35eded1c95d3be]::test_main_static::{closure#0}>::{closure#0}
[INFO] [stdout]    6:     0x64692f87ec12 - std[70759c8f55707aa4]::panicking::panic_with_hook
[INFO] [stdout]    7:     0x64692f860c62 - std[70759c8f55707aa4]::panicking::panic_handler::{closure#0}
[INFO] [stdout]    8:     0x64692f859799 - std[70759c8f55707aa4]::sys::backtrace::__rust_end_short_backtrace::<std[70759c8f55707aa4]::panicking::panic_handler::{closure#0}, !>
[INFO] [stdout]    9:     0x64692f86194d - __rustc[8fa7c3cbc660c2b3]::rust_begin_unwind
[INFO] [stdout]   10:     0x64692f89e79c - core[df12db4294e9bfd3]::panicking::panic_fmt
[INFO] [stdout]   11:     0x64692f89e572 - core[df12db4294e9bfd3]::result::unwrap_failed
[INFO] [stdout]   12:     0x64692f60ff86 - rollblock[279f191558f33de4]::storage::journal::file::tests::append_rejects_mismatched_block_height
[INFO] [stdout]   13:     0x64692f541dc9 - <rollblock[279f191558f33de4]::storage::journal::file::tests::append_rejects_mismatched_block_height::{closure#0} as core[df12db4294e9bfd3]::ops::function::FnOnce<()>>::call_once
[INFO] [stdout]   14:     0x64692f71278b - test[9d35eded1c95d3be]::__rust_begin_short_backtrace::<core[df12db4294e9bfd3]::result::Result<(), alloc[2182bb758b4b3781]::string::String>, fn() -> core[df12db4294e9bfd3]::result::Result<(), alloc[2182bb758b4b3781]::string::String>>
[INFO] [stdout]   15:     0x64692f71fdf5 - test[9d35eded1c95d3be]::run_test::{closure#0}
[INFO] [stdout]   16:     0x64692f7196b4 - std[70759c8f55707aa4]::sys::backtrace::__rust_begin_short_backtrace::<test[9d35eded1c95d3be]::run_test::{closure#1}, ()>
[INFO] [stdout]   17:     0x64692f722f52 - <std[70759c8f55707aa4]::thread::lifecycle::spawn_unchecked<test[9d35eded1c95d3be]::run_test::{closure#1}, ()>::{closure#1} as core[df12db4294e9bfd3]::ops::function::FnOnce<()>>::call_once::{shim:vtable#0}
[INFO] [stdout]   18:     0x64692f886c39 - <std[70759c8f55707aa4]::sys::thread::unix::Thread>::new::thread_start
[INFO] [stdout]   19:     0x73d5d03dbdfa - <unknown>
[INFO] [stdout]   20:     0x73d5d046f3d4 - clone
[INFO] [stdout]   21:                0x0 - <unknown>
[INFO] [stdout] 
[INFO] [stdout] ---- storage::journal::file::tests::iter_backwards_empty_journal_is_noop stdout ----
[INFO] [stdout] 
[INFO] [stdout] thread 'storage::journal::file::tests::iter_backwards_empty_journal_is_noop' (2149) panicked at src/storage/journal/file.rs:917:49:
[INFO] [stdout] called `Result::unwrap()` on an `Err` value: Os { code: 30, kind: ReadOnlyFilesystem, message: "Read-only file system" }
[INFO] [stdout] stack backtrace:
[INFO] [stdout]    0:     0x64692f887591 - <<std[70759c8f55707aa4]::sys::backtrace::BacktraceLock>::print::DisplayBacktrace as core[df12db4294e9bfd3]::fmt::Display>::fmt
[INFO] [stdout]    1:     0x64692f89e03a - core[df12db4294e9bfd3]::fmt::write
[INFO] [stdout]    2:     0x64692f88c14c - <alloc[2182bb758b4b3781]::vec::Vec<u8> as core[df12db4294e9bfd3]::io::write::Write>::write_fmt
[INFO] [stdout]    3:     0x64692f860bb6 - std[70759c8f55707aa4]::panicking::default_hook::{closure#0}
[INFO] [stdout]    4:     0x64692f87e8e9 - std[70759c8f55707aa4]::panicking::default_hook
[INFO] [stdout]    5:     0x64692f71f4a0 - test[9d35eded1c95d3be]::test_main_inner::<test[9d35eded1c95d3be]::test_main_static::{closure#0}>::{closure#0}
[INFO] [stdout]    6:     0x64692f87ec12 - std[70759c8f55707aa4]::panicking::panic_with_hook
[INFO] [stdout]    7:     0x64692f860c62 - std[70759c8f55707aa4]::panicking::panic_handler::{closure#0}
[INFO] [stdout]    8:     0x64692f859799 - std[70759c8f55707aa4]::sys::backtrace::__rust_end_short_backtrace::<std[70759c8f55707aa4]::panicking::panic_handler::{closure#0}, !>
[INFO] [stdout]    9:     0x64692f86194d - __rustc[8fa7c3cbc660c2b3]::rust_begin_unwind
[INFO] [stdout]   10:     0x64692f89e79c - core[df12db4294e9bfd3]::panicking::panic_fmt
[INFO] [stdout]   11:     0x64692f89e572 - core[df12db4294e9bfd3]::result::unwrap_failed
[INFO] [stdout]   12:     0x64692f60f52a - rollblock[279f191558f33de4]::storage::journal::file::tests::iter_backwards_empty_journal_is_noop
[INFO] [stdout]   13:     0x64692f541d89 - <rollblock[279f191558f33de4]::storage::journal::file::tests::iter_backwards_empty_journal_is_noop::{closure#0} as core[df12db4294e9bfd3]::ops::function::FnOnce<()>>::call_once
[INFO] [stdout]   14:     0x64692f71278b - test[9d35eded1c95d3be]::__rust_begin_short_backtrace::<core[df12db4294e9bfd3]::result::Result<(), alloc[2182bb758b4b3781]::string::String>, fn() -> core[df12db4294e9bfd3]::result::Result<(), alloc[2182bb758b4b3781]::string::String>>
[INFO] [stdout]   15:     0x64692f71fdf5 - test[9d35eded1c95d3be]::run_test::{closure#0}
[INFO] [stdout]   16:     0x64692f7196b4 - std[70759c8f55707aa4]::sys::backtrace::__rust_begin_short_backtrace::<test[9d35eded1c95d3be]::run_test::{closure#1}, ()>
[INFO] [stdout]   17:     0x64692f722f52 - <std[70759c8f55707aa4]::thread::lifecycle::spawn_unchecked<test[9d35eded1c95d3be]::run_test::{closure#1}, ()>::{closure#1} as core[df12db4294e9bfd3]::ops::function::FnOnce<()>>::call_once::{shim:vtable#0}
[INFO] [stdout]   18:     0x64692f886c39 - <std[70759c8f55707aa4]::sys::thread::unix::Thread>::new::thread_start
[INFO] [stdout]   19:     0x73d5d03dbdfa - <unknown>
[INFO] [stdout]   20:     0x73d5d046f3d4 - clone
[INFO] [stdout]   21:                0x0 - <unknown>
[INFO] [stdout] 
[INFO] [stdout] ---- storage::journal::file::tests::plan_prunes_sealed_chunks_and_preserves_new_entries stdout ----
[INFO] [stdout] 
[INFO] [stdout] thread 'storage::journal::file::tests::plan_prunes_sealed_chunks_and_preserves_new_entries' (2153) panicked at src/storage/journal/file.rs:1033:49:
[INFO] [stdout] called `Result::unwrap()` on an `Err` value: Os { code: 30, kind: ReadOnlyFilesystem, message: "Read-only file system" }
[INFO] [stdout] stack backtrace:
[INFO] [stdout]    0:     0x64692f887591 - <<std[70759c8f55707aa4]::sys::backtrace::BacktraceLock>::print::DisplayBacktrace as core[df12db4294e9bfd3]::fmt::Display>::fmt
[INFO] [stdout]    1:     0x64692f89e03a - core[df12db4294e9bfd3]::fmt::write
[INFO] [stdout]    2:     0x64692f88c14c - <alloc[2182bb758b4b3781]::vec::Vec<u8> as core[df12db4294e9bfd3]::io::write::Write>::write_fmt
[INFO] [stdout]    3:     0x64692f860bb6 - std[70759c8f55707aa4]::panicking::default_hook::{closure#0}
[INFO] [stdout]    4:     0x64692f87e8e9 - std[70759c8f55707aa4]::panicking::default_hook
[INFO] [stdout]    5:     0x64692f71f4a0 - test[9d35eded1c95d3be]::test_main_inner::<test[9d35eded1c95d3be]::test_main_static::{closure#0}>::{closure#0}
[INFO] [stdout]    6:     0x64692f87ec12 - std[70759c8f55707aa4]::panicking::panic_with_hook
[INFO] [stdout]    7:     0x64692f860c62 - std[70759c8f55707aa4]::panicking::panic_handler::{closure#0}
[INFO] [stdout]    8:     0x64692f859799 - std[70759c8f55707aa4]::sys::backtrace::__rust_end_short_backtrace::<std[70759c8f55707aa4]::panicking::panic_handler::{closure#0}, !>
[INFO] [stdout]    9:     0x64692f86194d - __rustc[8fa7c3cbc660c2b3]::rust_begin_unwind
[INFO] [stdout]   10:     0x64692f89e79c - core[df12db4294e9bfd3]::panicking::panic_fmt
[INFO] [stdout]   11:     0x64692f89e572 - core[df12db4294e9bfd3]::result::unwrap_failed
[INFO] [stdout]   12:     0x64692f6171b1 - rollblock[279f191558f33de4]::storage::journal::file::tests::plan_prunes_sealed_chunks_and_preserves_new_entries
[INFO] [stdout]   13:     0x64692f541ea9 - <rollblock[279f191558f33de4]::storage::journal::file::tests::plan_prunes_sealed_chunks_and_preserves_new_entries::{closure#0} as core[df12db4294e9bfd3]::ops::function::FnOnce<()>>::call_once
[INFO] [stdout]   14:     0x64692f71278b - test[9d35eded1c95d3be]::__rust_begin_short_backtrace::<core[df12db4294e9bfd3]::result::Result<(), alloc[2182bb758b4b3781]::string::String>, fn() -> core[df12db4294e9bfd3]::result::Result<(), alloc[2182bb758b4b3781]::string::String>>
[INFO] [stdout]   15:     0x64692f71fdf5 - test[9d35eded1c95d3be]::run_test::{closure#0}
[INFO] [stdout]   16:     0x64692f7196b4 - std[70759c8f55707aa4]::sys::backtrace::__rust_begin_short_backtrace::<test[9d35eded1c95d3be]::run_test::{closure#1}, ()>
[INFO] [stdout]   17:     0x64692f722f52 - <std[70759c8f55707aa4]::thread::lifecycle::spawn_unchecked<test[9d35eded1c95d3be]::run_test::{closure#1}, ()>::{closure#1} as core[df12db4294e9bfd3]::ops::function::FnOnce<()>>::call_once::{shim:vtable#0}
[INFO] [stdout]   18:     0x64692f886c39 - <std[70759c8f55707aa4]::sys::thread::unix::Thread>::new::thread_start
[INFO] [stdout]   19:     0x73d5d03dbdfa - <unknown>
[INFO] [stdout]   20:     0x73d5d046f3d4 - clone
[INFO] [stdout]   21:                0x0 - <unknown>
[INFO] [stdout] 
[INFO] [stdout] ---- storage::journal::file::tests::append_and_read_single_block stdout ----
[INFO] [stdout] 
[INFO] [stdout] thread 'storage::journal::file::tests::append_and_read_single_block' (2143) panicked at src/storage/journal/file.rs:761:49:
[INFO] [stdout] called `Result::unwrap()` on an `Err` value: Os { code: 30, kind: ReadOnlyFilesystem, message: "Read-only file system" }
[INFO] [stdout] stack backtrace:
[INFO] [stdout]    0:     0x64692f887591 - <<std[70759c8f55707aa4]::sys::backtrace::BacktraceLock>::print::DisplayBacktrace as core[df12db4294e9bfd3]::fmt::Display>::fmt
[INFO] [stdout]    1:     0x64692f89e03a - core[df12db4294e9bfd3]::fmt::write
[INFO] [stdout]    2:     0x64692f88c14c - <alloc[2182bb758b4b3781]::vec::Vec<u8> as core[df12db4294e9bfd3]::io::write::Write>::write_fmt
[INFO] [stdout]    3:     0x64692f860bb6 - std[70759c8f55707aa4]::panicking::default_hook::{closure#0}
[INFO] [stdout]    4:     0x64692f87e8e9 - std[70759c8f55707aa4]::panicking::default_hook
[INFO] [stdout]    5:     0x64692f71f4a0 - test[9d35eded1c95d3be]::test_main_inner::<test[9d35eded1c95d3be]::test_main_static::{closure#0}>::{closure#0}
[INFO] [stdout]    6:     0x64692f87ec12 - std[70759c8f55707aa4]::panicking::panic_with_hook
[INFO] [stdout]    7:     0x64692f860c62 - std[70759c8f55707aa4]::panicking::panic_handler::{closure#0}
[INFO] [stdout]    8:     0x64692f859799 - std[70759c8f55707aa4]::sys::backtrace::__rust_end_short_backtrace::<std[70759c8f55707aa4]::panicking::panic_handler::{closure#0}, !>
[INFO] [stdout]    9:     0x64692f86194d - __rustc[8fa7c3cbc660c2b3]::rust_begin_unwind
[INFO] [stdout]   10:     0x64692f89e79c - core[df12db4294e9bfd3]::panicking::panic_fmt
[INFO] [stdout]   11:     0x64692f89e572 - core[df12db4294e9bfd3]::result::unwrap_failed
[INFO] [stdout]   12:     0x64692f60a7e2 - rollblock[279f191558f33de4]::storage::journal::file::tests::append_and_read_single_block
[INFO] [stdout]   13:     0x64692f541cc9 - <rollblock[279f191558f33de4]::storage::journal::file::tests::append_and_read_single_block::{closure#0} as core[df12db4294e9bfd3]::ops::function::FnOnce<()>>::call_once
[INFO] [stdout]   14:     0x64692f71278b - test[9d35eded1c95d3be]::__rust_begin_short_backtrace::<core[df12db4294e9bfd3]::result::Result<(), alloc[2182bb758b4b3781]::string::String>, fn() -> core[df12db4294e9bfd3]::result::Result<(), alloc[2182bb758b4b3781]::string::String>>
[INFO] [stdout]   15:     0x64692f71fdf5 - test[9d35eded1c95d3be]::run_test::{closure#0}
[INFO] [stdout]   16:     0x64692f7196b4 - std[70759c8f55707aa4]::sys::backtrace::__rust_begin_short_backtrace::<test[9d35eded1c95d3be]::run_test::{closure#1}, ()>
[INFO] [stdout]   17:     0x64692f722f52 - <std[70759c8f55707aa4]::thread::lifecycle::spawn_unchecked<test[9d35eded1c95d3be]::run_test::{closure#1}, ()>::{closure#1} as core[df12db4294e9bfd3]::ops::function::FnOnce<()>>::call_once::{shim:vtable#0}
[INFO] [stdout]   18:     0x64692f886c39 - <std[70759c8f55707aa4]::sys::thread::unix::Thread>::new::thread_start
[INFO] [stdout]   19:     0x73d5d03dbdfa - <unknown>
[INFO] [stdout]   20:     0x73d5d046f3d4 - clone
[INFO] [stdout]   21:                0x0 - <unknown>
[INFO] [stdout] 
[INFO] [stdout] ---- storage::journal::file::tests::bootstrap_truncates_partial_header_before_reuse stdout ----
[INFO] [stdout] 
[INFO] [stdout] thread 'storage::journal::file::tests::bootstrap_truncates_partial_header_before_reuse' (2147) panicked at src/storage/journal/file.rs:1284:49:
[INFO] [stdout] called `Result::unwrap()` on an `Err` value: Os { code: 30, kind: ReadOnlyFilesystem, message: "Read-only file system" }
[INFO] [stdout] stack backtrace:
[INFO] [stdout]    0:     0x64692f887591 - <<std[70759c8f55707aa4]::sys::backtrace::BacktraceLock>::print::DisplayBacktrace as core[df12db4294e9bfd3]::fmt::Display>::fmt
[INFO] [stdout]    1:     0x64692f89e03a - core[df12db4294e9bfd3]::fmt::write
[INFO] [stdout]    2:     0x64692f88c14c - <alloc[2182bb758b4b3781]::vec::Vec<u8> as core[df12db4294e9bfd3]::io::write::Write>::write_fmt
[INFO] [stdout]    3:     0x64692f860bb6 - std[70759c8f55707aa4]::panicking::default_hook::{closure#0}
[INFO] [stdout]    4:     0x64692f87e8e9 - std[70759c8f55707aa4]::panicking::default_hook
[INFO] [stdout]    5:     0x64692f71f4a0 - test[9d35eded1c95d3be]::test_main_inner::<test[9d35eded1c95d3be]::test_main_static::{closure#0}>::{closure#0}
[INFO] [stdout]    6:     0x64692f87ec12 - std[70759c8f55707aa4]::panicking::panic_with_hook
[INFO] [stdout]    7:     0x64692f860c62 - std[70759c8f55707aa4]::panicking::panic_handler::{closure#0}
[INFO] [stdout]    8:     0x64692f859799 - std[70759c8f55707aa4]::sys::backtrace::__rust_end_short_backtrace::<std[70759c8f55707aa4]::panicking::panic_handler::{closure#0}, !>
[INFO] [stdout]    9:     0x64692f86194d - __rustc[8fa7c3cbc660c2b3]::rust_begin_unwind
[INFO] [stdout]   10:     0x64692f89e79c - core[df12db4294e9bfd3]::panicking::panic_fmt
[INFO] [stdout]   11:     0x64692f89e572 - core[df12db4294e9bfd3]::result::unwrap_failed
[INFO] [stdout]   12:     0x64692f6150de - rollblock[279f191558f33de4]::storage::journal::file::tests::bootstrap_truncates_partial_header_before_reuse
[INFO] [stdout]   13:     0x64692f541e69 - <rollblock[279f191558f33de4]::storage::journal::file::tests::bootstrap_truncates_partial_header_before_reuse::{closure#0} as core[df12db4294e9bfd3]::ops::function::FnOnce<()>>::call_once
[INFO] [stdout]   14:     0x64692f71278b - test[9d35eded1c95d3be]::__rust_begin_short_backtrace::<core[df12db4294e9bfd3]::result::Result<(), alloc[2182bb758b4b3781]::string::String>, fn() -> core[df12db4294e9bfd3]::result::Result<(), alloc[2182bb758b4b3781]::string::String>>
[INFO] [stdout]   15:     0x64692f71fdf5 - test[9d35eded1c95d3be]::run_test::{closure#0}
[INFO] [stdout]   16:     0x64692f7196b4 - std[70759c8f55707aa4]::sys::backtrace::__rust_begin_short_backtrace::<test[9d35eded1c95d3be]::run_test::{closure#1}, ()>
[INFO] [stdout]   17:     0x64692f722f52 - <std[70759c8f55707aa4]::thread::lifecycle::spawn_unchecked<test[9d35eded1c95d3be]::run_test::{closure#1}, ()>::{closure#1} as core[df12db4294e9bfd3]::ops::function::FnOnce<()>>::call_once::{shim:vtable#0}
[INFO] [stdout]   18:     0x64692f886c39 - <std[70759c8f55707aa4]::sys::thread::unix::Thread>::new::thread_start
[INFO] [stdout]   19:     0x73d5d03dbdfa - <unknown>
[INFO] [stdout]   20:     0x73d5d046f3d4 - clone
[INFO] [stdout]   21:                0x0 - <unknown>
[INFO] [stdout] 
[INFO] [stdout] ---- storage::journal::file::tests::plan_replay_is_idempotent_after_recovery stdout ----
[INFO] [stdout] 
[INFO] [stdout] thread 'storage::journal::file::tests::plan_replay_is_idempotent_after_recovery' (2154) panicked at src/storage/journal/file.rs:1157:49:
[INFO] [stdout] called `Result::unwrap()` on an `Err` value: Os { code: 30, kind: ReadOnlyFilesystem, message: "Read-only file system" }
[INFO] [stdout] stack backtrace:
[INFO] [stdout]    0:     0x64692f887591 - <<std[70759c8f55707aa4]::sys::backtrace::BacktraceLock>::print::DisplayBacktrace as core[df12db4294e9bfd3]::fmt::Display>::fmt
[INFO] [stdout]    1:     0x64692f89e03a - core[df12db4294e9bfd3]::fmt::write
[INFO] [stdout]    2:     0x64692f88c14c - <alloc[2182bb758b4b3781]::vec::Vec<u8> as core[df12db4294e9bfd3]::io::write::Write>::write_fmt
[INFO] [stdout]    3:     0x64692f860bb6 - std[70759c8f55707aa4]::panicking::default_hook::{closure#0}
[INFO] [stdout]    4:     0x64692f87e8e9 - std[70759c8f55707aa4]::panicking::default_hook
[INFO] [stdout]    5:     0x64692f71f4a0 - test[9d35eded1c95d3be]::test_main_inner::<test[9d35eded1c95d3be]::test_main_static::{closure#0}>::{closure#0}
[INFO] [stdout]    6:     0x64692f87ec12 - std[70759c8f55707aa4]::panicking::panic_with_hook
[INFO] [stdout]    7:     0x64692f860c62 - std[70759c8f55707aa4]::panicking::panic_handler::{closure#0}
[INFO] [stdout]    8:     0x64692f859799 - std[70759c8f55707aa4]::sys::backtrace::__rust_end_short_backtrace::<std[70759c8f55707aa4]::panicking::panic_handler::{closure#0}, !>
[INFO] [stdout]    9:     0x64692f86194d - __rustc[8fa7c3cbc660c2b3]::rust_begin_unwind
[INFO] [stdout]   10:     0x64692f89e79c - core[df12db4294e9bfd3]::panicking::panic_fmt
[INFO] [stdout]   11:     0x64692f89e572 - core[df12db4294e9bfd3]::result::unwrap_failed
[INFO] [stdout]   12:     0x64692f612294 - rollblock[279f191558f33de4]::storage::journal::file::tests::plan_replay_is_idempotent_after_recovery
[INFO] [stdout]   13:     0x64692f541e09 - <rollblock[279f191558f33de4]::storage::journal::file::tests::plan_replay_is_idempotent_after_recovery::{closure#0} as core[df12db4294e9bfd3]::ops::function::FnOnce<()>>::call_once
[INFO] [stdout]   14:     0x64692f71278b - test[9d35eded1c95d3be]::__rust_begin_short_backtrace::<core[df12db4294e9bfd3]::result::Result<(), alloc[2182bb758b4b3781]::string::String>, fn() -> core[df12db4294e9bfd3]::result::Result<(), alloc[2182bb758b4b3781]::string::String>>
[INFO] [stdout]   15:     0x64692f71fdf5 - test[9d35eded1c95d3be]::run_test::{closure#0}
[INFO] [stdout]   16:     0x64692f7196b4 - std[70759c8f55707aa4]::sys::backtrace::__rust_begin_short_backtrace::<test[9d35eded1c95d3be]::run_test::{closure#1}, ()>
[INFO] [stdout]   17:     0x64692f722f52 - <std[70759c8f55707aa4]::thread::lifecycle::spawn_unchecked<test[9d35eded1c95d3be]::run_test::{closure#1}, ()>::{closure#1} as core[df12db4294e9bfd3]::ops::function::FnOnce<()>>::call_once::{shim:vtable#0}
[INFO] [stdout]   18:     0x64692f886c39 - <std[70759c8f55707aa4]::sys::thread::unix::Thread>::new::thread_start
[INFO] [stdout]   19:     0x73d5d03dbdfa - <unknown>
[INFO] [stdout]   20:     0x73d5d046f3d4 - clone
[INFO] [stdout]   21:                0x0 - <unknown>
[INFO] [stdout] 
[INFO] [stdout] ---- storage::journal::file::tests::iterate_multiple_blocks_descending stdout ----
[INFO] [stdout] 
[INFO] [stdout] thread 'storage::journal::file::tests::iterate_multiple_blocks_descending' (2151) panicked at src/storage/journal/file.rs:855:49:
[INFO] [stdout] called `Result::unwrap()` on an `Err` value: Os { code: 30, kind: ReadOnlyFilesystem, message: "Read-only file system" }
[INFO] [stdout] stack backtrace:
[INFO] [stdout]    0:     0x64692f887591 - <<std[70759c8f55707aa4]::sys::backtrace::BacktraceLock>::print::DisplayBacktrace as core[df12db4294e9bfd3]::fmt::Display>::fmt
[INFO] [stdout]    1:     0x64692f89e03a - core[df12db4294e9bfd3]::fmt::write
[INFO] [stdout]    2:     0x64692f88c14c - <alloc[2182bb758b4b3781]::vec::Vec<u8> as core[df12db4294e9bfd3]::io::write::Write>::write_fmt
[INFO] [stdout]    3:     0x64692f860bb6 - std[70759c8f55707aa4]::panicking::default_hook::{closure#0}
[INFO] [stdout]    4:     0x64692f87e8e9 - std[70759c8f55707aa4]::panicking::default_hook
[INFO] [stdout]    5:     0x64692f71f4a0 - test[9d35eded1c95d3be]::test_main_inner::<test[9d35eded1c95d3be]::test_main_static::{closure#0}>::{closure#0}
[INFO] [stdout]    6:     0x64692f87ec12 - std[70759c8f55707aa4]::panicking::panic_with_hook
[INFO] [stdout]    7:     0x64692f860c62 - std[70759c8f55707aa4]::panicking::panic_handler::{closure#0}
[INFO] [stdout]    8:     0x64692f859799 - std[70759c8f55707aa4]::sys::backtrace::__rust_end_short_backtrace::<std[70759c8f55707aa4]::panicking::panic_handler::{closure#0}, !>
[INFO] [stdout]    9:     0x64692f86194d - __rustc[8fa7c3cbc660c2b3]::rust_begin_unwind
[INFO] [stdout]   10:     0x64692f89e79c - core[df12db4294e9bfd3]::panicking::panic_fmt
[INFO] [stdout]   11:     0x64692f89e572 - core[df12db4294e9bfd3]::result::unwrap_failed
[INFO] [stdout]   12:     0x64692f60ee01 - rollblock[279f191558f33de4]::storage::journal::file::tests::iterate_multiple_blocks_descending
[INFO] [stdout]   13:     0x64692f541d69 - <rollblock[279f191558f33de4]::storage::journal::file::tests::iterate_multiple_blocks_descending::{closure#0} as core[df12db4294e9bfd3]::ops::function::FnOnce<()>>::call_once
[INFO] [stdout]   14:     0x64692f71278b - test[9d35eded1c95d3be]::__rust_begin_short_backtrace::<core[df12db4294e9bfd3]::result::Result<(), alloc[2182bb758b4b3781]::string::String>, fn() -> core[df12db4294e9bfd3]::result::Result<(), alloc[2182bb758b4b3781]::string::String>>
[INFO] [stdout]   15:     0x64692f71fdf5 - test[9d35eded1c95d3be]::run_test::{closure#0}
[INFO] [stdout]   16:     0x64692f7196b4 - std[70759c8f55707aa4]::sys::backtrace::__rust_begin_short_backtrace::<test[9d35eded1c95d3be]::run_test::{closure#1}, ()>
[INFO] [stdout]   17:     0x64692f722f52 - <std[70759c8f55707aa4]::thread::lifecycle::spawn_unchecked<test[9d35eded1c95d3be]::run_test::{closure#1}, ()>::{closure#1} as core[df12db4294e9bfd3]::ops::function::FnOnce<()>>::call_once::{shim:vtable#0}
[INFO] [stdout]   18:     0x64692f886c39 - <std[70759c8f55707aa4]::sys::thread::unix::Thread>::new::thread_start
[INFO] [stdout]   19:     0x73d5d03dbdfa - <unknown>
[INFO] [stdout]   20:     0x73d5d046f3d4 - clone
[INFO] [stdout]   21:                0x0 - <unknown>
[INFO] [stdout] 
[INFO] [stdout] ---- storage::journal::file::tests::iter_backwards_rejects_invalid_range stdout ----
[INFO] [stdout] 
[INFO] [stdout] thread 'storage::journal::file::tests::iter_backwards_rejects_invalid_range' (2150) panicked at src/storage/journal/file.rs:900:49:
[INFO] [stdout] called `Result::unwrap()` on an `Err` value: Os { code: 30, kind: ReadOnlyFilesystem, message: "Read-only file system" }
[INFO] [stdout] stack backtrace:
[INFO] [stdout]    0:     0x64692f887591 - <<std[70759c8f55707aa4]::sys::backtrace::BacktraceLock>::print::DisplayBacktrace as core[df12db4294e9bfd3]::fmt::Display>::fmt
[INFO] [stdout]    1:     0x64692f89e03a - core[df12db4294e9bfd3]::fmt::write
[INFO] [stdout]    2:     0x64692f88c14c - <alloc[2182bb758b4b3781]::vec::Vec<u8> as core[df12db4294e9bfd3]::io::write::Write>::write_fmt
[INFO] [stdout]    3:     0x64692f860bb6 - std[70759c8f55707aa4]::panicking::default_hook::{closure#0}
[INFO] [stdout]    4:     0x64692f87e8e9 - std[70759c8f55707aa4]::panicking::default_hook
[INFO] [stdout]    5:     0x64692f71f4a0 - test[9d35eded1c95d3be]::test_main_inner::<test[9d35eded1c95d3be]::test_main_static::{closure#0}>::{closure#0}
[INFO] [stdout]    6:     0x64692f87ec12 - std[70759c8f55707aa4]::panicking::panic_with_hook
[INFO] [stdout]    7:     0x64692f860c62 - std[70759c8f55707aa4]::panicking::panic_handler::{closure#0}
[INFO] [stdout]    8:     0x64692f859799 - std[70759c8f55707aa4]::sys::backtrace::__rust_end_short_backtrace::<std[70759c8f55707aa4]::panicking::panic_handler::{closure#0}, !>
[INFO] [stdout]    9:     0x64692f86194d - __rustc[8fa7c3cbc660c2b3]::rust_begin_unwind
[INFO] [stdout]   10:     0x64692f89e79c - core[df12db4294e9bfd3]::panicking::panic_fmt
[INFO] [stdout]   11:     0x64692f89e572 - core[df12db4294e9bfd3]::result::unwrap_failed
[INFO] [stdout]   12:     0x64692f60fa43 - rollblock[279f191558f33de4]::storage::journal::file::tests::iter_backwards_rejects_invalid_range
[INFO] [stdout]   13:     0x64692f541da9 - <rollblock[279f191558f33de4]::storage::journal::file::tests::iter_backwards_rejects_invalid_range::{closure#0} as core[df12db4294e9bfd3]::ops::function::FnOnce<()>>::call_once
[INFO] [stdout]   14:     0x64692f71278b - test[9d35eded1c95d3be]::__rust_begin_short_backtrace::<core[df12db4294e9bfd3]::result::Result<(), alloc[2182bb758b4b3781]::string::String>, fn() -> core[df12db4294e9bfd3]::result::Result<(), alloc[2182bb758b4b3781]::string::String>>
[INFO] [stdout]   15:     0x64692f71fdf5 - test[9d35eded1c95d3be]::run_test::{closure#0}
[INFO] [stdout]   16:     0x64692f7196b4 - std[70759c8f55707aa4]::sys::backtrace::__rust_begin_short_backtrace::<test[9d35eded1c95d3be]::run_test::{closure#1}, ()>
[INFO] [stdout]   17:     0x64692f722f52 - <std[70759c8f55707aa4]::thread::lifecycle::spawn_unchecked<test[9d35eded1c95d3be]::run_test::{closure#1}, ()>::{closure#1} as core[df12db4294e9bfd3]::ops::function::FnOnce<()>>::call_once::{shim:vtable#0}
[INFO] [stdout]   18:     0x64692f886c39 - <std[70759c8f55707aa4]::sys::thread::unix::Thread>::new::thread_start
[INFO] [stdout]   19:     0x73d5d03dbdfa - <unknown>
[INFO] [stdout]   20:     0x73d5d046f3d4 - clone
[INFO] [stdout]   21:                0x0 - <unknown>
[INFO] [stdout] 
[INFO] [stdout] ---- storage::journal::file::tests::iterates_across_chunk_boundaries stdout ----
[INFO] [stdout] 
[INFO] [stdout] thread 'storage::journal::file::tests::iterates_across_chunk_boundaries' (2152) panicked at src/storage/journal/file.rs:1005:49:
[INFO] [stdout] called `Result::unwrap()` on an `Err` value: Os { code: 30, kind: ReadOnlyFilesystem, message: "Read-only file system" }
[INFO] [stdout] stack backtrace:
[INFO] [stdout]    0:     0x64692f887591 - <<std[70759c8f55707aa4]::sys::backtrace::BacktraceLock>::print::DisplayBacktrace as core[df12db4294e9bfd3]::fmt::Display>::fmt
[INFO] [stdout]    1:     0x64692f89e03a - core[df12db4294e9bfd3]::fmt::write
[INFO] [stdout]    2:     0x64692f88c14c - <alloc[2182bb758b4b3781]::vec::Vec<u8> as core[df12db4294e9bfd3]::io::write::Write>::write_fmt
[INFO] [stdout]    3:     0x64692f860bb6 - std[70759c8f55707aa4]::panicking::default_hook::{closure#0}
[INFO] [stdout]    4:     0x64692f87e8e9 - std[70759c8f55707aa4]::panicking::default_hook
[INFO] [stdout]    5:     0x64692f71f4a0 - test[9d35eded1c95d3be]::test_main_inner::<test[9d35eded1c95d3be]::test_main_static::{closure#0}>::{closure#0}
[INFO] [stdout]    6:     0x64692f87ec12 - std[70759c8f55707aa4]::panicking::panic_with_hook
[INFO] [stdout]    7:     0x64692f860c62 - std[70759c8f55707aa4]::panicking::panic_handler::{closure#0}
[INFO] [stdout]    8:     0x64692f859799 - std[70759c8f55707aa4]::sys::backtrace::__rust_end_short_backtrace::<std[70759c8f55707aa4]::panicking::panic_handler::{closure#0}, !>
[INFO] [stdout]    9:     0x64692f86194d - __rustc[8fa7c3cbc660c2b3]::rust_begin_unwind
[INFO] [stdout]   10:     0x64692f89e79c - core[df12db4294e9bfd3]::panicking::panic_fmt
[INFO] [stdout]   11:     0x64692f89e572 - core[df12db4294e9bfd3]::result::unwrap_failed
[INFO] [stdout]   12:     0x64692f60cfad - rollblock[279f191558f33de4]::storage::journal::file::tests::iterates_across_chunk_boundaries
[INFO] [stdout]   13:     0x64692f541d29 - <rollblock[279f191558f33de4]::storage::journal::file::tests::iterates_across_chunk_boundaries::{closure#0} as core[df12db4294e9bfd3]::ops::function::FnOnce<()>>::call_once
[INFO] [stdout]   14:     0x64692f71278b - test[9d35eded1c95d3be]::__rust_begin_short_backtrace::<core[df12db4294e9bfd3]::result::Result<(), alloc[2182bb758b4b3781]::string::String>, fn() -> core[df12db4294e9bfd3]::result::Result<(), alloc[2182bb758b4b3781]::string::String>>
[INFO] [stdout]   15:     0x64692f71fdf5 - test[9d35eded1c95d3be]::run_test::{closure#0}
[INFO] [stdout]   16:     0x64692f7196b4 - std[70759c8f55707aa4]::sys::backtrace::__rust_begin_short_backtrace::<test[9d35eded1c95d3be]::run_test::{closure#1}, ()>
[INFO] [stdout]   17:     0x64692f722f52 - <std[70759c8f55707aa4]::thread::lifecycle::spawn_unchecked<test[9d35eded1c95d3be]::run_test::{closure#1}, ()>::{closure#1} as core[df12db4294e9bfd3]::ops::function::FnOnce<()>>::call_once::{shim:vtable#0}
[INFO] [stdout]   18:     0x64692f886c39 - <std[70759c8f55707aa4]::sys::thread::unix::Thread>::new::thread_start
[INFO] [stdout]   19:     0x73d5d03dbdfa - <unknown>
[INFO] [stdout]   20:     0x73d5d046f3d4 - clone
[INFO] [stdout]   21:                0x0 - <unknown>
[INFO] [stdout] 
[INFO] [stdout] ---- storage::journal::file::tests::plan_waits_when_only_one_historical_chunk_exists stdout ----
[INFO] [stdout] 
[INFO] [stdout] thread 'storage::journal::file::tests::plan_waits_when_only_one_historical_chunk_exists' (2155) panicked at src/storage/journal/file.rs:1081:49:
[INFO] [stdout] called `Result::unwrap()` on an `Err` value: Os { code: 30, kind: ReadOnlyFilesystem, message: "Read-only file system" }
[INFO] [stdout] stack backtrace:
[INFO] [stdout]    0:     0x64692f887591 - <<std[70759c8f55707aa4]::sys::backtrace::BacktraceLock>::print::DisplayBacktrace as core[df12db4294e9bfd3]::fmt::Display>::fmt
[INFO] [stdout]    1:     0x64692f89e03a - core[df12db4294e9bfd3]::fmt::write
[INFO] [stdout]    2:     0x64692f88c14c - <alloc[2182bb758b4b3781]::vec::Vec<u8> as core[df12db4294e9bfd3]::io::write::Write>::write_fmt
[INFO] [stdout]    3:     0x64692f860bb6 - std[70759c8f55707aa4]::panicking::default_hook::{closure#0}
[INFO] [stdout]    4:     0x64692f87e8e9 - std[70759c8f55707aa4]::panicking::default_hook
[INFO] [stdout]    5:     0x64692f71f4a0 - test[9d35eded1c95d3be]::test_main_inner::<test[9d35eded1c95d3be]::test_main_static::{closure#0}>::{closure#0}
[INFO] [stdout]    6:     0x64692f87ec12 - std[70759c8f55707aa4]::panicking::panic_with_hook
[INFO] [stdout]    7:     0x64692f860c62 - std[70759c8f55707aa4]::panicking::panic_handler::{closure#0}
[INFO] [stdout]    8:     0x64692f859799 - std[70759c8f55707aa4]::sys::backtrace::__rust_end_short_backtrace::<std[70759c8f55707aa4]::panicking::panic_handler::{closure#0}, !>
[INFO] [stdout]    9:     0x64692f86194d - __rustc[8fa7c3cbc660c2b3]::rust_begin_unwind
[INFO] [stdout]   10:     0x64692f89e79c - core[df12db4294e9bfd3]::panicking::panic_fmt
[INFO] [stdout]   11:     0x64692f89e572 - core[df12db4294e9bfd3]::result::unwrap_failed
[INFO] [stdout]   12:     0x64692f615e74 - rollblock[279f191558f33de4]::storage::journal::file::tests::plan_waits_when_only_one_historical_chunk_exists
[INFO] [stdout]   13:     0x64692f541e89 - <rollblock[279f191558f33de4]::storage::journal::file::tests::plan_waits_when_only_one_historical_chunk_exists::{closure#0} as core[df12db4294e9bfd3]::ops::function::FnOnce<()>>::call_once
[INFO] [stdout]   14:     0x64692f71278b - test[9d35eded1c95d3be]::__rust_begin_short_backtrace::<core[df12db4294e9bfd3]::result::Result<(), alloc[2182bb758b4b3781]::string::String>, fn() -> core[df12db4294e9bfd3]::result::Result<(), alloc[2182bb758b4b3781]::string::String>>
[INFO] [stdout]   15:     0x64692f71fdf5 - test[9d35eded1c95d3be]::run_test::{closure#0}
[INFO] [stdout]   16:     0x64692f7196b4 - std[70759c8f55707aa4]::sys::backtrace::__rust_begin_short_backtrace::<test[9d35eded1c95d3be]::run_test::{closure#1}, ()>
[INFO] [stdout]   17:     0x64692f722f52 - <std[70759c8f55707aa4]::thread::lifecycle::spawn_unchecked<test[9d35eded1c95d3be]::run_test::{closure#1}, ()>::{closure#1} as core[df12db4294e9bfd3]::ops::function::FnOnce<()>>::call_once::{shim:vtable#0}
[INFO] [stdout]   18:     0x64692f886c39 - <std[70759c8f55707aa4]::sys::thread::unix::Thread>::new::thread_start
[INFO] [stdout]   19:     0x73d5d03dbdfa - <unknown>
[INFO] [stdout]   20:     0x73d5d046f3d4 - clone
[INFO] [stdout]   21:                0x0 - <unknown>
[INFO] [stdout] 
[INFO] [stdout] ---- storage::journal::maintenance::tests::scan_entries_rejects_mid_chunk_key_width_mismatch stdout ----
[INFO] [stdout] 
[INFO] [stdout] thread 'storage::journal::maintenance::tests::scan_entries_rejects_mid_chunk_key_width_mismatch' (2162) panicked at src/storage/journal/maintenance.rs:313:49:
[INFO] [stdout] called `Result::unwrap()` on an `Err` value: Os { code: 30, kind: ReadOnlyFilesystem, message: "Read-only file system" }
[INFO] [stdout] stack backtrace:
[INFO] [stdout]    0:     0x64692f887591 - <<std[70759c8f55707aa4]::sys::backtrace::BacktraceLock>::print::DisplayBacktrace as core[df12db4294e9bfd3]::fmt::Display>::fmt
[INFO] [stdout]    1:     0x64692f89e03a - core[df12db4294e9bfd3]::fmt::write
[INFO] [stdout]    2:     0x64692f88c14c - <alloc[2182bb758b4b3781]::vec::Vec<u8> as core[df12db4294e9bfd3]::io::write::Write>::write_fmt
[INFO] [stdout]    3:     0x64692f860bb6 - std[70759c8f55707aa4]::panicking::default_hook::{closure#0}
[INFO] [stdout]    4:     0x64692f87e8e9 - std[70759c8f55707aa4]::panicking::default_hook
[INFO] [stdout]    5:     0x64692f71f4a0 - test[9d35eded1c95d3be]::test_main_inner::<test[9d35eded1c95d3be]::test_main_static::{closure#0}>::{closure#0}
[INFO] [stdout]    6:     0x64692f87ec12 - std[70759c8f55707aa4]::panicking::panic_with_hook
[INFO] [stdout]    7:     0x64692f860c62 - std[70759c8f55707aa4]::panicking::panic_handler::{closure#0}
[INFO] [stdout]    8:     0x64692f859799 - std[70759c8f55707aa4]::sys::backtrace::__rust_end_short_backtrace::<std[70759c8f55707aa4]::panicking::panic_handler::{closure#0}, !>
[INFO] [stdout]    9:     0x64692f86194d - __rustc[8fa7c3cbc660c2b3]::rust_begin_unwind
[INFO] [stdout]   10:     0x64692f89e79c - core[df12db4294e9bfd3]::panicking::panic_fmt
[INFO] [stdout]   11:     0x64692f89e572 - core[df12db4294e9bfd3]::result::unwrap_failed
[INFO] [stdout]   12:     0x64692f5bc987 - rollblock[279f191558f33de4]::storage::journal::maintenance::tests::scan_entries_rejects_mid_chunk_key_width_mismatch
[INFO] [stdout]   13:     0x64692f541c89 - <rollblock[279f191558f33de4]::storage::journal::maintenance::tests::scan_entries_rejects_mid_chunk_key_width_mismatch::{closure#0} as core[df12db4294e9bfd3]::ops::function::FnOnce<()>>::call_once
[INFO] [stdout]   14:     0x64692f71278b - test[9d35eded1c95d3be]::__rust_begin_short_backtrace::<core[df12db4294e9bfd3]::result::Result<(), alloc[2182bb758b4b3781]::string::String>, fn() -> core[df12db4294e9bfd3]::result::Result<(), alloc[2182bb758b4b3781]::string::String>>
[INFO] [stdout]   15:     0x64692f71fdf5 - test[9d35eded1c95d3be]::run_test::{closure#0}
[INFO] [stdout]   16:     0x64692f7196b4 - std[70759c8f55707aa4]::sys::backtrace::__rust_begin_short_backtrace::<test[9d35eded1c95d3be]::run_test::{closure#1}, ()>
[INFO] [stdout]   17:     0x64692f722f52 - <std[70759c8f55707aa4]::thread::lifecycle::spawn_unchecked<test[9d35eded1c95d3be]::run_test::{closure#1}, ()>::{closure#1} as core[df12db4294e9bfd3]::ops::function::FnOnce<()>>::call_once::{shim:vtable#0}
[INFO] [stdout]   18:     0x64692f886c39 - <std[70759c8f55707aa4]::sys::thread::unix::Thread>::new::thread_start
[INFO] [stdout]   19:     0x73d5d03dbdfa - <unknown>
[INFO] [stdout]   20:     0x73d5d046f3d4 - clone
[INFO] [stdout]   21:                0x0 - <unknown>
[INFO] [stdout] 
[INFO] [stdout] ---- storage::journal::format::tests::read_journal_block_rejects_key_width_mismatch stdout ----
[INFO] [stdout] 
[INFO] [stdout] thread 'storage::journal::format::tests::read_journal_block_rejects_key_width_mismatch' (2161) panicked at src/storage/journal/format.rs:354:49:
[INFO] [stdout] called `Result::unwrap()` on an `Err` value: Os { code: 30, kind: ReadOnlyFilesystem, message: "Read-only file system" }
[INFO] [stdout] stack backtrace:
[INFO] [stdout]    0:     0x64692f887591 - <<std[70759c8f55707aa4]::sys::backtrace::BacktraceLock>::print::DisplayBacktrace as core[df12db4294e9bfd3]::fmt::Display>::fmt
[INFO] [stdout]    1:     0x64692f89e03a - core[df12db4294e9bfd3]::fmt::write
[INFO] [stdout]    2:     0x64692f88c14c - <alloc[2182bb758b4b3781]::vec::Vec<u8> as core[df12db4294e9bfd3]::io::write::Write>::write_fmt
[INFO] [stdout]    3:     0x64692f860bb6 - std[70759c8f55707aa4]::panicking::default_hook::{closure#0}
[INFO] [stdout]    4:     0x64692f87e8e9 - std[70759c8f55707aa4]::panicking::default_hook
[INFO] [stdout]    5:     0x64692f71f4a0 - test[9d35eded1c95d3be]::test_main_inner::<test[9d35eded1c95d3be]::test_main_static::{closure#0}>::{closure#0}
[INFO] [stdout]    6:     0x64692f87ec12 - std[70759c8f55707aa4]::panicking::panic_with_hook
[INFO] [stdout]    7:     0x64692f860c62 - std[70759c8f55707aa4]::panicking::panic_handler::{closure#0}
[INFO] [stdout]    8:     0x64692f859799 - std[70759c8f55707aa4]::sys::backtrace::__rust_end_short_backtrace::<std[70759c8f55707aa4]::panicking::panic_handler::{closure#0}, !>
[INFO] [stdout]    9:     0x64692f86194d - __rustc[8fa7c3cbc660c2b3]::rust_begin_unwind
[INFO] [stdout]   10:     0x64692f89e79c - core[df12db4294e9bfd3]::panicking::panic_fmt
[INFO] [stdout]   11:     0x64692f89e572 - core[df12db4294e9bfd3]::result::unwrap_failed
[INFO] [stdout]   12:     0x64692f5bd58f - rollblock[279f191558f33de4]::storage::journal::format::tests::read_journal_block_rejects_key_width_mismatch
[INFO] [stdout]   13:     0x64692f541ee9 - <rollblock[279f191558f33de4]::storage::journal::format::tests::read_journal_block_rejects_key_width_mismatch::{closure#0} as core[df12db4294e9bfd3]::ops::function::FnOnce<()>>::call_once
[INFO] [stdout]   14:     0x64692f71278b - test[9d35eded1c95d3be]::__rust_begin_short_backtrace::<core[df12db4294e9bfd3]::result::Result<(), alloc[2182bb758b4b3781]::string::String>, fn() -> core[df12db4294e9bfd3]::result::Result<(), alloc[2182bb758b4b3781]::string::String>>
[INFO] [stdout]   15:     0x64692f71fdf5 - test[9d35eded1c95d3be]::run_test::{closure#0}
[INFO] [stdout]   16:     0x64692f7196b4 - std[70759c8f55707aa4]::sys::backtrace::__rust_begin_short_backtrace::<test[9d35eded1c95d3be]::run_test::{closure#1}, ()>
[INFO] [stdout]   17:     0x64692f722f52 - <std[70759c8f55707aa4]::thread::lifecycle::spawn_unchecked<test[9d35eded1c95d3be]::run_test::{closure#1}, ()>::{closure#1} as core[df12db4294e9bfd3]::ops::function::FnOnce<()>>::call_once::{shim:vtable#0}
[INFO] [stdout]   18:     0x64692f886c39 - <std[70759c8f55707aa4]::sys::thread::unix::Thread>::new::thread_start
[INFO] [stdout]   19:     0x73d5d03dbdfa - <unknown>
[INFO] [stdout]   20:     0x73d5d046f3d4 - clone
[INFO] [stdout]   21:                0x0 - <unknown>
[INFO] [stdout] 
[INFO] [stdout] ---- storage::journal::file::tests::scan_entries_truncates_corrupted_chunk_tail stdout ----
[INFO] [stdout] 
[INFO] [stdout] thread 'storage::journal::file::tests::scan_entries_truncates_corrupted_chunk_tail' (2158) panicked at src/storage/journal/file.rs:1344:49:
[INFO] [stdout] called `Result::unwrap()` on an `Err` value: Os { code: 30, kind: ReadOnlyFilesystem, message: "Read-only file system" }
[INFO] [stdout] stack backtrace:
[INFO] [stdout]    0:     0x64692f887591 - <<std[70759c8f55707aa4]::sys::backtrace::BacktraceLock>::print::DisplayBacktrace as core[df12db4294e9bfd3]::fmt::Display>::fmt
[INFO] [stdout]    1:     0x64692f89e03a - core[df12db4294e9bfd3]::fmt::write
[INFO] [stdout]    2:     0x64692f88c14c - <alloc[2182bb758b4b3781]::vec::Vec<u8> as core[df12db4294e9bfd3]::io::write::Write>::write_fmt
[INFO] [stdout]    3:     0x64692f860bb6 - std[70759c8f55707aa4]::panicking::default_hook::{closure#0}
[INFO] [stdout]    4:     0x64692f87e8e9 - std[70759c8f55707aa4]::panicking::default_hook
[INFO] [stdout]    5:     0x64692f71f4a0 - test[9d35eded1c95d3be]::test_main_inner::<test[9d35eded1c95d3be]::test_main_static::{closure#0}>::{closure#0}
[INFO] [stdout]    6:     0x64692f87ec12 - std[70759c8f55707aa4]::panicking::panic_with_hook
[INFO] [stdout]    7:     0x64692f860c62 - std[70759c8f55707aa4]::panicking::panic_handler::{closure#0}
[INFO] [stdout]    8:     0x64692f859799 - std[70759c8f55707aa4]::sys::backtrace::__rust_end_short_backtrace::<std[70759c8f55707aa4]::panicking::panic_handler::{closure#0}, !>
[INFO] [stdout]    9:     0x64692f86194d - __rustc[8fa7c3cbc660c2b3]::rust_begin_unwind
[INFO] [stdout]   10:     0x64692f89e79c - core[df12db4294e9bfd3]::panicking::panic_fmt
[INFO] [stdout]   11:     0x64692f89e572 - core[df12db4294e9bfd3]::result::unwrap_failed
[INFO] [stdout]   12:     0x64692f6140ed - rollblock[279f191558f33de4]::storage::journal::file::tests::scan_entries_truncates_corrupted_chunk_tail
[INFO] [stdout]   13:     0x64692f541e49 - <rollblock[279f191558f33de4]::storage::journal::file::tests::scan_entries_truncates_corrupted_chunk_tail::{closure#0} as core[df12db4294e9bfd3]::ops::function::FnOnce<()>>::call_once
[INFO] [stdout]   14:     0x64692f71278b - test[9d35eded1c95d3be]::__rust_begin_short_backtrace::<core[df12db4294e9bfd3]::result::Result<(), alloc[2182bb758b4b3781]::string::String>, fn() -> core[df12db4294e9bfd3]::result::Result<(), alloc[2182bb758b4b3781]::string::String>>
[INFO] [stdout]   15:     0x64692f71fdf5 - test[9d35eded1c95d3be]::run_test::{closure#0}
[INFO] [stdout]   16:     0x64692f7196b4 - std[70759c8f55707aa4]::sys::backtrace::__rust_begin_short_backtrace::<test[9d35eded1c95d3be]::run_test::{closure#1}, ()>
[INFO] [stdout]   17:     0x64692f722f52 - <std[70759c8f55707aa4]::thread::lifecycle::spawn_unchecked<test[9d35eded1c95d3be]::run_test::{closure#1}, ()>::{closure#1} as core[df12db4294e9bfd3]::ops::function::FnOnce<()>>::call_once::{shim:vtable#0}
[INFO] [stdout]   18:     0x64692f886c39 - <std[70759c8f55707aa4]::sys::thread::unix::Thread>::new::thread_start
[INFO] [stdout]   19:     0x73d5d03dbdfa - <unknown>
[INFO] [stdout]   20:     0x73d5d046f3d4 - clone
[INFO] [stdout]   21:                0x0 - <unknown>
[INFO] [stdout] 
[INFO] [stdout] ---- storage::journal::file::tests::rotates_chunk_when_limit_reached stdout ----
[INFO] [stdout] 
[INFO] [stdout] thread 'storage::journal::file::tests::rotates_chunk_when_limit_reached' (2157) panicked at src/storage/journal/file.rs:972:49:
[INFO] [stdout] called `Result::unwrap()` on an `Err` value: Os { code: 30, kind: ReadOnlyFilesystem, message: "Read-only file system" }
[INFO] [stdout] stack backtrace:
[INFO] [stdout]    0:     0x64692f887591 - <<std[70759c8f55707aa4]::sys::backtrace::BacktraceLock>::print::DisplayBacktrace as core[df12db4294e9bfd3]::fmt::Display>::fmt
[INFO] [stdout]    1:     0x64692f89e03a - core[df12db4294e9bfd3]::fmt::write
[INFO] [stdout]    2:     0x64692f88c14c - <alloc[2182bb758b4b3781]::vec::Vec<u8> as core[df12db4294e9bfd3]::io::write::Write>::write_fmt
[INFO] [stdout]    3:     0x64692f860bb6 - std[70759c8f55707aa4]::panicking::default_hook::{closure#0}
[INFO] [stdout]    4:     0x64692f87e8e9 - std[70759c8f55707aa4]::panicking::default_hook
[INFO] [stdout]    5:     0x64692f71f4a0 - test[9d35eded1c95d3be]::test_main_inner::<test[9d35eded1c95d3be]::test_main_static::{closure#0}>::{closure#0}
[INFO] [stdout]    6:     0x64692f87ec12 - std[70759c8f55707aa4]::panicking::panic_with_hook
[INFO] [stdout]    7:     0x64692f860c62 - std[70759c8f55707aa4]::panicking::panic_handler::{closure#0}
[INFO] [stdout]    8:     0x64692f859799 - std[70759c8f55707aa4]::sys::backtrace::__rust_end_short_backtrace::<std[70759c8f55707aa4]::panicking::panic_handler::{closure#0}, !>
[INFO] [stdout]    9:     0x64692f86194d - __rustc[8fa7c3cbc660c2b3]::rust_begin_unwind
[INFO] [stdout]   10:     0x64692f89e79c - core[df12db4294e9bfd3]::panicking::panic_fmt
[INFO] [stdout]   11:     0x64692f89e572 - core[df12db4294e9bfd3]::result::unwrap_failed
[INFO] [stdout]   12:     0x64692f60dce7 - rollblock[279f191558f33de4]::storage::journal::file::tests::rotates_chunk_when_limit_reached
[INFO] [stdout]   13:     0x64692f541d49 - <rollblock[279f191558f33de4]::storage::journal::file::tests::rotates_chunk_when_limit_reached::{closure#0} as core[df12db4294e9bfd3]::ops::function::FnOnce<()>>::call_once
[INFO] [stdout]   14:     0x64692f71278b - test[9d35eded1c95d3be]::__rust_begin_short_backtrace::<core[df12db4294e9bfd3]::result::Result<(), alloc[2182bb758b4b3781]::string::String>, fn() -> core[df12db4294e9bfd3]::result::Result<(), alloc[2182bb758b4b3781]::string::String>>
[INFO] [stdout]   15:     0x64692f71fdf5 - test[9d35eded1c95d3be]::run_test::{closure#0}
[INFO] [stdout]   16:     0x64692f7196b4 - std[70759c8f55707aa4]::sys::backtrace::__rust_begin_short_backtrace::<test[9d35eded1c95d3be]::run_test::{closure#1}, ()>
[INFO] [stdout]   17:     0x64692f722f52 - <std[70759c8f55707aa4]::thread::lifecycle::spawn_unchecked<test[9d35eded1c95d3be]::run_test::{closure#1}, ()>::{closure#1} as core[df12db4294e9bfd3]::ops::function::FnOnce<()>>::call_once::{shim:vtable#0}
[INFO] [stdout]   18:     0x64692f886c39 - <std[70759c8f55707aa4]::sys::thread::unix::Thread>::new::thread_start
[INFO] [stdout]   19:     0x73d5d03dbdfa - <unknown>
[INFO] [stdout]   20:     0x73d5d046f3d4 - clone
[INFO] [stdout]   21:                0x0 - <unknown>
[INFO] [stdout] 
[INFO] [stdout] ---- storage::journal::file::tests::prune_plan_aborts_when_candidate_reopens_before_commit stdout ----
[INFO] [stdout] 
[INFO] [stdout] thread 'storage::journal::file::tests::prune_plan_aborts_when_candidate_reopens_before_commit' (2156) panicked at src/storage/journal/file.rs:1108:49:
[INFO] [stdout] called `Result::unwrap()` on an `Err` value: Os { code: 30, kind: ReadOnlyFilesystem, message: "Read-only file system" }
[INFO] [stdout] stack backtrace:
[INFO] [stdout]    0:     0x64692f887591 - <<std[70759c8f55707aa4]::sys::backtrace::BacktraceLock>::print::DisplayBacktrace as core[df12db4294e9bfd3]::fmt::Display>::fmt
[INFO] [stdout]    1:     0x64692f89e03a - core[df12db4294e9bfd3]::fmt::write
[INFO] [stdout]    2:     0x64692f88c14c - <alloc[2182bb758b4b3781]::vec::Vec<u8> as core[df12db4294e9bfd3]::io::write::Write>::write_fmt
[INFO] [stdout]    3:     0x64692f860bb6 - std[70759c8f55707aa4]::panicking::default_hook::{closure#0}
[INFO] [stdout]    4:     0x64692f87e8e9 - std[70759c8f55707aa4]::panicking::default_hook
[INFO] [stdout]    5:     0x64692f71f4a0 - test[9d35eded1c95d3be]::test_main_inner::<test[9d35eded1c95d3be]::test_main_static::{closure#0}>::{closure#0}
[INFO] [stdout]    6:     0x64692f87ec12 - std[70759c8f55707aa4]::panicking::panic_with_hook
[INFO] [stdout]    7:     0x64692f860c62 - std[70759c8f55707aa4]::panicking::panic_handler::{closure#0}
[INFO] [stdout]    8:     0x64692f859799 - std[70759c8f55707aa4]::sys::backtrace::__rust_end_short_backtrace::<std[70759c8f55707aa4]::panicking::panic_handler::{closure#0}, !>
[INFO] [stdout]    9:     0x64692f86194d - __rustc[8fa7c3cbc660c2b3]::rust_begin_unwind
[INFO] [stdout]   10:     0x64692f89e79c - core[df12db4294e9bfd3]::panicking::panic_fmt
[INFO] [stdout]   11:     0x64692f89e572 - core[df12db4294e9bfd3]::result::unwrap_failed
[INFO] [stdout]   12:     0x64692f6186c8 - rollblock[279f191558f33de4]::storage::journal::file::tests::prune_plan_aborts_when_candidate_reopens_before_commit
[INFO] [stdout]   13:     0x64692f541ec9 - <rollblock[279f191558f33de4]::storage::journal::file::tests::prune_plan_aborts_when_candidate_reopens_before_commit::{closure#0} as core[df12db4294e9bfd3]::ops::function::FnOnce<()>>::call_once
[INFO] [stdout]   14:     0x64692f71278b - test[9d35eded1c95d3be]::__rust_begin_short_backtrace::<core[df12db4294e9bfd3]::result::Result<(), alloc[2182bb758b4b3781]::string::String>, fn() -> core[df12db4294e9bfd3]::result::Result<(), alloc[2182bb758b4b3781]::string::String>>
[INFO] [stdout]   15:     0x64692f71fdf5 - test[9d35eded1c95d3be]::run_test::{closure#0}
[INFO] [stdout]   16:     0x64692f7196b4 - std[70759c8f55707aa4]::sys::backtrace::__rust_begin_short_backtrace::<test[9d35eded1c95d3be]::run_test::{closure#1}, ()>
[INFO] [stdout]   17:     0x64692f722f52 - <std[70759c8f55707aa4]::thread::lifecycle::spawn_unchecked<test[9d35eded1c95d3be]::run_test::{closure#1}, ()>::{closure#1} as core[df12db4294e9bfd3]::ops::function::FnOnce<()>>::call_once::{shim:vtable#0}
[INFO] [stdout]   18:     0x64692f886c39 - <std[70759c8f55707aa4]::sys::thread::unix::Thread>::new::thread_start
[INFO] [stdout]   19:     0x73d5d03dbdfa - <unknown>
[INFO] [stdout]   20:     0x73d5d046f3d4 - clone
[INFO] [stdout]   21:                0x0 - <unknown>
[INFO] [stdout] 
[INFO] [stdout] ---- storage::journal::file::tests::tiny_chunk_size_is_clamped stdout ----
[INFO] [stdout] 
[INFO] [stdout] thread 'storage::journal::file::tests::tiny_chunk_size_is_clamped' (2159) panicked at src/storage/journal/file.rs:1260:49:
[INFO] [stdout] called `Result::unwrap()` on an `Err` value: Os { code: 30, kind: ReadOnlyFilesystem, message: "Read-only file system" }
[INFO] [stdout] stack backtrace:
[INFO] [stdout]    0:     0x64692f887591 - <<std[70759c8f55707aa4]::sys::backtrace::BacktraceLock>::print::DisplayBacktrace as core[df12db4294e9bfd3]::fmt::Display>::fmt
[INFO] [stdout]    1:     0x64692f89e03a - core[df12db4294e9bfd3]::fmt::write
[INFO] [stdout]    2:     0x64692f88c14c - <alloc[2182bb758b4b3781]::vec::Vec<u8> as core[df12db4294e9bfd3]::io::write::Write>::write_fmt
[INFO] [stdout]    3:     0x64692f860bb6 - std[70759c8f55707aa4]::panicking::default_hook::{closure#0}
[INFO] [stdout]    4:     0x64692f87e8e9 - std[70759c8f55707aa4]::panicking::default_hook
[INFO] [stdout]    5:     0x64692f71f4a0 - test[9d35eded1c95d3be]::test_main_inner::<test[9d35eded1c95d3be]::test_main_static::{closure#0}>::{closure#0}
[INFO] [stdout]    6:     0x64692f87ec12 - std[70759c8f55707aa4]::panicking::panic_with_hook
[INFO] [stdout]    7:     0x64692f860c62 - std[70759c8f55707aa4]::panicking::panic_handler::{closure#0}
[INFO] [stdout]    8:     0x64692f859799 - std[70759c8f55707aa4]::sys::backtrace::__rust_end_short_backtrace::<std[70759c8f55707aa4]::panicking::panic_handler::{closure#0}, !>
[INFO] [stdout]    9:     0x64692f86194d - __rustc[8fa7c3cbc660c2b3]::rust_begin_unwind
[INFO] [stdout]   10:     0x64692f89e79c - core[df12db4294e9bfd3]::panicking::panic_fmt
[INFO] [stdout]   11:     0x64692f89e572 - core[df12db4294e9bfd3]::result::unwrap_failed
[INFO] [stdout]   12:     0x64692f609e60 - rollblock[279f191558f33de4]::storage::journal::file::tests::tiny_chunk_size_is_clamped
[INFO] [stdout]   13:     0x64692f541ca9 - <rollblock[279f191558f33de4]::storage::journal::file::tests::tiny_chunk_size_is_clamped::{closure#0} as core[df12db4294e9bfd3]::ops::function::FnOnce<()>>::call_once
[INFO] [stdout]   14:     0x64692f71278b - test[9d35eded1c95d3be]::__rust_begin_short_backtrace::<core[df12db4294e9bfd3]::result::Result<(), alloc[2182bb758b4b3781]::string::String>, fn() -> core[df12db4294e9bfd3]::result::Result<(), alloc[2182bb758b4b3781]::string::String>>
[INFO] [stdout]   15:     0x64692f71fdf5 - test[9d35eded1c95d3be]::run_test::{closure#0}
[INFO] [stdout]   16:     0x64692f7196b4 - std[70759c8f55707aa4]::sys::backtrace::__rust_begin_short_backtrace::<test[9d35eded1c95d3be]::run_test::{closure#1}, ()>
[INFO] [stdout]   17:     0x64692f722f52 - <std[70759c8f55707aa4]::thread::lifecycle::spawn_unchecked<test[9d35eded1c95d3be]::run_test::{closure#1}, ()>::{closure#1} as core[df12db4294e9bfd3]::ops::function::FnOnce<()>>::call_once::{shim:vtable#0}
[INFO] [stdout]   18:     0x64692f886c39 - <std[70759c8f55707aa4]::sys::thread::unix::Thread>::new::thread_start
[INFO] [stdout]   19:     0x73d5d03dbdfa - <unknown>
[INFO] [stdout]   20:     0x73d5d046f3d4 - clone
[INFO] [stdout]   21:                0x0 - <unknown>
[INFO] [stdout] 
[INFO] [stdout] ---- storage::journal::file::tests::truncate_removes_later_chunks stdout ----
[INFO] [stdout] 
[INFO] [stderr] error: test failed, to rerun pass `--lib`
[INFO] [stdout] thread 'storage::journal::file::tests::truncate_removes_later_chunks' (2160) panicked at src/storage/journal/file.rs:1230:49:
[INFO] [stdout] called `Result::unwrap()` on an `Err` value: Os { code: 30, kind: ReadOnlyFilesystem, message: "Read-only file system" }
[INFO] [stdout] stack backtrace:
[INFO] [stdout]    0:     0x64692f887591 - <<std[70759c8f55707aa4]::sys::backtrace::BacktraceLock>::print::DisplayBacktrace as core[df12db4294e9bfd3]::fmt::Display>::fmt
[INFO] [stdout]    1:     0x64692f89e03a - core[df12db4294e9bfd3]::fmt::write
[INFO] [stdout]    2:     0x64692f88c14c - <alloc[2182bb758b4b3781]::vec::Vec<u8> as core[df12db4294e9bfd3]::io::write::Write>::write_fmt
[INFO] [stdout]    3:     0x64692f860bb6 - std[70759c8f55707aa4]::panicking::default_hook::{closure#0}
[INFO] [stdout]    4:     0x64692f87e8e9 - std[70759c8f55707aa4]::panicking::default_hook
[INFO] [stdout]    5:     0x64692f71f4a0 - test[9d35eded1c95d3be]::test_main_inner::<test[9d35eded1c95d3be]::test_main_static::{closure#0}>::{closure#0}
[INFO] [stdout]    6:     0x64692f87ec12 - std[70759c8f55707aa4]::panicking::panic_with_hook
[INFO] [stdout]    7:     0x64692f860c62 - std[70759c8f55707aa4]::panicking::panic_handler::{closure#0}
[INFO] [stdout]    8:     0x64692f859799 - std[70759c8f55707aa4]::sys::backtrace::__rust_end_short_backtrace::<std[70759c8f55707aa4]::panicking::panic_handler::{closure#0}, !>
[INFO] [stdout]    9:     0x64692f86194d - __rustc[8fa7c3cbc660c2b3]::rust_begin_unwind
[INFO] [stdout]   10:     0x64692f89e79c - core[df12db4294e9bfd3]::panicking::panic_fmt
[INFO] [stdout]   11:     0x64692f89e572 - core[df12db4294e9bfd3]::result::unwrap_failed
[INFO] [stdout]   12:     0x64692f60be9d - rollblock[279f191558f33de4]::storage::journal::file::tests::truncate_removes_later_chunks
[INFO] [stdout]   13:     0x64692f541d09 - <rollblock[279f191558f33de4]::storage::journal::file::tests::truncate_removes_later_chunks::{closure#0} as core[df12db4294e9bfd3]::ops::function::FnOnce<()>>::call_once
[INFO] [stdout]   14:     0x64692f71278b - test[9d35eded1c95d3be]::__rust_begin_short_backtrace::<core[df12db4294e9bfd3]::result::Result<(), alloc[2182bb758b4b3781]::string::String>, fn() -> core[df12db4294e9bfd3]::result::Result<(), alloc[2182bb758b4b3781]::string::String>>
[INFO] [stdout]   15:     0x64692f71fdf5 - test[9d35eded1c95d3be]::run_test::{closure#0}
[INFO] [stdout]   16:     0x64692f7196b4 - std[70759c8f55707aa4]::sys::backtrace::__rust_begin_short_backtrace::<test[9d35eded1c95d3be]::run_test::{closure#1}, ()>
[INFO] [stdout]   17:     0x64692f722f52 - <std[70759c8f55707aa4]::thread::lifecycle::spawn_unchecked<test[9d35eded1c95d3be]::run_test::{closure#1}, ()>::{closure#1} as core[df12db4294e9bfd3]::ops::function::FnOnce<()>>::call_once::{shim:vtable#0}
[INFO] [stdout]   18:     0x64692f886c39 - <std[70759c8f55707aa4]::sys::thread::unix::Thread>::new::thread_start
[INFO] [stdout]   19:     0x73d5d03dbdfa - <unknown>
[INFO] [stdout]   20:     0x73d5d046f3d4 - clone
[INFO] [stdout]   21:                0x0 - <unknown>
[INFO] [stdout] 
[INFO] [stdout] ---- storage::metadata::lmdb::tests::clone_shares_environment_and_path stdout ----
[INFO] [stdout] 
[INFO] [stdout] thread 'storage::metadata::lmdb::tests::clone_shares_environment_and_path' (2180) panicked at src/storage/metadata/lmdb.rs:626:44:
[INFO] [stdout] called `Result::unwrap()` on an `Err` value: Os { code: 30, kind: ReadOnlyFilesystem, message: "Read-only file system" }
[INFO] [stdout] stack backtrace:
[INFO] [stdout]    0:     0x64692f887591 - <<std[70759c8f55707aa4]::sys::backtrace::BacktraceLock>::print::DisplayBacktrace as core[df12db4294e9bfd3]::fmt::Display>::fmt
[INFO] [stdout]    1:     0x64692f89e03a - core[df12db4294e9bfd3]::fmt::write
[INFO] [stdout]    2:     0x64692f88c14c - <alloc[2182bb758b4b3781]::vec::Vec<u8> as core[df12db4294e9bfd3]::io::write::Write>::write_fmt
[INFO] [stdout]    3:     0x64692f860bb6 - std[70759c8f55707aa4]::panicking::default_hook::{closure#0}
[INFO] [stdout]    4:     0x64692f87e8e9 - std[70759c8f55707aa4]::panicking::default_hook
[INFO] [stdout]    5:     0x64692f71f4a0 - test[9d35eded1c95d3be]::test_main_inner::<test[9d35eded1c95d3be]::test_main_static::{closure#0}>::{closure#0}
[INFO] [stdout]    6:     0x64692f87ec12 - std[70759c8f55707aa4]::panicking::panic_with_hook
[INFO] [stdout]    7:     0x64692f860c62 - std[70759c8f55707aa4]::panicking::panic_handler::{closure#0}
[INFO] [stdout]    8:     0x64692f859799 - std[70759c8f55707aa4]::sys::backtrace::__rust_end_short_backtrace::<std[70759c8f55707aa4]::panicking::panic_handler::{closure#0}, !>
[INFO] [stdout]    9:     0x64692f86194d - __rustc[8fa7c3cbc660c2b3]::rust_begin_unwind
[INFO] [stdout]   10:     0x64692f89e79c - core[df12db4294e9bfd3]::panicking::panic_fmt
[INFO] [stdout]   11:     0x64692f89e572 - core[df12db4294e9bfd3]::result::unwrap_failed
[INFO] [stdout]   12:     0x64692f61cc2c - rollblock[279f191558f33de4]::storage::metadata::lmdb::tests::clone_shares_environment_and_path
[INFO] [stdout]   13:     0x64692f542069 - <rollblock[279f191558f33de4]::storage::metadata::lmdb::tests::clone_shares_environment_and_path::{closure#0} as core[df12db4294e9bfd3]::ops::function::FnOnce<()>>::call_once
[INFO] [stdout]   14:     0x64692f71278b - test[9d35eded1c95d3be]::__rust_begin_short_backtrace::<core[df12db4294e9bfd3]::result::Result<(), alloc[2182bb758b4b3781]::string::String>, fn() -> core[df12db4294e9bfd3]::result::Result<(), alloc[2182bb758b4b3781]::string::String>>
[INFO] [stdout]   15:     0x64692f71fdf5 - test[9d35eded1c95d3be]::run_test::{closure#0}
[INFO] [stdout]   16:     0x64692f7196b4 - std[70759c8f55707aa4]::sys::backtrace::__rust_begin_short_backtrace::<test[9d35eded1c95d3be]::run_test::{closure#1}, ()>
[INFO] [stdout]   17:     0x64692f722f52 - <std[70759c8f55707aa4]::thread::lifecycle::spawn_unchecked<test[9d35eded1c95d3be]::run_test::{closure#1}, ()>::{closure#1} as core[df12db4294e9bfd3]::ops::function::FnOnce<()>>::call_once::{shim:vtable#0}
[INFO] [stdout]   18:     0x64692f886c39 - <std[70759c8f55707aa4]::sys::thread::unix::Thread>::new::thread_start
[INFO] [stdout]   19:     0x73d5d03dbdfa - <unknown>
[INFO] [stdout]   20:     0x73d5d046f3d4 - clone
[INFO] [stdout]   21:                0x0 - <unknown>
[INFO] [stdout] 
[INFO] [stdout] ---- storage::metadata::lmdb::tests::custom_map_size_creates_store stdout ----
[INFO] [stdout] 
[INFO] [stdout] thread 'storage::metadata::lmdb::tests::custom_map_size_creates_store' (2182) panicked at src/storage/metadata/lmdb.rs:649:44:
[INFO] [stdout] called `Result::unwrap()` on an `Err` value: Os { code: 30, kind: ReadOnlyFilesystem, message: "Read-only file system" }
[INFO] [stdout] stack backtrace:
[INFO] [stdout]    0:     0x64692f887591 - <<std[70759c8f55707aa4]::sys::backtrace::BacktraceLock>::print::DisplayBacktrace as core[df12db4294e9bfd3]::fmt::Display>::fmt
[INFO] [stdout]    1:     0x64692f89e03a - core[df12db4294e9bfd3]::fmt::write
[INFO] [stdout]    2:     0x64692f88c14c - <alloc[2182bb758b4b3781]::vec::Vec<u8> as core[df12db4294e9bfd3]::io::write::Write>::write_fmt
[INFO] [stdout]    3:     0x64692f860bb6 - std[70759c8f55707aa4]::panicking::default_hook::{closure#0}
[INFO] [stdout]    4:     0x64692f87e8e9 - std[70759c8f55707aa4]::panicking::default_hook
[INFO] [stdout]    5:     0x64692f71f4a0 - test[9d35eded1c95d3be]::test_main_inner::<test[9d35eded1c95d3be]::test_main_static::{closure#0}>::{closure#0}
[INFO] [stdout]    6:     0x64692f87ec12 - std[70759c8f55707aa4]::panicking::panic_with_hook
[INFO] [stdout]    7:     0x64692f860c62 - std[70759c8f55707aa4]::panicking::panic_handler::{closure#0}
[INFO] [stdout]    8:     0x64692f859799 - std[70759c8f55707aa4]::sys::backtrace::__rust_end_short_backtrace::<std[70759c8f55707aa4]::panicking::panic_handler::{closure#0}, !>
[INFO] [stdout]    9:     0x64692f86194d - __rustc[8fa7c3cbc660c2b3]::rust_begin_unwind
[INFO] [stdout]   10:     0x64692f89e79c - core[df12db4294e9bfd3]::panicking::panic_fmt
[INFO] [stdout]   11:     0x64692f89e572 - core[df12db4294e9bfd3]::result::unwrap_failed
[INFO] [stdout]   12:     0x64692f61b304 - rollblock[279f191558f33de4]::storage::metadata::lmdb::tests::custom_map_size_creates_store
[INFO] [stdout]   13:     0x64692f542009 - <rollblock[279f191558f33de4]::storage::metadata::lmdb::tests::custom_map_size_creates_store::{closure#0} as core[df12db4294e9bfd3]::ops::function::FnOnce<()>>::call_once
[INFO] [stdout]   14:     0x64692f71278b - test[9d35eded1c95d3be]::__rust_begin_short_backtrace::<core[df12db4294e9bfd3]::result::Result<(), alloc[2182bb758b4b3781]::string::String>, fn() -> core[df12db4294e9bfd3]::result::Result<(), alloc[2182bb758b4b3781]::string::String>>
[INFO] [stdout]   15:     0x64692f71fdf5 - test[9d35eded1c95d3be]::run_test::{closure#0}
[INFO] [stdout]   16:     0x64692f7196b4 - std[70759c8f55707aa4]::sys::backtrace::__rust_begin_short_backtrace::<test[9d35eded1c95d3be]::run_test::{closure#1}, ()>
[INFO] [stdout]   17:     0x64692f722f52 - <std[70759c8f55707aa4]::thread::lifecycle::spawn_unchecked<test[9d35eded1c95d3be]::run_test::{closure#1}, ()>::{closure#1} as core[df12db4294e9bfd3]::ops::function::FnOnce<()>>::call_once::{shim:vtable#0}
[INFO] [stdout]   18:     0x64692f886c39 - <std[70759c8f55707aa4]::sys::thread::unix::Thread>::new::thread_start
[INFO] [stdout]   19:     0x73d5d03dbdfa - <unknown>
[INFO] [stdout]   20:     0x73d5d046f3d4 - clone
[INFO] [stdout]   21:                0x0 - <unknown>
[INFO] [stdout] 
[INFO] [stdout] ---- storage::metadata::lmdb::tests::gc_watermark_round_trip stdout ----
[INFO] [stdout] 
[INFO] [stdout] thread 'storage::metadata::lmdb::tests::gc_watermark_round_trip' (2184) panicked at src/storage/metadata/lmdb.rs:559:44:
[INFO] [stdout] called `Result::unwrap()` on an `Err` value: Os { code: 30, kind: ReadOnlyFilesystem, message: "Read-only file system" }
[INFO] [stdout] stack backtrace:
[INFO] [stdout]    0:     0x64692f887591 - <<std[70759c8f55707aa4]::sys::backtrace::BacktraceLock>::print::DisplayBacktrace as core[df12db4294e9bfd3]::fmt::Display>::fmt
[INFO] [stdout]    1:     0x64692f89e03a - core[df12db4294e9bfd3]::fmt::write
[INFO] [stdout]    2:     0x64692f88c14c - <alloc[2182bb758b4b3781]::vec::Vec<u8> as core[df12db4294e9bfd3]::io::write::Write>::write_fmt
[INFO] [stdout]    3:     0x64692f860bb6 - std[70759c8f55707aa4]::panicking::default_hook::{closure#0}
[INFO] [stdout]    4:     0x64692f87e8e9 - std[70759c8f55707aa4]::panicking::default_hook
[INFO] [stdout]    5:     0x64692f71f4a0 - test[9d35eded1c95d3be]::test_main_inner::<test[9d35eded1c95d3be]::test_main_static::{closure#0}>::{closure#0}
[INFO] [stdout]    6:     0x64692f87ec12 - std[70759c8f55707aa4]::panicking::panic_with_hook
[INFO] [stdout]    7:     0x64692f860c62 - std[70759c8f55707aa4]::panicking::panic_handler::{closure#0}
[INFO] [stdout]    8:     0x64692f859799 - std[70759c8f55707aa4]::sys::backtrace::__rust_end_short_backtrace::<std[70759c8f55707aa4]::panicking::panic_handler::{closure#0}, !>
[INFO] [stdout]    9:     0x64692f86194d - __rustc[8fa7c3cbc660c2b3]::rust_begin_unwind
[INFO] [stdout]   10:     0x64692f89e79c - core[df12db4294e9bfd3]::panicking::panic_fmt
[INFO] [stdout]   11:     0x64692f89e572 - core[df12db4294e9bfd3]::result::unwrap_failed
[INFO] [stdout]   12:     0x64692f619603 - rollblock[279f191558f33de4]::storage::metadata::lmdb::tests::gc_watermark_round_trip
[INFO] [stdout]   13:     0x64692f541fa9 - <rollblock[279f191558f33de4]::storage::metadata::lmdb::tests::gc_watermark_round_trip::{closure#0} as core[df12db4294e9bfd3]::ops::function::FnOnce<()>>::call_once
[INFO] [stdout]   14:     0x64692f71278b - test[9d35eded1c95d3be]::__rust_begin_short_backtrace::<core[df12db4294e9bfd3]::result::Result<(), alloc[2182bb758b4b3781]::string::String>, fn() -> core[df12db4294e9bfd3]::result::Result<(), alloc[2182bb758b4b3781]::string::String>>
[INFO] [stdout]   15:     0x64692f71fdf5 - test[9d35eded1c95d3be]::run_test::{closure#0}
[INFO] [stdout]   16:     0x64692f7196b4 - std[70759c8f55707aa4]::sys::backtrace::__rust_begin_short_backtrace::<test[9d35eded1c95d3be]::run_test::{closure#1}, ()>
[INFO] [stdout]   17:     0x64692f722f52 - <std[70759c8f55707aa4]::thread::lifecycle::spawn_unchecked<test[9d35eded1c95d3be]::run_test::{closure#1}, ()>::{closure#1} as core[df12db4294e9bfd3]::ops::function::FnOnce<()>>::call_once::{shim:vtable#0}
[INFO] [stdout]   18:     0x64692f886c39 - <std[70759c8f55707aa4]::sys::thread::unix::Thread>::new::thread_start
[INFO] [stdout]   19:     0x73d5d03dbdfa - <unknown>
[INFO] [stdout]   20:     0x73d5d046f3d4 - clone
[INFO] [stdout]   21:                0x0 - <unknown>
[INFO] [stdout] 
[INFO] [stdout] ---- storage::metadata::lmdb::tests::journal_chunk_size_round_trip stdout ----
[INFO] [stdout] 
[INFO] [stdout] thread 'storage::metadata::lmdb::tests::journal_chunk_size_round_trip' (2185) panicked at src/storage/metadata/lmdb.rs:706:44:
[INFO] [stdout] called `Result::unwrap()` on an `Err` value: Os { code: 30, kind: ReadOnlyFilesystem, message: "Read-only file system" }
[INFO] [stdout] stack backtrace:
[INFO] [stdout]    0:     0x64692f887591 - <<std[70759c8f55707aa4]::sys::backtrace::BacktraceLock>::print::DisplayBacktrace as core[df12db4294e9bfd3]::fmt::Display>::fmt
[INFO] [stdout]    1:     0x64692f89e03a - core[df12db4294e9bfd3]::fmt::write
[INFO] [stdout]    2:     0x64692f88c14c - <alloc[2182bb758b4b3781]::vec::Vec<u8> as core[df12db4294e9bfd3]::io::write::Write>::write_fmt
[INFO] [stdout]    3:     0x64692f860bb6 - std[70759c8f55707aa4]::panicking::default_hook::{closure#0}
[INFO] [stdout]    4:     0x64692f87e8e9 - std[70759c8f55707aa4]::panicking::default_hook
[INFO] [stdout]    5:     0x64692f71f4a0 - test[9d35eded1c95d3be]::test_main_inner::<test[9d35eded1c95d3be]::test_main_static::{closure#0}>::{closure#0}
[INFO] [stdout]    6:     0x64692f87ec12 - std[70759c8f55707aa4]::panicking::panic_with_hook
[INFO] [stdout]    7:     0x64692f860c62 - std[70759c8f55707aa4]::panicking::panic_handler::{closure#0}
[INFO] [stdout]    8:     0x64692f859799 - std[70759c8f55707aa4]::sys::backtrace::__rust_end_short_backtrace::<std[70759c8f55707aa4]::panicking::panic_handler::{closure#0}, !>
[INFO] [stdout]    9:     0x64692f86194d - __rustc[8fa7c3cbc660c2b3]::rust_begin_unwind
[INFO] [stdout]   10:     0x64692f89e79c - core[df12db4294e9bfd3]::panicking::panic_fmt
[INFO] [stdout]   11:     0x64692f89e572 - core[df12db4294e9bfd3]::result::unwrap_failed
[INFO] [stdout]   12:     0x64692f61ba81 - rollblock[279f191558f33de4]::storage::metadata::lmdb::tests::journal_chunk_size_round_trip
[INFO] [stdout]   13:     0x64692f542029 - <rollblock[279f191558f33de4]::storage::metadata::lmdb::tests::journal_chunk_size_round_trip::{closure#0} as core[df12db4294e9bfd3]::ops::function::FnOnce<()>>::call_once
[INFO] [stdout]   14:     0x64692f71278b - test[9d35eded1c95d3be]::__rust_begin_short_backtrace::<core[df12db4294e9bfd3]::result::Result<(), alloc[2182bb758b4b3781]::string::String>, fn() -> core[df12db4294e9bfd3]::result::Result<(), alloc[2182bb758b4b3781]::string::String>>
[INFO] [stdout]   15:     0x64692f71fdf5 - test[9d35eded1c95d3be]::run_test::{closure#0}
[INFO] [stdout]   16:     0x64692f7196b4 - std[70759c8f55707aa4]::sys::backtrace::__rust_begin_short_backtrace::<test[9d35eded1c95d3be]::run_test::{closure#1}, ()>
[INFO] [stdout]   17:     0x64692f722f52 - <std[70759c8f55707aa4]::thread::lifecycle::spawn_unchecked<test[9d35eded1c95d3be]::run_test::{closure#1}, ()>::{closure#1} as core[df12db4294e9bfd3]::ops::function::FnOnce<()>>::call_once::{shim:vtable#0}
[INFO] [stdout]   18:     0x64692f886c39 - <std[70759c8f55707aa4]::sys::thread::unix::Thread>::new::thread_start
[INFO] [stdout]   19:     0x73d5d03dbdfa - <unknown>
[INFO] [stdout]   20:     0x73d5d046f3d4 - clone
[INFO] [stdout]   21:                0x0 - <unknown>
[INFO] [stdout] 
[INFO] [stdout] ---- storage::metadata::lmdb::tests::default_map_size_is_sufficient_for_bitcoin stdout ----
[INFO] [stdout] 
[INFO] [stdout] thread 'storage::metadata::lmdb::tests::default_map_size_is_sufficient_for_bitcoin' (2183) panicked at src/storage/metadata/lmdb.rs:677:44:
[INFO] [stdout] called `Result::unwrap()` on an `Err` value: Os { code: 30, kind: ReadOnlyFilesystem, message: "Read-only file system" }
[INFO] [stdout] stack backtrace:
[INFO] [stdout]    0:     0x64692f887591 - <<std[70759c8f55707aa4]::sys::backtrace::BacktraceLock>::print::DisplayBacktrace as core[df12db4294e9bfd3]::fmt::Display>::fmt
[INFO] [stdout]    1:     0x64692f89e03a - core[df12db4294e9bfd3]::fmt::write
[INFO] [stdout]    2:     0x64692f88c14c - <alloc[2182bb758b4b3781]::vec::Vec<u8> as core[df12db4294e9bfd3]::io::write::Write>::write_fmt
[INFO] [stdout]    3:     0x64692f860bb6 - std[70759c8f55707aa4]::panicking::default_hook::{closure#0}
[INFO] [stdout]    4:     0x64692f87e8e9 - std[70759c8f55707aa4]::panicking::default_hook
[INFO] [stdout]    5:     0x64692f71f4a0 - test[9d35eded1c95d3be]::test_main_inner::<test[9d35eded1c95d3be]::test_main_static::{closure#0}>::{closure#0}
[INFO] [stdout]    6:     0x64692f87ec12 - std[70759c8f55707aa4]::panicking::panic_with_hook
[INFO] [stdout]    7:     0x64692f860c62 - std[70759c8f55707aa4]::panicking::panic_handler::{closure#0}
[INFO] [stdout]    8:     0x64692f859799 - std[70759c8f55707aa4]::sys::backtrace::__rust_end_short_backtrace::<std[70759c8f55707aa4]::panicking::panic_handler::{closure#0}, !>
[INFO] [stdout]    9:     0x64692f86194d - __rustc[8fa7c3cbc660c2b3]::rust_begin_unwind
[INFO] [stdout]   10:     0x64692f89e79c - core[df12db4294e9bfd3]::panicking::panic_fmt
[INFO] [stdout]   11:     0x64692f89e572 - core[df12db4294e9bfd3]::result::unwrap_failed
[INFO] [stdout]   12:     0x64692f61ede1 - rollblock[279f191558f33de4]::storage::metadata::lmdb::tests::default_map_size_is_sufficient_for_bitcoin
[INFO] [stdout]   13:     0x64692f5420e9 - <rollblock[279f191558f33de4]::storage::metadata::lmdb::tests::default_map_size_is_sufficient_for_bitcoin::{closure#0} as core[df12db4294e9bfd3]::ops::function::FnOnce<()>>::call_once
[INFO] [stdout]   14:     0x64692f71278b - test[9d35eded1c95d3be]::__rust_begin_short_backtrace::<core[df12db4294e9bfd3]::result::Result<(), alloc[2182bb758b4b3781]::string::String>, fn() -> core[df12db4294e9bfd3]::result::Result<(), alloc[2182bb758b4b3781]::string::String>>
[INFO] [stdout]   15:     0x64692f71fdf5 - test[9d35eded1c95d3be]::run_test::{closure#0}
[INFO] [stdout]   16:     0x64692f7196b4 - std[70759c8f55707aa4]::sys::backtrace::__rust_begin_short_backtrace::<test[9d35eded1c95d3be]::run_test::{closure#1}, ()>
[INFO] [stdout]   17:     0x64692f722f52 - <std[70759c8f55707aa4]::thread::lifecycle::spawn_unchecked<test[9d35eded1c95d3be]::run_test::{closure#1}, ()>::{closure#1} as core[df12db4294e9bfd3]::ops::function::FnOnce<()>>::call_once::{shim:vtable#0}
[INFO] [stdout]   18:     0x64692f886c39 - <std[70759c8f55707aa4]::sys::thread::unix::Thread>::new::thread_start
[INFO] [stdout]   19:     0x73d5d03dbdfa - <unknown>
[INFO] [stdout]   20:     0x73d5d046f3d4 - clone
[INFO] [stdout]   21:                0x0 - <unknown>
[INFO] [stdout] 
[INFO] [stdout] ---- storage::metadata::lmdb::tests::journal_offsets_invalid_range_errors stdout ----
[INFO] [stdout] 
[INFO] [stdout] thread 'storage::metadata::lmdb::tests::journal_offsets_invalid_range_errors' (2186) panicked at src/storage/metadata/lmdb.rs:607:44:
[INFO] [stdout] called `Result::unwrap()` on an `Err` value: Os { code: 30, kind: ReadOnlyFilesystem, message: "Read-only file system" }
[INFO] [stdout] stack backtrace:
[INFO] [stdout]    0:     0x64692f887591 - <<std[70759c8f55707aa4]::sys::backtrace::BacktraceLock>::print::DisplayBacktrace as core[df12db4294e9bfd3]::fmt::Display>::fmt
[INFO] [stdout]    1:     0x64692f89e03a - core[df12db4294e9bfd3]::fmt::write
[INFO] [stdout]    2:     0x64692f88c14c - <alloc[2182bb758b4b3781]::vec::Vec<u8> as core[df12db4294e9bfd3]::io::write::Write>::write_fmt
[INFO] [stdout]    3:     0x64692f860bb6 - std[70759c8f55707aa4]::panicking::default_hook::{closure#0}
[INFO] [stdout]    4:     0x64692f87e8e9 - std[70759c8f55707aa4]::panicking::default_hook
[INFO] [stdout]    5:     0x64692f71f4a0 - test[9d35eded1c95d3be]::test_main_inner::<test[9d35eded1c95d3be]::test_main_static::{closure#0}>::{closure#0}
[INFO] [stdout]    6:     0x64692f87ec12 - std[70759c8f55707aa4]::panicking::panic_with_hook
[INFO] [stdout]    7:     0x64692f860c62 - std[70759c8f55707aa4]::panicking::panic_handler::{closure#0}
[INFO] [stdout]    8:     0x64692f859799 - std[70759c8f55707aa4]::sys::backtrace::__rust_end_short_backtrace::<std[70759c8f55707aa4]::panicking::panic_handler::{closure#0}, !>
[INFO] [stdout]    9:     0x64692f86194d - __rustc[8fa7c3cbc660c2b3]::rust_begin_unwind
[INFO] [stdout]   10:     0x64692f89e79c - core[df12db4294e9bfd3]::panicking::panic_fmt
[INFO] [stdout]   11:     0x64692f89e572 - core[df12db4294e9bfd3]::result::unwrap_failed
[INFO] [stdout]   12:     0x64692f61dda7 - rollblock[279f191558f33de4]::storage::metadata::lmdb::tests::journal_offsets_invalid_range_errors
[INFO] [stdout]   13:     0x64692f5420a9 - <rollblock[279f191558f33de4]::storage::metadata::lmdb::tests::journal_offsets_invalid_range_errors::{closure#0} as core[df12db4294e9bfd3]::ops::function::FnOnce<()>>::call_once
[INFO] [stdout]   14:     0x64692f71278b - test[9d35eded1c95d3be]::__rust_begin_short_backtrace::<core[df12db4294e9bfd3]::result::Result<(), alloc[2182bb758b4b3781]::string::String>, fn() -> core[df12db4294e9bfd3]::result::Result<(), alloc[2182bb758b4b3781]::string::String>>
[INFO] [stdout]   15:     0x64692f71fdf5 - test[9d35eded1c95d3be]::run_test::{closure#0}
[INFO] [stdout]   16:     0x64692f7196b4 - std[70759c8f55707aa4]::sys::backtrace::__rust_begin_short_backtrace::<test[9d35eded1c95d3be]::run_test::{closure#1}, ()>
[INFO] [stdout]   17:     0x64692f722f52 - <std[70759c8f55707aa4]::thread::lifecycle::spawn_unchecked<test[9d35eded1c95d3be]::run_test::{closure#1}, ()>::{closure#1} as core[df12db4294e9bfd3]::ops::function::FnOnce<()>>::call_once::{shim:vtable#0}
[INFO] [stdout]   18:     0x64692f886c39 - <std[70759c8f55707aa4]::sys::thread::unix::Thread>::new::thread_start
[INFO] [stdout]   19:     0x73d5d03dbdfa - <unknown>
[INFO] [stdout]   20:     0x73d5d046f3d4 - clone
[INFO] [stdout]   21:                0x0 - <unknown>
[INFO] [stdout] 
[INFO] [stdout] ---- storage::metadata::lmdb::tests::journal_offsets_round_trip stdout ----
[INFO] [stdout] 
[INFO] [stdout] thread 'storage::metadata::lmdb::tests::journal_offsets_round_trip' (2187) panicked at src/storage/metadata/lmdb.rs:489:44:
[INFO] [stdout] called `Result::unwrap()` on an `Err` value: Os { code: 30, kind: ReadOnlyFilesystem, message: "Read-only file system" }
[INFO] [stdout] stack backtrace:
[INFO] [stdout]    0:     0x64692f887591 - <<std[70759c8f55707aa4]::sys::backtrace::BacktraceLock>::print::DisplayBacktrace as core[df12db4294e9bfd3]::fmt::Display>::fmt
[INFO] [stdout]    1:     0x64692f89e03a - core[df12db4294e9bfd3]::fmt::write
[INFO] [stdout]    2:     0x64692f88c14c - <alloc[2182bb758b4b3781]::vec::Vec<u8> as core[df12db4294e9bfd3]::io::write::Write>::write_fmt
[INFO] [stdout]    3:     0x64692f860bb6 - std[70759c8f55707aa4]::panicking::default_hook::{closure#0}
[INFO] [stdout]    4:     0x64692f87e8e9 - std[70759c8f55707aa4]::panicking::default_hook
[INFO] [stdout]    5:     0x64692f71f4a0 - test[9d35eded1c95d3be]::test_main_inner::<test[9d35eded1c95d3be]::test_main_static::{closure#0}>::{closure#0}
[INFO] [stdout]    6:     0x64692f87ec12 - std[70759c8f55707aa4]::panicking::panic_with_hook
[INFO] [stdout]    7:     0x64692f860c62 - std[70759c8f55707aa4]::panicking::panic_handler::{closure#0}
[INFO] [stdout]    8:     0x64692f859799 - std[70759c8f55707aa4]::sys::backtrace::__rust_end_short_backtrace::<std[70759c8f55707aa4]::panicking::panic_handler::{closure#0}, !>
[INFO] [stdout]    9:     0x64692f86194d - __rustc[8fa7c3cbc660c2b3]::rust_begin_unwind
[INFO] [stdout]   10:     0x64692f89e79c - core[df12db4294e9bfd3]::panicking::panic_fmt
[INFO] [stdout]   11:     0x64692f89e572 - core[df12db4294e9bfd3]::result::unwrap_failed
[INFO] [stdout]   12:     0x64692f61aa79 - rollblock[279f191558f33de4]::storage::metadata::lmdb::tests::journal_offsets_round_trip
[INFO] [stdout]   13:     0x64692f541fe9 - <rollblock[279f191558f33de4]::storage::metadata::lmdb::tests::journal_offsets_round_trip::{closure#0} as core[df12db4294e9bfd3]::ops::function::FnOnce<()>>::call_once
[INFO] [stdout]   14:     0x64692f71278b - test[9d35eded1c95d3be]::__rust_begin_short_backtrace::<core[df12db4294e9bfd3]::result::Result<(), alloc[2182bb758b4b3781]::string::String>, fn() -> core[df12db4294e9bfd3]::result::Result<(), alloc[2182bb758b4b3781]::string::String>>
[INFO] [stdout]   15:     0x64692f71fdf5 - test[9d35eded1c95d3be]::run_test::{closure#0}
[INFO] [stdout]   16:     0x64692f7196b4 - std[70759c8f55707aa4]::sys::backtrace::__rust_begin_short_backtrace::<test[9d35eded1c95d3be]::run_test::{closure#1}, ()>
[INFO] [stdout]   17:     0x64692f722f52 - <std[70759c8f55707aa4]::thread::lifecycle::spawn_unchecked<test[9d35eded1c95d3be]::run_test::{closure#1}, ()>::{closure#1} as core[df12db4294e9bfd3]::ops::function::FnOnce<()>>::call_once::{shim:vtable#0}
[INFO] [stdout]   18:     0x64692f886c39 - <std[70759c8f55707aa4]::sys::thread::unix::Thread>::new::thread_start
[INFO] [stdout]   19:     0x73d5d03dbdfa - <unknown>
[INFO] [stdout]   20:     0x73d5d046f3d4 - clone
[INFO] [stdout]   21:                0x0 - <unknown>
[INFO] [stdout] 
[INFO] [stdout] ---- storage::metadata::lmdb::tests::snapshot_watermark_round_trip stdout ----
[INFO] [stdout] 
[INFO] [stdout] thread 'storage::metadata::lmdb::tests::snapshot_watermark_round_trip' (2190) panicked at src/storage/metadata/lmdb.rs:595:44:
[INFO] [stdout] called `Result::unwrap()` on an `Err` value: Os { code: 30, kind: ReadOnlyFilesystem, message: "Read-only file system" }
[INFO] [stdout] stack backtrace:
[INFO] [stdout]    0:     0x64692f887591 - <<std[70759c8f55707aa4]::sys::backtrace::BacktraceLock>::print::DisplayBacktrace as core[df12db4294e9bfd3]::fmt::Display>::fmt
[INFO] [stdout]    1:     0x64692f89e03a - core[df12db4294e9bfd3]::fmt::write
[INFO] [stdout]    2:     0x64692f88c14c - <alloc[2182bb758b4b3781]::vec::Vec<u8> as core[df12db4294e9bfd3]::io::write::Write>::write_fmt
[INFO] [stdout]    3:     0x64692f860bb6 - std[70759c8f55707aa4]::panicking::default_hook::{closure#0}
[INFO] [stdout]    4:     0x64692f87e8e9 - std[70759c8f55707aa4]::panicking::default_hook
[INFO] [stdout]    5:     0x64692f71f4a0 - test[9d35eded1c95d3be]::test_main_inner::<test[9d35eded1c95d3be]::test_main_static::{closure#0}>::{closure#0}
[INFO] [stdout]    6:     0x64692f87ec12 - std[70759c8f55707aa4]::panicking::panic_with_hook
[INFO] [stdout]    7:     0x64692f860c62 - std[70759c8f55707aa4]::panicking::panic_handler::{closure#0}
[INFO] [stdout]    8:     0x64692f859799 - std[70759c8f55707aa4]::sys::backtrace::__rust_end_short_backtrace::<std[70759c8f55707aa4]::panicking::panic_handler::{closure#0}, !>
[INFO] [stdout]    9:     0x64692f86194d - __rustc[8fa7c3cbc660c2b3]::rust_begin_unwind
[INFO] [stdout]   10:     0x64692f89e79c - core[df12db4294e9bfd3]::panicking::panic_fmt
[INFO] [stdout]   11:     0x64692f89e572 - core[df12db4294e9bfd3]::result::unwrap_failed
[INFO] [stdout]   12:     0x64692f61c116 - rollblock[279f191558f33de4]::storage::metadata::lmdb::tests::snapshot_watermark_round_trip
[INFO] [stdout]   13:     0x64692f542049 - <rollblock[279f191558f33de4]::storage::metadata::lmdb::tests::snapshot_watermark_round_trip::{closure#0} as core[df12db4294e9bfd3]::ops::function::FnOnce<()>>::call_once
[INFO] [stdout]   14:     0x64692f71278b - test[9d35eded1c95d3be]::__rust_begin_short_backtrace::<core[df12db4294e9bfd3]::result::Result<(), alloc[2182bb758b4b3781]::string::String>, fn() -> core[df12db4294e9bfd3]::result::Result<(), alloc[2182bb758b4b3781]::string::String>>
[INFO] [stdout]   15:     0x64692f71fdf5 - test[9d35eded1c95d3be]::run_test::{closure#0}
[INFO] [stdout]   16:     0x64692f7196b4 - std[70759c8f55707aa4]::sys::backtrace::__rust_begin_short_backtrace::<test[9d35eded1c95d3be]::run_test::{closure#1}, ()>
[INFO] [stdout]   17:     0x64692f722f52 - <std[70759c8f55707aa4]::thread::lifecycle::spawn_unchecked<test[9d35eded1c95d3be]::run_test::{closure#1}, ()>::{closure#1} as core[df12db4294e9bfd3]::ops::function::FnOnce<()>>::call_once::{shim:vtable#0}
[INFO] [stdout]   18:     0x64692f886c39 - <std[70759c8f55707aa4]::sys::thread::unix::Thread>::new::thread_start
[INFO] [stdout]   19:     0x73d5d03dbdfa - <unknown>
[INFO] [stdout]   20:     0x73d5d046f3d4 - clone
[INFO] [stdout]   21:                0x0 - <unknown>
[INFO] [stdout] 
[INFO] [stdout] ---- storage::metadata::lmdb::tests::prune_journal_offsets_removes_range stdout ----
[INFO] [stdout] 
[INFO] [stdout] thread 'storage::metadata::lmdb::tests::prune_journal_offsets_removes_range' (2188) panicked at src/storage/metadata/lmdb.rs:536:44:
[INFO] [stdout] called `Result::unwrap()` on an `Err` value: Os { code: 30, kind: ReadOnlyFilesystem, message: "Read-only file system" }
[INFO] [stdout] stack backtrace:
[INFO] [stdout]    0:     0x64692f887591 - <<std[70759c8f55707aa4]::sys::backtrace::BacktraceLock>::print::DisplayBacktrace as core[df12db4294e9bfd3]::fmt::Display>::fmt
[INFO] [stdout]    1:     0x64692f89e03a - core[df12db4294e9bfd3]::fmt::write
[INFO] [stdout]    2:     0x64692f88c14c - <alloc[2182bb758b4b3781]::vec::Vec<u8> as core[df12db4294e9bfd3]::io::write::Write>::write_fmt
[INFO] [stdout]    3:     0x64692f860bb6 - std[70759c8f55707aa4]::panicking::default_hook::{closure#0}
[INFO] [stdout]    4:     0x64692f87e8e9 - std[70759c8f55707aa4]::panicking::default_hook
[INFO] [stdout]    5:     0x64692f71f4a0 - test[9d35eded1c95d3be]::test_main_inner::<test[9d35eded1c95d3be]::test_main_static::{closure#0}>::{closure#0}
[INFO] [stdout]    6:     0x64692f87ec12 - std[70759c8f55707aa4]::panicking::panic_with_hook
[INFO] [stdout]    7:     0x64692f860c62 - std[70759c8f55707aa4]::panicking::panic_handler::{closure#0}
[INFO] [stdout]    8:     0x64692f859799 - std[70759c8f55707aa4]::sys::backtrace::__rust_end_short_backtrace::<std[70759c8f55707aa4]::panicking::panic_handler::{closure#0}, !>
[INFO] [stdout]    9:     0x64692f86194d - __rustc[8fa7c3cbc660c2b3]::rust_begin_unwind
[INFO] [stdout]   10:     0x64692f89e79c - core[df12db4294e9bfd3]::panicking::panic_fmt
[INFO] [stdout]   11:     0x64692f89e572 - core[df12db4294e9bfd3]::result::unwrap_failed
[INFO] [stdout]   12:     0x64692f61d6ed - rollblock[279f191558f33de4]::storage::metadata::lmdb::tests::prune_journal_offsets_removes_range
[INFO] [stdout]   13:     0x64692f542089 - <rollblock[279f191558f33de4]::storage::metadata::lmdb::tests::prune_journal_offsets_removes_range::{closure#0} as core[df12db4294e9bfd3]::ops::function::FnOnce<()>>::call_once
[INFO] [stdout]   14:     0x64692f71278b - test[9d35eded1c95d3be]::__rust_begin_short_backtrace::<core[df12db4294e9bfd3]::result::Result<(), alloc[2182bb758b4b3781]::string::String>, fn() -> core[df12db4294e9bfd3]::result::Result<(), alloc[2182bb758b4b3781]::string::String>>
[INFO] [stdout]   15:     0x64692f71fdf5 - test[9d35eded1c95d3be]::run_test::{closure#0}
[INFO] [stdout]   16:     0x64692f7196b4 - std[70759c8f55707aa4]::sys::backtrace::__rust_begin_short_backtrace::<test[9d35eded1c95d3be]::run_test::{closure#1}, ()>
[INFO] [stdout]   17:     0x64692f722f52 - <std[70759c8f55707aa4]::thread::lifecycle::spawn_unchecked<test[9d35eded1c95d3be]::run_test::{closure#1}, ()>::{closure#1} as core[df12db4294e9bfd3]::ops::function::FnOnce<()>>::call_once::{shim:vtable#0}
[INFO] [stdout]   18:     0x64692f886c39 - <std[70759c8f55707aa4]::sys::thread::unix::Thread>::new::thread_start
[INFO] [stdout]   19:     0x73d5d03dbdfa - <unknown>
[INFO] [stdout]   20:     0x73d5d046f3d4 - clone
[INFO] [stdout]   21:                0x0 - <unknown>
[INFO] [stdout] 
[INFO] [stdout] ---- storage::metadata::lmdb::tests::pruning_config_round_trip stdout ----
[INFO] [stdout] 
[INFO] [stdout] thread 'storage::metadata::lmdb::tests::pruning_config_round_trip' (2189) panicked at src/storage/metadata/lmdb.rs:516:44:
[INFO] [stdout] called `Result::unwrap()` on an `Err` value: Os { code: 30, kind: ReadOnlyFilesystem, message: "Read-only file system" }
[INFO] [stdout] stack backtrace:
[INFO] [stdout]    0:     0x64692f887591 - <<std[70759c8f55707aa4]::sys::backtrace::BacktraceLock>::print::DisplayBacktrace as core[df12db4294e9bfd3]::fmt::Display>::fmt
[INFO] [stdout]    1:     0x64692f89e03a - core[df12db4294e9bfd3]::fmt::write
[INFO] [stdout]    2:     0x64692f88c14c - <alloc[2182bb758b4b3781]::vec::Vec<u8> as core[df12db4294e9bfd3]::io::write::Write>::write_fmt
[INFO] [stdout]    3:     0x64692f860bb6 - std[70759c8f55707aa4]::panicking::default_hook::{closure#0}
[INFO] [stdout]    4:     0x64692f87e8e9 - std[70759c8f55707aa4]::panicking::default_hook
[INFO] [stdout]    5:     0x64692f71f4a0 - test[9d35eded1c95d3be]::test_main_inner::<test[9d35eded1c95d3be]::test_main_static::{closure#0}>::{closure#0}
[INFO] [stdout]    6:     0x64692f87ec12 - std[70759c8f55707aa4]::panicking::panic_with_hook
[INFO] [stdout]    7:     0x64692f860c62 - std[70759c8f55707aa4]::panicking::panic_handler::{closure#0}
[INFO] [stdout]    8:     0x64692f859799 - std[70759c8f55707aa4]::sys::backtrace::__rust_end_short_backtrace::<std[70759c8f55707aa4]::panicking::panic_handler::{closure#0}, !>
[INFO] [stdout]    9:     0x64692f86194d - __rustc[8fa7c3cbc660c2b3]::rust_begin_unwind
[INFO] [stdout]   10:     0x64692f89e79c - core[df12db4294e9bfd3]::panicking::panic_fmt
[INFO] [stdout]   11:     0x64692f89e572 - core[df12db4294e9bfd3]::result::unwrap_failed
[INFO] [stdout]   12:     0x64692f61a07d - rollblock[279f191558f33de4]::storage::metadata::lmdb::tests::pruning_config_round_trip
[INFO] [stdout]   13:     0x64692f541fc9 - <rollblock[279f191558f33de4]::storage::metadata::lmdb::tests::pruning_config_round_trip::{closure#0} as core[df12db4294e9bfd3]::ops::function::FnOnce<()>>::call_once
[INFO] [stdout]   14:     0x64692f71278b - test[9d35eded1c95d3be]::__rust_begin_short_backtrace::<core[df12db4294e9bfd3]::result::Result<(), alloc[2182bb758b4b3781]::string::String>, fn() -> core[df12db4294e9bfd3]::result::Result<(), alloc[2182bb758b4b3781]::string::String>>
[INFO] [stdout]   15:     0x64692f71fdf5 - test[9d35eded1c95d3be]::run_test::{closure#0}
[INFO] [stdout]   16:     0x64692f7196b4 - std[70759c8f55707aa4]::sys::backtrace::__rust_begin_short_backtrace::<test[9d35eded1c95d3be]::run_test::{closure#1}, ()>
[INFO] [stdout]   17:     0x64692f722f52 - <std[70759c8f55707aa4]::thread::lifecycle::spawn_unchecked<test[9d35eded1c95d3be]::run_test::{closure#1}, ()>::{closure#1} as core[df12db4294e9bfd3]::ops::function::FnOnce<()>>::call_once::{shim:vtable#0}
[INFO] [stdout]   18:     0x64692f886c39 - <std[70759c8f55707aa4]::sys::thread::unix::Thread>::new::thread_start
[INFO] [stdout]   19:     0x73d5d03dbdfa - <unknown>
[INFO] [stdout]   20:     0x73d5d046f3d4 - clone
[INFO] [stdout]   21:                0x0 - <unknown>
[INFO] [stdout] 
[INFO] [stdout] ---- storage::snapshot::tests::create_and_load_snapshot_with_data stdout ----
[INFO] [stdout] 
[INFO] [stdout] thread 'storage::snapshot::tests::create_and_load_snapshot_with_data' (2191) panicked at src/storage/snapshot.rs:263:49:
[INFO] [stdout] called `Result::unwrap()` on an `Err` value: Os { code: 30, kind: ReadOnlyFilesystem, message: "Read-only file system" }
[INFO] [stdout] stack backtrace:
[INFO] [stdout]    0:     0x64692f887591 - <<std[70759c8f55707aa4]::sys::backtrace::BacktraceLock>::print::DisplayBacktrace as core[df12db4294e9bfd3]::fmt::Display>::fmt
[INFO] [stdout]    1:     0x64692f89e03a - core[df12db4294e9bfd3]::fmt::write
[INFO] [stdout]    2:     0x64692f88c14c - <alloc[2182bb758b4b3781]::vec::Vec<u8> as core[df12db4294e9bfd3]::io::write::Write>::write_fmt
[INFO] [stdout]    3:     0x64692f860bb6 - std[70759c8f55707aa4]::panicking::default_hook::{closure#0}
[INFO] [stdout]    4:     0x64692f87e8e9 - std[70759c8f55707aa4]::panicking::default_hook
[INFO] [stdout]    5:     0x64692f71f4a0 - test[9d35eded1c95d3be]::test_main_inner::<test[9d35eded1c95d3be]::test_main_static::{closure#0}>::{closure#0}
[INFO] [stdout]    6:     0x64692f87ec12 - std[70759c8f55707aa4]::panicking::panic_with_hook
[INFO] [stdout]    7:     0x64692f860c62 - std[70759c8f55707aa4]::panicking::panic_handler::{closure#0}
[INFO] [stdout]    8:     0x64692f859799 - std[70759c8f55707aa4]::sys::backtrace::__rust_end_short_backtrace::<std[70759c8f55707aa4]::panicking::panic_handler::{closure#0}, !>
[INFO] [stdout]    9:     0x64692f86194d - __rustc[8fa7c3cbc660c2b3]::rust_begin_unwind
[INFO] [stdout]   10:     0x64692f89e79c - core[df12db4294e9bfd3]::panicking::panic_fmt
[INFO] [stdout]   11:     0x64692f89e572 - core[df12db4294e9bfd3]::result::unwrap_failed
[INFO] [stdout]   12:     0x64692f600888 - rollblock[279f191558f33de4]::storage::snapshot::tests::create_and_load_snapshot_with_data
[INFO] [stdout]   13:     0x64692f540f29 - <rollblock[279f191558f33de4]::storage::snapshot::tests::create_and_load_snapshot_with_data::{closure#0} as core[df12db4294e9bfd3]::ops::function::FnOnce<()>>::call_once
[INFO] [stdout]   14:     0x64692f71278b - test[9d35eded1c95d3be]::__rust_begin_short_backtrace::<core[df12db4294e9bfd3]::result::Result<(), alloc[2182bb758b4b3781]::string::String>, fn() -> core[df12db4294e9bfd3]::result::Result<(), alloc[2182bb758b4b3781]::string::String>>
[INFO] [stdout]   15:     0x64692f71fdf5 - test[9d35eded1c95d3be]::run_test::{closure#0}
[INFO] [stdout]   16:     0x64692f7196b4 - std[70759c8f55707aa4]::sys::backtrace::__rust_begin_short_backtrace::<test[9d35eded1c95d3be]::run_test::{closure#1}, ()>
[INFO] [stdout]   17:     0x64692f722f52 - <std[70759c8f55707aa4]::thread::lifecycle::spawn_unchecked<test[9d35eded1c95d3be]::run_test::{closure#1}, ()>::{closure#1} as core[df12db4294e9bfd3]::ops::function::FnOnce<()>>::call_once::{shim:vtable#0}
[INFO] [stdout]   18:     0x64692f886c39 - <std[70759c8f55707aa4]::sys::thread::unix::Thread>::new::thread_start
[INFO] [stdout]   19:     0x73d5d03dbdfa - <unknown>
[INFO] [stdout]   20:     0x73d5d046f3d4 - clone
[INFO] [stdout]   21:                0x0 - <unknown>
[INFO] [stdout] 
[INFO] [stdout] ---- storage::snapshot::tests::create_and_load_snapshot_with_empty_shards stdout ----
[INFO] [stdout] 
[INFO] [stdout] thread 'storage::snapshot::tests::create_and_load_snapshot_with_empty_shards' (2192) panicked at src/storage/snapshot.rs:110:49:
[INFO] [stdout] called `Result::unwrap()` on an `Err` value: Os { code: 30, kind: ReadOnlyFilesystem, message: "Read-only file system" }
[INFO] [stdout] stack backtrace:
[INFO] [stdout]    0:     0x64692f887591 - <<std[70759c8f55707aa4]::sys::backtrace::BacktraceLock>::print::DisplayBacktrace as core[df12db4294e9bfd3]::fmt::Display>::fmt
[INFO] [stdout]    1:     0x64692f89e03a - core[df12db4294e9bfd3]::fmt::write
[INFO] [stdout]    2:     0x64692f88c14c - <alloc[2182bb758b4b3781]::vec::Vec<u8> as core[df12db4294e9bfd3]::io::write::Write>::write_fmt
[INFO] [stdout]    3:     0x64692f860bb6 - std[70759c8f55707aa4]::panicking::default_hook::{closure#0}
[INFO] [stdout]    4:     0x64692f87e8e9 - std[70759c8f55707aa4]::panicking::default_hook
[INFO] [stdout]    5:     0x64692f71f4a0 - test[9d35eded1c95d3be]::test_main_inner::<test[9d35eded1c95d3be]::test_main_static::{closure#0}>::{closure#0}
[INFO] [stdout]    6:     0x64692f87ec12 - std[70759c8f55707aa4]::panicking::panic_with_hook
[INFO] [stdout]    7:     0x64692f860c62 - std[70759c8f55707aa4]::panicking::panic_handler::{closure#0}
[INFO] [stdout]    8:     0x64692f859799 - std[70759c8f55707aa4]::sys::backtrace::__rust_end_short_backtrace::<std[70759c8f55707aa4]::panicking::panic_handler::{closure#0}, !>
[INFO] [stdout]    9:     0x64692f86194d - __rustc[8fa7c3cbc660c2b3]::rust_begin_unwind
[INFO] [stdout]   10:     0x64692f89e79c - core[df12db4294e9bfd3]::panicking::panic_fmt
[INFO] [stdout]   11:     0x64692f89e572 - core[df12db4294e9bfd3]::result::unwrap_failed
[INFO] [stdout]   12:     0x64692f604065 - rollblock[279f191558f33de4]::storage::snapshot::tests::create_and_load_snapshot_with_empty_shards
[INFO] [stdout]   13:     0x64692f540fc9 - <rollblock[279f191558f33de4]::storage::snapshot::tests::create_and_load_snapshot_with_empty_shards::{closure#0} as core[df12db4294e9bfd3]::ops::function::FnOnce<()>>::call_once
[INFO] [stdout]   14:     0x64692f71278b - test[9d35eded1c95d3be]::__rust_begin_short_backtrace::<core[df12db4294e9bfd3]::result::Result<(), alloc[2182bb758b4b3781]::string::String>, fn() -> core[df12db4294e9bfd3]::result::Result<(), alloc[2182bb758b4b3781]::string::String>>
[INFO] [stdout]   15:     0x64692f71fdf5 - test[9d35eded1c95d3be]::run_test::{closure#0}
[INFO] [stdout]   16:     0x64692f7196b4 - std[70759c8f55707aa4]::sys::backtrace::__rust_begin_short_backtrace::<test[9d35eded1c95d3be]::run_test::{closure#1}, ()>
[INFO] [stdout]   17:     0x64692f722f52 - <std[70759c8f55707aa4]::thread::lifecycle::spawn_unchecked<test[9d35eded1c95d3be]::run_test::{closure#1}, ()>::{closure#1} as core[df12db4294e9bfd3]::ops::function::FnOnce<()>>::call_once::{shim:vtable#0}
[INFO] [stdout]   18:     0x64692f886c39 - <std[70759c8f55707aa4]::sys::thread::unix::Thread>::new::thread_start
[INFO] [stdout]   19:     0x73d5d03dbdfa - <unknown>
[INFO] [stdout]   20:     0x73d5d046f3d4 - clone
[INFO] [stdout]   21:                0x0 - <unknown>
[INFO] [stdout] 
[INFO] [stdout] ---- storage::snapshot::tests::prune_snapshots_after_removes_newer_files stdout ----
[INFO] [stdout] 
[INFO] [stdout] thread 'storage::snapshot::tests::prune_snapshots_after_removes_newer_files' (2197) panicked at src/storage/snapshot.rs:452:49:
[INFO] [stdout] called `Result::unwrap()` on an `Err` value: Os { code: 30, kind: ReadOnlyFilesystem, message: "Read-only file system" }
[INFO] [stdout] stack backtrace:
[INFO] [stdout]    0:     0x64692f887591 - <<std[70759c8f55707aa4]::sys::backtrace::BacktraceLock>::print::DisplayBacktrace as core[df12db4294e9bfd3]::fmt::Display>::fmt
[INFO] [stdout]    1:     0x64692f89e03a - core[df12db4294e9bfd3]::fmt::write
[INFO] [stdout]    2:     0x64692f88c14c - <alloc[2182bb758b4b3781]::vec::Vec<u8> as core[df12db4294e9bfd3]::io::write::Write>::write_fmt
[INFO] [stdout]    3:     0x64692f860bb6 - std[70759c8f55707aa4]::panicking::default_hook::{closure#0}
[INFO] [stdout]    4:     0x64692f87e8e9 - std[70759c8f55707aa4]::panicking::default_hook
[INFO] [stdout]    5:     0x64692f71f4a0 - test[9d35eded1c95d3be]::test_main_inner::<test[9d35eded1c95d3be]::test_main_static::{closure#0}>::{closure#0}
[INFO] [stdout]    6:     0x64692f87ec12 - std[70759c8f55707aa4]::panicking::panic_with_hook
[INFO] [stdout]    7:     0x64692f860c62 - std[70759c8f55707aa4]::panicking::panic_handler::{closure#0}
[INFO] [stdout]    8:     0x64692f859799 - std[70759c8f55707aa4]::sys::backtrace::__rust_end_short_backtrace::<std[70759c8f55707aa4]::panicking::panic_handler::{closure#0}, !>
[INFO] [stdout]    9:     0x64692f86194d - __rustc[8fa7c3cbc660c2b3]::rust_begin_unwind
[INFO] [stdout]   10:     0x64692f89e79c - core[df12db4294e9bfd3]::panicking::panic_fmt
[INFO] [stdout]   11:     0x64692f89e572 - core[df12db4294e9bfd3]::result::unwrap_failed
[INFO] [stdout]   12:     0x64692f6037ad - rollblock[279f191558f33de4]::storage::snapshot::tests::prune_snapshots_after_removes_newer_files
[INFO] [stdout]   13:     0x64692f540fa9 - <rollblock[279f191558f33de4]::storage::snapshot::tests::prune_snapshots_after_removes_newer_files::{closure#0} as core[df12db4294e9bfd3]::ops::function::FnOnce<()>>::call_once
[INFO] [stdout]   14:     0x64692f71278b - test[9d35eded1c95d3be]::__rust_begin_short_backtrace::<core[df12db4294e9bfd3]::result::Result<(), alloc[2182bb758b4b3781]::string::String>, fn() -> core[df12db4294e9bfd3]::result::Result<(), alloc[2182bb758b4b3781]::string::String>>
[INFO] [stdout]   15:     0x64692f71fdf5 - test[9d35eded1c95d3be]::run_test::{closure#0}
[INFO] [stdout]   16:     0x64692f7196b4 - std[70759c8f55707aa4]::sys::backtrace::__rust_begin_short_backtrace::<test[9d35eded1c95d3be]::run_test::{closure#1}, ()>
[INFO] [stdout]   17:     0x64692f722f52 - <std[70759c8f55707aa4]::thread::lifecycle::spawn_unchecked<test[9d35eded1c95d3be]::run_test::{closure#1}, ()>::{closure#1} as core[df12db4294e9bfd3]::ops::function::FnOnce<()>>::call_once::{shim:vtable#0}
[INFO] [stdout]   18:     0x64692f886c39 - <std[70759c8f55707aa4]::sys::thread::unix::Thread>::new::thread_start
[INFO] [stdout]   19:     0x73d5d03dbdfa - <unknown>
[INFO] [stdout]   20:     0x73d5d046f3d4 - clone
[INFO] [stdout]   21:                0x0 - <unknown>
[INFO] [stdout] 
[INFO] [stdout] ---- storage::snapshot::tests::snapshot_file_format_is_correct stdout ----
[INFO] [stdout] 
[INFO] [stdout] thread 'storage::snapshot::tests::snapshot_file_format_is_correct' (2198) panicked at src/storage/snapshot.rs:409:49:
[INFO] [stdout] called `Result::unwrap()` on an `Err` value: Os { code: 30, kind: ReadOnlyFilesystem, message: "Read-only file system" }
[INFO] [stdout] stack backtrace:
[INFO] [stdout]    0:     0x64692f887591 - <<std[70759c8f55707aa4]::sys::backtrace::BacktraceLock>::print::DisplayBacktrace as core[df12db4294e9bfd3]::fmt::Display>::fmt
[INFO] [stdout]    1:     0x64692f89e03a - core[df12db4294e9bfd3]::fmt::write
[INFO] [stdout]    2:     0x64692f88c14c - <alloc[2182bb758b4b3781]::vec::Vec<u8> as core[df12db4294e9bfd3]::io::write::Write>::write_fmt
[INFO] [stdout]    3:     0x64692f860bb6 - std[70759c8f55707aa4]::panicking::default_hook::{closure#0}
[INFO] [stdout]    4:     0x64692f87e8e9 - std[70759c8f55707aa4]::panicking::default_hook
[INFO] [stdout]    5:     0x64692f71f4a0 - test[9d35eded1c95d3be]::test_main_inner::<test[9d35eded1c95d3be]::test_main_static::{closure#0}>::{closure#0}
[INFO] [stdout]    6:     0x64692f87ec12 - std[70759c8f55707aa4]::panicking::panic_with_hook
[INFO] [stdout]    7:     0x64692f860c62 - std[70759c8f55707aa4]::panicking::panic_handler::{closure#0}
[INFO] [stdout]    8:     0x64692f859799 - std[70759c8f55707aa4]::sys::backtrace::__rust_end_short_backtrace::<std[70759c8f55707aa4]::panicking::panic_handler::{closure#0}, !>
[INFO] [stdout]    9:     0x64692f86194d - __rustc[8fa7c3cbc660c2b3]::rust_begin_unwind
[INFO] [stdout]   10:     0x64692f89e79c - core[df12db4294e9bfd3]::panicking::panic_fmt
[INFO] [stdout]   11:     0x64692f89e572 - core[df12db4294e9bfd3]::result::unwrap_failed
[INFO] [stdout]   12:     0x64692f5fed9e - rollblock[279f191558f33de4]::storage::snapshot::tests::snapshot_file_format_is_correct
[INFO] [stdout]   13:     0x64692f540f09 - <rollblock[279f191558f33de4]::storage::snapshot::tests::snapshot_file_format_is_correct::{closure#0} as core[df12db4294e9bfd3]::ops::function::FnOnce<()>>::call_once
[INFO] [stdout]   14:     0x64692f71278b - test[9d35eded1c95d3be]::__rust_begin_short_backtrace::<core[df12db4294e9bfd3]::result::Result<(), alloc[2182bb758b4b3781]::string::String>, fn() -> core[df12db4294e9bfd3]::result::Result<(), alloc[2182bb758b4b3781]::string::String>>
[INFO] [stdout]   15:     0x64692f71fdf5 - test[9d35eded1c95d3be]::run_test::{closure#0}
[INFO] [stdout]   16:     0x64692f7196b4 - std[70759c8f55707aa4]::sys::backtrace::__rust_begin_short_backtrace::<test[9d35eded1c95d3be]::run_test::{closure#1}, ()>
[INFO] [stdout]   17:     0x64692f722f52 - <std[70759c8f55707aa4]::thread::lifecycle::spawn_unchecked<test[9d35eded1c95d3be]::run_test::{closure#1}, ()>::{closure#1} as core[df12db4294e9bfd3]::ops::function::FnOnce<()>>::call_once::{shim:vtable#0}
[INFO] [stdout]   18:     0x64692f886c39 - <std[70759c8f55707aa4]::sys::thread::unix::Thread>::new::thread_start
[INFO] [stdout]   19:     0x73d5d03dbdfa - <unknown>
[INFO] [stdout]   20:     0x73d5d046f3d4 - clone
[INFO] [stdout]   21:                0x0 - <unknown>
[INFO] [stdout] 
[INFO] [stdout] ---- storage::snapshot::tests::snapshot_round_trip_variable_length_values stdout ----
[INFO] [stdout] 
[INFO] [stdout] thread 'storage::snapshot::tests::snapshot_round_trip_variable_length_values' (2199) panicked at src/storage/snapshot.rs:131:49:
[INFO] [stdout] called `Result::unwrap()` on an `Err` value: Os { code: 30, kind: ReadOnlyFilesystem, message: "Read-only file system" }
[INFO] [stdout] stack backtrace:
[INFO] [stdout]    0:     0x64692f887591 - <<std[70759c8f55707aa4]::sys::backtrace::BacktraceLock>::print::DisplayBacktrace as core[df12db4294e9bfd3]::fmt::Display>::fmt
[INFO] [stdout]    1:     0x64692f89e03a - core[df12db4294e9bfd3]::fmt::write
[INFO] [stdout]    2:     0x64692f88c14c - <alloc[2182bb758b4b3781]::vec::Vec<u8> as core[df12db4294e9bfd3]::io::write::Write>::write_fmt
[INFO] [stdout]    3:     0x64692f860bb6 - std[70759c8f55707aa4]::panicking::default_hook::{closure#0}
[INFO] [stdout]    4:     0x64692f87e8e9 - std[70759c8f55707aa4]::panicking::default_hook
[INFO] [stdout]    5:     0x64692f71f4a0 - test[9d35eded1c95d3be]::test_main_inner::<test[9d35eded1c95d3be]::test_main_static::{closure#0}>::{closure#0}
[INFO] [stdout]    6:     0x64692f87ec12 - std[70759c8f55707aa4]::panicking::panic_with_hook
[INFO] [stdout]    7:     0x64692f860c62 - std[70759c8f55707aa4]::panicking::panic_handler::{closure#0}
[INFO] [stdout]    8:     0x64692f859799 - std[70759c8f55707aa4]::sys::backtrace::__rust_end_short_backtrace::<std[70759c8f55707aa4]::panicking::panic_handler::{closure#0}, !>
[INFO] [stdout]    9:     0x64692f86194d - __rustc[8fa7c3cbc660c2b3]::rust_begin_unwind
[INFO] [stdout]   10:     0x64692f89e79c - core[df12db4294e9bfd3]::panicking::panic_fmt
[INFO] [stdout]   11:     0x64692f89e572 - core[df12db4294e9bfd3]::result::unwrap_failed
[INFO] [stdout]   12:     0x64692f604c77 - rollblock[279f191558f33de4]::storage::snapshot::tests::snapshot_round_trip_variable_length_values
[INFO] [stdout]   13:     0x64692f540fe9 - <rollblock[279f191558f33de4]::storage::snapshot::tests::snapshot_round_trip_variable_length_values::{closure#0} as core[df12db4294e9bfd3]::ops::function::FnOnce<()>>::call_once
[INFO] [stdout]   14:     0x64692f71278b - test[9d35eded1c95d3be]::__rust_begin_short_backtrace::<core[df12db4294e9bfd3]::result::Result<(), alloc[2182bb758b4b3781]::string::String>, fn() -> core[df12db4294e9bfd3]::result::Result<(), alloc[2182bb758b4b3781]::string::String>>
[INFO] [stdout]   15:     0x64692f71fdf5 - test[9d35eded1c95d3be]::run_test::{closure#0}
[INFO] [stdout]   16:     0x64692f7196b4 - std[70759c8f55707aa4]::sys::backtrace::__rust_begin_short_backtrace::<test[9d35eded1c95d3be]::run_test::{closure#1}, ()>
[INFO] [stdout]   17:     0x64692f722f52 - <std[70759c8f55707aa4]::thread::lifecycle::spawn_unchecked<test[9d35eded1c95d3be]::run_test::{closure#1}, ()>::{closure#1} as core[df12db4294e9bfd3]::ops::function::FnOnce<()>>::call_once::{shim:vtable#0}
[INFO] [stdout]   18:     0x64692f886c39 - <std[70759c8f55707aa4]::sys::thread::unix::Thread>::new::thread_start
[INFO] [stdout]   19:     0x73d5d03dbdfa - <unknown>
[INFO] [stdout]   20:     0x73d5d046f3d4 - clone
[INFO] [stdout]   21:                0x0 - <unknown>
[INFO] [stdout] 
[INFO] [stdout] ---- storage::metadata::lmdb::tests::current_block_defaults_to_zero_and_updates stdout ----
[INFO] [stdout] 
[INFO] [stdout] thread 'storage::metadata::lmdb::tests::current_block_defaults_to_zero_and_updates' (2181) panicked at src/storage/metadata/lmdb.rs:475:44:
[INFO] [stdout] called `Result::unwrap()` on an `Err` value: Os { code: 30, kind: ReadOnlyFilesystem, message: "Read-only file system" }
[INFO] [stdout] stack backtrace:
[INFO] [stdout]    0:     0x64692f887591 - <<std[70759c8f55707aa4]::sys::backtrace::BacktraceLock>::print::DisplayBacktrace as core[df12db4294e9bfd3]::fmt::Display>::fmt
[INFO] [stdout]    1:     0x64692f89e03a - core[df12db4294e9bfd3]::fmt::write
[INFO] [stdout]    2:     0x64692f88c14c - <alloc[2182bb758b4b3781]::vec::Vec<u8> as core[df12db4294e9bfd3]::io::write::Write>::write_fmt
[INFO] [stdout]    3:     0x64692f860bb6 - std[70759c8f55707aa4]::panicking::default_hook::{closure#0}
[INFO] [stdout]    4:     0x64692f87e8e9 - std[70759c8f55707aa4]::panicking::default_hook
[INFO] [stdout]    5:     0x64692f71f4a0 - test[9d35eded1c95d3be]::test_main_inner::<test[9d35eded1c95d3be]::test_main_static::{closure#0}>::{closure#0}
[INFO] [stdout]    6:     0x64692f87ec12 - std[70759c8f55707aa4]::panicking::panic_with_hook
[INFO] [stdout]    7:     0x64692f860c62 - std[70759c8f55707aa4]::panicking::panic_handler::{closure#0}
[INFO] [stdout]    8:     0x64692f859799 - std[70759c8f55707aa4]::sys::backtrace::__rust_end_short_backtrace::<std[70759c8f55707aa4]::panicking::panic_handler::{closure#0}, !>
[INFO] [stdout]    9:     0x64692f86194d - __rustc[8fa7c3cbc660c2b3]::rust_begin_unwind
[INFO] [stdout]   10:     0x64692f89e79c - core[df12db4294e9bfd3]::panicking::panic_fmt
[INFO] [stdout]   11:     0x64692f89e572 - core[df12db4294e9bfd3]::result::unwrap_failed
[INFO] [stdout]   12:     0x64692f61e3f4 - rollblock[279f191558f33de4]::storage::metadata::lmdb::tests::current_block_defaults_to_zero_and_updates
[INFO] [stdout]   13:     0x64692f5420c9 - <rollblock[279f191558f33de4]::storage::metadata::lmdb::tests::current_block_defaults_to_zero_and_updates::{closure#0} as core[df12db4294e9bfd3]::ops::function::FnOnce<()>>::call_once
[INFO] [stdout]   14:     0x64692f71278b - test[9d35eded1c95d3be]::__rust_begin_short_backtrace::<core[df12db4294e9bfd3]::result::Result<(), alloc[2182bb758b4b3781]::string::String>, fn() -> core[df12db4294e9bfd3]::result::Result<(), alloc[2182bb758b4b3781]::string::String>>
[INFO] [stdout]   15:     0x64692f71fdf5 - test[9d35eded1c95d3be]::run_test::{closure#0}
[INFO] [stdout]   16:     0x64692f7196b4 - std[70759c8f55707aa4]::sys::backtrace::__rust_begin_short_backtrace::<test[9d35eded1c95d3be]::run_test::{closure#1}, ()>
[INFO] [stdout]   17:     0x64692f722f52 - <std[70759c8f55707aa4]::thread::lifecycle::spawn_unchecked<test[9d35eded1c95d3be]::run_test::{closure#1}, ()>::{closure#1} as core[df12db4294e9bfd3]::ops::function::FnOnce<()>>::call_once::{shim:vtable#0}
[INFO] [stdout]   18:     0x64692f886c39 - <std[70759c8f55707aa4]::sys::thread::unix::Thread>::new::thread_start
[INFO] [stdout]   19:     0x73d5d03dbdfa - <unknown>
[INFO] [stdout]   20:     0x73d5d046f3d4 - clone
[INFO] [stdout]   21:                0x0 - <unknown>
[INFO] [stdout] 
[INFO] [stdout] ---- storage::snapshot::tests::create_snapshot_skips_when_height_unchanged stdout ----
[INFO] [stdout] 
[INFO] [stdout] thread 'storage::snapshot::tests::create_snapshot_skips_when_height_unchanged' (2193) panicked at src/storage/snapshot.rs:337:49:
[INFO] [stdout] called `Result::unwrap()` on an `Err` value: Os { code: 30, kind: ReadOnlyFilesystem, message: "Read-only file system" }
[INFO] [stdout] stack backtrace:
[INFO] [stdout]    0:     0x64692f887591 - <<std[70759c8f55707aa4]::sys::backtrace::BacktraceLock>::print::DisplayBacktrace as core[df12db4294e9bfd3]::fmt::Display>::fmt
[INFO] [stdout]    1:     0x64692f89e03a - core[df12db4294e9bfd3]::fmt::write
[INFO] [stdout]    2:     0x64692f88c14c - <alloc[2182bb758b4b3781]::vec::Vec<u8> as core[df12db4294e9bfd3]::io::write::Write>::write_fmt
[INFO] [stdout]    3:     0x64692f860bb6 - std[70759c8f55707aa4]::panicking::default_hook::{closure#0}
[INFO] [stdout]    4:     0x64692f87e8e9 - std[70759c8f55707aa4]::panicking::default_hook
[INFO] [stdout]    5:     0x64692f71f4a0 - test[9d35eded1c95d3be]::test_main_inner::<test[9d35eded1c95d3be]::test_main_static::{closure#0}>::{closure#0}
[INFO] [stdout]    6:     0x64692f87ec12 - std[70759c8f55707aa4]::panicking::panic_with_hook
[INFO] [stdout]    7:     0x64692f860c62 - std[70759c8f55707aa4]::panicking::panic_handler::{closure#0}
[INFO] [stdout]    8:     0x64692f859799 - std[70759c8f55707aa4]::sys::backtrace::__rust_end_short_backtrace::<std[70759c8f55707aa4]::panicking::panic_handler::{closure#0}, !>
[INFO] [stdout]    9:     0x64692f86194d - __rustc[8fa7c3cbc660c2b3]::rust_begin_unwind
[INFO] [stdout]   10:     0x64692f89e79c - core[df12db4294e9bfd3]::panicking::panic_fmt
[INFO] [stdout]   11:     0x64692f89e572 - core[df12db4294e9bfd3]::result::unwrap_failed
[INFO] [stdout]   12:     0x64692f605a81 - rollblock[279f191558f33de4]::storage::snapshot::tests::create_snapshot_skips_when_height_unchanged
[INFO] [stdout]   13:     0x64692f541009 - <rollblock[279f191558f33de4]::storage::snapshot::tests::create_snapshot_skips_when_height_unchanged::{closure#0} as core[df12db4294e9bfd3]::ops::function::FnOnce<()>>::call_once
[INFO] [stdout]   14:     0x64692f71278b - test[9d35eded1c95d3be]::__rust_begin_short_backtrace::<core[df12db4294e9bfd3]::result::Result<(), alloc[2182bb758b4b3781]::string::String>, fn() -> core[df12db4294e9bfd3]::result::Result<(), alloc[2182bb758b4b3781]::string::String>>
[INFO] [stdout]   15:     0x64692f71fdf5 - test[9d35eded1c95d3be]::run_test::{closure#0}
[INFO] [stdout]   16:     0x64692f7196b4 - std[70759c8f55707aa4]::sys::backtrace::__rust_begin_short_backtrace::<test[9d35eded1c95d3be]::run_test::{closure#1}, ()>
[INFO] [stdout]   17:     0x64692f722f52 - <std[70759c8f55707aa4]::thread::lifecycle::spawn_unchecked<test[9d35eded1c95d3be]::run_test::{closure#1}, ()>::{closure#1} as core[df12db4294e9bfd3]::ops::function::FnOnce<()>>::call_once::{shim:vtable#0}
[INFO] [stdout]   18:     0x64692f886c39 - <std[70759c8f55707aa4]::sys::thread::unix::Thread>::new::thread_start
[INFO] [stdout]   19:     0x73d5d03dbdfa - <unknown>
[INFO] [stdout]   20:     0x73d5d046f3d4 - clone
[INFO] [stdout]   21:                0x0 - <unknown>
[INFO] [stdout] 
[INFO] [stdout] ---- storage::snapshot::tests::load_snapshot_detects_checksum_mismatch stdout ----
[INFO] [stdout] 
[INFO] [stdout] thread 'storage::snapshot::tests::load_snapshot_detects_checksum_mismatch' (2194) panicked at src/storage/snapshot.rs:174:49:
[INFO] [stdout] called `Result::unwrap()` on an `Err` value: Os { code: 30, kind: ReadOnlyFilesystem, message: "Read-only file system" }
[INFO] [stdout] stack backtrace:
[INFO] [stdout]    0:     0x64692f887591 - <<std[70759c8f55707aa4]::sys::backtrace::BacktraceLock>::print::DisplayBacktrace as core[df12db4294e9bfd3]::fmt::Display>::fmt
[INFO] [stdout]    1:     0x64692f89e03a - core[df12db4294e9bfd3]::fmt::write
[INFO] [stdout]    2:     0x64692f88c14c - <alloc[2182bb758b4b3781]::vec::Vec<u8> as core[df12db4294e9bfd3]::io::write::Write>::write_fmt
[INFO] [stdout]    3:     0x64692f860bb6 - std[70759c8f55707aa4]::panicking::default_hook::{closure#0}
[INFO] [stdout]    4:     0x64692f87e8e9 - std[70759c8f55707aa4]::panicking::default_hook
[INFO] [stdout]    5:     0x64692f71f4a0 - test[9d35eded1c95d3be]::test_main_inner::<test[9d35eded1c95d3be]::test_main_static::{closure#0}>::{closure#0}
[INFO] [stdout]    6:     0x64692f87ec12 - std[70759c8f55707aa4]::panicking::panic_with_hook
[INFO] [stdout]    7:     0x64692f860c62 - std[70759c8f55707aa4]::panicking::panic_handler::{closure#0}
[INFO] [stdout]    8:     0x64692f859799 - std[70759c8f55707aa4]::sys::backtrace::__rust_end_short_backtrace::<std[70759c8f55707aa4]::panicking::panic_handler::{closure#0}, !>
[INFO] [stdout]    9:     0x64692f86194d - __rustc[8fa7c3cbc660c2b3]::rust_begin_unwind
[INFO] [stdout]   10:     0x64692f89e79c - core[df12db4294e9bfd3]::panicking::panic_fmt
[INFO] [stdout]   11:     0x64692f89e572 - core[df12db4294e9bfd3]::result::unwrap_failed
[INFO] [stdout]   12:     0x64692f60220b - rollblock[279f191558f33de4]::storage::snapshot::tests::load_snapshot_detects_checksum_mismatch
[INFO] [stdout]   13:     0x64692f540f69 - <rollblock[279f191558f33de4]::storage::snapshot::tests::load_snapshot_detects_checksum_mismatch::{closure#0} as core[df12db4294e9bfd3]::ops::function::FnOnce<()>>::call_once
[INFO] [stdout]   14:     0x64692f71278b - test[9d35eded1c95d3be]::__rust_begin_short_backtrace::<core[df12db4294e9bfd3]::result::Result<(), alloc[2182bb758b4b3781]::string::String>, fn() -> core[df12db4294e9bfd3]::result::Result<(), alloc[2182bb758b4b3781]::string::String>>
[INFO] [stdout]   15:     0x64692f71fdf5 - test[9d35eded1c95d3be]::run_test::{closure#0}
[INFO] [stdout]   16:     0x64692f7196b4 - std[70759c8f55707aa4]::sys::backtrace::__rust_begin_short_backtrace::<test[9d35eded1c95d3be]::run_test::{closure#1}, ()>
[INFO] [stdout]   17:     0x64692f722f52 - <std[70759c8f55707aa4]::thread::lifecycle::spawn_unchecked<test[9d35eded1c95d3be]::run_test::{closure#1}, ()>::{closure#1} as core[df12db4294e9bfd3]::ops::function::FnOnce<()>>::call_once::{shim:vtable#0}
[INFO] [stdout]   18:     0x64692f886c39 - <std[70759c8f55707aa4]::sys::thread::unix::Thread>::new::thread_start
[INFO] [stdout]   19:     0x73d5d03dbdfa - <unknown>
[INFO] [stdout]   20:     0x73d5d046f3d4 - clone
[INFO] [stdout]   21:                0x0 - <unknown>
[INFO] [stdout] 
[INFO] [stdout] ---- storage::snapshot::tests::load_snapshot_validates_shard_count stdout ----
[INFO] [stdout] 
[INFO] [stdout] thread 'storage::snapshot::tests::load_snapshot_validates_shard_count' (2196) panicked at src/storage/snapshot.rs:377:49:
[INFO] [stdout] called `Result::unwrap()` on an `Err` value: Os { code: 30, kind: ReadOnlyFilesystem, message: "Read-only file system" }
[INFO] [stdout] stack backtrace:
[INFO] [stdout]    0:     0x64692f887591 - <<std[70759c8f55707aa4]::sys::backtrace::BacktraceLock>::print::DisplayBacktrace as core[df12db4294e9bfd3]::fmt::Display>::fmt
[INFO] [stdout]    1:     0x64692f89e03a - core[df12db4294e9bfd3]::fmt::write
[INFO] [stdout]    2:     0x64692f88c14c - <alloc[2182bb758b4b3781]::vec::Vec<u8> as core[df12db4294e9bfd3]::io::write::Write>::write_fmt
[INFO] [stdout]    3:     0x64692f860bb6 - std[70759c8f55707aa4]::panicking::default_hook::{closure#0}
[INFO] [stdout]    4:     0x64692f87e8e9 - std[70759c8f55707aa4]::panicking::default_hook
[INFO] [stdout]    5:     0x64692f71f4a0 - test[9d35eded1c95d3be]::test_main_inner::<test[9d35eded1c95d3be]::test_main_static::{closure#0}>::{closure#0}
[INFO] [stdout]    6:     0x64692f87ec12 - std[70759c8f55707aa4]::panicking::panic_with_hook
[INFO] [stdout]    7:     0x64692f860c62 - std[70759c8f55707aa4]::panicking::panic_handler::{closure#0}
[INFO] [stdout]    8:     0x64692f859799 - std[70759c8f55707aa4]::sys::backtrace::__rust_end_short_backtrace::<std[70759c8f55707aa4]::panicking::panic_handler::{closure#0}, !>
[INFO] [stdout]    9:     0x64692f86194d - __rustc[8fa7c3cbc660c2b3]::rust_begin_unwind
[INFO] [stdout]   10:     0x64692f89e79c - core[df12db4294e9bfd3]::panicking::panic_fmt
[INFO] [stdout]   11:     0x64692f89e572 - core[df12db4294e9bfd3]::result::unwrap_failed
[INFO] [stdout]   12:     0x64692f60172a - rollblock[279f191558f33de4]::storage::snapshot::tests::load_snapshot_validates_shard_count
[INFO] [stdout]   13:     0x64692f540f49 - <rollblock[279f191558f33de4]::storage::snapshot::tests::load_snapshot_validates_shard_count::{closure#0} as core[df12db4294e9bfd3]::ops::function::FnOnce<()>>::call_once
[INFO] [stdout]   14:     0x64692f71278b - test[9d35eded1c95d3be]::__rust_begin_short_backtrace::<core[df12db4294e9bfd3]::result::Result<(), alloc[2182bb758b4b3781]::string::String>, fn() -> core[df12db4294e9bfd3]::result::Result<(), alloc[2182bb758b4b3781]::string::String>>
[INFO] [stdout]   15:     0x64692f71fdf5 - test[9d35eded1c95d3be]::run_test::{closure#0}
[INFO] [stdout]   16:     0x64692f7196b4 - std[70759c8f55707aa4]::sys::backtrace::__rust_begin_short_backtrace::<test[9d35eded1c95d3be]::run_test::{closure#1}, ()>
[INFO] [stdout]   17:     0x64692f722f52 - <std[70759c8f55707aa4]::thread::lifecycle::spawn_unchecked<test[9d35eded1c95d3be]::run_test::{closure#1}, ()>::{closure#1} as core[df12db4294e9bfd3]::ops::function::FnOnce<()>>::call_once::{shim:vtable#0}
[INFO] [stdout]   18:     0x64692f886c39 - <std[70759c8f55707aa4]::sys::thread::unix::Thread>::new::thread_start
[INFO] [stdout]   19:     0x73d5d03dbdfa - <unknown>
[INFO] [stdout]   20:     0x73d5d046f3d4 - clone
[INFO] [stdout]   21:                0x0 - <unknown>
[INFO] [stdout] 
[INFO] [stdout] ---- storage::snapshot::tests::load_snapshot_rejects_key_width_mismatch stdout ----
[INFO] [stdout] 
[INFO] [stdout] thread 'storage::snapshot::tests::load_snapshot_rejects_key_width_mismatch' (2195) panicked at src/storage/snapshot.rs:220:49:
[INFO] [stdout] called `Result::unwrap()` on an `Err` value: Os { code: 30, kind: ReadOnlyFilesystem, message: "Read-only file system" }
[INFO] [stdout] stack backtrace:
[INFO] [stdout]    0:     0x64692f887591 - <<std[70759c8f55707aa4]::sys::backtrace::BacktraceLock>::print::DisplayBacktrace as core[df12db4294e9bfd3]::fmt::Display>::fmt
[INFO] [stdout]    1:     0x64692f89e03a - core[df12db4294e9bfd3]::fmt::write
[INFO] [stdout]    2:     0x64692f88c14c - <alloc[2182bb758b4b3781]::vec::Vec<u8> as core[df12db4294e9bfd3]::io::write::Write>::write_fmt
[INFO] [stdout]    3:     0x64692f860bb6 - std[70759c8f55707aa4]::panicking::default_hook::{closure#0}
[INFO] [stdout]    4:     0x64692f87e8e9 - std[70759c8f55707aa4]::panicking::default_hook
[INFO] [stdout]    5:     0x64692f71f4a0 - test[9d35eded1c95d3be]::test_main_inner::<test[9d35eded1c95d3be]::test_main_static::{closure#0}>::{closure#0}
[INFO] [stdout]    6:     0x64692f87ec12 - std[70759c8f55707aa4]::panicking::panic_with_hook
[INFO] [stdout]    7:     0x64692f860c62 - std[70759c8f55707aa4]::panicking::panic_handler::{closure#0}
[INFO] [stdout]    8:     0x64692f859799 - std[70759c8f55707aa4]::sys::backtrace::__rust_end_short_backtrace::<std[70759c8f55707aa4]::panicking::panic_handler::{closure#0}, !>
[INFO] [stdout]    9:     0x64692f86194d - __rustc[8fa7c3cbc660c2b3]::rust_begin_unwind
[INFO] [stdout]   10:     0x64692f89e79c - core[df12db4294e9bfd3]::panicking::panic_fmt
[INFO] [stdout]   11:     0x64692f89e572 - core[df12db4294e9bfd3]::result::unwrap_failed
[INFO] [stdout]   12:     0x64692f602d86 - rollblock[279f191558f33de4]::storage::snapshot::tests::load_snapshot_rejects_key_width_mismatch
[INFO] [stdout]   13:     0x64692f540f89 - <rollblock[279f191558f33de4]::storage::snapshot::tests::load_snapshot_rejects_key_width_mismatch::{closure#0} as core[df12db4294e9bfd3]::ops::function::FnOnce<()>>::call_once
[INFO] [stdout]   14:     0x64692f71278b - test[9d35eded1c95d3be]::__rust_begin_short_backtrace::<core[df12db4294e9bfd3]::result::Result<(), alloc[2182bb758b4b3781]::string::String>, fn() -> core[df12db4294e9bfd3]::result::Result<(), alloc[2182bb758b4b3781]::string::String>>
[INFO] [stdout]   15:     0x64692f71fdf5 - test[9d35eded1c95d3be]::run_test::{closure#0}
[INFO] [stdout]   16:     0x64692f7196b4 - std[70759c8f55707aa4]::sys::backtrace::__rust_begin_short_backtrace::<test[9d35eded1c95d3be]::run_test::{closure#1}, ()>
[INFO] [stdout]   17:     0x64692f722f52 - <std[70759c8f55707aa4]::thread::lifecycle::spawn_unchecked<test[9d35eded1c95d3be]::run_test::{closure#1}, ()>::{closure#1} as core[df12db4294e9bfd3]::ops::function::FnOnce<()>>::call_once::{shim:vtable#0}
[INFO] [stdout]   18:     0x64692f886c39 - <std[70759c8f55707aa4]::sys::thread::unix::Thread>::new::thread_start
[INFO] [stdout]   19:     0x73d5d03dbdfa - <unknown>
[INFO] [stdout]   20:     0x73d5d046f3d4 - clone
[INFO] [stdout]   21:                0x0 - <unknown>
[INFO] [stdout] 
[INFO] [stdout] 
[INFO] [stdout] failures:
[INFO] [stdout]     api::facade::config::tests::existing_config_uses_stored_chunk_size
[INFO] [stdout]     api::facade::recovery::tests::resolve_shard_layout_rejects_hash_version_mismatch
[INFO] [stdout]     api::facade::recovery::tests::resolve_shard_layout_rejects_key_bytes_mismatch
[INFO] [stdout]     api::facade::recovery::tests::resolve_shard_layout_rejects_missing_hash_version
[INFO] [stdout]     api::facade::recovery::tests::resolve_shard_layout_rejects_older_hash_version
[INFO] [stdout]     api::facade::tests::facade_tests::block_facade_close_requires_no_pending_block
[INFO] [stdout]     api::facade::tests::facade_tests::existing_config_uses_persisted_layout_when_optional_fields_missing
[INFO] [stdout]     api::facade::tests::facade_tests::facade_new_initializes_components_and_executes_operations
[INFO] [stdout]     api::facade::tests::facade_tests::facade_new_uses_parallel_orchestrator_when_requested
[INFO] [stdout]     api::facade::tests::facade_tests::graceful_shutdown_persists_state_for_restart
[INFO] [stdout]     api::facade::tests::facade_tests::reconcile_metadata_with_journal_rebuilds_missing_index
[INFO] [stdout]     api::facade::tests::facade_tests::reconcile_metadata_with_journal_recovers_missing_entries
[INFO] [stdout]     api::facade::tests::facade_tests::reopening_with_mismatched_shards_count_fails
[INFO] [stdout]     api::facade::tests::facade_tests::restart_after_truncated_journal_tail_discards_corrupted_block
[INFO] [stdout]     api::facade::tests::facade_tests::restart_replays_blocks_beyond_snapshot
[INFO] [stdout]     api::facade::tests::facade_tests::restart_without_snapshot_rebuilds_state_from_journal
[INFO] [stdout]     api::facade::tests::facade_tests::restore_existing_state_skips_corrupted_snapshot
[INFO] [stdout]     api::facade::tests::facade_tests::rollback_persists_across_restart
[INFO] [stdout]     api::facade::tests::facade_tests::rollback_removes_newer_snapshots
[INFO] [stdout]     storage::journal::file::tests::append_and_read_single_block
[INFO] [stdout]     storage::journal::file::tests::append_block_with_variable_length_values
[INFO] [stdout]     storage::journal::file::tests::append_empty_block_round_trip
[INFO] [stdout]     storage::journal::file::tests::append_rejects_mismatched_block_height
[INFO] [stdout]     storage::journal::file::tests::bootstrap_truncates_partial_header_before_reuse
[INFO] [stdout]     storage::journal::file::tests::corrupted_payload_results_in_checksum_error
[INFO] [stdout]     storage::journal::file::tests::iter_backwards_empty_journal_is_noop
[INFO] [stdout]     storage::journal::file::tests::iter_backwards_rejects_invalid_range
[INFO] [stdout]     storage::journal::file::tests::iterate_multiple_blocks_descending
[INFO] [stdout]     storage::journal::file::tests::iterates_across_chunk_boundaries
[INFO] [stdout]     storage::journal::file::tests::plan_prunes_sealed_chunks_and_preserves_new_entries
[INFO] [stdout]     storage::journal::file::tests::plan_replay_is_idempotent_after_recovery
[INFO] [stdout]     storage::journal::file::tests::plan_waits_when_only_one_historical_chunk_exists
[INFO] [stdout]     storage::journal::file::tests::prune_plan_aborts_when_candidate_reopens_before_commit
[INFO] [stdout]     storage::journal::file::tests::rotates_chunk_when_limit_reached
[INFO] [stdout]     storage::journal::file::tests::scan_entries_truncates_corrupted_chunk_tail
[INFO] [stdout]     storage::journal::file::tests::tiny_chunk_size_is_clamped
[INFO] [stdout]     storage::journal::file::tests::truncate_removes_later_chunks
[INFO] [stdout]     storage::journal::format::tests::read_journal_block_rejects_key_width_mismatch
[INFO] [stdout]     storage::journal::maintenance::tests::scan_entries_rejects_mid_chunk_key_width_mismatch
[INFO] [stdout]     storage::metadata::lmdb::tests::clone_shares_environment_and_path
[INFO] [stdout]     storage::metadata::lmdb::tests::current_block_defaults_to_zero_and_updates
[INFO] [stdout]     storage::metadata::lmdb::tests::custom_map_size_creates_store
[INFO] [stdout]     storage::metadata::lmdb::tests::default_map_size_is_sufficient_for_bitcoin
[INFO] [stdout]     storage::metadata::lmdb::tests::gc_watermark_round_trip
[INFO] [stdout]     storage::metadata::lmdb::tests::journal_chunk_size_round_trip
[INFO] [stdout]     storage::metadata::lmdb::tests::journal_offsets_invalid_range_errors
[INFO] [stdout]     storage::metadata::lmdb::tests::journal_offsets_round_trip
[INFO] [stdout]     storage::metadata::lmdb::tests::prune_journal_offsets_removes_range
[INFO] [stdout]     storage::metadata::lmdb::tests::pruning_config_round_trip
[INFO] [stdout]     storage::metadata::lmdb::tests::snapshot_watermark_round_trip
[INFO] [stdout]     storage::snapshot::tests::create_and_load_snapshot_with_data
[INFO] [stdout]     storage::snapshot::tests::create_and_load_snapshot_with_empty_shards
[INFO] [stdout]     storage::snapshot::tests::create_snapshot_skips_when_height_unchanged
[INFO] [stdout]     storage::snapshot::tests::load_snapshot_detects_checksum_mismatch
[INFO] [stdout]     storage::snapshot::tests::load_snapshot_rejects_key_width_mismatch
[INFO] [stdout]     storage::snapshot::tests::load_snapshot_validates_shard_count
[INFO] [stdout]     storage::snapshot::tests::prune_snapshots_after_removes_newer_files
[INFO] [stdout]     storage::snapshot::tests::snapshot_file_format_is_correct
[INFO] [stdout]     storage::snapshot::tests::snapshot_round_trip_variable_length_values
[INFO] [stdout] 
[INFO] [stdout] test result: FAILED. 103 passed; 59 failed; 0 ignored; 0 measured; 0 filtered out; finished in 0.12s
[INFO] [stdout] 
[INFO] running `Command { std: "docker" "inspect" "ca147ad147b9dd105cd824c074871d04ae17f38ae22378ea613122643459d3e1", kill_on_drop: false }`
[INFO] running `Command { std: "docker" "rm" "-f" "ca147ad147b9dd105cd824c074871d04ae17f38ae22378ea613122643459d3e1", kill_on_drop: false }`
[INFO] [stdout] ca147ad147b9dd105cd824c074871d04ae17f38ae22378ea613122643459d3e1
