[INFO] fetching crate rok-ui-macros 0.8.0...
[INFO] testing rok-ui-macros-0.8.0 against 1.100.0-beta.1+cargoflags=--release for beta-release-1.100-2
[INFO] extracting crate rok-ui-macros 0.8.0 into /workspace/builds/worker-2-tc2/source
[INFO] started tweaking crates.io crate rok-ui-macros 0.8.0
[INFO] finished tweaking crates.io crate rok-ui-macros 0.8.0
[INFO] tweaked toml for crates.io crate rok-ui-macros 0.8.0 written to /workspace/builds/worker-2-tc2/source/Cargo.toml
[INFO] validating manifest of crates.io crate rok-ui-macros 0.8.0 on toolchain 1.100.0-beta.1
[INFO] running `Command { std: CARGO_HOME="/workspace/cargo-home" RUSTUP_HOME="/workspace/rustup-home" "/workspace/cargo-home/bin/cargo" "+1.100.0-beta.1" "metadata" "--manifest-path" "Cargo.toml" "--no-deps", kill_on_drop: false }`
[INFO] crate crates.io crate rok-ui-macros 0.8.0 already has a lockfile, it will not be regenerated
[INFO] running `Command { std: CARGO_HOME="/workspace/cargo-home" RUSTUP_HOME="/workspace/rustup-home" "/workspace/cargo-home/bin/cargo" "+1.100.0-beta.1" "fetch" "--manifest-path" "Cargo.toml", kill_on_drop: false }`
[INFO] running `Command { std: "docker" "create" "-v" "/var/lib/crater-agent-workspace/builds/worker-2-tc2/source:/opt/rustwide/workdir:ro,Z" "-v" "/var/lib/crater-agent-workspace/builds/worker-2-tc2/target:/opt/rustwide/target:rw,Z" "-v" "/var/lib/crater-agent-workspace/cargo-home:/opt/rustwide/cargo-home:ro,Z" "-v" "/var/lib/crater-agent-workspace/rustup-home:/opt/rustwide/rustup-home:ro,Z" "-m" "1610612736" "--network" "none" "ghcr.io/rust-lang/crates-build-env/linux@sha256:77db811e55d90add9212f6832c23229e3de5f1c1f9905e8cb07319ea15df73ac" "sleep" "infinity", kill_on_drop: false }`
[INFO] [stdout] 34a842db3d83326672ee12ab5875b107bb6311f0c4b5d0a1ee952213d548e165
[INFO] running `Command { std: "docker" "start" "34a842db3d83326672ee12ab5875b107bb6311f0c4b5d0a1ee952213d548e165", kill_on_drop: false }`
[INFO] running `Command { std: "docker" "inspect" "34a842db3d83326672ee12ab5875b107bb6311f0c4b5d0a1ee952213d548e165", kill_on_drop: false }`
[INFO] running `Command { std: "docker" "exec" "-e" "SOURCE_DIR=/opt/rustwide/workdir" "-e" "CARGO_HOME=/opt/rustwide/cargo-home" "-e" "RUSTUP_HOME=/opt/rustwide/rustup-home" "-e" "CARGO_TARGET_DIR=/opt/rustwide/target" "-w" "/opt/rustwide/workdir" "--user" "0:0" "34a842db3d83326672ee12ab5875b107bb6311f0c4b5d0a1ee952213d548e165" "/opt/rustwide/cargo-home/bin/cargo" "+1.100.0-beta.1" "metadata" "--no-deps" "--format-version=1", kill_on_drop: false }`
[INFO] running `Command { std: "docker" "inspect" "34a842db3d83326672ee12ab5875b107bb6311f0c4b5d0a1ee952213d548e165", kill_on_drop: false }`
[INFO] running `Command { std: "docker" "exec" "-e" "SOURCE_DIR=/opt/rustwide/workdir" "-e" "CARGO_HOME=/opt/rustwide/cargo-home" "-e" "RUSTUP_HOME=/opt/rustwide/rustup-home" "-e" "CARGO_TARGET_DIR=/opt/rustwide/target" "-e" "CARGO_INCREMENTAL=0" "-e" "RUST_BACKTRACE=full" "-e" "RUSTFLAGS=--cap-lints=warn" "-e" "RUSTDOCFLAGS=--cap-lints=warn" "-w" "/opt/rustwide/workdir" "--user" "0:0" "34a842db3d83326672ee12ab5875b107bb6311f0c4b5d0a1ee952213d548e165" "/opt/rustwide/cargo-home/bin/cargo" "+1.100.0-beta.1" "build" "--frozen" "--message-format=json" "--release", kill_on_drop: false }`
[INFO] [stderr]    Compiling rok-ui-grammar v0.8.0
[INFO] [stderr]    Compiling rok-ui-macros v0.8.0 (/opt/rustwide/workdir)
[INFO] [stderr]     Finished `release` profile [optimized] target(s) in 2.29s
[INFO] running `Command { std: "docker" "inspect" "34a842db3d83326672ee12ab5875b107bb6311f0c4b5d0a1ee952213d548e165", kill_on_drop: false }`
[INFO] running `Command { std: "docker" "exec" "-e" "SOURCE_DIR=/opt/rustwide/workdir" "-e" "CARGO_HOME=/opt/rustwide/cargo-home" "-e" "RUSTUP_HOME=/opt/rustwide/rustup-home" "-e" "CARGO_TARGET_DIR=/opt/rustwide/target" "-e" "CARGO_INCREMENTAL=0" "-e" "RUST_BACKTRACE=full" "-e" "RUSTFLAGS=--cap-lints=warn" "-e" "RUSTDOCFLAGS=--cap-lints=warn" "-w" "/opt/rustwide/workdir" "--user" "0:0" "34a842db3d83326672ee12ab5875b107bb6311f0c4b5d0a1ee952213d548e165" "/opt/rustwide/cargo-home/bin/cargo" "+1.100.0-beta.1" "test" "--frozen" "--no-run" "--message-format=json" "--release", kill_on_drop: false }`
[INFO] [stderr]    Compiling rok-ui-macros v0.8.0 (/opt/rustwide/workdir)
[INFO] [stderr]     Finished `release` profile [optimized] target(s) in 0.53s
[INFO] running `Command { std: "docker" "inspect" "34a842db3d83326672ee12ab5875b107bb6311f0c4b5d0a1ee952213d548e165", kill_on_drop: false }`
[INFO] running `Command { std: "docker" "exec" "-e" "SOURCE_DIR=/opt/rustwide/workdir" "-e" "CARGO_HOME=/opt/rustwide/cargo-home" "-e" "RUSTUP_HOME=/opt/rustwide/rustup-home" "-e" "CARGO_TARGET_DIR=/opt/rustwide/target" "-e" "CARGO_INCREMENTAL=0" "-e" "RUST_BACKTRACE=full" "-e" "RUSTFLAGS=--cap-lints=warn" "-e" "RUSTDOCFLAGS=--cap-lints=warn" "-w" "/opt/rustwide/workdir" "--user" "0:0" "34a842db3d83326672ee12ab5875b107bb6311f0c4b5d0a1ee952213d548e165" "/opt/rustwide/cargo-home/bin/cargo" "+1.100.0-beta.1" "test" "--frozen" "--release", kill_on_drop: false }`
[INFO] [stderr]     Finished `release` profile [optimized] target(s) in 0.03s
[INFO] [stderr]      Running unittests src/lib.rs (/opt/rustwide/target/release/build/rok-ui-macros/9e057d1cc2ecf1c2/out/rok_ui_macros-9e057d1cc2ecf1c2)
[INFO] [stdout] 
[INFO] [stdout] running 0 tests
[INFO] [stdout] 
[INFO] [stdout] test result: ok. 0 passed; 0 failed; 0 ignored; 0 measured; 0 filtered out; finished in 0.00s
[INFO] [stdout] 
[INFO] [stderr]    Doc-tests rok_ui_macros
[INFO] [stdout] 
[INFO] [stdout] running 7 tests
[INFO] [stdout] test src/lib.rs - procedure (line 106) - compile ... FAILED
[INFO] [stdout] test src/lib.rs - children (line 195) - compile ... FAILED
[INFO] [stdout] test src/lib.rs - memoize (line 131) - compile ... FAILED
[INFO] [stdout] test src/lib.rs - view (line 216) - compile ... FAILED
[INFO] [stdout] test src/lib.rs - styles (line 147) - compile ... FAILED
[INFO] [stdout] test src/lib.rs - keyframes (line 252) - compile ... FAILED
[INFO] [stdout] test src/lib.rs - component (line 20) - compile ... FAILED
[INFO] [stdout] 
[INFO] [stdout] failures:
[INFO] [stdout] 
[INFO] [stdout] ---- src/lib.rs - procedure (line 106) stdout ----
[INFO] [stdout] error[E0433]: cannot find module or crate `rok_ui` in this scope
[INFO] [stdout]    --> src/lib.rs:107:5
[INFO] [stdout]     |
[INFO] [stdout] 107 | use rok_ui::{procedure, query::TaskCx, query_key};
[INFO] [stdout]     |     ^^^^^^ use of unresolved module or unlinked crate `rok_ui`
[INFO] [stdout]     |
[INFO] [stdout]     = help: if you wanted to use a crate named `rok_ui`, use `cargo add rok_ui` to add it to your `Cargo.toml`
[INFO] [stdout] 
[INFO] [stdout] error[E0432]: unresolved import `rok_ui`
[INFO] [stdout]    --> src/lib.rs:107:5
[INFO] [stdout]     |
[INFO] [stdout] 107 | use rok_ui::{procedure, query::TaskCx, query_key};
[INFO] [stdout]     |     ^^^^^^ use of unresolved module or unlinked crate `rok_ui`
[INFO] [stdout]     |
[INFO] [stdout]     = help: if you wanted to use a crate named `rok_ui`, use `cargo add rok_ui` to add it to your `Cargo.toml`
[INFO] [stdout] 
[INFO] [stdout] error: aborting due to 2 previous errors
[INFO] [stdout] 
[INFO] [stdout] Some errors have detailed explanations: E0432, E0433.
[INFO] [stdout] For more information about an error, try `rustc --explain E0432`.
[INFO] [stdout] Couldn't compile the test.
[INFO] [stdout] ---- src/lib.rs - children (line 195) stdout ----
[INFO] [stdout] error[E0433]: cannot find module or crate `rok_ui` in this scope
[INFO] [stdout]    --> src/lib.rs:196:5
[INFO] [stdout]     |
[INFO] [stdout] 196 | use rok_ui::prelude::*;
[INFO] [stdout]     |     ^^^^^^ use of unresolved module or unlinked crate `rok_ui`
[INFO] [stdout]     |
[INFO] [stdout]     = help: if you wanted to use a crate named `rok_ui`, use `cargo add rok_ui` to add it to your `Cargo.toml`
[INFO] [stdout] 
[INFO] [stdout] error: cannot find macro `children` in this scope
[INFO] [stdout]    --> src/lib.rs:200:27
[INFO] [stdout]     |
[INFO] [stdout] 200 | let list = div().children(children![
[INFO] [stdout]     |                           ^^^^^^^^
[INFO] [stdout] 
[INFO] [stdout] error[E0425]: cannot find type `SharedString` in this scope
[INFO] [stdout]    --> src/lib.rs:197:35
[INFO] [stdout]     |
[INFO] [stdout] 197 | struct Project { id: usize, name: SharedString }
[INFO] [stdout]     |                                   ^^^^^^^^^^^^ not found in this scope
[INFO] [stdout] 
[INFO] [stdout] error[E0425]: cannot find function `div` in this scope
[INFO] [stdout]    --> src/lib.rs:200:12
[INFO] [stdout]     |
[INFO] [stdout] 200 | let list = div().children(children![
[INFO] [stdout]     |            ^^^ not found in this scope
[INFO] [stdout] 
[INFO] [stdout] error: aborting due to 4 previous errors
[INFO] [stdout] 
[INFO] [stdout] Some errors have detailed explanations: E0425, E0433.
[INFO] [stdout] For more information about an error, try `rustc --explain E0425`.
[INFO] [stdout] Couldn't compile the test.
[INFO] [stdout] ---- src/lib.rs - memoize (line 131) stdout ----
[INFO] [stdout] error[E0433]: cannot find module or crate `rok_ui` in this scope
[INFO] [stdout]    --> src/lib.rs:132:5
[INFO] [stdout]     |
[INFO] [stdout] 132 | use rok_ui::{memoize, query::TaskCx};
[INFO] [stdout]     |     ^^^^^^ use of unresolved module or unlinked crate `rok_ui`
[INFO] [stdout]     |
[INFO] [stdout]     = help: if you wanted to use a crate named `rok_ui`, use `cargo add rok_ui` to add it to your `Cargo.toml`
[INFO] [stdout] 
[INFO] [stdout] error[E0432]: unresolved import `rok_ui`
[INFO] [stdout]    --> src/lib.rs:132:5
[INFO] [stdout]     |
[INFO] [stdout] 132 | use rok_ui::{memoize, query::TaskCx};
[INFO] [stdout]     |     ^^^^^^ use of unresolved module or unlinked crate `rok_ui`
[INFO] [stdout]     |
[INFO] [stdout]     = help: if you wanted to use a crate named `rok_ui`, use `cargo add rok_ui` to add it to your `Cargo.toml`
[INFO] [stdout] 
[INFO] [stdout] error: aborting due to 2 previous errors
[INFO] [stdout] 
[INFO] [stdout] Some errors have detailed explanations: E0432, E0433.
[INFO] [stdout] For more information about an error, try `rustc --explain E0432`.
[INFO] [stdout] Couldn't compile the test.
[INFO] [stdout] ---- src/lib.rs - view (line 216) stdout ----
[INFO] [stdout] error[E0433]: cannot find module or crate `rok_ui` in this scope
[INFO] [stdout]    --> src/lib.rs:217:5
[INFO] [stdout]     |
[INFO] [stdout] 217 | use rok_ui::prelude::*;
[INFO] [stdout]     |     ^^^^^^ use of unresolved module or unlinked crate `rok_ui`
[INFO] [stdout]     |
[INFO] [stdout]     = help: if you wanted to use a crate named `rok_ui`, use `cargo add rok_ui` to add it to your `Cargo.toml`
[INFO] [stdout] 
[INFO] [stdout] error: cannot find macro `view` in this scope
[INFO] [stdout]    --> src/lib.rs:221:12
[INFO] [stdout]     |
[INFO] [stdout] 221 | let card = view! {
[INFO] [stdout]     |            ^^^^
[INFO] [stdout] 
[INFO] [stdout] error: cannot find macro `styles` in this scope
[INFO] [stdout]    --> src/lib.rs:218:1
[INFO] [stdout]     |
[INFO] [stdout] 218 | styles! { CARD = { base: { padding: 6 }, compact: { padding: 3 } } ROW = { end: { justify: end } } }
[INFO] [stdout]     | ^^^^^^
[INFO] [stdout] 
[INFO] [stdout] error[E0425]: cannot find type `SharedString` in this scope
[INFO] [stdout]    --> src/lib.rs:219:35
[INFO] [stdout]     |
[INFO] [stdout] 219 | struct Project { id: usize, name: SharedString }
[INFO] [stdout]     |                                   ^^^^^^^^^^^^ not found in this scope
[INFO] [stdout] 
[INFO] [stdout] error[E0425]: cannot find type `SharedString` in this scope
[INFO] [stdout]    --> src/lib.rs:220:41
[INFO] [stdout]     |
[INFO] [stdout] 220 | fn example(compact: bool, error: Option<SharedString>, projects: Vec<Project>, some_element: Div) {
[INFO] [stdout]     |                                         ^^^^^^^^^^^^ not found in this scope
[INFO] [stdout]     |
[INFO] [stdout] help: you might be missing a type parameter
[INFO] [stdout]     |
[INFO] [stdout] 220 | fn example<SharedString>(compact: bool, error: Option<SharedString>, projects: Vec<Project>, some_element: Div) {
[INFO] [stdout]     |           ++++++++++++++
[INFO] [stdout] 
[INFO] [stdout] error[E0425]: cannot find type `Div` in this scope
[INFO] [stdout]    --> src/lib.rs:220:94
[INFO] [stdout]     |
[INFO] [stdout] 220 | fn example(compact: bool, error: Option<SharedString>, projects: Vec<Project>, some_element: Div) {
[INFO] [stdout]     |                                                                                              ^^^ not found in this scope
[INFO] [stdout]     |
[INFO] [stdout] help: consider importing this trait
[INFO] [stdout]     |
[INFO] [stdout] 216 + use std::ops::Div;
[INFO] [stdout]     |
[INFO] [stdout] 
[INFO] [stdout] error: aborting due to 6 previous errors
[INFO] [stdout] 
[INFO] [stdout] Some errors have detailed explanations: E0425, E0433.
[INFO] [stdout] For more information about an error, try `rustc --explain E0425`.
[INFO] [stdout] Couldn't compile the test.
[INFO] [stdout] ---- src/lib.rs - styles (line 147) stdout ----
[INFO] [stdout] error[E0433]: cannot find module or crate `rok_ui` in this scope
[INFO] [stdout]    --> src/lib.rs:148:5
[INFO] [stdout]     |
[INFO] [stdout] 148 | use rok_ui::prelude::*;
[INFO] [stdout]     |     ^^^^^^ use of unresolved module or unlinked crate `rok_ui`
[INFO] [stdout]     |
[INFO] [stdout]     = help: if you wanted to use a crate named `rok_ui`, use `cargo add rok_ui` to add it to your `Cargo.toml`
[INFO] [stdout] 
[INFO] [stdout] error: cannot find macro `styles` in this scope
[INFO] [stdout]    --> src/lib.rs:149:1
[INFO] [stdout]     |
[INFO] [stdout] 149 | styles! {
[INFO] [stdout]     | ^^^^^^
[INFO] [stdout] 
[INFO] [stdout] error[E0425]: cannot find type `ButtonVariant` in this scope
[INFO] [stdout]    --> src/lib.rs:168:36
[INFO] [stdout]     |
[INFO] [stdout] 168 | fn example(compact: bool, variant: ButtonVariant) {
[INFO] [stderr] error: doctest failed, to rerun pass `--doc`
[INFO] [stdout]     |                                    ^^^^^^^^^^^^^ not found in this scope
[INFO] [stdout] 
[INFO] [stdout] error[E0425]: cannot find value `CARD` in this scope
[INFO] [stdout]    --> src/lib.rs:169:23
[INFO] [stdout]     |
[INFO] [stdout] 169 | let card = div().sx((&CARD.base, compact.then_some(&CARD.compact), CARD.variant(variant)));
[INFO] [stdout]     |                       ^^^^ not found in this scope
[INFO] [stdout] 
[INFO] [stdout] error[E0425]: cannot find value `CARD` in this scope
[INFO] [stdout]    --> src/lib.rs:169:53
[INFO] [stdout]     |
[INFO] [stdout] 169 | let card = div().sx((&CARD.base, compact.then_some(&CARD.compact), CARD.variant(variant)));
[INFO] [stdout]     |                                                     ^^^^ not found in this scope
[INFO] [stdout] 
[INFO] [stdout] error[E0425]: cannot find value `CARD` in this scope
[INFO] [stdout]    --> src/lib.rs:169:68
[INFO] [stdout]     |
[INFO] [stdout] 169 | let card = div().sx((&CARD.base, compact.then_some(&CARD.compact), CARD.variant(variant)));
[INFO] [stdout]     |                                                                    ^^^^ not found in this scope
[INFO] [stdout] 
[INFO] [stdout] error[E0425]: cannot find function `div` in this scope
[INFO] [stdout]    --> src/lib.rs:169:12
[INFO] [stdout]     |
[INFO] [stdout] 169 | let card = div().sx((&CARD.base, compact.then_some(&CARD.compact), CARD.variant(variant)));
[INFO] [stdout]     |            ^^^ not found in this scope
[INFO] [stdout] 
[INFO] [stdout] error: aborting due to 7 previous errors
[INFO] [stdout] 
[INFO] [stdout] Some errors have detailed explanations: E0425, E0433.
[INFO] [stdout] For more information about an error, try `rustc --explain E0425`.
[INFO] [stdout] Couldn't compile the test.
[INFO] [stdout] ---- src/lib.rs - keyframes (line 252) stdout ----
[INFO] [stdout] error[E0433]: cannot find module or crate `rok_ui` in this scope
[INFO] [stdout]    --> src/lib.rs:253:5
[INFO] [stdout]     |
[INFO] [stdout] 253 | use rok_ui::prelude::*;
[INFO] [stdout]     |     ^^^^^^ use of unresolved module or unlinked crate `rok_ui`
[INFO] [stdout]     |
[INFO] [stdout]     = help: if you wanted to use a crate named `rok_ui`, use `cargo add rok_ui` to add it to your `Cargo.toml`
[INFO] [stdout] 
[INFO] [stdout] error: cannot find macro `keyframes` in this scope
[INFO] [stdout]    --> src/lib.rs:254:1
[INFO] [stdout]     |
[INFO] [stdout] 254 | keyframes! {
[INFO] [stdout]     | ^^^^^^^^^
[INFO] [stdout] 
[INFO] [stdout] error[E0425]: cannot find value `FADE_UP` in this scope
[INFO] [stdout]    --> src/lib.rs:263:47
[INFO] [stdout]     |
[INFO] [stdout] 263 | let card = div().motion("enter", Motion::new(&FADE_UP).duration_ms(250).easing(Easing::EaseOut));
[INFO] [stdout]     |                                               ^^^^^^^ not found in this scope
[INFO] [stdout] 
[INFO] [stdout] error[E0425]: cannot find function `div` in this scope
[INFO] [stdout]    --> src/lib.rs:263:12
[INFO] [stdout]     |
[INFO] [stdout] 263 | let card = div().motion("enter", Motion::new(&FADE_UP).duration_ms(250).easing(Easing::EaseOut));
[INFO] [stdout]     |            ^^^ not found in this scope
[INFO] [stdout] 
[INFO] [stdout] error[E0433]: cannot find type `Motion` in this scope
[INFO] [stdout]    --> src/lib.rs:263:34
[INFO] [stdout]     |
[INFO] [stdout] 263 | let card = div().motion("enter", Motion::new(&FADE_UP).duration_ms(250).easing(Easing::EaseOut));
[INFO] [stdout]     |                                  ^^^^^^ use of undeclared type `Motion`
[INFO] [stdout]     |
[INFO] [stdout] help: an enum with a similar name exists
[INFO] [stdout]     |
[INFO] [stdout] 263 - let card = div().motion("enter", Motion::new(&FADE_UP).duration_ms(250).easing(Easing::EaseOut));
[INFO] [stdout] 263 + let card = div().motion("enter", Option::new(&FADE_UP).duration_ms(250).easing(Easing::EaseOut));
[INFO] [stdout]     |
[INFO] [stdout] 
[INFO] [stdout] error[E0433]: cannot find type `Easing` in this scope
[INFO] [stdout]    --> src/lib.rs:263:80
[INFO] [stdout]     |
[INFO] [stdout] 263 | let card = div().motion("enter", Motion::new(&FADE_UP).duration_ms(250).easing(Easing::EaseOut));
[INFO] [stdout]     |                                                                                ^^^^^^ use of undeclared type `Easing`
[INFO] [stdout] 
[INFO] [stdout] error: aborting due to 6 previous errors
[INFO] [stdout] 
[INFO] [stdout] Some errors have detailed explanations: E0425, E0433.
[INFO] [stdout] For more information about an error, try `rustc --explain E0425`.
[INFO] [stdout] Couldn't compile the test.
[INFO] [stdout] ---- src/lib.rs - component (line 20) stdout ----
[INFO] [stdout] error[E0433]: cannot find module or crate `rok_ui` in this scope
[INFO] [stdout]   --> src/lib.rs:21:5
[INFO] [stdout]    |
[INFO] [stdout] 21 | use rok_ui::prelude::*;
[INFO] [stdout]    |     ^^^^^^ use of unresolved module or unlinked crate `rok_ui`
[INFO] [stdout]    |
[INFO] [stdout]    = help: if you wanted to use a crate named `rok_ui`, use `cargo add rok_ui` to add it to your `Cargo.toml`
[INFO] [stdout] 
[INFO] [stdout] error: cannot find attribute `component` in this scope
[INFO] [stdout]   --> src/lib.rs:24:3
[INFO] [stdout]    |
[INFO] [stdout] 24 | #[component]
[INFO] [stdout]    |   ^^^^^^^^^
[INFO] [stdout] 
[INFO] [stdout] error: cannot find attribute `default` in this scope
[INFO] [stdout]   --> src/lib.rs:27:7
[INFO] [stdout]    |
[INFO] [stdout] 27 |     #[default] excited: bool,
[INFO] [stdout]    |       ^^^^^^^
[INFO] [stdout] 
[INFO] [stdout] error: cannot find attribute `default` in this scope
[INFO] [stdout]   --> src/lib.rs:28:7
[INFO] [stdout]    |
[INFO] [stdout] 28 |     #[default] on_wave: Option<EventHandler<ClickEvent>>,
[INFO] [stdout]    |       ^^^^^^^
[INFO] [stdout] 
[INFO] [stdout] error: cannot find attribute `children` in this scope
[INFO] [stdout]   --> src/lib.rs:29:7
[INFO] [stdout]    |
[INFO] [stdout] 29 |     #[children] children: Vec<AnyElement>,
[INFO] [stdout]    |       ^^^^^^^^
[INFO] [stdout] 
[INFO] [stdout] error[E0425]: cannot find type `SharedString` in this scope
[INFO] [stdout]   --> src/lib.rs:26:11
[INFO] [stdout]    |
[INFO] [stdout] 26 |     name: SharedString,
[INFO] [stdout]    |           ^^^^^^^^^^^^ not found in this scope
[INFO] [stdout] 
[INFO] [stdout] error[E0425]: cannot find type `EventHandler` in this scope
[INFO] [stdout]   --> src/lib.rs:28:32
[INFO] [stdout]    |
[INFO] [stdout] 28 |     #[default] on_wave: Option<EventHandler<ClickEvent>>,
[INFO] [stdout]    |                                ^^^^^^^^^^^^ not found in this scope
[INFO] [stdout] 
[INFO] [stdout] error[E0425]: cannot find type `ClickEvent` in this scope
[INFO] [stdout]   --> src/lib.rs:28:45
[INFO] [stdout]    |
[INFO] [stdout] 28 |     #[default] on_wave: Option<EventHandler<ClickEvent>>,
[INFO] [stdout]    |                                             ^^^^^^^^^^ not found in this scope
[INFO] [stdout]    |
[INFO] [stdout] help: you might be missing a type parameter
[INFO] [stdout]    |
[INFO] [stdout] 25 | pub fn Greeting<ClickEvent>(
[INFO] [stdout]    |                ++++++++++++
[INFO] [stdout] 
[INFO] [stdout] error[E0425]: cannot find type `AnyElement` in this scope
[INFO] [stdout]   --> src/lib.rs:29:31
[INFO] [stdout]    |
[INFO] [stdout] 29 |     #[children] children: Vec<AnyElement>,
[INFO] [stdout]    |                               ^^^^^^^^^^ not found in this scope
[INFO] [stdout]    |
[INFO] [stdout] help: you might be missing a type parameter
[INFO] [stdout]    |
[INFO] [stdout] 25 | pub fn Greeting<AnyElement>(
[INFO] [stdout]    |                ++++++++++++
[INFO] [stdout] 
[INFO] [stdout] error[E0425]: cannot find type `Window` in this scope
[INFO] [stdout]   --> src/lib.rs:30:18
[INFO] [stdout]    |
[INFO] [stdout] 30 |     window: &mut Window,
[INFO] [stdout]    |                  ^^^^^^ not found in this scope
[INFO] [stdout] 
[INFO] [stdout] error[E0425]: cannot find type `App` in this scope
[INFO] [stdout]   --> src/lib.rs:31:14
[INFO] [stdout]    |
[INFO] [stdout] 31 |     cx: &mut App,
[INFO] [stdout]    |              ^^^ not found in this scope
[INFO] [stdout] 
[INFO] [stdout] error[E0405]: cannot find trait `IntoElement` in this scope
[INFO] [stdout]   --> src/lib.rs:32:11
[INFO] [stdout]    |
[INFO] [stdout] 32 | ) -> impl IntoElement {
[INFO] [stdout]    |           ^^^^^^^^^^^ not found in this scope
[INFO] [stdout] 
[INFO] [stdout] error[E0433]: cannot find type `Greeting` in this scope
[INFO] [stdout]   --> src/lib.rs:38:16
[INFO] [stdout]    |
[INFO] [stdout] 38 | let greeting = Greeting::new("Ada").excited(true).on_wave(|_, _, _| {}).child("Welcome back");
[INFO] [stdout]    |                ^^^^^^^^ `Greeting` is declared as a function at `src/lib.rs:7:1`, not a type
[INFO] [stdout] 
[INFO] [stdout] error[E0425]: cannot find function `div` in this scope
[INFO] [stdout]   --> src/lib.rs:33:5
[INFO] [stdout]    |
[INFO] [stdout] 33 |     div().child(format!("Hello, {name}{}", if excited { "!" } else { "." })).children(children)
[INFO] [stdout]    |     ^^^ not found in this scope
[INFO] [stdout] 
[INFO] [stdout] error: aborting due to 14 previous errors
[INFO] [stdout] 
[INFO] [stdout] Some errors have detailed explanations: E0405, E0425, E0433.
[INFO] [stdout] For more information about an error, try `rustc --explain E0405`.
[INFO] [stdout] Couldn't compile the test.
[INFO] [stdout] 
[INFO] [stdout] failures:
[INFO] [stdout]     src/lib.rs - children (line 195)
[INFO] [stdout]     src/lib.rs - component (line 20)
[INFO] [stdout]     src/lib.rs - keyframes (line 252)
[INFO] [stdout]     src/lib.rs - memoize (line 131)
[INFO] [stdout]     src/lib.rs - procedure (line 106)
[INFO] [stdout]     src/lib.rs - styles (line 147)
[INFO] [stdout]     src/lib.rs - view (line 216)
[INFO] [stdout] 
[INFO] [stdout] test result: FAILED. 0 passed; 7 failed; 0 ignored; 0 measured; 0 filtered out; finished in 0.18s
[INFO] [stdout] 
[INFO] running `Command { std: "docker" "inspect" "34a842db3d83326672ee12ab5875b107bb6311f0c4b5d0a1ee952213d548e165", kill_on_drop: false }`
[INFO] running `Command { std: "docker" "rm" "-f" "34a842db3d83326672ee12ab5875b107bb6311f0c4b5d0a1ee952213d548e165", kill_on_drop: false }`
[INFO] [stdout] 34a842db3d83326672ee12ab5875b107bb6311f0c4b5d0a1ee952213d548e165
