[INFO] fetching crate rok-ui-cli 0.8.0...
[INFO] testing rok-ui-cli-0.8.0 against 1.99.0-beta.8+cargoflags=--release for beta-release-1.100-2
[INFO] extracting crate rok-ui-cli 0.8.0 into /workspace/builds/worker-5-tc1/source
[INFO] started tweaking crates.io crate rok-ui-cli 0.8.0
[INFO] finished tweaking crates.io crate rok-ui-cli 0.8.0
[INFO] tweaked toml for crates.io crate rok-ui-cli 0.8.0 written to /workspace/builds/worker-5-tc1/source/Cargo.toml
[INFO] validating manifest of crates.io crate rok-ui-cli 0.8.0 on toolchain 1.99.0-beta.8
[INFO] running `Command { std: CARGO_HOME="/workspace/cargo-home" RUSTUP_HOME="/workspace/rustup-home" "/workspace/cargo-home/bin/cargo" "+1.99.0-beta.8" "metadata" "--manifest-path" "Cargo.toml" "--no-deps", kill_on_drop: false }`
[INFO] crate crates.io crate rok-ui-cli 0.8.0 already has a lockfile, it will not be regenerated
[INFO] running `Command { std: CARGO_HOME="/workspace/cargo-home" RUSTUP_HOME="/workspace/rustup-home" "/workspace/cargo-home/bin/cargo" "+1.99.0-beta.8" "fetch" "--manifest-path" "Cargo.toml", kill_on_drop: false }`
[INFO] [stderr]     Updating crates.io index
[INFO] [stderr]  Downloading crates ...
[INFO] [stderr]   Downloaded rok-ui-build v0.8.0
[INFO] running `Command { std: "docker" "create" "-v" "/var/lib/crater-agent-workspace/builds/worker-5-tc1/source:/opt/rustwide/workdir:ro,Z" "-v" "/var/lib/crater-agent-workspace/builds/worker-5-tc1/target:/opt/rustwide/target:rw,Z" "-v" "/var/lib/crater-agent-workspace/cargo-home:/opt/rustwide/cargo-home:ro,Z" "-v" "/var/lib/crater-agent-workspace/rustup-home:/opt/rustwide/rustup-home:ro,Z" "-m" "1610612736" "--network" "none" "ghcr.io/rust-lang/crates-build-env/linux@sha256:77db811e55d90add9212f6832c23229e3de5f1c1f9905e8cb07319ea15df73ac" "sleep" "infinity", kill_on_drop: false }`
[INFO] [stdout] 645a358afd0b4790d671e8888e09f1a9434557dce63e2da2ef6ba9ca3e2314fb
[INFO] running `Command { std: "docker" "start" "645a358afd0b4790d671e8888e09f1a9434557dce63e2da2ef6ba9ca3e2314fb", kill_on_drop: false }`
[INFO] running `Command { std: "docker" "inspect" "645a358afd0b4790d671e8888e09f1a9434557dce63e2da2ef6ba9ca3e2314fb", kill_on_drop: false }`
[INFO] running `Command { std: "docker" "exec" "-e" "SOURCE_DIR=/opt/rustwide/workdir" "-e" "CARGO_HOME=/opt/rustwide/cargo-home" "-e" "RUSTUP_HOME=/opt/rustwide/rustup-home" "-e" "CARGO_TARGET_DIR=/opt/rustwide/target" "-w" "/opt/rustwide/workdir" "--user" "0:0" "645a358afd0b4790d671e8888e09f1a9434557dce63e2da2ef6ba9ca3e2314fb" "/opt/rustwide/cargo-home/bin/cargo" "+1.99.0-beta.8" "metadata" "--no-deps" "--format-version=1", kill_on_drop: false }`
[INFO] running `Command { std: "docker" "inspect" "645a358afd0b4790d671e8888e09f1a9434557dce63e2da2ef6ba9ca3e2314fb", kill_on_drop: false }`
[INFO] running `Command { std: "docker" "exec" "-e" "SOURCE_DIR=/opt/rustwide/workdir" "-e" "CARGO_HOME=/opt/rustwide/cargo-home" "-e" "RUSTUP_HOME=/opt/rustwide/rustup-home" "-e" "CARGO_TARGET_DIR=/opt/rustwide/target" "-e" "CARGO_INCREMENTAL=0" "-e" "RUST_BACKTRACE=full" "-e" "RUSTFLAGS=--cap-lints=warn" "-e" "RUSTDOCFLAGS=--cap-lints=warn" "-w" "/opt/rustwide/workdir" "--user" "0:0" "645a358afd0b4790d671e8888e09f1a9434557dce63e2da2ef6ba9ca3e2314fb" "/opt/rustwide/cargo-home/bin/cargo" "+1.99.0-beta.8" "build" "--frozen" "--message-format=json" "--release", kill_on_drop: false }`
[INFO] [stderr]    Compiling unicode-ident v1.0.26
[INFO] [stderr]    Compiling proc-macro2 v1.0.107
[INFO] [stderr]    Compiling quote v1.0.47
[INFO] [stderr]    Compiling serde v1.0.229
[INFO] [stderr]    Compiling ref-cast v1.0.27
[INFO] [stderr]    Compiling serde_json v1.0.151
[INFO] [stderr]    Compiling serde_path_to_error v0.1.20
[INFO] [stderr]    Compiling syn v3.0.6
[INFO] [stderr]    Compiling serde_derive_internals v0.30.0
[INFO] [stderr]    Compiling serde_derive v1.0.229
[INFO] [stderr]    Compiling ref-cast-impl v1.0.27
[INFO] [stderr]    Compiling schemars_derive v1.2.2
[INFO] [stderr]    Compiling rok-ui-build v0.8.0
[INFO] [stderr]    Compiling schemars v1.2.2
[INFO] [stderr]    Compiling rok-ui-cli v0.8.0 (/opt/rustwide/workdir)
[INFO] [stderr]     Finished `release` profile [optimized] target(s) in 1m 22s
[INFO] running `Command { std: "docker" "inspect" "645a358afd0b4790d671e8888e09f1a9434557dce63e2da2ef6ba9ca3e2314fb", kill_on_drop: false }`
[INFO] running `Command { std: "docker" "exec" "-e" "SOURCE_DIR=/opt/rustwide/workdir" "-e" "CARGO_HOME=/opt/rustwide/cargo-home" "-e" "RUSTUP_HOME=/opt/rustwide/rustup-home" "-e" "CARGO_TARGET_DIR=/opt/rustwide/target" "-e" "CARGO_INCREMENTAL=0" "-e" "RUST_BACKTRACE=full" "-e" "RUSTFLAGS=--cap-lints=warn" "-e" "RUSTDOCFLAGS=--cap-lints=warn" "-w" "/opt/rustwide/workdir" "--user" "0:0" "645a358afd0b4790d671e8888e09f1a9434557dce63e2da2ef6ba9ca3e2314fb" "/opt/rustwide/cargo-home/bin/cargo" "+1.99.0-beta.8" "test" "--frozen" "--no-run" "--message-format=json" "--release", kill_on_drop: false }`
[INFO] [stderr]    Compiling rok-ui-cli v0.8.0 (/opt/rustwide/workdir)
[INFO] [stderr]     Finished `release` profile [optimized] target(s) in 22.14s
[INFO] running `Command { std: "docker" "inspect" "645a358afd0b4790d671e8888e09f1a9434557dce63e2da2ef6ba9ca3e2314fb", kill_on_drop: false }`
[INFO] running `Command { std: "docker" "exec" "-e" "SOURCE_DIR=/opt/rustwide/workdir" "-e" "CARGO_HOME=/opt/rustwide/cargo-home" "-e" "RUSTUP_HOME=/opt/rustwide/rustup-home" "-e" "CARGO_TARGET_DIR=/opt/rustwide/target" "-e" "CARGO_INCREMENTAL=0" "-e" "RUST_BACKTRACE=full" "-e" "RUSTFLAGS=--cap-lints=warn" "-e" "RUSTDOCFLAGS=--cap-lints=warn" "-w" "/opt/rustwide/workdir" "--user" "0:0" "645a358afd0b4790d671e8888e09f1a9434557dce63e2da2ef6ba9ca3e2314fb" "/opt/rustwide/cargo-home/bin/cargo" "+1.99.0-beta.8" "test" "--frozen" "--release", kill_on_drop: false }`
[INFO] [stdout] 
[INFO] [stderr]     Finished `release` profile [optimized] target(s) in 0.09s
[INFO] [stdout] running 16 tests
[INFO] [stderr]      Running unittests src/main.rs (/opt/rustwide/target/release/deps/cargo_rok_ui-8be33f39781b8b4b)
[INFO] [stdout] test generate::tests::barrels_stay_sorted ... ok
[INFO] [stdout] test add::tests::extra_crates_are_reported ... ok
[INFO] [stdout] test generate::tests::endpoints_parse_from_flags ... ok
[INFO] [stdout] test generate::names::tests::event_verbs ... ok
[INFO] [stdout] test generate::names::tests::names_normalize ... ok
[INFO] [stdout] test generate::tests::http_specs_are_checked ... ok
[INFO] [stdout] test generate::tests::flags_win_over_json ... ok
[INFO] [stdout] test generate::tests::json_errors_name_the_path ... ok
[INFO] [stdout] test generate::tests::the_schema_describes_every_key ... ok
[INFO] [stdout] test tests::arguments_parse_flags_and_positionals ... ok
[INFO] [stdout] test add::tests::crate_paths_point_at_rok_ui ... ok
[INFO] [stdout] test tests::templates_fill_their_placeholders ... ok
[INFO] [stdout] test generate::tests::http_fixtures_match_their_snapshots ... ok
[INFO] [stdout] test generate::tests::edited_files_conflict_unless_forced ... FAILED
[INFO] [stdout] test generate::tests::notes_fixture_matches_its_snapshots ... ok
[INFO] [stdout] test generate::tests::generating_twice_changes_nothing ... FAILED
[INFO] [stderr] error: test failed, to rerun pass `--bin cargo-rok-ui`
[INFO] [stdout] 
[INFO] [stdout] failures:
[INFO] [stdout] 
[INFO] [stdout] ---- generate::tests::edited_files_conflict_unless_forced stdout ----
[INFO] [stdout] 
[INFO] [stdout] thread 'generate::tests::edited_files_conflict_unless_forced' (617) panicked at src/generate.rs:508:62:
[INFO] [stdout] called `Result::unwrap()` on an `Err` value: "src/data/models/note.rs: the generated code does not parse (a generator bug):\nerror: 'rustfmt' is not installed for the toolchain '1.99.0-beta.8-x86_64-unknown-linux-gnu'.\nhelp: run `rustup component add --toolchain 1.99.0-beta.8-x86_64-unknown-linux-gnu rustfmt` to install it\n"
[INFO] [stdout] stack backtrace:
[INFO] [stdout]    0:     0x60bc34ab12b1 - <<std[70759c8f55707aa4]::sys::backtrace::BacktraceLock>::print::DisplayBacktrace as core[df12db4294e9bfd3]::fmt::Display>::fmt
[INFO] [stdout]    1:     0x60bc34ac7eaa - core[df12db4294e9bfd3]::fmt::write
[INFO] [stdout]    2:     0x60bc34ab5afc - <alloc[2182bb758b4b3781]::vec::Vec<u8> as core[df12db4294e9bfd3]::io::write::Write>::write_fmt
[INFO] [stdout]    3:     0x60bc34a8b2a6 - std[70759c8f55707aa4]::panicking::default_hook::{closure#0}
[INFO] [stdout]    4:     0x60bc34aa88b9 - std[70759c8f55707aa4]::panicking::default_hook
[INFO] [stdout]    5:     0x60bc34a2bba0 - test[9d35eded1c95d3be]::test_main_inner::<test[9d35eded1c95d3be]::test_main_static::{closure#0}>::{closure#0}
[INFO] [stdout]    6:     0x60bc34aa8be2 - std[70759c8f55707aa4]::panicking::panic_with_hook
[INFO] [stdout]    7:     0x60bc34a8b352 - std[70759c8f55707aa4]::panicking::panic_handler::{closure#0}
[INFO] [stdout]    8:     0x60bc34a83d29 - std[70759c8f55707aa4]::sys::backtrace::__rust_end_short_backtrace::<std[70759c8f55707aa4]::panicking::panic_handler::{closure#0}, !>
[INFO] [stdout]    9:     0x60bc34a8c03d - __rustc[8fa7c3cbc660c2b3]::rust_begin_unwind
[INFO] [stdout]   10:     0x60bc34ac860c - core[df12db4294e9bfd3]::panicking::panic_fmt
[INFO] [stdout]   11:     0x60bc34ac83e2 - core[df12db4294e9bfd3]::result::unwrap_failed
[INFO] [stdout]   12:     0x60bc348c2a6c - cargo_rok_ui[c4e258e1768c5101]::generate::tests::generate
[INFO] [stdout]   13:     0x60bc348c4f35 - cargo_rok_ui[c4e258e1768c5101]::generate::tests::edited_files_conflict_unless_forced
[INFO] [stdout]   14:     0x60bc34919fc9 - <cargo_rok_ui[c4e258e1768c5101]::generate::tests::edited_files_conflict_unless_forced::{closure#0} as core[df12db4294e9bfd3]::ops::function::FnOnce<()>>::call_once
[INFO] [stdout]   15:     0x60bc34a1ee8b - test[9d35eded1c95d3be]::__rust_begin_short_backtrace::<core[df12db4294e9bfd3]::result::Result<(), alloc[2182bb758b4b3781]::string::String>, fn() -> core[df12db4294e9bfd3]::result::Result<(), alloc[2182bb758b4b3781]::string::String>>
[INFO] [stdout]   16:     0x60bc34a2c4f5 - test[9d35eded1c95d3be]::run_test::{closure#0}
[INFO] [stdout]   17:     0x60bc34a25db4 - std[70759c8f55707aa4]::sys::backtrace::__rust_begin_short_backtrace::<test[9d35eded1c95d3be]::run_test::{closure#1}, ()>
[INFO] [stdout]   18:     0x60bc34a2f652 - <std[70759c8f55707aa4]::thread::lifecycle::spawn_unchecked<test[9d35eded1c95d3be]::run_test::{closure#1}, ()>::{closure#1} as core[df12db4294e9bfd3]::ops::function::FnOnce<()>>::call_once::{shim:vtable#0}
[INFO] [stdout]   19:     0x60bc34ab0619 - <std[70759c8f55707aa4]::sys::thread::unix::Thread>::new::thread_start
[INFO] [stdout]   20:     0x727110281dfa - <unknown>
[INFO] [stdout]   21:     0x7271103153d4 - clone
[INFO] [stdout]   22:                0x0 - <unknown>
[INFO] [stdout] 
[INFO] [stdout] ---- generate::tests::generating_twice_changes_nothing stdout ----
[INFO] [stdout] 
[INFO] [stdout] thread 'generate::tests::generating_twice_changes_nothing' (620) panicked at src/generate.rs:508:62:
[INFO] [stdout] called `Result::unwrap()` on an `Err` value: "src/data/models/note.rs: the generated code does not parse (a generator bug):\nerror: 'rustfmt' is not installed for the toolchain '1.99.0-beta.8-x86_64-unknown-linux-gnu'.\nhelp: run `rustup component add --toolchain 1.99.0-beta.8-x86_64-unknown-linux-gnu rustfmt` to install it\n"
[INFO] [stdout] stack backtrace:
[INFO] [stdout]    0:     0x60bc34ab12b1 - <<std[70759c8f55707aa4]::sys::backtrace::BacktraceLock>::print::DisplayBacktrace as core[df12db4294e9bfd3]::fmt::Display>::fmt
[INFO] [stdout]    1:     0x60bc34ac7eaa - core[df12db4294e9bfd3]::fmt::write
[INFO] [stdout]    2:     0x60bc34ab5afc - <alloc[2182bb758b4b3781]::vec::Vec<u8> as core[df12db4294e9bfd3]::io::write::Write>::write_fmt
[INFO] [stdout]    3:     0x60bc34a8b2a6 - std[70759c8f55707aa4]::panicking::default_hook::{closure#0}
[INFO] [stdout]    4:     0x60bc34aa88b9 - std[70759c8f55707aa4]::panicking::default_hook
[INFO] [stdout]    5:     0x60bc34a2bba0 - test[9d35eded1c95d3be]::test_main_inner::<test[9d35eded1c95d3be]::test_main_static::{closure#0}>::{closure#0}
[INFO] [stdout]    6:     0x60bc34aa8be2 - std[70759c8f55707aa4]::panicking::panic_with_hook
[INFO] [stdout]    7:     0x60bc34a8b352 - std[70759c8f55707aa4]::panicking::panic_handler::{closure#0}
[INFO] [stdout]    8:     0x60bc34a83d29 - std[70759c8f55707aa4]::sys::backtrace::__rust_end_short_backtrace::<std[70759c8f55707aa4]::panicking::panic_handler::{closure#0}, !>
[INFO] [stdout]    9:     0x60bc34a8c03d - __rustc[8fa7c3cbc660c2b3]::rust_begin_unwind
[INFO] [stdout]   10:     0x60bc34ac860c - core[df12db4294e9bfd3]::panicking::panic_fmt
[INFO] [stdout]   11:     0x60bc34ac83e2 - core[df12db4294e9bfd3]::result::unwrap_failed
[INFO] [stdout]   12:     0x60bc348c2a6c - cargo_rok_ui[c4e258e1768c5101]::generate::tests::generate
[INFO] [stdout]   13:     0x60bc348c46e5 - cargo_rok_ui[c4e258e1768c5101]::generate::tests::generating_twice_changes_nothing
[INFO] [stdout]   14:     0x60bc34919fa9 - <cargo_rok_ui[c4e258e1768c5101]::generate::tests::generating_twice_changes_nothing::{closure#0} as core[df12db4294e9bfd3]::ops::function::FnOnce<()>>::call_once
[INFO] [stdout]   15:     0x60bc34a1ee8b - test[9d35eded1c95d3be]::__rust_begin_short_backtrace::<core[df12db4294e9bfd3]::result::Result<(), alloc[2182bb758b4b3781]::string::String>, fn() -> core[df12db4294e9bfd3]::result::Result<(), alloc[2182bb758b4b3781]::string::String>>
[INFO] [stdout]   16:     0x60bc34a2c4f5 - test[9d35eded1c95d3be]::run_test::{closure#0}
[INFO] [stdout]   17:     0x60bc34a25db4 - std[70759c8f55707aa4]::sys::backtrace::__rust_begin_short_backtrace::<test[9d35eded1c95d3be]::run_test::{closure#1}, ()>
[INFO] [stdout]   18:     0x60bc34a2f652 - <std[70759c8f55707aa4]::thread::lifecycle::spawn_unchecked<test[9d35eded1c95d3be]::run_test::{closure#1}, ()>::{closure#1} as core[df12db4294e9bfd3]::ops::function::FnOnce<()>>::call_once::{shim:vtable#0}
[INFO] [stdout]   19:     0x60bc34ab0619 - <std[70759c8f55707aa4]::sys::thread::unix::Thread>::new::thread_start
[INFO] [stdout]   20:     0x727110281dfa - <unknown>
[INFO] [stdout]   21:     0x7271103153d4 - clone
[INFO] [stdout]   22:                0x0 - <unknown>
[INFO] [stdout] 
[INFO] [stdout] 
[INFO] [stdout] failures:
[INFO] [stdout]     generate::tests::edited_files_conflict_unless_forced
[INFO] [stdout]     generate::tests::generating_twice_changes_nothing
[INFO] [stdout] 
[INFO] [stdout] test result: FAILED. 14 passed; 2 failed; 0 ignored; 0 measured; 0 filtered out; finished in 0.68s
[INFO] [stdout] 
[INFO] running `Command { std: "docker" "inspect" "645a358afd0b4790d671e8888e09f1a9434557dce63e2da2ef6ba9ca3e2314fb", kill_on_drop: false }`
[INFO] running `Command { std: "docker" "rm" "-f" "645a358afd0b4790d671e8888e09f1a9434557dce63e2da2ef6ba9ca3e2314fb", kill_on_drop: false }`
[INFO] [stdout] 645a358afd0b4790d671e8888e09f1a9434557dce63e2da2ef6ba9ca3e2314fb
