[INFO] fetching crate roger-protocol 0.1.2...
[INFO] testing roger-protocol-0.1.2 against 1.99.0-beta.8+cargoflags=--release for beta-release-1.100-2
[INFO] extracting crate roger-protocol 0.1.2 into /workspace/builds/worker-5-tc1/source
[INFO] started tweaking crates.io crate roger-protocol 0.1.2
[INFO] finished tweaking crates.io crate roger-protocol 0.1.2
[INFO] tweaked toml for crates.io crate roger-protocol 0.1.2 written to /workspace/builds/worker-5-tc1/source/Cargo.toml
[INFO] validating manifest of crates.io crate roger-protocol 0.1.2 on toolchain 1.99.0-beta.8
[INFO] running `Command { std: CARGO_HOME="/workspace/cargo-home" RUSTUP_HOME="/workspace/rustup-home" "/workspace/cargo-home/bin/cargo" "+1.99.0-beta.8" "metadata" "--manifest-path" "Cargo.toml" "--no-deps", kill_on_drop: false }`
[INFO] crate crates.io crate roger-protocol 0.1.2 already has a lockfile, it will not be regenerated
[INFO] running `Command { std: CARGO_HOME="/workspace/cargo-home" RUSTUP_HOME="/workspace/rustup-home" "/workspace/cargo-home/bin/cargo" "+1.99.0-beta.8" "fetch" "--manifest-path" "Cargo.toml", kill_on_drop: false }`
[INFO] [stderr]     Updating crates.io index
[INFO] [stderr]     Blocking waiting for file lock on package cache
[INFO] [stderr]  Downloading crates ...
[INFO] [stderr]   Downloaded specta-macros v2.0.0-rc.25
[INFO] [stderr]   Downloaded specta-serde v0.0.12
[INFO] [stderr]   Downloaded specta v2.0.0-rc.25
[INFO] [stderr]   Downloaded specta-typescript v0.0.12
[INFO] running `Command { std: "docker" "create" "-v" "/var/lib/crater-agent-workspace/builds/worker-5-tc1/source:/opt/rustwide/workdir:ro,Z" "-v" "/var/lib/crater-agent-workspace/builds/worker-5-tc1/target:/opt/rustwide/target:rw,Z" "-v" "/var/lib/crater-agent-workspace/cargo-home:/opt/rustwide/cargo-home:ro,Z" "-v" "/var/lib/crater-agent-workspace/rustup-home:/opt/rustwide/rustup-home:ro,Z" "-m" "1610612736" "--network" "none" "ghcr.io/rust-lang/crates-build-env/linux@sha256:77db811e55d90add9212f6832c23229e3de5f1c1f9905e8cb07319ea15df73ac" "sleep" "infinity", kill_on_drop: false }`
[INFO] [stdout] 401569c756113c8e9a519ea13abddafa239f1ddad8821c4eeab6396f8f508503
[INFO] running `Command { std: "docker" "start" "401569c756113c8e9a519ea13abddafa239f1ddad8821c4eeab6396f8f508503", kill_on_drop: false }`
[INFO] running `Command { std: "docker" "inspect" "401569c756113c8e9a519ea13abddafa239f1ddad8821c4eeab6396f8f508503", kill_on_drop: false }`
[INFO] running `Command { std: "docker" "exec" "-e" "SOURCE_DIR=/opt/rustwide/workdir" "-e" "CARGO_HOME=/opt/rustwide/cargo-home" "-e" "RUSTUP_HOME=/opt/rustwide/rustup-home" "-e" "CARGO_TARGET_DIR=/opt/rustwide/target" "-w" "/opt/rustwide/workdir" "--user" "0:0" "401569c756113c8e9a519ea13abddafa239f1ddad8821c4eeab6396f8f508503" "/opt/rustwide/cargo-home/bin/cargo" "+1.99.0-beta.8" "metadata" "--no-deps" "--format-version=1", kill_on_drop: false }`
[INFO] running `Command { std: "docker" "inspect" "401569c756113c8e9a519ea13abddafa239f1ddad8821c4eeab6396f8f508503", kill_on_drop: false }`
[INFO] running `Command { std: "docker" "exec" "-e" "SOURCE_DIR=/opt/rustwide/workdir" "-e" "CARGO_HOME=/opt/rustwide/cargo-home" "-e" "RUSTUP_HOME=/opt/rustwide/rustup-home" "-e" "CARGO_TARGET_DIR=/opt/rustwide/target" "-e" "CARGO_INCREMENTAL=0" "-e" "RUST_BACKTRACE=full" "-e" "RUSTFLAGS=--cap-lints=warn" "-e" "RUSTDOCFLAGS=--cap-lints=warn" "-w" "/opt/rustwide/workdir" "--user" "0:0" "401569c756113c8e9a519ea13abddafa239f1ddad8821c4eeab6396f8f508503" "/opt/rustwide/cargo-home/bin/cargo" "+1.99.0-beta.8" "build" "--frozen" "--message-format=json" "--release", kill_on_drop: false }`
[INFO] [stderr]    Compiling specta v2.0.0-rc.25
[INFO] [stderr]    Compiling syn v2.0.119
[INFO] [stderr]    Compiling specta-macros v2.0.0-rc.25
[INFO] [stderr]    Compiling roger-protocol v0.1.2 (/opt/rustwide/workdir)
[INFO] [stderr]     Finished `release` profile [optimized] target(s) in 8.14s
[INFO] running `Command { std: "docker" "inspect" "401569c756113c8e9a519ea13abddafa239f1ddad8821c4eeab6396f8f508503", kill_on_drop: false }`
[INFO] running `Command { std: "docker" "exec" "-e" "SOURCE_DIR=/opt/rustwide/workdir" "-e" "CARGO_HOME=/opt/rustwide/cargo-home" "-e" "RUSTUP_HOME=/opt/rustwide/rustup-home" "-e" "CARGO_TARGET_DIR=/opt/rustwide/target" "-e" "CARGO_INCREMENTAL=0" "-e" "RUST_BACKTRACE=full" "-e" "RUSTFLAGS=--cap-lints=warn" "-e" "RUSTDOCFLAGS=--cap-lints=warn" "-w" "/opt/rustwide/workdir" "--user" "0:0" "401569c756113c8e9a519ea13abddafa239f1ddad8821c4eeab6396f8f508503" "/opt/rustwide/cargo-home/bin/cargo" "+1.99.0-beta.8" "test" "--frozen" "--no-run" "--message-format=json" "--release", kill_on_drop: false }`
[INFO] [stderr]    Compiling specta-macros v2.0.0-rc.25
[INFO] [stderr]    Compiling specta v2.0.0-rc.25
[INFO] [stderr]    Compiling specta-typescript v0.0.12
[INFO] [stderr]    Compiling specta-serde v0.0.12
[INFO] [stderr]    Compiling roger-protocol v0.1.2 (/opt/rustwide/workdir)
[INFO] [stderr]     Finished `release` profile [optimized] target(s) in 17.93s
[INFO] running `Command { std: "docker" "inspect" "401569c756113c8e9a519ea13abddafa239f1ddad8821c4eeab6396f8f508503", kill_on_drop: false }`
[INFO] running `Command { std: "docker" "exec" "-e" "SOURCE_DIR=/opt/rustwide/workdir" "-e" "CARGO_HOME=/opt/rustwide/cargo-home" "-e" "RUSTUP_HOME=/opt/rustwide/rustup-home" "-e" "CARGO_TARGET_DIR=/opt/rustwide/target" "-e" "CARGO_INCREMENTAL=0" "-e" "RUST_BACKTRACE=full" "-e" "RUSTFLAGS=--cap-lints=warn" "-e" "RUSTDOCFLAGS=--cap-lints=warn" "-w" "/opt/rustwide/workdir" "--user" "0:0" "401569c756113c8e9a519ea13abddafa239f1ddad8821c4eeab6396f8f508503" "/opt/rustwide/cargo-home/bin/cargo" "+1.99.0-beta.8" "test" "--frozen" "--release", kill_on_drop: false }`
[INFO] [stderr]     Finished `release` profile [optimized] target(s) in 0.04s
[INFO] [stderr]      Running unittests src/lib.rs (/opt/rustwide/target/release/deps/roger_protocol-3dc2d053a2a20b84)
[INFO] [stdout] 
[INFO] [stdout] running 7 tests
[INFO] [stdout] test tests::unknown_names_are_rejected_with_the_choices ... ok
[INFO] [stdout] test tests::create_ask_accepts_missing_optional_fields ... ok
[INFO] [stdout] test tests::closed_asks_without_an_answer_never_report_a_decision ... ok
[INFO] [stdout] test tests::enums_use_the_same_names_on_the_wire_and_in_display ... ok
[INFO] [stdout] test tests::outcome_follows_the_decision_not_the_option ... ok
[INFO] [stdout] test tests::only_applied_failed_and_not_applicable_are_terminal ... ok
[INFO] [stdout] test tests::typescript_bindings_are_current ... FAILED
[INFO] [stdout] 
[INFO] [stdout] failures:
[INFO] [stdout] 
[INFO] [stdout] ---- tests::typescript_bindings_are_current stdout ----
[INFO] [stdout] 
[INFO] [stdout] thread 'tests::typescript_bindings_are_current' (422) panicked at src/lib.rs:580:9:
[INFO] [stdout] apps/worker/src/protocol.gen.ts is stale; run `just protocol`
[INFO] [stdout] stack backtrace:
[INFO] [stdout]    0:     0x60dd93af5b51 - <<std[70759c8f55707aa4]::sys::backtrace::BacktraceLock>::print::DisplayBacktrace as core[df12db4294e9bfd3]::fmt::Display>::fmt
[INFO] [stdout]    1:     0x60dd93b0adca - core[df12db4294e9bfd3]::fmt::write
[INFO] [stdout]    2:     0x60dd93afa05c - <alloc[2182bb758b4b3781]::vec::Vec<u8> as core[df12db4294e9bfd3]::io::write::Write>::write_fmt
[INFO] [stdout]    3:     0x60dd93ad19d6 - std[70759c8f55707aa4]::panicking::default_hook::{closure#0}
[INFO] [stdout]    4:     0x60dd93aedb59 - std[70759c8f55707aa4]::panicking::default_hook
[INFO] [stdout]    5:     0x60dd93a6f210 - test[9d35eded1c95d3be]::test_main_inner::<test[9d35eded1c95d3be]::test_main_static::{closure#0}>::{closure#0}
[INFO] [stdout]    6:     0x60dd93aede82 - std[70759c8f55707aa4]::panicking::panic_with_hook
[INFO] [stdout]    7:     0x60dd93ad1ab4 - std[70759c8f55707aa4]::panicking::panic_handler::{closure#0}
[INFO] [stdout]    8:     0x60dd93aca679 - std[70759c8f55707aa4]::sys::backtrace::__rust_end_short_backtrace::<std[70759c8f55707aa4]::panicking::panic_handler::{closure#0}, !>
[INFO] [stdout]    9:     0x60dd93ad267d - __rustc[8fa7c3cbc660c2b3]::rust_begin_unwind
[INFO] [stdout]   10:     0x60dd93b0b52c - core[df12db4294e9bfd3]::panicking::panic_fmt
[INFO] [stdout]   11:     0x60dd939e45c8 - roger_protocol[85af1c1f7eb53a9e]::tests::typescript_bindings_are_current
[INFO] [stdout]   12:     0x60dd939cfd8d - <roger_protocol[85af1c1f7eb53a9e]::tests::typescript_bindings_are_current::{closure#0} as core[df12db4294e9bfd3]::ops::function::FnOnce<()>>::call_once
[INFO] [stdout]   13:     0x60dd93a624fb - test[9d35eded1c95d3be]::__rust_begin_short_backtrace::<core[df12db4294e9bfd3]::result::Result<(), alloc[2182bb758b4b3781]::string::String>, fn() -> core[df12db4294e9bfd3]::result::Result<(), alloc[2182bb758b4b3781]::string::String>>
[INFO] [stdout]   14:     0x60dd93a6fb65 - test[9d35eded1c95d3be]::run_test::{closure#0}
[INFO] [stdout]   15:     0x60dd93a69424 - std[70759c8f55707aa4]::sys::backtrace::__rust_begin_short_backtrace::<test[9d35eded1c95d3be]::run_test::{closure#1}, ()>
[INFO] [stdout]   16:     0x60dd93a72cc2 - <std[70759c8f55707aa4]::thread::lifecycle::spawn_unchecked<test[9d35eded1c95d3be]::run_test::{closure#1}, ()>::{closure#1} as core[df12db4294e9bfd3]::ops::function::FnOnce<()>>::call_once::{shim:vtable#0}
[INFO] [stdout]   17:     0x60dd93af4eb9 - <std[70759c8f55707aa4]::sys::thread::unix::Thread>::new::thread_start
[INFO] [stdout]   18:     0x7c67de9d7dfa - <unknown>
[INFO] [stdout]   19:     0x7c67dea6b3d4 - clone
[INFO] [stdout]   20:                0x0 - <unknown>
[INFO] [stdout] 
[INFO] [stdout] 
[INFO] [stdout] failures:
[INFO] [stdout]     tests::typescript_bindings_are_current
[INFO] [stdout] 
[INFO] [stdout] test result: FAILED. 6 passed; 1 failed; 0 ignored; 0 measured; 0 filtered out; finished in 0.01s
[INFO] [stdout] 
[INFO] [stderr] error: test failed, to rerun pass `--lib`
[INFO] running `Command { std: "docker" "inspect" "401569c756113c8e9a519ea13abddafa239f1ddad8821c4eeab6396f8f508503", kill_on_drop: false }`
[INFO] running `Command { std: "docker" "rm" "-f" "401569c756113c8e9a519ea13abddafa239f1ddad8821c4eeab6396f8f508503", kill_on_drop: false }`
[INFO] [stdout] 401569c756113c8e9a519ea13abddafa239f1ddad8821c4eeab6396f8f508503
