[INFO] fetching crate roder-roadmap 0.2.0...
[INFO] testing roder-roadmap-0.2.0 against 1.100.0-beta.1+cargoflags=--release for beta-release-1.100-2
[INFO] extracting crate roder-roadmap 0.2.0 into /workspace/builds/worker-2-tc2/source
[INFO] started tweaking crates.io crate roder-roadmap 0.2.0
[INFO] removed 0 missing tests
[INFO] finished tweaking crates.io crate roder-roadmap 0.2.0
[INFO] tweaked toml for crates.io crate roder-roadmap 0.2.0 written to /workspace/builds/worker-2-tc2/source/Cargo.toml
[INFO] validating manifest of crates.io crate roder-roadmap 0.2.0 on toolchain 1.100.0-beta.1
[INFO] running `Command { std: CARGO_HOME="/workspace/cargo-home" RUSTUP_HOME="/workspace/rustup-home" "/workspace/cargo-home/bin/cargo" "+1.100.0-beta.1" "metadata" "--manifest-path" "Cargo.toml" "--no-deps", kill_on_drop: false }`
[INFO] crate crates.io crate roder-roadmap 0.2.0 already has a lockfile, it will not be regenerated
[INFO] running `Command { std: CARGO_HOME="/workspace/cargo-home" RUSTUP_HOME="/workspace/rustup-home" "/workspace/cargo-home/bin/cargo" "+1.100.0-beta.1" "fetch" "--manifest-path" "Cargo.toml", kill_on_drop: false }`
[INFO] running `Command { std: "docker" "create" "-v" "/var/lib/crater-agent-workspace/builds/worker-2-tc2/source:/opt/rustwide/workdir:ro,Z" "-v" "/var/lib/crater-agent-workspace/builds/worker-2-tc2/target:/opt/rustwide/target:rw,Z" "-v" "/var/lib/crater-agent-workspace/cargo-home:/opt/rustwide/cargo-home:ro,Z" "-v" "/var/lib/crater-agent-workspace/rustup-home:/opt/rustwide/rustup-home:ro,Z" "-m" "1610612736" "--network" "none" "ghcr.io/rust-lang/crates-build-env/linux@sha256:77db811e55d90add9212f6832c23229e3de5f1c1f9905e8cb07319ea15df73ac" "sleep" "infinity", kill_on_drop: false }`
[INFO] [stdout] b344be2ef3b311198a452c3045e569bece2abd198ff5295194c21a3654498869
[INFO] running `Command { std: "docker" "start" "b344be2ef3b311198a452c3045e569bece2abd198ff5295194c21a3654498869", kill_on_drop: false }`
[INFO] running `Command { std: "docker" "inspect" "b344be2ef3b311198a452c3045e569bece2abd198ff5295194c21a3654498869", kill_on_drop: false }`
[INFO] running `Command { std: "docker" "exec" "-e" "SOURCE_DIR=/opt/rustwide/workdir" "-e" "CARGO_HOME=/opt/rustwide/cargo-home" "-e" "RUSTUP_HOME=/opt/rustwide/rustup-home" "-e" "CARGO_TARGET_DIR=/opt/rustwide/target" "-w" "/opt/rustwide/workdir" "--user" "0:0" "b344be2ef3b311198a452c3045e569bece2abd198ff5295194c21a3654498869" "/opt/rustwide/cargo-home/bin/cargo" "+1.100.0-beta.1" "metadata" "--no-deps" "--format-version=1", kill_on_drop: false }`
[INFO] running `Command { std: "docker" "inspect" "b344be2ef3b311198a452c3045e569bece2abd198ff5295194c21a3654498869", kill_on_drop: false }`
[INFO] running `Command { std: "docker" "exec" "-e" "SOURCE_DIR=/opt/rustwide/workdir" "-e" "CARGO_HOME=/opt/rustwide/cargo-home" "-e" "RUSTUP_HOME=/opt/rustwide/rustup-home" "-e" "CARGO_TARGET_DIR=/opt/rustwide/target" "-e" "CARGO_INCREMENTAL=0" "-e" "RUST_BACKTRACE=full" "-e" "RUSTFLAGS=--cap-lints=warn" "-e" "RUSTDOCFLAGS=--cap-lints=warn" "-w" "/opt/rustwide/workdir" "--user" "0:0" "b344be2ef3b311198a452c3045e569bece2abd198ff5295194c21a3654498869" "/opt/rustwide/cargo-home/bin/cargo" "+1.100.0-beta.1" "build" "--frozen" "--message-format=json" "--release", kill_on_drop: false }`
[INFO] [stderr]    Compiling syn v2.0.118
[INFO] [stderr]    Compiling serde_json v1.0.150
[INFO] [stderr]    Compiling deranged v0.5.8
[INFO] [stderr]    Compiling semver v1.0.28
[INFO] [stderr]    Compiling uuid v1.23.4
[INFO] [stderr]    Compiling time v0.3.52
[INFO] [stderr]    Compiling futures-macro v0.3.32
[INFO] [stderr]    Compiling tokio-macros v2.7.0
[INFO] [stderr]    Compiling serde_derive v1.0.228
[INFO] [stderr]    Compiling async-trait v0.1.89
[INFO] [stderr]    Compiling tokio v1.52.3
[INFO] [stderr]    Compiling futures-util v0.3.32
[INFO] [stderr]    Compiling serde v1.0.228
[INFO] [stderr]    Compiling futures-executor v0.3.32
[INFO] [stderr]    Compiling futures v0.3.32
[INFO] [stderr]    Compiling roder-api v0.2.0
[INFO] [stderr]    Compiling roder-roadmap v0.2.0 (/opt/rustwide/workdir)
[INFO] [stderr]     Finished `release` profile [optimized] target(s) in 1m 05s
[INFO] running `Command { std: "docker" "inspect" "b344be2ef3b311198a452c3045e569bece2abd198ff5295194c21a3654498869", kill_on_drop: false }`
[INFO] running `Command { std: "docker" "exec" "-e" "SOURCE_DIR=/opt/rustwide/workdir" "-e" "CARGO_HOME=/opt/rustwide/cargo-home" "-e" "RUSTUP_HOME=/opt/rustwide/rustup-home" "-e" "CARGO_TARGET_DIR=/opt/rustwide/target" "-e" "CARGO_INCREMENTAL=0" "-e" "RUST_BACKTRACE=full" "-e" "RUSTFLAGS=--cap-lints=warn" "-e" "RUSTDOCFLAGS=--cap-lints=warn" "-w" "/opt/rustwide/workdir" "--user" "0:0" "b344be2ef3b311198a452c3045e569bece2abd198ff5295194c21a3654498869" "/opt/rustwide/cargo-home/bin/cargo" "+1.100.0-beta.1" "test" "--frozen" "--no-run" "--message-format=json" "--release", kill_on_drop: false }`
[INFO] [stderr]    Compiling roder-roadmap v0.2.0 (/opt/rustwide/workdir)
[INFO] [stderr]     Finished `release` profile [optimized] target(s) in 4.41s
[INFO] running `Command { std: "docker" "inspect" "b344be2ef3b311198a452c3045e569bece2abd198ff5295194c21a3654498869", kill_on_drop: false }`
[INFO] running `Command { std: "docker" "exec" "-e" "SOURCE_DIR=/opt/rustwide/workdir" "-e" "CARGO_HOME=/opt/rustwide/cargo-home" "-e" "RUSTUP_HOME=/opt/rustwide/rustup-home" "-e" "CARGO_TARGET_DIR=/opt/rustwide/target" "-e" "CARGO_INCREMENTAL=0" "-e" "RUST_BACKTRACE=full" "-e" "RUSTFLAGS=--cap-lints=warn" "-e" "RUSTDOCFLAGS=--cap-lints=warn" "-w" "/opt/rustwide/workdir" "--user" "0:0" "b344be2ef3b311198a452c3045e569bece2abd198ff5295194c21a3654498869" "/opt/rustwide/cargo-home/bin/cargo" "+1.100.0-beta.1" "test" "--frozen" "--release", kill_on_drop: false }`
[INFO] [stderr]     Finished `release` profile [optimized] target(s) in 0.07s
[INFO] [stderr]      Running unittests src/lib.rs (/opt/rustwide/target/release/build/roder-roadmap/afb5ce043269263c/out/roder_roadmap-afb5ce043269263c)
[INFO] [stdout] 
[INFO] [stdout] running 0 tests
[INFO] [stdout] 
[INFO] [stdout] test result: ok. 0 passed; 0 failed; 0 ignored; 0 measured; 0 filtered out; finished in 0.00s
[INFO] [stdout] 
[INFO] [stderr]      Running tests/roadmap.rs (/opt/rustwide/target/release/build/roder-roadmap/1edd9f6fef40badf/out/roadmap-1edd9f6fef40badf)
[INFO] [stdout] 
[INFO] [stdout] running 8 tests
[INFO] [stdout] test validation_reports_structural_failures_with_paths_and_lines ... ok
[INFO] [stdout] test validation_reports_duplicate_task_ids ... ok
[INFO] [stdout] test control_snapshot_summarizes_tasks_threads_and_dispatch_prompts ... ok
[INFO] [stdout] test state_store_round_trips_with_atomic_path ... ok
[INFO] [stdout] test list_documents_excludes_index_and_sorts_by_phase ... ok
[INFO] [stderr] error: test failed, to rerun pass `--test roadmap`
[INFO] [stdout] test checkbox_update_preserves_every_other_byte ... ok
[INFO] [stdout] test task_ids_remain_stable_when_unrelated_lines_change ... FAILED
[INFO] [stdout] test parse_existing_roadmap_extracts_core_document_shape ... FAILED
[INFO] [stdout] 
[INFO] [stdout] failures:
[INFO] [stdout] 
[INFO] [stdout] ---- task_ids_remain_stable_when_unrelated_lines_change stdout ----
[INFO] [stdout] 
[INFO] [stdout] thread 'task_ids_remain_stable_when_unrelated_lines_change' (689) panicked at tests/roadmap.rs:53:45:
[INFO] [stdout] called `Result::unwrap()` on an `Err` value: Os { code: 2, kind: NotFound, message: "No such file or directory" }
[INFO] [stdout] stack backtrace:
[INFO] [stdout]    0:     0x58e019ea5591 - <<std[617be2ca0a6fd877]::sys::backtrace::BacktraceLock>::print::DisplayBacktrace as core[a373ad73a504971]::fmt::Display>::fmt
[INFO] [stdout]    1:     0x58e019eba60a - core[a373ad73a504971]::fmt::write
[INFO] [stdout]    2:     0x58e019ea9f9c - <alloc[2e1b2a31b91974c5]::vec::Vec<u8> as core[a373ad73a504971]::io::write::Write>::write_fmt
[INFO] [stdout]    3:     0x58e019e7f5d6 - std[617be2ca0a6fd877]::panicking::default_hook::{closure#0}
[INFO] [stdout]    4:     0x58e019e9d049 - std[617be2ca0a6fd877]::panicking::default_hook
[INFO] [stdout]    5:     0x58e019e110a0 - test[aada8e7e76ba119b]::test_main_inner::{closure#0}
[INFO] [stdout]    6:     0x58e019e9d202 - std[617be2ca0a6fd877]::panicking::panic_with_hook
[INFO] [stdout]    7:     0x58e019e7f682 - std[617be2ca0a6fd877]::panicking::panic_handler::{closure#0}
[INFO] [stdout]    8:     0x58e019e77a59 - std[617be2ca0a6fd877]::sys::backtrace::__rust_end_short_backtrace::<std[617be2ca0a6fd877]::panicking::panic_handler::{closure#0}, !>
[INFO] [stdout]    9:     0x58e019e8048d - __rustc[ea4f61d10b84890b]::rust_begin_unwind
[INFO] [stdout]   10:     0x58e019ebad3c - core[a373ad73a504971]::panicking::panic_fmt
[INFO] [stdout]   11:     0x58e019ebab12 - core[a373ad73a504971]::result::unwrap_failed
[INFO] [stdout]   12:     0x58e019df2394 - <roadmap[79da79938a5bb859]::task_ids_remain_stable_when_unrelated_lines_change::{closure#0} as core[a373ad73a504971]::ops::function::FnOnce<()>>::call_once
[INFO] [stdout]   13:     0x58e019e044eb - test[aada8e7e76ba119b]::__rust_begin_short_backtrace::<core[a373ad73a504971]::result::Result<(), alloc[2e1b2a31b91974c5]::string::String>, fn() -> core[a373ad73a504971]::result::Result<(), alloc[2e1b2a31b91974c5]::string::String>>
[INFO] [stdout]   14:     0x58e019e116c5 - test[aada8e7e76ba119b]::run_test::{closure#0}
[INFO] [stdout]   15:     0x58e019e0afb4 - std[617be2ca0a6fd877]::sys::backtrace::__rust_begin_short_backtrace::<test[aada8e7e76ba119b]::run_test::{closure#1}, ()>
[INFO] [stdout]   16:     0x58e019e14752 - <std[617be2ca0a6fd877]::thread::lifecycle::spawn_unchecked<test[aada8e7e76ba119b]::run_test::{closure#1}, ()>::{closure#1} as core[a373ad73a504971]::ops::function::FnOnce<()>>::call_once::{shim:vtable#0}
[INFO] [stdout]   17:     0x58e019ea459f - <std[617be2ca0a6fd877]::sys::thread::unix::Thread>::new::thread_start
[INFO] [stdout]   18:     0x77d5da7d2dfa - <unknown>
[INFO] [stdout]   19:     0x77d5da8663d4 - clone
[INFO] [stdout]   20:                0x0 - <unknown>
[INFO] [stdout] 
[INFO] [stdout] ---- parse_existing_roadmap_extracts_core_document_shape stdout ----
[INFO] [stdout] 
[INFO] [stdout] thread 'parse_existing_roadmap_extracts_core_document_shape' (687) panicked at tests/roadmap.rs:15:45:
[INFO] [stdout] called `Result::unwrap()` on an `Err` value: Os { code: 2, kind: NotFound, message: "No such file or directory" }
[INFO] [stdout] stack backtrace:
[INFO] [stdout]    0:     0x58e019ea5591 - <<std[617be2ca0a6fd877]::sys::backtrace::BacktraceLock>::print::DisplayBacktrace as core[a373ad73a504971]::fmt::Display>::fmt
[INFO] [stdout]    1:     0x58e019eba60a - core[a373ad73a504971]::fmt::write
[INFO] [stdout]    2:     0x58e019ea9f9c - <alloc[2e1b2a31b91974c5]::vec::Vec<u8> as core[a373ad73a504971]::io::write::Write>::write_fmt
[INFO] [stdout]    3:     0x58e019e7f5d6 - std[617be2ca0a6fd877]::panicking::default_hook::{closure#0}
[INFO] [stdout]    4:     0x58e019e9d049 - std[617be2ca0a6fd877]::panicking::default_hook
[INFO] [stdout]    5:     0x58e019e110a0 - test[aada8e7e76ba119b]::test_main_inner::{closure#0}
[INFO] [stdout]    6:     0x58e019e9d202 - std[617be2ca0a6fd877]::panicking::panic_with_hook
[INFO] [stdout]    7:     0x58e019e7f682 - std[617be2ca0a6fd877]::panicking::panic_handler::{closure#0}
[INFO] [stdout]    8:     0x58e019e77a59 - std[617be2ca0a6fd877]::sys::backtrace::__rust_end_short_backtrace::<std[617be2ca0a6fd877]::panicking::panic_handler::{closure#0}, !>
[INFO] [stdout]    9:     0x58e019e8048d - __rustc[ea4f61d10b84890b]::rust_begin_unwind
[INFO] [stdout]   10:     0x58e019ebad3c - core[a373ad73a504971]::panicking::panic_fmt
[INFO] [stdout]   11:     0x58e019ebab12 - core[a373ad73a504971]::result::unwrap_failed
[INFO] [stdout]   12:     0x58e019df29d6 - <roadmap[79da79938a5bb859]::parse_existing_roadmap_extracts_core_document_shape::{closure#0} as core[a373ad73a504971]::ops::function::FnOnce<()>>::call_once
[INFO] [stdout]   13:     0x58e019e044eb - test[aada8e7e76ba119b]::__rust_begin_short_backtrace::<core[a373ad73a504971]::result::Result<(), alloc[2e1b2a31b91974c5]::string::String>, fn() -> core[a373ad73a504971]::result::Result<(), alloc[2e1b2a31b91974c5]::string::String>>
[INFO] [stdout]   14:     0x58e019e116c5 - test[aada8e7e76ba119b]::run_test::{closure#0}
[INFO] [stdout]   15:     0x58e019e0afb4 - std[617be2ca0a6fd877]::sys::backtrace::__rust_begin_short_backtrace::<test[aada8e7e76ba119b]::run_test::{closure#1}, ()>
[INFO] [stdout]   16:     0x58e019e14752 - <std[617be2ca0a6fd877]::thread::lifecycle::spawn_unchecked<test[aada8e7e76ba119b]::run_test::{closure#1}, ()>::{closure#1} as core[a373ad73a504971]::ops::function::FnOnce<()>>::call_once::{shim:vtable#0}
[INFO] [stdout]   17:     0x58e019ea459f - <std[617be2ca0a6fd877]::sys::thread::unix::Thread>::new::thread_start
[INFO] [stdout]   18:     0x77d5da7d2dfa - <unknown>
[INFO] [stdout]   19:     0x77d5da8663d4 - clone
[INFO] [stdout]   20:                0x0 - <unknown>
[INFO] [stdout] 
[INFO] [stdout] 
[INFO] [stdout] failures:
[INFO] [stdout]     parse_existing_roadmap_extracts_core_document_shape
[INFO] [stdout]     task_ids_remain_stable_when_unrelated_lines_change
[INFO] [stdout] 
[INFO] [stdout] test result: FAILED. 6 passed; 2 failed; 0 ignored; 0 measured; 0 filtered out; finished in 0.01s
[INFO] [stdout] 
[INFO] running `Command { std: "docker" "inspect" "b344be2ef3b311198a452c3045e569bece2abd198ff5295194c21a3654498869", kill_on_drop: false }`
[INFO] running `Command { std: "docker" "rm" "-f" "b344be2ef3b311198a452c3045e569bece2abd198ff5295194c21a3654498869", kill_on_drop: false }`
[INFO] [stdout] b344be2ef3b311198a452c3045e569bece2abd198ff5295194c21a3654498869
