[INFO] fetching crate roder-edit-core 0.2.0...
[INFO] testing roder-edit-core-0.2.0 against 1.99.0-beta.8+cargoflags=--release for beta-release-1.100-2
[INFO] extracting crate roder-edit-core 0.2.0 into /workspace/builds/worker-1-tc1/source
[INFO] started tweaking crates.io crate roder-edit-core 0.2.0
[INFO] removed 0 missing tests
[INFO] finished tweaking crates.io crate roder-edit-core 0.2.0
[INFO] tweaked toml for crates.io crate roder-edit-core 0.2.0 written to /workspace/builds/worker-1-tc1/source/Cargo.toml
[INFO] validating manifest of crates.io crate roder-edit-core 0.2.0 on toolchain 1.99.0-beta.8
[INFO] running `Command { std: CARGO_HOME="/workspace/cargo-home" RUSTUP_HOME="/workspace/rustup-home" "/workspace/cargo-home/bin/cargo" "+1.99.0-beta.8" "metadata" "--manifest-path" "Cargo.toml" "--no-deps", kill_on_drop: false }`
[INFO] crate crates.io crate roder-edit-core 0.2.0 already has a lockfile, it will not be regenerated
[INFO] running `Command { std: CARGO_HOME="/workspace/cargo-home" RUSTUP_HOME="/workspace/rustup-home" "/workspace/cargo-home/bin/cargo" "+1.99.0-beta.8" "fetch" "--manifest-path" "Cargo.toml", kill_on_drop: false }`
[INFO] [stderr]     Updating crates.io index
[INFO] [stderr]  Downloading crates ...
[INFO] [stderr]   Downloaded similar v3.1.1
[INFO] running `Command { std: "docker" "create" "-v" "/var/lib/crater-agent-workspace/builds/worker-1-tc1/source:/opt/rustwide/workdir:ro,Z" "-v" "/var/lib/crater-agent-workspace/builds/worker-1-tc1/target:/opt/rustwide/target:rw,Z" "-v" "/var/lib/crater-agent-workspace/cargo-home:/opt/rustwide/cargo-home:ro,Z" "-v" "/var/lib/crater-agent-workspace/rustup-home:/opt/rustwide/rustup-home:ro,Z" "-m" "1610612736" "--network" "none" "ghcr.io/rust-lang/crates-build-env/linux@sha256:77db811e55d90add9212f6832c23229e3de5f1c1f9905e8cb07319ea15df73ac" "sleep" "infinity", kill_on_drop: false }`
[INFO] [stdout] 1a7feb77f8d653f6f93cf5b47b98e9b0ff2da3681e69ee2ff68c493941f9c7cc
[INFO] running `Command { std: "docker" "start" "1a7feb77f8d653f6f93cf5b47b98e9b0ff2da3681e69ee2ff68c493941f9c7cc", kill_on_drop: false }`
[INFO] running `Command { std: "docker" "inspect" "1a7feb77f8d653f6f93cf5b47b98e9b0ff2da3681e69ee2ff68c493941f9c7cc", kill_on_drop: false }`
[INFO] running `Command { std: "docker" "exec" "-e" "SOURCE_DIR=/opt/rustwide/workdir" "-e" "CARGO_HOME=/opt/rustwide/cargo-home" "-e" "RUSTUP_HOME=/opt/rustwide/rustup-home" "-e" "CARGO_TARGET_DIR=/opt/rustwide/target" "-w" "/opt/rustwide/workdir" "--user" "0:0" "1a7feb77f8d653f6f93cf5b47b98e9b0ff2da3681e69ee2ff68c493941f9c7cc" "/opt/rustwide/cargo-home/bin/cargo" "+1.99.0-beta.8" "metadata" "--no-deps" "--format-version=1", kill_on_drop: false }`
[INFO] running `Command { std: "docker" "inspect" "1a7feb77f8d653f6f93cf5b47b98e9b0ff2da3681e69ee2ff68c493941f9c7cc", kill_on_drop: false }`
[INFO] running `Command { std: "docker" "exec" "-e" "SOURCE_DIR=/opt/rustwide/workdir" "-e" "CARGO_HOME=/opt/rustwide/cargo-home" "-e" "RUSTUP_HOME=/opt/rustwide/rustup-home" "-e" "CARGO_TARGET_DIR=/opt/rustwide/target" "-e" "CARGO_INCREMENTAL=0" "-e" "RUST_BACKTRACE=full" "-e" "RUSTFLAGS=--cap-lints=warn" "-e" "RUSTDOCFLAGS=--cap-lints=warn" "-w" "/opt/rustwide/workdir" "--user" "0:0" "1a7feb77f8d653f6f93cf5b47b98e9b0ff2da3681e69ee2ff68c493941f9c7cc" "/opt/rustwide/cargo-home/bin/cargo" "+1.99.0-beta.8" "build" "--frozen" "--message-format=json" "--release", kill_on_drop: false }`
[INFO] [stderr]    Compiling syn v2.0.118
[INFO] [stderr]    Compiling serde_core v1.0.228
[INFO] [stderr]    Compiling serde_json v1.0.150
[INFO] [stderr]    Compiling memchr v2.8.2
[INFO] [stderr]    Compiling similar v3.1.1
[INFO] [stderr]    Compiling serde v1.0.228
[INFO] [stderr]    Compiling zmij v1.0.21
[INFO] [stderr]    Compiling thiserror-impl v2.0.18
[INFO] [stderr]    Compiling serde_derive v1.0.228
[INFO] [stderr]    Compiling thiserror v2.0.18
[INFO] [stderr]    Compiling roder-edit-core v0.2.0 (/opt/rustwide/workdir)
[INFO] [stderr]     Finished `release` profile [optimized] target(s) in 17.63s
[INFO] running `Command { std: "docker" "inspect" "1a7feb77f8d653f6f93cf5b47b98e9b0ff2da3681e69ee2ff68c493941f9c7cc", kill_on_drop: false }`
[INFO] running `Command { std: "docker" "exec" "-e" "SOURCE_DIR=/opt/rustwide/workdir" "-e" "CARGO_HOME=/opt/rustwide/cargo-home" "-e" "RUSTUP_HOME=/opt/rustwide/rustup-home" "-e" "CARGO_TARGET_DIR=/opt/rustwide/target" "-e" "CARGO_INCREMENTAL=0" "-e" "RUST_BACKTRACE=full" "-e" "RUSTFLAGS=--cap-lints=warn" "-e" "RUSTDOCFLAGS=--cap-lints=warn" "-w" "/opt/rustwide/workdir" "--user" "0:0" "1a7feb77f8d653f6f93cf5b47b98e9b0ff2da3681e69ee2ff68c493941f9c7cc" "/opt/rustwide/cargo-home/bin/cargo" "+1.99.0-beta.8" "test" "--frozen" "--no-run" "--message-format=json" "--release", kill_on_drop: false }`
[INFO] [stderr]    Compiling roder-edit-core v0.2.0 (/opt/rustwide/workdir)
[INFO] [stderr]     Finished `release` profile [optimized] target(s) in 10.08s
[INFO] running `Command { std: "docker" "inspect" "1a7feb77f8d653f6f93cf5b47b98e9b0ff2da3681e69ee2ff68c493941f9c7cc", kill_on_drop: false }`
[INFO] running `Command { std: "docker" "exec" "-e" "SOURCE_DIR=/opt/rustwide/workdir" "-e" "CARGO_HOME=/opt/rustwide/cargo-home" "-e" "RUSTUP_HOME=/opt/rustwide/rustup-home" "-e" "CARGO_TARGET_DIR=/opt/rustwide/target" "-e" "CARGO_INCREMENTAL=0" "-e" "RUST_BACKTRACE=full" "-e" "RUSTFLAGS=--cap-lints=warn" "-e" "RUSTDOCFLAGS=--cap-lints=warn" "-w" "/opt/rustwide/workdir" "--user" "0:0" "1a7feb77f8d653f6f93cf5b47b98e9b0ff2da3681e69ee2ff68c493941f9c7cc" "/opt/rustwide/cargo-home/bin/cargo" "+1.99.0-beta.8" "test" "--frozen" "--release", kill_on_drop: false }`
[INFO] [stderr]     Finished `release` profile [optimized] target(s) in 0.07s
[INFO] [stderr]      Running unittests src/lib.rs (/opt/rustwide/target/release/deps/roder_edit_core-3e0f682f590318bd)
[INFO] [stdout] 
[INFO] [stdout] running 36 tests
[INFO] [stdout] test patch::seek_sequence::tests::test_exact_match_finds_sequence ... ok
[INFO] [stdout] test patch::streaming::tests::test_streaming_patch_parser_finish_processes_final_line_without_newline ... ok
[INFO] [stdout] test patch::streaming::tests::test_streaming_patch_parser_finish_requires_end_patch ... ok
[INFO] [stdout] test patch::streaming::tests::test_streaming_patch_parser_matches_line_ending_behavior ... ok
[INFO] [stdout] test patch::seek_sequence::tests::test_pattern_longer_than_input_returns_none ... ok
[INFO] [stdout] test patch::streaming::tests::test_streaming_patch_parser_rejects_content_after_end_patch ... ok
[INFO] [stdout] test patch::streaming::error_tests::test_streaming_patch_parser_returns_errors ... ok
[INFO] [stdout] test patch::streaming::tests::test_streaming_patch_parser_streams_complete_lines_before_end_patch ... ok
[INFO] [stdout] test patch::streaming::tests::test_streaming_patch_parser_ignores_empty_lines_after_end_of_file ... ok
[INFO] [stdout] test patch::streaming::tests::test_streaming_patch_parser_keeps_indented_update_markers_as_context_lines ... ok
[INFO] [stdout] test patch::streaming::tests::test_streaming_patch_parser_preserves_bare_empty_update_lines ... ok
[INFO] [stdout] test patch::seek_sequence::tests::test_rstrip_match_ignores_trailing_whitespace ... ok
[INFO] [stdout] test patch::streaming::tests::test_streaming_patch_parser_large_patch_split_by_character ... ok
[INFO] [stdout] test fuzzy::tests::returns_candidates_for_nearby_lines ... ok
[INFO] [stdout] test hunks::tests::hunk_contains_reverse_patch ... ok
[INFO] [stdout] test patch::streaming::tests::test_streaming_patch_parser_environment_id_mode ... ok
[INFO] [stdout] test patch::seek_sequence::tests::test_trim_match_ignores_leading_and_trailing_whitespace ... ok
[INFO] [stdout] test patch::tests::ordered_matching_codex_fixtures ... ok
[INFO] [stdout] test fuzzy::tests::strips_colon_and_pipe_line_prefixes ... ok
[INFO] [stdout] test patch::tests::missing_parents_cannot_hide_an_external_symlink ... ok
[INFO] [stdout] test patch::tests::failures_report_only_applied_changes_and_uncertainty ... ok
[INFO] [stdout] test patch::tests::preserves_context_bytes_and_mixed_line_endings_when_selected ... ok
[INFO] [stdout] test patch::tests::deleting_a_symlink_unlinks_it_and_preserves_the_target ... ok
[INFO] [stdout] test read::tests::formats_plain_line_numbers ... ok
[INFO] [stdout] test patch::tests::grammar_errors_and_line_numbers_match_codex ... ok
[INFO] [stdout] test patch::tests::add_overwrite_move_delete_and_summary_match_codex ... ok
[INFO] [stdout] test patch::tests::parses_and_applies_codex_patch ... ok
[INFO] [stdout] test patch::tests::rejects_paths_outside_workspace ... ok
[INFO] [stdout] test write::tests::write_existing_file_produces_hunk ... ok
[INFO] [stdout] test replace::tests::strips_line_numbers_before_matching ... ok
[INFO] [stdout] test replace::tests::refuses_ambiguous_edit ... ok
[INFO] [stdout] test patch::tests::workspace_scope_rejects_dangling_external_symlinks_before_creating_targets ... ok
[INFO] [stdout] test patch::tests::result_hunks_report_actual_fuzzy_matches_and_file_line_numbers ... ok
[INFO] [stdout] test patch::tests::verifies_all_hunks_and_rejects_duplicate_sources_before_any_write ... ok
[INFO] [stdout] test replace::tests::applies_exact_edit_once ... ok
[INFO] [stdout] test patch::tests::can_allow_paths_outside_workspace ... ok
[INFO] [stdout] 
[INFO] [stdout] test result: ok. 36 passed; 0 failed; 0 ignored; 0 measured; 0 filtered out; finished in 0.02s
[INFO] [stdout] 
[INFO] [stderr]      Running tests/eval_fixtures.rs (/opt/rustwide/target/release/deps/eval_fixtures-42a9bd72373d454f)
[INFO] [stdout] 
[INFO] [stdout] running 1 test
[INFO] [stdout] test edit_surface_eval_matrix_passes_with_zero_wrong_edits ... FAILED
[INFO] [stdout] 
[INFO] [stdout] failures:
[INFO] [stdout] 
[INFO] [stdout] ---- edit_surface_eval_matrix_passes_with_zero_wrong_edits stdout ----
[INFO] [stdout] 
[INFO] [stdout] thread 'edit_surface_eval_matrix_passes_with_zero_wrong_edits' (587) panicked at tests/eval_fixtures.rs:107:10:
[INFO] [stdout] fixture dir: Os { code: 2, kind: NotFound, message: "No such file or directory" }
[INFO] [stdout] stack backtrace:
[INFO] [stdout]    0:     0x568e1cd6c021 - <<std[70759c8f55707aa4]::sys::backtrace::BacktraceLock>::print::DisplayBacktrace as core[df12db4294e9bfd3]::fmt::Display>::fmt
[INFO] [stdout]    1:     0x568e1cd81b0a - core[df12db4294e9bfd3]::fmt::write
[INFO] [stdout]    2:     0x568e1cd70cac - <alloc[2182bb758b4b3781]::vec::Vec<u8> as core[df12db4294e9bfd3]::io::write::Write>::write_fmt
[INFO] [stdout]    3:     0x568e1cd45d26 - std[70759c8f55707aa4]::panicking::default_hook::{closure#0}
[INFO] [stdout]    4:     0x568e1cd63629 - std[70759c8f55707aa4]::panicking::default_hook
[INFO] [stdout]    5:     0x568e1cce2780 - test[9d35eded1c95d3be]::test_main_inner::<test[9d35eded1c95d3be]::test_main_static::{closure#0}>::{closure#0}
[INFO] [stdout]    6:     0x568e1cd637e2 - std[70759c8f55707aa4]::panicking::panic_with_hook
[INFO] [stdout]    7:     0x568e1cd45dd2 - std[70759c8f55707aa4]::panicking::panic_handler::{closure#0}
[INFO] [stdout]    8:     0x568e1cd3e279 - std[70759c8f55707aa4]::sys::backtrace::__rust_end_short_backtrace::<std[70759c8f55707aa4]::panicking::panic_handler::{closure#0}, !>
[INFO] [stdout]    9:     0x568e1cd46add - __rustc[8fa7c3cbc660c2b3]::rust_begin_unwind
[INFO] [stdout]   10:     0x568e1cd8223c - core[df12db4294e9bfd3]::panicking::panic_fmt
[INFO] [stdout]   11:     0x568e1cd82012 - core[df12db4294e9bfd3]::result::unwrap_failed
[INFO] [stdout]   12:     0x568e1ccb435e - eval_fixtures[4d9922544b604153]::load_fixtures
[INFO] [stdout]   13:     0x568e1ccb4fff - <eval_fixtures[4d9922544b604153]::edit_surface_eval_matrix_passes_with_zero_wrong_edits::{closure#0} as core[df12db4294e9bfd3]::ops::function::FnOnce<()>>::call_once
[INFO] [stdout]   14:     0x568e1ccd5a6b - test[9d35eded1c95d3be]::__rust_begin_short_backtrace::<core[df12db4294e9bfd3]::result::Result<(), alloc[2182bb758b4b3781]::string::String>, fn() -> core[df12db4294e9bfd3]::result::Result<(), alloc[2182bb758b4b3781]::string::String>>
[INFO] [stdout]   15:     0x568e1cce30d5 - test[9d35eded1c95d3be]::run_test::{closure#0}
[INFO] [stdout]   16:     0x568e1ccdc994 - std[70759c8f55707aa4]::sys::backtrace::__rust_begin_short_backtrace::<test[9d35eded1c95d3be]::run_test::{closure#1}, ()>
[INFO] [stdout]   17:     0x568e1cce6232 - <std[70759c8f55707aa4]::thread::lifecycle::spawn_unchecked<test[9d35eded1c95d3be]::run_test::{closure#1}, ()>::{closure#1} as core[df12db4294e9bfd3]::ops::function::FnOnce<()>>::call_once::{shim:vtable#0}
[INFO] [stdout]   18:     0x568e1cd6b399 - <std[70759c8f55707aa4]::sys::thread::unix::Thread>::new::thread_start
[INFO] [stdout]   19:     0x7fc20dbd2dfa - <unknown>
[INFO] [stdout]   20:     0x7fc20dc663d4 - clone
[INFO] [stdout]   21:                0x0 - <unknown>
[INFO] [stdout] 
[INFO] [stdout] 
[INFO] [stdout] failures:
[INFO] [stdout]     edit_surface_eval_matrix_passes_with_zero_wrong_edits
[INFO] [stdout] 
[INFO] [stdout] test result: FAILED. 0 passed; 1 failed; 0 ignored; 0 measured; 0 filtered out; finished in 0.00s
[INFO] [stdout] 
[INFO] [stderr] error: test failed, to rerun pass `--test eval_fixtures`
[INFO] running `Command { std: "docker" "inspect" "1a7feb77f8d653f6f93cf5b47b98e9b0ff2da3681e69ee2ff68c493941f9c7cc", kill_on_drop: false }`
[INFO] running `Command { std: "docker" "rm" "-f" "1a7feb77f8d653f6f93cf5b47b98e9b0ff2da3681e69ee2ff68c493941f9c7cc", kill_on_drop: false }`
[INFO] [stdout] 1a7feb77f8d653f6f93cf5b47b98e9b0ff2da3681e69ee2ff68c493941f9c7cc
