[INFO] fetching crate roder-configure 0.2.0...
[INFO] testing roder-configure-0.2.0 against 1.99.0-beta.8+cargoflags=--release for beta-release-1.100-2
[INFO] extracting crate roder-configure 0.2.0 into /workspace/builds/worker-7-tc1/source
[INFO] started tweaking crates.io crate roder-configure 0.2.0
[INFO] removed 0 missing tests
[INFO] finished tweaking crates.io crate roder-configure 0.2.0
[INFO] tweaked toml for crates.io crate roder-configure 0.2.0 written to /workspace/builds/worker-7-tc1/source/Cargo.toml
[INFO] validating manifest of crates.io crate roder-configure 0.2.0 on toolchain 1.99.0-beta.8
[INFO] running `Command { std: CARGO_HOME="/workspace/cargo-home" RUSTUP_HOME="/workspace/rustup-home" "/workspace/cargo-home/bin/cargo" "+1.99.0-beta.8" "metadata" "--manifest-path" "Cargo.toml" "--no-deps", kill_on_drop: false }`
[INFO] crate crates.io crate roder-configure 0.2.0 already has a lockfile, it will not be regenerated
[INFO] running `Command { std: CARGO_HOME="/workspace/cargo-home" RUSTUP_HOME="/workspace/rustup-home" "/workspace/cargo-home/bin/cargo" "+1.99.0-beta.8" "fetch" "--manifest-path" "Cargo.toml", kill_on_drop: false }`
[INFO] [stderr]     Updating crates.io index
[INFO] [stderr]  Downloading crates ...
[INFO] [stderr]   Downloaded roder-api v0.2.0
[INFO] [stderr]   Downloaded time v0.3.52
[INFO] running `Command { std: "docker" "create" "-v" "/var/lib/crater-agent-workspace/builds/worker-7-tc1/source:/opt/rustwide/workdir:ro,Z" "-v" "/var/lib/crater-agent-workspace/builds/worker-7-tc1/target:/opt/rustwide/target:rw,Z" "-v" "/var/lib/crater-agent-workspace/cargo-home:/opt/rustwide/cargo-home:ro,Z" "-v" "/var/lib/crater-agent-workspace/rustup-home:/opt/rustwide/rustup-home:ro,Z" "-m" "1610612736" "--network" "none" "ghcr.io/rust-lang/crates-build-env/linux@sha256:77db811e55d90add9212f6832c23229e3de5f1c1f9905e8cb07319ea15df73ac" "sleep" "infinity", kill_on_drop: false }`
[INFO] [stdout] c36725f6f81469747e3f9dbf99b860b68e75f850ffdca64f2edcc0a5f6f7a719
[INFO] running `Command { std: "docker" "start" "c36725f6f81469747e3f9dbf99b860b68e75f850ffdca64f2edcc0a5f6f7a719", kill_on_drop: false }`
[INFO] running `Command { std: "docker" "inspect" "c36725f6f81469747e3f9dbf99b860b68e75f850ffdca64f2edcc0a5f6f7a719", kill_on_drop: false }`
[INFO] running `Command { std: "docker" "exec" "-e" "SOURCE_DIR=/opt/rustwide/workdir" "-e" "CARGO_HOME=/opt/rustwide/cargo-home" "-e" "RUSTUP_HOME=/opt/rustwide/rustup-home" "-e" "CARGO_TARGET_DIR=/opt/rustwide/target" "-w" "/opt/rustwide/workdir" "--user" "0:0" "c36725f6f81469747e3f9dbf99b860b68e75f850ffdca64f2edcc0a5f6f7a719" "/opt/rustwide/cargo-home/bin/cargo" "+1.99.0-beta.8" "metadata" "--no-deps" "--format-version=1", kill_on_drop: false }`
[INFO] running `Command { std: "docker" "inspect" "c36725f6f81469747e3f9dbf99b860b68e75f850ffdca64f2edcc0a5f6f7a719", kill_on_drop: false }`
[INFO] running `Command { std: "docker" "exec" "-e" "SOURCE_DIR=/opt/rustwide/workdir" "-e" "CARGO_HOME=/opt/rustwide/cargo-home" "-e" "RUSTUP_HOME=/opt/rustwide/rustup-home" "-e" "CARGO_TARGET_DIR=/opt/rustwide/target" "-e" "CARGO_INCREMENTAL=0" "-e" "RUST_BACKTRACE=full" "-e" "RUSTFLAGS=--cap-lints=warn" "-e" "RUSTDOCFLAGS=--cap-lints=warn" "-w" "/opt/rustwide/workdir" "--user" "0:0" "c36725f6f81469747e3f9dbf99b860b68e75f850ffdca64f2edcc0a5f6f7a719" "/opt/rustwide/cargo-home/bin/cargo" "+1.99.0-beta.8" "build" "--frozen" "--message-format=json" "--release", kill_on_drop: false }`
[INFO] [stderr]    Compiling syn v2.0.118
[INFO] [stderr]    Compiling memchr v2.8.2
[INFO] [stderr]    Compiling futures-core v0.3.32
[INFO] [stderr]    Compiling futures-sink v0.3.32
[INFO] [stderr]    Compiling serde_json v1.0.150
[INFO] [stderr]    Compiling anyhow v1.0.103
[INFO] [stderr]    Compiling deranged v0.5.8
[INFO] [stderr]    Compiling indexmap v2.14.0
[INFO] [stderr]    Compiling winnow v1.0.3
[INFO] [stderr]    Compiling bytes v1.12.0
[INFO] [stderr]    Compiling toml_datetime v1.1.1+spec-1.1.0
[INFO] [stderr]    Compiling serde_spanned v1.1.1
[INFO] [stderr]    Compiling semver v1.0.28
[INFO] [stderr]    Compiling toml_writer v1.1.1+spec-1.1.0
[INFO] [stderr]    Compiling errno v0.3.14
[INFO] [stderr]    Compiling socket2 v0.6.4
[INFO] [stderr]    Compiling futures-channel v0.3.32
[INFO] [stderr]    Compiling signal-hook-registry v1.4.8
[INFO] [stderr]    Compiling mio v1.2.1
[INFO] [stderr]    Compiling toml_parser v1.1.2+spec-1.1.0
[INFO] [stderr]    Compiling toml v1.1.2+spec-1.1.0
[INFO] [stderr]    Compiling time v0.3.52
[INFO] [stderr]    Compiling futures-macro v0.3.32
[INFO] [stderr]    Compiling tokio-macros v2.7.0
[INFO] [stderr]    Compiling serde_derive v1.0.228
[INFO] [stderr]    Compiling async-trait v0.1.89
[INFO] [stderr]    Compiling tokio v1.52.3
[INFO] [stderr]    Compiling futures-util v0.3.32
[INFO] [stderr]    Compiling serde v1.0.228
[INFO] [stderr]    Compiling futures-executor v0.3.32
[INFO] [stderr]    Compiling futures v0.3.32
[INFO] [stderr]    Compiling roder-api v0.2.0
[INFO] [stderr]    Compiling roder-configure v0.2.0 (/opt/rustwide/workdir)
[INFO] [stderr]     Finished `release` profile [optimized] target(s) in 1m 10s
[INFO] running `Command { std: "docker" "inspect" "c36725f6f81469747e3f9dbf99b860b68e75f850ffdca64f2edcc0a5f6f7a719", kill_on_drop: false }`
[INFO] running `Command { std: "docker" "exec" "-e" "SOURCE_DIR=/opt/rustwide/workdir" "-e" "CARGO_HOME=/opt/rustwide/cargo-home" "-e" "RUSTUP_HOME=/opt/rustwide/rustup-home" "-e" "CARGO_TARGET_DIR=/opt/rustwide/target" "-e" "CARGO_INCREMENTAL=0" "-e" "RUST_BACKTRACE=full" "-e" "RUSTFLAGS=--cap-lints=warn" "-e" "RUSTDOCFLAGS=--cap-lints=warn" "-w" "/opt/rustwide/workdir" "--user" "0:0" "c36725f6f81469747e3f9dbf99b860b68e75f850ffdca64f2edcc0a5f6f7a719" "/opt/rustwide/cargo-home/bin/cargo" "+1.99.0-beta.8" "test" "--frozen" "--no-run" "--message-format=json" "--release", kill_on_drop: false }`
[INFO] [stderr]    Compiling roder-configure v0.2.0 (/opt/rustwide/workdir)
[INFO] [stderr]     Finished `release` profile [optimized] target(s) in 5.76s
[INFO] running `Command { std: "docker" "inspect" "c36725f6f81469747e3f9dbf99b860b68e75f850ffdca64f2edcc0a5f6f7a719", kill_on_drop: false }`
[INFO] running `Command { std: "docker" "exec" "-e" "SOURCE_DIR=/opt/rustwide/workdir" "-e" "CARGO_HOME=/opt/rustwide/cargo-home" "-e" "RUSTUP_HOME=/opt/rustwide/rustup-home" "-e" "CARGO_TARGET_DIR=/opt/rustwide/target" "-e" "CARGO_INCREMENTAL=0" "-e" "RUST_BACKTRACE=full" "-e" "RUSTFLAGS=--cap-lints=warn" "-e" "RUSTDOCFLAGS=--cap-lints=warn" "-w" "/opt/rustwide/workdir" "--user" "0:0" "c36725f6f81469747e3f9dbf99b860b68e75f850ffdca64f2edcc0a5f6f7a719" "/opt/rustwide/cargo-home/bin/cargo" "+1.99.0-beta.8" "test" "--frozen" "--release", kill_on_drop: false }`
[INFO] [stderr]     Finished `release` profile [optimized] target(s) in 0.11s
[INFO] [stderr]      Running unittests src/lib.rs (/opt/rustwide/target/release/deps/roder_configure-7213deb1ebdeb62c)
[INFO] [stdout] 
[INFO] [stdout] running 7 tests
[INFO] [stderr]      Running unittests src/main.rs (/opt/rustwide/target/release/deps/roder_configure-61f2e42d4ba36dbd)
[INFO] [stdout] test build::tests::build_args_honor_offline_flag ... ok
[INFO] [stdout] test catalog::tests::catalog_discovers_distribution_metadata ... ok
[INFO] [stdout] test catalog::tests::extra_crate_specs_capture_path_and_git_sources ... ok
[INFO] [stdout] test catalog::tests::catalog_preserves_declared_conflicts_for_profile_validation ... ok
[INFO] [stdout] test catalog::tests::catalog_rejects_duplicate_ids ... ok
[INFO] [stdout] test build::tests::build_live_openai_only_distribution_when_enabled ... ok
[INFO] [stdout] test build::tests::build_failure_extracts_first_error_block ... ok
[INFO] [stdout] 
[INFO] [stdout] test result: ok. 7 passed; 0 failed; 0 ignored; 0 measured; 0 filtered out; finished in 0.00s
[INFO] [stdout] 
[INFO] [stdout] 
[INFO] [stdout] running 0 tests
[INFO] [stdout] 
[INFO] [stdout] test result: ok. 0 passed; 0 failed; 0 ignored; 0 measured; 0 filtered out; finished in 0.00s
[INFO] [stdout] 
[INFO] [stderr]      Running tests/codegen.rs (/opt/rustwide/target/release/deps/codegen-e3e568bd96620f3c)
[INFO] [stdout] 
[INFO] [stdout] running 7 tests
[INFO] [stdout] test codegen_respects_headless_profile_dependencies ... FAILED
[INFO] [stdout] test codegen_renders_tavily_enabled_distribution ... FAILED
[INFO] [stdout] test codegen_renders_zero_coder_edits_distribution ... FAILED
[INFO] [stdout] test codegen_renders_openai_only_distribution_deterministically ... FAILED
[INFO] [stdout] test codegen_emit_writes_expected_files ... FAILED
[INFO] [stdout] test codegen_renders_synthetic_search_enabled_distribution ... FAILED
[INFO] [stdout] test codegen_renders_remote_app_server_without_cli_or_tui ... FAILED
[INFO] [stdout] 
[INFO] [stdout] failures:
[INFO] [stdout] 
[INFO] [stdout] ---- codegen_respects_headless_profile_dependencies stdout ----
[INFO] [stdout] 
[INFO] [stdout] thread 'codegen_respects_headless_profile_dependencies' (990) panicked at tests/codegen.rs:37:53:
[INFO] [stdout] called `Result::unwrap()` on an `Err` value: unknown extension `disk-context`
[INFO] [stdout] 
[INFO] [stdout] Stack backtrace:
[INFO] [stdout]    0: <anyhow::Error>::msg::<alloc::string::String>
[INFO] [stdout]    1: anyhow::__private::format_err
[INFO] [stdout]    2: <alloc::vec::into_iter::IntoIter<alloc::string::String> as core::iter::traits::iterator::Iterator>::try_fold::<alloc::vec::in_place_drop::InPlaceDrop<&roder_configure::catalog::CatalogEntry>, core::iter::adapters::map::map_try_fold<alloc::string::String, core::result::Result<&roder_configure::catalog::CatalogEntry, anyhow::Error>, alloc::vec::in_place_drop::InPlaceDrop<&roder_configure::catalog::CatalogEntry>, core::ops::control_flow::ControlFlow<core::result::Result<alloc::vec::in_place_drop::InPlaceDrop<&roder_configure::catalog::CatalogEntry>, !>, alloc::vec::in_place_drop::InPlaceDrop<&roder_configure::catalog::CatalogEntry>>, roder_configure::codegen::selected_extensions::{closure#0}, <core::iter::adapters::GenericShunt<core::iter::adapters::map::Map<alloc::vec::into_iter::IntoIter<alloc::string::String>, roder_configure::codegen::selected_extensions::{closure#0}>, core::result::Result<core::convert::Infallible, anyhow::Error>> as core::iter::traits::iterator::Iterator>::try_fold<alloc::vec::in_place_drop::InPlaceDrop<&roder_configure::catalog::CatalogEntry>, alloc::vec::in_place_collect::write_in_place_with_drop<&roder_configure::catalog::CatalogEntry>::{closure#0}, core::result::Result<alloc::vec::in_place_drop::InPlaceDrop<&roder_configure::catalog::CatalogEntry>, !>>::{closure#0}>::{closure#0}, core::ops::control_flow::ControlFlow<core::result::Result<alloc::vec::in_place_drop::InPlaceDrop<&roder_configure::catalog::CatalogEntry>, !>, alloc::vec::in_place_drop::InPlaceDrop<&roder_configure::catalog::CatalogEntry>>>
[INFO] [stdout]    3: alloc::vec::in_place_collect::from_iter_in_place::<core::iter::adapters::GenericShunt<core::iter::adapters::map::Map<alloc::vec::into_iter::IntoIter<alloc::string::String>, roder_configure::codegen::selected_extensions::{closure#0}>, core::result::Result<core::convert::Infallible, anyhow::Error>>, &roder_configure::catalog::CatalogEntry>
[INFO] [stdout]    4: roder_configure::codegen::render
[INFO] [stdout]    5: <codegen::codegen_respects_headless_profile_dependencies::{closure#0} as core::ops::function::FnOnce<()>>::call_once
[INFO] [stdout]    6: test::__rust_begin_short_backtrace::<core::result::Result<(), alloc::string::String>, fn() -> core::result::Result<(), alloc::string::String>>
[INFO] [stdout]    7: test::run_test::{closure#0}
[INFO] [stdout]    8: std::sys::backtrace::__rust_begin_short_backtrace::<test::run_test::{closure#1}, ()>
[INFO] [stdout]    9: <std::thread::lifecycle::spawn_unchecked<test::run_test::{closure#1}, ()>::{closure#1} as core::ops::function::FnOnce<()>>::call_once::{shim:vtable#0}
[INFO] [stdout]   10: <std::sys::thread::unix::Thread>::new::thread_start
[INFO] [stdout]   11: <unknown>
[INFO] [stdout]   12: clone
[INFO] [stdout] stack backtrace:
[INFO] [stdout]    0:     0x58cac4b952b1 - <<std[70759c8f55707aa4]::sys::backtrace::BacktraceLock>::print::DisplayBacktrace as core[df12db4294e9bfd3]::fmt::Display>::fmt
[INFO] [stdout]    1:     0x58cac4bab36a - core[df12db4294e9bfd3]::fmt::write
[INFO] [stdout]    2:     0x58cac4b99ecc - <alloc[2182bb758b4b3781]::vec::Vec<u8> as core[df12db4294e9bfd3]::io::write::Write>::write_fmt
[INFO] [stdout]    3:     0x58cac4b6fb66 - std[70759c8f55707aa4]::panicking::default_hook::{closure#0}
[INFO] [stdout]    4:     0x58cac4b8d139 - std[70759c8f55707aa4]::panicking::default_hook
[INFO] [stdout]    5:     0x58cac4acc520 - test[9d35eded1c95d3be]::test_main_inner::<test[9d35eded1c95d3be]::test_main_static::{closure#0}>::{closure#0}
[INFO] [stdout]    6:     0x58cac4b8d2f2 - std[70759c8f55707aa4]::panicking::panic_with_hook
[INFO] [stdout]    7:     0x58cac4b6fc12 - std[70759c8f55707aa4]::panicking::panic_handler::{closure#0}
[INFO] [stdout]    8:     0x58cac4b682e9 - std[70759c8f55707aa4]::sys::backtrace::__rust_end_short_backtrace::<std[70759c8f55707aa4]::panicking::panic_handler::{closure#0}, !>
[INFO] [stdout]    9:     0x58cac4b7091d - __rustc[8fa7c3cbc660c2b3]::rust_begin_unwind
[INFO] [stdout]   10:     0x58cac4babadc - core[df12db4294e9bfd3]::panicking::panic_fmt
[INFO] [stdout]   11:     0x58cac4bab8b2 - core[df12db4294e9bfd3]::result::unwrap_failed
[INFO] [stdout]   12:     0x58cac4ab80ef - <codegen[158bd67be14ecdb1]::codegen_respects_headless_profile_dependencies::{closure#0} as core[df12db4294e9bfd3]::ops::function::FnOnce<()>>::call_once
[INFO] [stdout]   13:     0x58cac4abf80b - test[9d35eded1c95d3be]::__rust_begin_short_backtrace::<core[df12db4294e9bfd3]::result::Result<(), alloc[2182bb758b4b3781]::string::String>, fn() -> core[df12db4294e9bfd3]::result::Result<(), alloc[2182bb758b4b3781]::string::String>>
[INFO] [stdout]   14:     0x58cac4acce75 - test[9d35eded1c95d3be]::run_test::{closure#0}
[INFO] [stdout]   15:     0x58cac4ac6734 - std[70759c8f55707aa4]::sys::backtrace::__rust_begin_short_backtrace::<test[9d35eded1c95d3be]::run_test::{closure#1}, ()>
[INFO] [stdout]   16:     0x58cac4acffd2 - <std[70759c8f55707aa4]::thread::lifecycle::spawn_unchecked<test[9d35eded1c95d3be]::run_test::{closure#1}, ()>::{closure#1} as core[df12db4294e9bfd3]::ops::function::FnOnce<()>>::call_once::{shim:vtable#0}
[INFO] [stdout]   17:     0x58cac4b94999 - <std[70759c8f55707aa4]::sys::thread::unix::Thread>::new::thread_start
[INFO] [stdout]   18:     0x7ee229b7bdfa - <unknown>
[INFO] [stdout]   19:     0x7ee229c0f3d4 - clone
[INFO] [stdout]   20:                0x0 - <unknown>
[INFO] [stdout] 
[INFO] [stdout] ---- codegen_renders_tavily_enabled_distribution stdout ----
[INFO] [stdout] 
[INFO] [stdout] thread 'codegen_renders_tavily_enabled_distribution' (988) panicked at tests/codegen.rs:67:53:
[INFO] [stdout] called `Result::unwrap()` on an `Err` value: unknown extension `jsonl-thread-store`
[INFO] [stdout] 
[INFO] [stdout] Stack backtrace:
[INFO] [stdout]    0: <anyhow::Error>::msg::<alloc::string::String>
[INFO] [stdout]    1: anyhow::__private::format_err
[INFO] [stdout]    2: <alloc::vec::into_iter::IntoIter<alloc::string::String> as core::iter::traits::iterator::Iterator>::try_fold::<alloc::vec::in_place_drop::InPlaceDrop<&roder_configure::catalog::CatalogEntry>, core::iter::adapters::map::map_try_fold<alloc::string::String, core::result::Result<&roder_configure::catalog::CatalogEntry, anyhow::Error>, alloc::vec::in_place_drop::InPlaceDrop<&roder_configure::catalog::CatalogEntry>, core::ops::control_flow::ControlFlow<core::result::Result<alloc::vec::in_place_drop::InPlaceDrop<&roder_configure::catalog::CatalogEntry>, !>, alloc::vec::in_place_drop::InPlaceDrop<&roder_configure::catalog::CatalogEntry>>, roder_configure::codegen::selected_extensions::{closure#0}, <core::iter::adapters::GenericShunt<core::iter::adapters::map::Map<alloc::vec::into_iter::IntoIter<alloc::string::String>, roder_configure::codegen::selected_extensions::{closure#0}>, core::result::Result<core::convert::Infallible, anyhow::Error>> as core::iter::traits::iterator::Iterator>::try_fold<alloc::vec::in_place_drop::InPlaceDrop<&roder_configure::catalog::CatalogEntry>, alloc::vec::in_place_collect::write_in_place_with_drop<&roder_configure::catalog::CatalogEntry>::{closure#0}, core::result::Result<alloc::vec::in_place_drop::InPlaceDrop<&roder_configure::catalog::CatalogEntry>, !>>::{closure#0}>::{closure#0}, core::ops::control_flow::ControlFlow<core::result::Result<alloc::vec::in_place_drop::InPlaceDrop<&roder_configure::catalog::CatalogEntry>, !>, alloc::vec::in_place_drop::InPlaceDrop<&roder_configure::catalog::CatalogEntry>>>
[INFO] [stdout]    3: alloc::vec::in_place_collect::from_iter_in_place::<core::iter::adapters::GenericShunt<core::iter::adapters::map::Map<alloc::vec::into_iter::IntoIter<alloc::string::String>, roder_configure::codegen::selected_extensions::{closure#0}>, core::result::Result<core::convert::Infallible, anyhow::Error>>, &roder_configure::catalog::CatalogEntry>
[INFO] [stdout]    4: roder_configure::codegen::render
[INFO] [stdout]    5: <codegen::codegen_renders_tavily_enabled_distribution::{closure#0} as core::ops::function::FnOnce<()>>::call_once
[INFO] [stdout]    6: test::__rust_begin_short_backtrace::<core::result::Result<(), alloc::string::String>, fn() -> core::result::Result<(), alloc::string::String>>
[INFO] [stdout]    7: test::run_test::{closure#0}
[INFO] [stdout]    8: std::sys::backtrace::__rust_begin_short_backtrace::<test::run_test::{closure#1}, ()>
[INFO] [stdout]    9: <std::thread::lifecycle::spawn_unchecked<test::run_test::{closure#1}, ()>::{closure#1} as core::ops::function::FnOnce<()>>::call_once::{shim:vtable#0}
[INFO] [stdout]   10: <std::sys::thread::unix::Thread>::new::thread_start
[INFO] [stdout]   11: <unknown>
[INFO] [stdout]   12: clone
[INFO] [stdout] stack backtrace:
[INFO] [stdout]    0:     0x58cac4b952b1 - <<std[70759c8f55707aa4]::sys::backtrace::BacktraceLock>::print::DisplayBacktrace as core[df12db4294e9bfd3]::fmt::Display>::fmt
[INFO] [stdout]    1:     0x58cac4bab36a - core[df12db4294e9bfd3]::fmt::write
[INFO] [stdout]    2:     0x58cac4b99ecc - <alloc[2182bb758b4b3781]::vec::Vec<u8> as core[df12db4294e9bfd3]::io::write::Write>::write_fmt
[INFO] [stdout]    3:     0x58cac4b6fb66 - std[70759c8f55707aa4]::panicking::default_hook::{closure#0}
[INFO] [stdout]    4:     0x58cac4b8d139 - std[70759c8f55707aa4]::panicking::default_hook
[INFO] [stdout]    5:     0x58cac4acc520 - test[9d35eded1c95d3be]::test_main_inner::<test[9d35eded1c95d3be]::test_main_static::{closure#0}>::{closure#0}
[INFO] [stdout]    6:     0x58cac4b8d2f2 - std[70759c8f55707aa4]::panicking::panic_with_hook
[INFO] [stdout]    7:     0x58cac4b6fc12 - std[70759c8f55707aa4]::panicking::panic_handler::{closure#0}
[INFO] [stdout]    8:     0x58cac4b682e9 - std[70759c8f55707aa4]::sys::backtrace::__rust_end_short_backtrace::<std[70759c8f55707aa4]::panicking::panic_handler::{closure#0}, !>
[INFO] [stdout]    9:     0x58cac4b7091d - __rustc[8fa7c3cbc660c2b3]::rust_begin_unwind
[INFO] [stdout]   10:     0x58cac4babadc - core[df12db4294e9bfd3]::panicking::panic_fmt
[INFO] [stdout]   11:     0x58cac4bab8b2 - core[df12db4294e9bfd3]::result::unwrap_failed
[INFO] [stdout]   12:     0x58cac4ab72cd - <codegen[158bd67be14ecdb1]::codegen_renders_tavily_enabled_distribution::{closure#0} as core[df12db4294e9bfd3]::ops::function::FnOnce<()>>::call_once
[INFO] [stdout]   13:     0x58cac4abf80b - test[9d35eded1c95d3be]::__rust_begin_short_backtrace::<core[df12db4294e9bfd3]::result::Result<(), alloc[2182bb758b4b3781]::string::String>, fn() -> core[df12db4294e9bfd3]::result::Result<(), alloc[2182bb758b4b3781]::string::String>>
[INFO] [stdout]   14:     0x58cac4acce75 - test[9d35eded1c95d3be]::run_test::{closure#0}
[INFO] [stdout]   15:     0x58cac4ac6734 - std[70759c8f55707aa4]::sys::backtrace::__rust_begin_short_backtrace::<test[9d35eded1c95d3be]::run_test::{closure#1}, ()>
[INFO] [stdout]   16:     0x58cac4acffd2 - <std[70759c8f55707aa4]::thread::lifecycle::spawn_unchecked<test[9d35eded1c95d3be]::run_test::{closure#1}, ()>::{closure#1} as core[df12db4294e9bfd3]::ops::function::FnOnce<()>>::call_once::{shim:vtable#0}
[INFO] [stdout]   17:     0x58cac4b94999 - <std[70759c8f55707aa4]::sys::thread::unix::Thread>::new::thread_start
[INFO] [stdout]   18:     0x7ee229b7bdfa - <unknown>
[INFO] [stdout]   19:     0x7ee229c0f3d4 - clone
[INFO] [stdout]   20:                0x0 - <unknown>
[INFO] [stdout] 
[INFO] [stdout] ---- codegen_renders_zero_coder_edits_distribution stdout ----
[INFO] [stdout] 
[INFO] [stdout] thread 'codegen_renders_zero_coder_edits_distribution' (989) panicked at tests/codegen.rs:111:32:
[INFO] [stdout] called `Result::unwrap()` on an `Err` value: UnknownExtension { id: "disk-context" }
[INFO] [stdout] stack backtrace:
[INFO] [stdout]    0:     0x58cac4b952b1 - <<std[70759c8f55707aa4]::sys::backtrace::BacktraceLock>::print::DisplayBacktrace as core[df12db4294e9bfd3]::fmt::Display>::fmt
[INFO] [stdout]    1:     0x58cac4bab36a - core[df12db4294e9bfd3]::fmt::write
[INFO] [stdout]    2:     0x58cac4b99ecc - <alloc[2182bb758b4b3781]::vec::Vec<u8> as core[df12db4294e9bfd3]::io::write::Write>::write_fmt
[INFO] [stdout]    3:     0x58cac4b6fb66 - std[70759c8f55707aa4]::panicking::default_hook::{closure#0}
[INFO] [stdout]    4:     0x58cac4b8d139 - std[70759c8f55707aa4]::panicking::default_hook
[INFO] [stdout]    5:     0x58cac4acc520 - test[9d35eded1c95d3be]::test_main_inner::<test[9d35eded1c95d3be]::test_main_static::{closure#0}>::{closure#0}
[INFO] [stdout]    6:     0x58cac4b8d2f2 - std[70759c8f55707aa4]::panicking::panic_with_hook
[INFO] [stdout]    7:     0x58cac4b6fc12 - std[70759c8f55707aa4]::panicking::panic_handler::{closure#0}
[INFO] [stdout]    8:     0x58cac4b682e9 - std[70759c8f55707aa4]::sys::backtrace::__rust_end_short_backtrace::<std[70759c8f55707aa4]::panicking::panic_handler::{closure#0}, !>
[INFO] [stdout]    9:     0x58cac4b7091d - __rustc[8fa7c3cbc660c2b3]::rust_begin_unwind
[INFO] [stdout]   10:     0x58cac4babadc - core[df12db4294e9bfd3]::panicking::panic_fmt
[INFO] [stdout]   11:     0x58cac4bab8b2 - core[df12db4294e9bfd3]::result::unwrap_failed
[INFO] [stdout]   12:     0x58cac4ab7af6 - <codegen[158bd67be14ecdb1]::codegen_renders_zero_coder_edits_distribution::{closure#0} as core[df12db4294e9bfd3]::ops::function::FnOnce<()>>::call_once
[INFO] [stdout]   13:     0x58cac4abf80b - test[9d35eded1c95d3be]::__rust_begin_short_backtrace::<core[df12db4294e9bfd3]::result::Result<(), alloc[2182bb758b4b3781]::string::String>, fn() -> core[df12db4294e9bfd3]::result::Result<(), alloc[2182bb758b4b3781]::string::String>>
[INFO] [stdout]   14:     0x58cac4acce75 - test[9d35eded1c95d3be]::run_test::{closure#0}
[INFO] [stdout]   15:     0x58cac4ac6734 - std[70759c8f55707aa4]::sys::backtrace::__rust_begin_short_backtrace::<test[9d35eded1c95d3be]::run_test::{closure#1}, ()>
[INFO] [stdout]   16:     0x58cac4acffd2 - <std[70759c8f55707aa4]::thread::lifecycle::spawn_unchecked<test[9d35eded1c95d3be]::run_test::{closure#1}, ()>::{closure#1} as core[df12db4294e9bfd3]::ops::function::FnOnce<()>>::call_once::{shim:vtable#0}
[INFO] [stdout]   17:     0x58cac4b94999 - <std[70759c8f55707aa4]::sys::thread::unix::Thread>::new::thread_start
[INFO] [stdout]   18:     0x7ee229b7bdfa - <unknown>
[INFO] [stdout]   19:     0x7ee229c0f3d4 - clone
[INFO] [stdout]   20:                0x0 - <unknown>
[INFO] [stdout] 
[INFO] [stdout] ---- codegen_renders_openai_only_distribution_deterministically stdout ----
[INFO] [stdout] 
[INFO] [stdout] thread 'codegen_renders_openai_only_distribution_deterministically' (985) panicked at tests/codegen.rs:12:53:
[INFO] [stdout] called `Result::unwrap()` on an `Err` value: unknown extension `jsonl-thread-store`
[INFO] [stdout] 
[INFO] [stdout] Stack backtrace:
[INFO] [stdout]    0: <anyhow::Error>::msg::<alloc::string::String>
[INFO] [stdout]    1: anyhow::__private::format_err
[INFO] [stdout]    2: <alloc::vec::into_iter::IntoIter<alloc::string::String> as core::iter::traits::iterator::Iterator>::try_fold::<alloc::vec::in_place_drop::InPlaceDrop<&roder_configure::catalog::CatalogEntry>, core::iter::adapters::map::map_try_fold<alloc::string::String, core::result::Result<&roder_configure::catalog::CatalogEntry, anyhow::Error>, alloc::vec::in_place_drop::InPlaceDrop<&roder_configure::catalog::CatalogEntry>, core::ops::control_flow::ControlFlow<core::result::Result<alloc::vec::in_place_drop::InPlaceDrop<&roder_configure::catalog::CatalogEntry>, !>, alloc::vec::in_place_drop::InPlaceDrop<&roder_configure::catalog::CatalogEntry>>, roder_configure::codegen::selected_extensions::{closure#0}, <core::iter::adapters::GenericShunt<core::iter::adapters::map::Map<alloc::vec::into_iter::IntoIter<alloc::string::String>, roder_configure::codegen::selected_extensions::{closure#0}>, core::result::Result<core::convert::Infallible, anyhow::Error>> as core::iter::traits::iterator::Iterator>::try_fold<alloc::vec::in_place_drop::InPlaceDrop<&roder_configure::catalog::CatalogEntry>, alloc::vec::in_place_collect::write_in_place_with_drop<&roder_configure::catalog::CatalogEntry>::{closure#0}, core::result::Result<alloc::vec::in_place_drop::InPlaceDrop<&roder_configure::catalog::CatalogEntry>, !>>::{closure#0}>::{closure#0}, core::ops::control_flow::ControlFlow<core::result::Result<alloc::vec::in_place_drop::InPlaceDrop<&roder_configure::catalog::CatalogEntry>, !>, alloc::vec::in_place_drop::InPlaceDrop<&roder_configure::catalog::CatalogEntry>>>
[INFO] [stdout]    3: alloc::vec::in_place_collect::from_iter_in_place::<core::iter::adapters::GenericShunt<core::iter::adapters::map::Map<alloc::vec::into_iter::IntoIter<alloc::string::String>, roder_configure::codegen::selected_extensions::{closure#0}>, core::result::Result<core::convert::Infallible, anyhow::Error>>, &roder_configure::catalog::CatalogEntry>
[INFO] [stdout]    4: roder_configure::codegen::render
[INFO] [stdout]    5: <codegen::codegen_renders_openai_only_distribution_deterministically::{closure#0} as core::ops::function::FnOnce<()>>::call_once
[INFO] [stdout]    6: test::__rust_begin_short_backtrace::<core::result::Result<(), alloc::string::String>, fn() -> core::result::Result<(), alloc::string::String>>
[INFO] [stdout]    7: test::run_test::{closure#0}
[INFO] [stdout]    8: std::sys::backtrace::__rust_begin_short_backtrace::<test::run_test::{closure#1}, ()>
[INFO] [stdout]    9: <std::thread::lifecycle::spawn_unchecked<test::run_test::{closure#1}, ()>::{closure#1} as core::ops::function::FnOnce<()>>::call_once::{shim:vtable#0}
[INFO] [stdout]   10: <std::sys::thread::unix::Thread>::new::thread_start
[INFO] [stdout]   11: <unknown>
[INFO] [stdout]   12: clone
[INFO] [stdout] stack backtrace:
[INFO] [stdout]    0:     0x58cac4b952b1 - <<std[70759c8f55707aa4]::sys::backtrace::BacktraceLock>::print::DisplayBacktrace as core[df12db4294e9bfd3]::fmt::Display>::fmt
[INFO] [stdout]    1:     0x58cac4bab36a - core[df12db4294e9bfd3]::fmt::write
[INFO] [stdout]    2:     0x58cac4b99ecc - <alloc[2182bb758b4b3781]::vec::Vec<u8> as core[df12db4294e9bfd3]::io::write::Write>::write_fmt
[INFO] [stdout]    3:     0x58cac4b6fb66 - std[70759c8f55707aa4]::panicking::default_hook::{closure#0}
[INFO] [stdout]    4:     0x58cac4b8d139 - std[70759c8f55707aa4]::panicking::default_hook
[INFO] [stdout]    5:     0x58cac4acc520 - test[9d35eded1c95d3be]::test_main_inner::<test[9d35eded1c95d3be]::test_main_static::{closure#0}>::{closure#0}
[INFO] [stdout]    6:     0x58cac4b8d2f2 - std[70759c8f55707aa4]::panicking::panic_with_hook
[INFO] [stdout]    7:     0x58cac4b6fc12 - std[70759c8f55707aa4]::panicking::panic_handler::{closure#0}
[INFO] [stdout]    8:     0x58cac4b682e9 - std[70759c8f55707aa4]::sys::backtrace::__rust_end_short_backtrace::<std[70759c8f55707aa4]::panicking::panic_handler::{closure#0}, !>
[INFO] [stdout]    9:     0x58cac4b7091d - __rustc[8fa7c3cbc660c2b3]::rust_begin_unwind
[INFO] [stdout]   10:     0x58cac4babadc - core[df12db4294e9bfd3]::panicking::panic_fmt
[INFO] [stdout]   11:     0x58cac4bab8b2 - core[df12db4294e9bfd3]::result::unwrap_failed
[INFO] [stdout]   12:     0x58cac4ab959b - <codegen[158bd67be14ecdb1]::codegen_renders_openai_only_distribution_deterministically::{closure#0} as core[df12db4294e9bfd3]::ops::function::FnOnce<()>>::call_once
[INFO] [stdout]   13:     0x58cac4abf80b - test[9d35eded1c95d3be]::__rust_begin_short_backtrace::<core[df12db4294e9bfd3]::result::Result<(), alloc[2182bb758b4b3781]::string::String>, fn() -> core[df12db4294e9bfd3]::result::Result<(), alloc[2182bb758b4b3781]::string::String>>
[INFO] [stdout]   14:     0x58cac4acce75 - test[9d35eded1c95d3be]::run_test::{closure#0}
[INFO] [stdout]   15:     0x58cac4ac6734 - std[70759c8f55707aa4]::sys::backtrace::__rust_begin_short_backtrace::<test[9d35eded1c95d3be]::run_test::{closure#1}, ()>
[INFO] [stdout]   16:     0x58cac4acffd2 - <std[70759c8f55707aa4]::thread::lifecycle::spawn_unchecked<test[9d35eded1c95d3be]::run_test::{closure#1}, ()>::{closure#1} as core[df12db4294e9bfd3]::ops::function::FnOnce<()>>::call_once::{shim:vtable#0}
[INFO] [stdout]   17:     0x58cac4b94999 - <std[70759c8f55707aa4]::sys::thread::unix::Thread>::new::thread_start
[INFO] [stdout]   18:     0x7ee229b7bdfa - <unknown>
[INFO] [stdout]   19:     0x7ee229c0f3d4 - clone
[INFO] [stdout]   20:                0x0 - <unknown>
[INFO] [stdout] 
[INFO] [stdout] ---- codegen_emit_writes_expected_files stdout ----
[INFO] [stdout] 
[INFO] [stdout] thread 'codegen_emit_writes_expected_files' (984) panicked at tests/codegen.rs:137:32:
[INFO] [stdout] called `Result::unwrap()` on an `Err` value: UnknownExtension { id: "jsonl-thread-store" }
[INFO] [stdout] stack backtrace:
[INFO] [stdout]    0:     0x58cac4b952b1 - <<std[70759c8f55707aa4]::sys::backtrace::BacktraceLock>::print::DisplayBacktrace as core[df12db4294e9bfd3]::fmt::Display>::fmt
[INFO] [stdout]    1:     0x58cac4bab36a - core[df12db4294e9bfd3]::fmt::write
[INFO] [stdout]    2:     0x58cac4b99ecc - <alloc[2182bb758b4b3781]::vec::Vec<u8> as core[df12db4294e9bfd3]::io::write::Write>::write_fmt
[INFO] [stdout]    3:     0x58cac4b6fb66 - std[70759c8f55707aa4]::panicking::default_hook::{closure#0}
[INFO] [stdout]    4:     0x58cac4b8d139 - std[70759c8f55707aa4]::panicking::default_hook
[INFO] [stdout]    5:     0x58cac4acc520 - test[9d35eded1c95d3be]::test_main_inner::<test[9d35eded1c95d3be]::test_main_static::{closure#0}>::{closure#0}
[INFO] [stdout]    6:     0x58cac4b8d2f2 - std[70759c8f55707aa4]::panicking::panic_with_hook
[INFO] [stdout]    7:     0x58cac4b6fc12 - std[70759c8f55707aa4]::panicking::panic_handler::{closure#0}
[INFO] [stdout]    8:     0x58cac4b682e9 - std[70759c8f55707aa4]::sys::backtrace::__rust_end_short_backtrace::<std[70759c8f55707aa4]::panicking::panic_handler::{closure#0}, !>
[INFO] [stdout]    9:     0x58cac4b7091d - __rustc[8fa7c3cbc660c2b3]::rust_begin_unwind
[INFO] [stdout]   10:     0x58cac4babadc - core[df12db4294e9bfd3]::panicking::panic_fmt
[INFO] [stdout]   11:     0x58cac4bab8b2 - core[df12db4294e9bfd3]::result::unwrap_failed
[INFO] [stdout]   12:     0x58cac4ab6adc - <codegen[158bd67be14ecdb1]::codegen_emit_writes_expected_files::{closure#0} as core[df12db4294e9bfd3]::ops::function::FnOnce<()>>::call_once
[INFO] [stdout]   13:     0x58cac4abf80b - test[9d35eded1c95d3be]::__rust_begin_short_backtrace::<core[df12db4294e9bfd3]::result::Result<(), alloc[2182bb758b4b3781]::string::String>, fn() -> core[df12db4294e9bfd3]::result::Result<(), alloc[2182bb758b4b3781]::string::String>>
[INFO] [stdout]   14:     0x58cac4acce75 - test[9d35eded1c95d3be]::run_test::{closure#0}
[INFO] [stdout]   15:     0x58cac4ac6734 - std[70759c8f55707aa4]::sys::backtrace::__rust_begin_short_backtrace::<test[9d35eded1c95d3be]::run_test::{closure#1}, ()>
[INFO] [stdout]   16:     0x58cac4acffd2 - <std[70759c8f55707aa4]::thread::lifecycle::spawn_unchecked<test[9d35eded1c95d3be]::run_test::{closure#1}, ()>::{closure#1} as core[df12db4294e9bfd3]::ops::function::FnOnce<()>>::call_once::{shim:vtable#0}
[INFO] [stdout]   17:     0x58cac4b94999 - <std[70759c8f55707aa4]::sys::thread::unix::Thread>::new::thread_start
[INFO] [stdout]   18:     0x7ee229b7bdfa - <unknown>
[INFO] [stdout]   19:     0x7ee229c0f3d4 - clone
[INFO] [stdout]   20:                0x0 - <unknown>
[INFO] [stdout] 
[INFO] [stdout] ---- codegen_renders_synthetic_search_enabled_distribution stdout ----
[INFO] [stdout] 
[INFO] [stdout] thread 'codegen_renders_synthetic_search_enabled_distribution' (987) panicked at tests/codegen.rs:88:32:
[INFO] [stdout] called `Result::unwrap()` on an `Err` value: UnknownExtension { id: "jsonl-thread-store" }
[INFO] [stdout] stack backtrace:
[INFO] [stdout]    0:     0x58cac4b952b1 - <<std[70759c8f55707aa4]::sys::backtrace::BacktraceLock>::print::DisplayBacktrace as core[df12db4294e9bfd3]::fmt::Display>::fmt
[INFO] [stdout]    1:     0x58cac4bab36a - core[df12db4294e9bfd3]::fmt::write
[INFO] [stdout]    2:     0x58cac4b99ecc - <alloc[2182bb758b4b3781]::vec::Vec<u8> as core[df12db4294e9bfd3]::io::write::Write>::write_fmt
[INFO] [stdout]    3:     0x58cac4b6fb66 - std[70759c8f55707aa4]::panicking::default_hook::{closure#0}
[INFO] [stdout]    4:     0x58cac4b8d139 - std[70759c8f55707aa4]::panicking::default_hook
[INFO] [stdout]    5:     0x58cac4acc520 - test[9d35eded1c95d3be]::test_main_inner::<test[9d35eded1c95d3be]::test_main_static::{closure#0}>::{closure#0}
[INFO] [stdout]    6:     0x58cac4b8d2f2 - std[70759c8f55707aa4]::panicking::panic_with_hook
[INFO] [stdout]    7:     0x58cac4b6fc12 - std[70759c8f55707aa4]::panicking::panic_handler::{closure#0}
[INFO] [stdout]    8:     0x58cac4b682e9 - std[70759c8f55707aa4]::sys::backtrace::__rust_end_short_backtrace::<std[70759c8f55707aa4]::panicking::panic_handler::{closure#0}, !>
[INFO] [stdout]    9:     0x58cac4b7091d - __rustc[8fa7c3cbc660c2b3]::rust_begin_unwind
[INFO] [stdout]   10:     0x58cac4babadc - core[df12db4294e9bfd3]::panicking::panic_fmt
[INFO] [stdout]   11:     0x58cac4bab8b2 - core[df12db4294e9bfd3]::result::unwrap_failed
[INFO] [stdout]   12:     0x58cac4ab8cc3 - <codegen[158bd67be14ecdb1]::codegen_renders_synthetic_search_enabled_distribution::{closure#0} as core[df12db4294e9bfd3]::ops::function::FnOnce<()>>::call_once
[INFO] [stdout]   13:     0x58cac4abf80b - test[9d35eded1c95d3be]::__rust_begin_short_backtrace::<core[df12db4294e9bfd3]::result::Result<(), alloc[2182bb758b4b3781]::string::String>, fn() -> core[df12db4294e9bfd3]::result::Result<(), alloc[2182bb758b4b3781]::string::String>>
[INFO] [stdout]   14:     0x58cac4acce75 - test[9d35eded1c95d3be]::run_test::{closure#0}
[INFO] [stdout]   15:     0x58cac4ac6734 - std[70759c8f55707aa4]::sys::backtrace::__rust_begin_short_backtrace::<test[9d35eded1c95d3be]::run_test::{closure#1}, ()>
[INFO] [stdout]   16:     0x58cac4acffd2 - <std[70759c8f55707aa4]::thread::lifecycle::spawn_unchecked<test[9d35eded1c95d3be]::run_test::{closure#1}, ()>::{closure#1} as core[df12db4294e9bfd3]::ops::function::FnOnce<()>>::call_once::{shim:vtable#0}
[INFO] [stdout]   17:     0x58cac4b94999 - <std[70759c8f55707aa4]::sys::thread::unix::Thread>::new::thread_start
[INFO] [stdout]   18:     0x7ee229b7bdfa - <unknown>
[INFO] [stdout]   19:     0x7ee229c0f3d4 - clone
[INFO] [stdout]   20:                0x0 - <unknown>
[INFO] [stdout] 
[INFO] [stdout] ---- codegen_renders_remote_app_server_without_cli_or_tui stdout ----
[INFO] [stdout] 
[INFO] [stdout] thread 'codegen_renders_remote_app_server_without_cli_or_tui' (986) panicked at tests/codegen.rs:49:53:
[INFO] [stdout] called `Result::unwrap()` on an `Err` value: unknown extension `disk-context`
[INFO] [stdout] 
[INFO] [stdout] Stack backtrace:
[INFO] [stdout]    0: <anyhow::Error>::msg::<alloc::string::String>
[INFO] [stdout]    1: anyhow::__private::format_err
[INFO] [stdout]    2: <alloc::vec::into_iter::IntoIter<alloc::string::String> as core::iter::traits::iterator::Iterator>::try_fold::<alloc::vec::in_place_drop::InPlaceDrop<&roder_configure::catalog::CatalogEntry>, core::iter::adapters::map::map_try_fold<alloc::string::String, core::result::Result<&roder_configure::catalog::CatalogEntry, anyhow::Error>, alloc::vec::in_place_drop::InPlaceDrop<&roder_configure::catalog::CatalogEntry>, core::ops::control_flow::ControlFlow<core::result::Result<alloc::vec::in_place_drop::InPlaceDrop<&roder_configure::catalog::CatalogEntry>, !>, alloc::vec::in_place_drop::InPlaceDrop<&roder_configure::catalog::CatalogEntry>>, roder_configure::codegen::selected_extensions::{closure#0}, <core::iter::adapters::GenericShunt<core::iter::adapters::map::Map<alloc::vec::into_iter::IntoIter<alloc::string::String>, roder_configure::codegen::selected_extensions::{closure#0}>, core::result::Result<core::convert::Infallible, anyhow::Error>> as core::iter::traits::iterator::Iterator>::try_fold<alloc::vec::in_place_drop::InPlaceDrop<&roder_configure::catalog::CatalogEntry>, alloc::vec::in_place_collect::write_in_place_with_drop<&roder_configure::catalog::CatalogEntry>::{closure#0}, core::result::Result<alloc::vec::in_place_drop::InPlaceDrop<&roder_configure::catalog::CatalogEntry>, !>>::{closure#0}>::{closure#0}, core::ops::control_flow::ControlFlow<core::result::Result<alloc::vec::in_place_drop::InPlaceDrop<&roder_configure::catalog::CatalogEntry>, !>, alloc::vec::in_place_drop::InPlaceDrop<&roder_configure::catalog::CatalogEntry>>>
[INFO] [stdout]    3: alloc::vec::in_place_collect::from_iter_in_place::<core::iter::adapters::GenericShunt<core::iter::adapters::map::Map<alloc::vec::into_iter::IntoIter<alloc::string::String>, roder_configure::codegen::selected_extensions::{closure#0}>, core::result::Result<core::convert::Infallible, anyhow::Error>>, &roder_configure::catalog::CatalogEntry>
[INFO] [stdout]    4: roder_configure::codegen::render
[INFO] [stdout]    5: <codegen::codegen_renders_remote_app_server_without_cli_or_tui::{closure#0} as core::ops::function::FnOnce<()>>::call_once
[INFO] [stdout]    6: test::__rust_begin_short_backtrace::<core::result::Result<(), alloc::string::String>, fn() -> core::result::Result<(), alloc::string::String>>
[INFO] [stdout]    7: test::run_test::{closure#0}
[INFO] [stdout]    8: std::sys::backtrace::__rust_begin_short_backtrace::<test::run_test::{closure#1}, ()>
[INFO] [stdout]    9: <std::thread::lifecycle::spawn_unchecked<test::run_test::{closure#1}, ()>::{closure#1} as core::ops::function::FnOnce<()>>::call_once::{shim:vtable#0}
[INFO] [stdout]   10: <std::sys::thread::unix::Thread>::new::thread_start
[INFO] [stdout]   11: <unknown>
[INFO] [stdout]   12: clone
[INFO] [stdout] stack backtrace:
[INFO] [stdout]    0:     0x58cac4b952b1 - <<std[70759c8f55707aa4]::sys::backtrace::BacktraceLock>::print::DisplayBacktrace as core[df12db4294e9bfd3]::fmt::Display>::fmt
[INFO] [stdout]    1:     0x58cac4bab36a - core[df12db4294e9bfd3]::fmt::write
[INFO] [stdout]    2:     0x58cac4b99ecc - <alloc[2182bb758b4b3781]::vec::Vec<u8> as core[df12db4294e9bfd3]::io::write::Write>::write_fmt
[INFO] [stdout]    3:     0x58cac4b6fb66 - std[70759c8f55707aa4]::panicking::default_hook::{closure#0}
[INFO] [stdout]    4:     0x58cac4b8d139 - std[70759c8f55707aa4]::panicking::default_hook
[INFO] [stdout]    5:     0x58cac4acc520 - test[9d35eded1c95d3be]::test_main_inner::<test[9d35eded1c95d3be]::test_main_static::{closure#0}>::{closure#0}
[INFO] [stdout]    6:     0x58cac4b8d2f2 - std[70759c8f55707aa4]::panicking::panic_with_hook
[INFO] [stdout]    7:     0x58cac4b6fc12 - std[70759c8f55707aa4]::panicking::panic_handler::{closure#0}
[INFO] [stdout]    8:     0x58cac4b682e9 - std[70759c8f55707aa4]::sys::backtrace::__rust_end_short_backtrace::<std[70759c8f55707aa4]::panicking::panic_handler::{closure#0}, !>
[INFO] [stdout]    9:     0x58cac4b7091d - __rustc[8fa7c3cbc660c2b3]::rust_begin_unwind
[INFO] [stdout]   10:     0x58cac4babadc - core[df12db4294e9bfd3]::panicking::panic_fmt
[INFO] [stdout]   11:     0x58cac4bab8b2 - core[df12db4294e9bfd3]::result::unwrap_failed
[INFO] [stdout]   12:     0x58cac4ab85f5 - <codegen[158bd67be14ecdb1]::codegen_renders_remote_app_server_without_cli_or_tui::{closure#0} as core[df12db4294e9bfd3]::ops::function::FnOnce<()>>::call_once
[INFO] [stdout]   13:     0x58cac4abf80b - test[9d35eded1c95d3be]::__rust_begin_short_backtrace::<core[df12db4294e9bfd3]::result::Result<(), alloc[2182bb758b4b3781]::string::String>, fn() -> core[df12db4294e9bfd3]::result::Result<(), alloc[2182bb758b4b3781]::string::String>>
[INFO] [stdout]   14:     0x58cac4acce75 - test[9d35eded1c95d3be]::run_test::{closure#0}
[INFO] [stdout]   15:     0x58cac4ac6734 - std[70759c8f55707aa4]::sys::backtrace::__rust_begin_short_backtrace::<test[9d35eded1c95d3be]::run_test::{closure#1}, ()>
[INFO] [stdout]   16:     0x58cac4acffd2 - <std[70759c8f55707aa4]::thread::lifecycle::spawn_unchecked<test[9d35eded1c95d3be]::run_test::{closure#1}, ()>::{closure#1} as core[df12db4294e9bfd3]::ops::function::FnOnce<()>>::call_once::{shim:vtable#0}
[INFO] [stdout]   17:     0x58cac4b94999 - <std[70759c8f55707aa4]::sys::thread::unix::Thread>::new::thread_start
[INFO] [stdout]   18:     0x7ee229b7bdfa - <unknown>
[INFO] [stdout]   19:     0x7ee229c0f3d4 - clone
[INFO] [stdout]   20:                0x0 - <unknown>
[INFO] [stdout] 
[INFO] [stdout] 
[INFO] [stdout] failures:
[INFO] [stdout]     codegen_emit_writes_expected_files
[INFO] [stdout]     codegen_renders_openai_only_distribution_deterministically
[INFO] [stdout]     codegen_renders_remote_app_server_without_cli_or_tui
[INFO] [stdout]     codegen_renders_synthetic_search_enabled_distribution
[INFO] [stdout]     codegen_renders_tavily_enabled_distribution
[INFO] [stdout]     codegen_renders_zero_coder_edits_distribution
[INFO] [stdout]     codegen_respects_headless_profile_dependencies
[INFO] [stdout] 
[INFO] [stdout] test result: FAILED. 0 passed; 7 failed; 0 ignored; 0 measured; 0 filtered out; finished in 0.13s
[INFO] [stdout] 
[INFO] [stderr] error: test failed, to rerun pass `--test codegen`
[INFO] running `Command { std: "docker" "inspect" "c36725f6f81469747e3f9dbf99b860b68e75f850ffdca64f2edcc0a5f6f7a719", kill_on_drop: false }`
[INFO] running `Command { std: "docker" "rm" "-f" "c36725f6f81469747e3f9dbf99b860b68e75f850ffdca64f2edcc0a5f6f7a719", kill_on_drop: false }`
[INFO] [stdout] c36725f6f81469747e3f9dbf99b860b68e75f850ffdca64f2edcc0a5f6f7a719
