[INFO] fetching crate rocketfetch 0.7.5...
[INFO] testing rocketfetch-0.7.5 against 1.100.0-beta.1+cargoflags=--release for beta-release-1.100-2
[INFO] extracting crate rocketfetch 0.7.5 into /workspace/builds/worker-5-tc2/source
[INFO] started tweaking crates.io crate rocketfetch 0.7.5
[INFO] finished tweaking crates.io crate rocketfetch 0.7.5
[INFO] tweaked toml for crates.io crate rocketfetch 0.7.5 written to /workspace/builds/worker-5-tc2/source/Cargo.toml
[INFO] validating manifest of crates.io crate rocketfetch 0.7.5 on toolchain 1.100.0-beta.1
[INFO] running `Command { std: CARGO_HOME="/workspace/cargo-home" RUSTUP_HOME="/workspace/rustup-home" "/workspace/cargo-home/bin/cargo" "+1.100.0-beta.1" "metadata" "--manifest-path" "Cargo.toml" "--no-deps", kill_on_drop: false }`
[INFO] crate crates.io crate rocketfetch 0.7.5 already has a lockfile, it will not be regenerated
[INFO] running `Command { std: CARGO_HOME="/workspace/cargo-home" RUSTUP_HOME="/workspace/rustup-home" "/workspace/cargo-home/bin/cargo" "+1.100.0-beta.1" "fetch" "--manifest-path" "Cargo.toml", kill_on_drop: false }`
[INFO] running `Command { std: "docker" "create" "-v" "/var/lib/crater-agent-workspace/builds/worker-5-tc2/source:/opt/rustwide/workdir:ro,Z" "-v" "/var/lib/crater-agent-workspace/builds/worker-5-tc2/target:/opt/rustwide/target:rw,Z" "-v" "/var/lib/crater-agent-workspace/cargo-home:/opt/rustwide/cargo-home:ro,Z" "-v" "/var/lib/crater-agent-workspace/rustup-home:/opt/rustwide/rustup-home:ro,Z" "-m" "1610612736" "--network" "none" "ghcr.io/rust-lang/crates-build-env/linux@sha256:77db811e55d90add9212f6832c23229e3de5f1c1f9905e8cb07319ea15df73ac" "sleep" "infinity", kill_on_drop: false }`
[INFO] [stdout] d8230b77f4521ce718778ed0c31939de434d4185fde3514bc9c9589ee940f350
[INFO] running `Command { std: "docker" "start" "d8230b77f4521ce718778ed0c31939de434d4185fde3514bc9c9589ee940f350", kill_on_drop: false }`
[INFO] running `Command { std: "docker" "inspect" "d8230b77f4521ce718778ed0c31939de434d4185fde3514bc9c9589ee940f350", kill_on_drop: false }`
[INFO] running `Command { std: "docker" "exec" "-e" "SOURCE_DIR=/opt/rustwide/workdir" "-e" "CARGO_HOME=/opt/rustwide/cargo-home" "-e" "RUSTUP_HOME=/opt/rustwide/rustup-home" "-e" "CARGO_TARGET_DIR=/opt/rustwide/target" "-w" "/opt/rustwide/workdir" "--user" "0:0" "d8230b77f4521ce718778ed0c31939de434d4185fde3514bc9c9589ee940f350" "/opt/rustwide/cargo-home/bin/cargo" "+1.100.0-beta.1" "metadata" "--no-deps" "--format-version=1", kill_on_drop: false }`
[INFO] running `Command { std: "docker" "inspect" "d8230b77f4521ce718778ed0c31939de434d4185fde3514bc9c9589ee940f350", kill_on_drop: false }`
[INFO] running `Command { std: "docker" "exec" "-e" "SOURCE_DIR=/opt/rustwide/workdir" "-e" "CARGO_HOME=/opt/rustwide/cargo-home" "-e" "RUSTUP_HOME=/opt/rustwide/rustup-home" "-e" "CARGO_TARGET_DIR=/opt/rustwide/target" "-e" "CARGO_INCREMENTAL=0" "-e" "RUST_BACKTRACE=full" "-e" "RUSTFLAGS=--cap-lints=warn" "-e" "RUSTDOCFLAGS=--cap-lints=warn" "-w" "/opt/rustwide/workdir" "--user" "0:0" "d8230b77f4521ce718778ed0c31939de434d4185fde3514bc9c9589ee940f350" "/opt/rustwide/cargo-home/bin/cargo" "+1.100.0-beta.1" "build" "--frozen" "--message-format=json" "--release", kill_on_drop: false }`
[INFO] [stderr]    Compiling proc-macro2 v1.0.86
[INFO] [stderr]    Compiling unicode-ident v1.0.12
[INFO] [stderr]    Compiling libc v0.2.155
[INFO] [stderr]    Compiling pkg-config v0.3.30
[INFO] [stderr]    Compiling cfg-if v1.0.0
[INFO] [stderr]    Compiling serde v1.0.204
[INFO] [stderr]    Compiling cc v1.1.6
[INFO] [stderr]    Compiling autocfg v1.3.0
[INFO] [stderr]    Compiling once_cell v1.19.0
[INFO] [stderr]    Compiling rpm-pkg-count v0.2.1
[INFO] [stderr]    Compiling thiserror v1.0.63
[INFO] [stderr]    Compiling utf8parse v0.2.2
[INFO] [stderr]    Compiling memchr v2.7.4
[INFO] [stderr]    Compiling heck v0.4.1
[INFO] [stderr]    Compiling equivalent v1.0.1
[INFO] [stderr]    Compiling colorchoice v1.0.2
[INFO] [stderr]    Compiling libloading v0.8.5
[INFO] [stderr]    Compiling lazy_static v1.5.0
[INFO] [stderr]    Compiling pin-project-lite v0.2.14
[INFO] [stderr]    Compiling hashbrown v0.14.5
[INFO] [stderr]    Compiling anstyle-parse v0.2.5
[INFO] [stderr]    Compiling regex-syntax v0.8.4
[INFO] [stderr]    Compiling same-file v1.0.6
[INFO] [stderr]    Compiling anstyle-query v1.1.1
[INFO] [stderr]    Compiling is_terminal_polyfill v1.70.1
[INFO] [stderr]    Compiling option-ext v0.2.0
[INFO] [stderr]    Compiling anstyle v1.0.8
[INFO] [stderr]    Compiling walkdir v2.5.0
[INFO] [stderr]    Compiling log v0.4.22
[INFO] [stderr]    Compiling heck v0.5.0
[INFO] [stderr]    Compiling dlib v0.5.2
[INFO] [stderr]    Compiling either v1.13.0
[INFO] [stderr]    Compiling libmacchina v7.3.0
[INFO] [stderr]    Compiling tracing-core v0.1.32
[INFO] [stderr]    Compiling memoffset v0.7.1
[INFO] [stderr]    Compiling anstream v0.6.15
[INFO] [stderr]    Compiling winnow v0.6.16
[INFO] [stderr]    Compiling byteorder v1.5.0
[INFO] [stderr]    Compiling unicode-width v0.1.13
[INFO] [stderr]    Compiling strsim v0.11.1
[INFO] [stderr]    Compiling bitflags v1.3.2
[INFO] [stderr]    Compiling bitflags v2.6.0
[INFO] [stderr]    Compiling clap_lex v0.7.2
[INFO] [stderr]    Compiling wayland-sys v0.31.4
[INFO] [stderr]    Compiling any_terminal_size v0.1.21
[INFO] [stderr]    Compiling itertools v0.11.0
[INFO] [stderr]    Compiling quote v1.0.36
[INFO] [stderr]    Compiling clap_builder v4.5.11
[INFO] [stderr]    Compiling indexmap v2.2.6
[INFO] [stderr]    Compiling aho-corasick v1.1.3
[INFO] [stderr]    Compiling syn v2.0.72
[INFO] [stderr]    Compiling os-release v0.1.0
[INFO] [stderr]    Compiling smawk v0.3.2
[INFO] [stderr]    Compiling home v0.5.9
[INFO] [stderr]    Compiling unicode-linebreak v0.1.5
[INFO] [stderr]    Compiling secfmt v0.1.1
[INFO] [stderr]    Compiling user-error v1.2.8
[INFO] [stderr]    Compiling textwrap v0.16.1
[INFO] [stderr]    Compiling sqlite3-src v0.6.1
[INFO] [stderr]    Compiling sqlite3-sys v0.17.0
[INFO] [stderr]    Compiling sqlite v0.36.0
[INFO] [stderr]    Compiling dirs-sys v0.4.1
[INFO] [stderr]    Compiling num_cpus v1.16.0
[INFO] [stderr]    Compiling terminal_size v0.1.17
[INFO] [stderr]    Compiling if-addrs v0.10.2
[INFO] [stderr]    Compiling nix v0.26.4
[INFO] [stderr]    Compiling console v0.15.8
[INFO] [stderr]    Compiling dirs v5.0.1
[INFO] [stderr]    Compiling regex-automata v0.4.7
[INFO] [stderr]    Compiling serde_spanned v0.6.7
[INFO] [stderr]    Compiling toml_datetime v0.6.7
[INFO] [stderr]    Compiling toml_edit v0.22.17
[INFO] [stderr]    Compiling tracing-attributes v0.1.27
[INFO] [stderr]    Compiling thiserror-impl v1.0.63
[INFO] [stderr]    Compiling enum-as-inner v0.6.0
[INFO] [stderr]    Compiling clap_derive v4.5.11
[INFO] [stderr]    Compiling serde_derive v1.0.204
[INFO] [stderr]    Compiling regex v1.10.5
[INFO] [stderr]    Compiling toml v0.8.16
[INFO] [stderr]    Compiling tracing v0.1.40
[INFO] [stderr]    Compiling sysctl v0.5.5
[INFO] [stderr]    Compiling pciid-parser v0.6.3
[INFO] [stderr]    Compiling clap v4.5.11
[INFO] [stderr]    Compiling rocketfetch v0.7.5 (/opt/rustwide/workdir)
[INFO] [stderr]     Finished `release` profile [optimized] target(s) in 1m 22s
[INFO] running `Command { std: "docker" "inspect" "d8230b77f4521ce718778ed0c31939de434d4185fde3514bc9c9589ee940f350", kill_on_drop: false }`
[INFO] running `Command { std: "docker" "exec" "-e" "SOURCE_DIR=/opt/rustwide/workdir" "-e" "CARGO_HOME=/opt/rustwide/cargo-home" "-e" "RUSTUP_HOME=/opt/rustwide/rustup-home" "-e" "CARGO_TARGET_DIR=/opt/rustwide/target" "-e" "CARGO_INCREMENTAL=0" "-e" "RUST_BACKTRACE=full" "-e" "RUSTFLAGS=--cap-lints=warn" "-e" "RUSTDOCFLAGS=--cap-lints=warn" "-w" "/opt/rustwide/workdir" "--user" "0:0" "d8230b77f4521ce718778ed0c31939de434d4185fde3514bc9c9589ee940f350" "/opt/rustwide/cargo-home/bin/cargo" "+1.100.0-beta.1" "test" "--frozen" "--no-run" "--message-format=json" "--release", kill_on_drop: false }`
[INFO] [stderr]    Compiling yansi v0.5.1
[INFO] [stderr]    Compiling diff v0.1.13
[INFO] [stderr]    Compiling pretty_assertions v1.4.0
[INFO] [stderr]    Compiling rocketfetch v0.7.5 (/opt/rustwide/workdir)
[INFO] [stderr]     Finished `release` profile [optimized] target(s) in 40.85s
[INFO] running `Command { std: "docker" "inspect" "d8230b77f4521ce718778ed0c31939de434d4185fde3514bc9c9589ee940f350", kill_on_drop: false }`
[INFO] running `Command { std: "docker" "exec" "-e" "SOURCE_DIR=/opt/rustwide/workdir" "-e" "CARGO_HOME=/opt/rustwide/cargo-home" "-e" "RUSTUP_HOME=/opt/rustwide/rustup-home" "-e" "CARGO_TARGET_DIR=/opt/rustwide/target" "-e" "CARGO_INCREMENTAL=0" "-e" "RUST_BACKTRACE=full" "-e" "RUSTFLAGS=--cap-lints=warn" "-e" "RUSTDOCFLAGS=--cap-lints=warn" "-w" "/opt/rustwide/workdir" "--user" "0:0" "d8230b77f4521ce718778ed0c31939de434d4185fde3514bc9c9589ee940f350" "/opt/rustwide/cargo-home/bin/cargo" "+1.100.0-beta.1" "test" "--frozen" "--release", kill_on_drop: false }`
[INFO] [stderr]     Finished `release` profile [optimized] target(s) in 0.14s
[INFO] [stderr]      Running unittests src/main.rs (/opt/rustwide/target/release/build/rocketfetch/42a86d714fc7ea93/out/rocketfetch-42a86d714fc7ea93)
[INFO] [stdout] 
[INFO] [stdout] running 22 tests
[INFO] [stdout] test config::test::check_default_config ... ok
[INFO] [stdout] test modules::module_tests::get_kernel ... ok
[INFO] [stdout] test config::test::check_bottom_block_print_longer_info ... ok
[INFO] [stdout] test config::test::check_os ... ok
[INFO] [stdout] test config::test::check_side_block_print ... ok
[INFO] [stdout] test modules::module_tests::get_cpu ... ok
[INFO] [stdout] test config::test::check_classic_print ... ok
[INFO] [stdout] test modules::module_tests::get_hostname ... ok
[INFO] [stdout] test modules::module_tests::get_os ... ok
[INFO] [stdout] test modules::module_tests::get_username ... ok
[INFO] [stdout] test config::test::check_side_block_print_longer_logo ... ok
[INFO] [stdout] test config::test::check_bottom_block_print_longer_logo ... ok
[INFO] [stdout] test modules::module_tests::get_uptime ... ok
[INFO] [stdout] test modules::module_tests::get_resolution ... ok
[INFO] [stdout] test config::test::check_classic_print_longer_info ... ok
[INFO] [stdout] test modules::module_tests::get_terminal_name ... FAILED
[INFO] [stdout] test config::test::check_classic_print_longer_logo ... ok
[INFO] [stdout] test config::test::check_bottom_block_print ... ok
[INFO] [stdout] test config::test::check_side_block_print_longer_info ... ok
[INFO] [stdout] test modules::module_tests::get_build_version ... ok
[INFO] [stdout] test modules::module_tests::get_arch ... ok
[INFO] [stdout] test modules::module_tests::get_shell ... ok
[INFO] [stdout] 
[INFO] [stdout] failures:
[INFO] [stdout] 
[INFO] [stdout] ---- modules::module_tests::get_terminal_name stdout ----
[INFO] [stdout] 
[INFO] [stdout] thread 'modules::module_tests::get_terminal_name' (1414) panicked at src/modules.rs:671:61:
[INFO] [stdout] called `Result::unwrap()` on an `Err` value: Other("Querying terminal information failed")
[INFO] [stdout] stack backtrace:
[INFO] [stdout]    0:     0x5d85b5a46e65 - <<std[617be2ca0a6fd877]::sys::backtrace::BacktraceLock>::print::DisplayBacktrace as core[a373ad73a504971]::fmt::Display>::fmt
[INFO] [stdout]    1:     0x5d85b591861a - core[a373ad73a504971]::fmt::write
[INFO] [stdout]    2:     0x5d85b5a464fb - <alloc[2e1b2a31b91974c5]::vec::Vec<u8> as core[a373ad73a504971]::io::write::Write>::write_fmt
[INFO] [stdout]    3:     0x5d85b5a45fdf - std[617be2ca0a6fd877]::panicking::default_hook::{closure#0}
[INFO] [stdout]    4:     0x5d85b5a45c0a - std[617be2ca0a6fd877]::panicking::default_hook
[INFO] [stdout]    5:     0x5d85b5a45745 - std[617be2ca0a6fd877]::panicking::panic_with_hook
[INFO] [stdout]    6:     0x5d85b5a6c681 - std[617be2ca0a6fd877]::panicking::panic_handler::{closure#0}
[INFO] [stdout]    7:     0x5d85b5a6c639 - std[617be2ca0a6fd877]::sys::backtrace::__rust_end_short_backtrace::<std[617be2ca0a6fd877]::panicking::panic_handler::{closure#0}, !>
[INFO] [stdout]    8:     0x5d85b5a6cb3c - __rustc[ea4f61d10b84890b]::rust_begin_unwind
[INFO] [stdout]    9:     0x5d85b59184ab - core[a373ad73a504971]::panicking::panic_fmt
[INFO] [stdout]   10:     0x5d85b591cd01 - core[a373ad73a504971]::result::unwrap_failed
[INFO] [stdout]   11:     0x5d85b5a38abb - <rocketfetch[8c5c873e5044d68]::modules::module_tests::get_terminal_name::{closure#0} as core[a373ad73a504971]::ops::function::FnOnce<()>>::call_once
[INFO] [stdout]   12:     0x5d85b5a8976b - test[aada8e7e76ba119b]::__rust_begin_short_backtrace::<core[a373ad73a504971]::result::Result<(), alloc[2e1b2a31b91974c5]::string::String>, fn() -> core[a373ad73a504971]::result::Result<(), alloc[2e1b2a31b91974c5]::string::String>>
[INFO] [stdout]   13:     0x5d85b5a85751 - test[aada8e7e76ba119b]::run_test::{closure#0}
[INFO] [stdout]   14:     0x5d85b5a84f3c - std[617be2ca0a6fd877]::sys::backtrace::__rust_begin_short_backtrace::<test[aada8e7e76ba119b]::run_test::{closure#1}, ()>
[INFO] [stdout]   15:     0x5d85b5aa40fc - <std[617be2ca0a6fd877]::thread::lifecycle::spawn_unchecked<test[aada8e7e76ba119b]::run_test::{closure#1}, ()>::{closure#1} as core[a373ad73a504971]::ops::function::FnOnce<()>>::call_once::{shim:vtable#0}
[INFO] [stdout]   16:     0x5d85b5a6e3a4 - <std[617be2ca0a6fd877]::sys::thread::unix::Thread>::new::thread_start
[INFO] [stdout]   17:     0x7b9426c9cdfa - <unknown>
[INFO] [stdout]   18:     0x7b9426d303d4 - clone
[INFO] [stdout]   19:                0x0 - <unknown>
[INFO] [stdout] 
[INFO] [stdout] 
[INFO] [stdout] failures:
[INFO] [stdout]     modules::module_tests::get_terminal_name
[INFO] [stdout] 
[INFO] [stdout] test result: FAILED. 21 passed; 1 failed; 0 ignored; 0 measured; 0 filtered out; finished in 0.02s
[INFO] [stdout] 
[INFO] [stderr] error: test failed, to rerun pass `--bin rocketfetch`
[INFO] running `Command { std: "docker" "inspect" "d8230b77f4521ce718778ed0c31939de434d4185fde3514bc9c9589ee940f350", kill_on_drop: false }`
[INFO] running `Command { std: "docker" "rm" "-f" "d8230b77f4521ce718778ed0c31939de434d4185fde3514bc9c9589ee940f350", kill_on_drop: false }`
[INFO] [stdout] d8230b77f4521ce718778ed0c31939de434d4185fde3514bc9c9589ee940f350
