[INFO] fetching crate rocket_csrf_token 0.3.5...
[INFO] testing rocket_csrf_token-0.3.5 against 1.100.0-beta.1+cargoflags=--release for beta-release-1.100-2
[INFO] extracting crate rocket_csrf_token 0.3.5 into /workspace/builds/worker-6-tc2/source
[INFO] started tweaking crates.io crate rocket_csrf_token 0.3.5
[INFO] finished tweaking crates.io crate rocket_csrf_token 0.3.5
[INFO] tweaked toml for crates.io crate rocket_csrf_token 0.3.5 written to /workspace/builds/worker-6-tc2/source/Cargo.toml
[INFO] validating manifest of crates.io crate rocket_csrf_token 0.3.5 on toolchain 1.100.0-beta.1
[INFO] running `Command { std: CARGO_HOME="/workspace/cargo-home" RUSTUP_HOME="/workspace/rustup-home" "/workspace/cargo-home/bin/cargo" "+1.100.0-beta.1" "metadata" "--manifest-path" "Cargo.toml" "--no-deps", kill_on_drop: false }`
[INFO] running `Command { std: CARGO_HOME="/workspace/cargo-home" RUSTUP_HOME="/workspace/rustup-home" "/workspace/cargo-home/bin/cargo" "+1.100.0-beta.1" "generate-lockfile" "--manifest-path" "Cargo.toml", kill_on_drop: false }`
[INFO] [stderr]     Updating crates.io index
[INFO] [stderr]      Locking 190 packages to highest compatible versions
[INFO] [stderr]       Adding base64 v0.21.7 (available: v0.23.1)
[INFO] [stderr]       Adding bcrypt v0.15.1 (available: v0.19.3)
[INFO] [stderr]       Adding generic-array v0.14.7 (available: v0.14.9)
[INFO] [stderr]       Adding rand v0.8.8 (available: v0.10.3)
[INFO] [stderr]       Adding rocket v0.5.0 (available: v0.5.1)
[INFO] running `Command { std: CARGO_HOME="/workspace/cargo-home" RUSTUP_HOME="/workspace/rustup-home" "/workspace/cargo-home/bin/cargo" "+1.100.0-beta.1" "fetch" "--manifest-path" "Cargo.toml", kill_on_drop: false }`
[INFO] running `Command { std: "docker" "create" "-v" "/var/lib/crater-agent-workspace/builds/worker-6-tc2/source:/opt/rustwide/workdir:ro,Z" "-v" "/var/lib/crater-agent-workspace/builds/worker-6-tc2/target:/opt/rustwide/target:rw,Z" "-v" "/var/lib/crater-agent-workspace/cargo-home:/opt/rustwide/cargo-home:ro,Z" "-v" "/var/lib/crater-agent-workspace/rustup-home:/opt/rustwide/rustup-home:ro,Z" "-m" "1610612736" "--network" "none" "ghcr.io/rust-lang/crates-build-env/linux@sha256:77db811e55d90add9212f6832c23229e3de5f1c1f9905e8cb07319ea15df73ac" "sleep" "infinity", kill_on_drop: false }`
[INFO] [stdout] 9dd8dec62b8226ba4575fdf696392390acb83684b9d77717e2f0f20bcfd34a29
[INFO] running `Command { std: "docker" "start" "9dd8dec62b8226ba4575fdf696392390acb83684b9d77717e2f0f20bcfd34a29", kill_on_drop: false }`
[INFO] running `Command { std: "docker" "inspect" "9dd8dec62b8226ba4575fdf696392390acb83684b9d77717e2f0f20bcfd34a29", kill_on_drop: false }`
[INFO] running `Command { std: "docker" "exec" "-e" "SOURCE_DIR=/opt/rustwide/workdir" "-e" "CARGO_HOME=/opt/rustwide/cargo-home" "-e" "RUSTUP_HOME=/opt/rustwide/rustup-home" "-e" "CARGO_TARGET_DIR=/opt/rustwide/target" "-w" "/opt/rustwide/workdir" "--user" "0:0" "9dd8dec62b8226ba4575fdf696392390acb83684b9d77717e2f0f20bcfd34a29" "/opt/rustwide/cargo-home/bin/cargo" "+1.100.0-beta.1" "metadata" "--no-deps" "--format-version=1", kill_on_drop: false }`
[INFO] running `Command { std: "docker" "inspect" "9dd8dec62b8226ba4575fdf696392390acb83684b9d77717e2f0f20bcfd34a29", kill_on_drop: false }`
[INFO] running `Command { std: "docker" "exec" "-e" "SOURCE_DIR=/opt/rustwide/workdir" "-e" "CARGO_HOME=/opt/rustwide/cargo-home" "-e" "RUSTUP_HOME=/opt/rustwide/rustup-home" "-e" "CARGO_TARGET_DIR=/opt/rustwide/target" "-e" "CARGO_INCREMENTAL=0" "-e" "RUST_BACKTRACE=full" "-e" "RUSTFLAGS=--cap-lints=warn" "-e" "RUSTDOCFLAGS=--cap-lints=warn" "-w" "/opt/rustwide/workdir" "--user" "0:0" "9dd8dec62b8226ba4575fdf696392390acb83684b9d77717e2f0f20bcfd34a29" "/opt/rustwide/cargo-home/bin/cargo" "+1.100.0-beta.1" "build" "--frozen" "--message-format=json" "--release", kill_on_drop: false }`
[INFO] [stderr]    Compiling proc-macro2-diagnostics v0.10.1
[INFO] [stderr]    Compiling yansi v1.0.1
[INFO] [stderr]    Compiling libc v0.2.191
[INFO] [stderr]    Compiling ref-cast v1.0.27
[INFO] [stderr]    Compiling futures-sink v0.3.34
[INFO] [stderr]    Compiling inout v0.1.4
[INFO] [stderr]    Compiling indexmap v2.14.2
[INFO] [stderr]    Compiling crypto-common v0.1.7
[INFO] [stderr]    Compiling ref-cast-impl v1.0.27
[INFO] [stderr]    Compiling futures-util v0.3.34
[INFO] [stderr]    Compiling serde v1.0.229
[INFO] [stderr]    Compiling tokio v1.53.3
[INFO] [stderr]    Compiling futures-task v0.3.34
[INFO] [stderr]    Compiling http v0.2.12
[INFO] [stderr]    Compiling is-terminal v0.4.17
[INFO] [stderr]    Compiling httparse v1.10.1
[INFO] [stderr]    Compiling uncased v0.9.10
[INFO] [stderr]    Compiling futures-channel v0.3.34
[INFO] [stderr]    Compiling deranged v0.5.9
[INFO] [stderr]    Compiling try-lock v0.2.5
[INFO] [stderr]    Compiling cipher v0.4.4
[INFO] [stderr]    Compiling universal-hash v0.5.1
[INFO] [stderr]    Compiling digest v0.10.7
[INFO] [stderr]    Compiling powerfmt v0.2.1
[INFO] [stderr]    Compiling polyval v0.6.2
[INFO] [stderr]    Compiling want v0.3.2
[INFO] [stderr]    Compiling aead v0.5.2
[INFO] [stderr]    Compiling ctr v0.9.2
[INFO] [stderr]    Compiling aes v0.8.4
[INFO] [stderr]    Compiling ghash v0.5.1
[INFO] [stderr]    Compiling hmac v0.12.1
[INFO] [stderr]    Compiling cookie v0.18.2
[INFO] [stderr]    Compiling tracing v0.1.44
[INFO] [stderr]    Compiling inlinable_string v0.1.15
[INFO] [stderr]    Compiling devise_core v0.4.2
[INFO] [stderr]    Compiling futures-io v0.3.34
[INFO] [stderr]    Compiling pear_codegen v0.2.9
[INFO] [stderr]    Compiling tower-service v0.3.3
[INFO] [stderr]    Compiling percent-encoding v2.3.2
[INFO] [stderr]    Compiling toml_datetime v0.6.11
[INFO] [stderr]    Compiling serde_spanned v0.6.9
[INFO] [stderr]    Compiling httpdate v1.0.3
[INFO] [stderr]    Compiling smallvec v1.16.3
[INFO] [stderr]    Compiling stable-pattern v0.1.0
[INFO] [stderr]    Compiling aes-gcm v0.10.3
[INFO] [stderr]    Compiling hkdf v0.12.4
[INFO] [stderr]    Compiling http-body v0.4.6
[INFO] [stderr]    Compiling toml_edit v0.22.27
[INFO] [stderr]    Compiling sha2 v0.10.9
[INFO] [stderr]    Compiling figment v0.10.19
[INFO] [stderr]    Compiling multer v2.1.0
[INFO] [stderr]    Compiling state v0.6.0
[INFO] [stderr]    Compiling either v1.19.0
[INFO] [stderr]    Compiling log v0.4.34
[INFO] [stderr]    Compiling pear v0.2.9
[INFO] [stderr]    Compiling parking_lot_core v0.9.12
[INFO] [stderr]    Compiling async-stream-impl v0.3.6
[INFO] [stderr]    Compiling mio v1.2.4
[INFO] [stderr]    Compiling socket2 v0.6.5
[INFO] [stderr]    Compiling time v0.3.55
[INFO] [stderr]    Compiling socket2 v0.5.10
[INFO] [stderr]    Compiling rocket v0.5.0
[INFO] [stderr]    Compiling devise_codegen v0.4.2
[INFO] [stderr]    Compiling spin v0.9.9
[INFO] [stderr]    Compiling async-stream v0.3.6
[INFO] [stderr]    Compiling blowfish v0.9.1
[INFO] [stderr]    Compiling parking_lot v0.12.5
[INFO] [stderr]    Compiling ubyte v0.10.4
[INFO] [stderr]    Compiling num_cpus v1.17.0
[INFO] [stderr]    Compiling devise v0.4.2
[INFO] [stderr]    Compiling binascii v0.1.4
[INFO] [stderr]    Compiling futures v0.3.34
[INFO] [stderr]    Compiling bcrypt v0.15.1
[INFO] [stderr]    Compiling toml v0.8.23
[INFO] [stderr]    Compiling hyper v0.14.32
[INFO] [stderr]    Compiling tokio-util v0.7.20
[INFO] [stderr]    Compiling tokio-stream v0.1.19
[INFO] [stderr]    Compiling rocket_http v0.5.1
[INFO] [stderr]    Compiling h2 v0.3.27
[INFO] [stderr]    Compiling rocket_codegen v0.5.1
[INFO] [stderr]    Compiling rocket_csrf_token v0.3.5 (/opt/rustwide/workdir)
[INFO] [stderr]     Finished `release` profile [optimized] target(s) in 1m 30s
[INFO] running `Command { std: "docker" "inspect" "9dd8dec62b8226ba4575fdf696392390acb83684b9d77717e2f0f20bcfd34a29", kill_on_drop: false }`
[INFO] running `Command { std: "docker" "exec" "-e" "SOURCE_DIR=/opt/rustwide/workdir" "-e" "CARGO_HOME=/opt/rustwide/cargo-home" "-e" "RUSTUP_HOME=/opt/rustwide/rustup-home" "-e" "CARGO_TARGET_DIR=/opt/rustwide/target" "-e" "CARGO_INCREMENTAL=0" "-e" "RUST_BACKTRACE=full" "-e" "RUSTFLAGS=--cap-lints=warn" "-e" "RUSTDOCFLAGS=--cap-lints=warn" "-w" "/opt/rustwide/workdir" "--user" "0:0" "9dd8dec62b8226ba4575fdf696392390acb83684b9d77717e2f0f20bcfd34a29" "/opt/rustwide/cargo-home/bin/cargo" "+1.100.0-beta.1" "test" "--frozen" "--no-run" "--message-format=json" "--release", kill_on_drop: false }`
[INFO] [stderr]    Compiling rocket_csrf_token v0.3.5 (/opt/rustwide/workdir)
[INFO] [stderr]     Finished `release` profile [optimized] target(s) in 22.93s
[INFO] running `Command { std: "docker" "inspect" "9dd8dec62b8226ba4575fdf696392390acb83684b9d77717e2f0f20bcfd34a29", kill_on_drop: false }`
[INFO] running `Command { std: "docker" "exec" "-e" "SOURCE_DIR=/opt/rustwide/workdir" "-e" "CARGO_HOME=/opt/rustwide/cargo-home" "-e" "RUSTUP_HOME=/opt/rustwide/rustup-home" "-e" "CARGO_TARGET_DIR=/opt/rustwide/target" "-e" "CARGO_INCREMENTAL=0" "-e" "RUST_BACKTRACE=full" "-e" "RUSTFLAGS=--cap-lints=warn" "-e" "RUSTDOCFLAGS=--cap-lints=warn" "-w" "/opt/rustwide/workdir" "--user" "0:0" "9dd8dec62b8226ba4575fdf696392390acb83684b9d77717e2f0f20bcfd34a29" "/opt/rustwide/cargo-home/bin/cargo" "+1.100.0-beta.1" "test" "--frozen" "--release", kill_on_drop: false }`
[INFO] [stderr]     Finished `release` profile [optimized] target(s) in 0.21s
[INFO] [stderr]      Running unittests src/lib.rs (/opt/rustwide/target/release/build/rocket_csrf_token/718424e36271725c/out/rocket_csrf_token-718424e36271725c)
[INFO] [stdout] 
[INFO] [stdout] running 0 tests
[INFO] [stdout] 
[INFO] [stdout] test result: ok. 0 passed; 0 failed; 0 ignored; 0 measured; 0 filtered out; finished in 0.00s
[INFO] [stdout] 
[INFO] [stderr]      Running tests/fairing_configured.rs (/opt/rustwide/target/release/build/rocket_csrf_token/d8cd1aa7823f8215/out/fairing_configured-d8cd1aa7823f8215)
[INFO] [stdout] 
[INFO] [stdout] running 2 tests
[INFO] [stdout] test add_csrf_token_to_cookies ... FAILED
[INFO] [stdout] test add_csrf_token_to_cookies_headers_lifetime ... FAILED
[INFO] [stdout] 
[INFO] [stdout] failures:
[INFO] [stdout] 
[INFO] [stdout] ---- add_csrf_token_to_cookies stdout ----
[INFO] [stdout] 
[INFO] [stdout] thread 'add_csrf_token_to_cookies' (1971) panicked at tests/fairing_configured.rs:10:64:
[INFO] [stdout] called `Result::unwrap()` on an `Err` value: InsecureSecretKey(Profile(Uncased { string: "release" }))
[INFO] [stdout] stack backtrace:
[INFO] [stdout]    0:     0x5ab6e7cdb231 - <<std[617be2ca0a6fd877]::sys::backtrace::BacktraceLock>::print::DisplayBacktrace as core[a373ad73a504971]::fmt::Display>::fmt
[INFO] [stdout]    1:     0x5ab6e7cf283a - core[a373ad73a504971]::fmt::write
[INFO] [stdout]    2:     0x5ab6e7cdf67c - <alloc[2e1b2a31b91974c5]::vec::Vec<u8> as core[a373ad73a504971]::io::write::Write>::write_fmt
[INFO] [stdout]    3:     0x5ab6e7cb68a6 - std[617be2ca0a6fd877]::panicking::default_hook::{closure#0}
[INFO] [stdout]    4:     0x5ab6e7cd33d9 - std[617be2ca0a6fd877]::panicking::default_hook
[INFO] [stdout]    5:     0x5ab6e7b27590 - test[aada8e7e76ba119b]::test_main_inner::{closure#0}
[INFO] [stdout]    6:     0x5ab6e7cd3592 - std[617be2ca0a6fd877]::panicking::panic_with_hook
[INFO] [stdout]    7:     0x5ab6e7cb6952 - std[617be2ca0a6fd877]::panicking::panic_handler::{closure#0}
[INFO] [stdout]    8:     0x5ab6e7caf4a9 - std[617be2ca0a6fd877]::sys::backtrace::__rust_end_short_backtrace::<std[617be2ca0a6fd877]::panicking::panic_handler::{closure#0}, !>
[INFO] [stdout]    9:     0x5ab6e7cb755d - __rustc[ea4f61d10b84890b]::rust_begin_unwind
[INFO] [stdout]   10:     0x5ab6e7cf2f9c - core[a373ad73a504971]::panicking::panic_fmt
[INFO] [stdout]   11:     0x5ab6e7cf2d72 - core[a373ad73a504971]::result::unwrap_failed
[INFO] [stdout]   12:     0x5ab6e7b08b9f - fairing_configured[6a49d295cfc56123]::client
[INFO] [stdout]   13:     0x5ab6e7b09ab4 - <fairing_configured[6a49d295cfc56123]::add_csrf_token_to_cookies::{closure#0} as core[a373ad73a504971]::ops::function::FnOnce<()>>::call_once
[INFO] [stdout]   14:     0x5ab6e7b1a9db - test[aada8e7e76ba119b]::__rust_begin_short_backtrace::<core[a373ad73a504971]::result::Result<(), alloc[2e1b2a31b91974c5]::string::String>, fn() -> core[a373ad73a504971]::result::Result<(), alloc[2e1b2a31b91974c5]::string::String>>
[INFO] [stdout]   15:     0x5ab6e7b27bb5 - test[aada8e7e76ba119b]::run_test::{closure#0}
[INFO] [stdout]   16:     0x5ab6e7b214a4 - std[617be2ca0a6fd877]::sys::backtrace::__rust_begin_short_backtrace::<test[aada8e7e76ba119b]::run_test::{closure#1}, ()>
[INFO] [stdout]   17:     0x5ab6e7b2ac42 - <std[617be2ca0a6fd877]::thread::lifecycle::spawn_unchecked<test[aada8e7e76ba119b]::run_test::{closure#1}, ()>::{closure#1} as core[a373ad73a504971]::ops::function::FnOnce<()>>::call_once::{shim:vtable#0}
[INFO] [stdout]   18:     0x5ab6e7cda6ff - <std[617be2ca0a6fd877]::sys::thread::unix::Thread>::new::thread_start
[INFO] [stdout]   19:     0x74b3c01e8dfa - <unknown>
[INFO] [stdout]   20:     0x74b3c027c3d4 - clone
[INFO] [stdout]   21:                0x0 - <unknown>
[INFO] [stdout] 
[INFO] [stdout] ---- add_csrf_token_to_cookies_headers_lifetime stdout ----
[INFO] [stdout] 
[INFO] [stdout] thread 'add_csrf_token_to_cookies_headers_lifetime' (1972) panicked at tests/fairing_configured.rs:10:64:
[INFO] [stdout] called `Result::unwrap()` on an `Err` value: InsecureSecretKey(Profile(Uncased { string: "release" }))
[INFO] [stdout] stack backtrace:
[INFO] [stdout]    0:     0x5ab6e7cdb231 - <<std[617be2ca0a6fd877]::sys::backtrace::BacktraceLock>::print::DisplayBacktrace as core[a373ad73a504971]::fmt::Display>::fmt
[INFO] [stdout]    1:     0x5ab6e7cf283a - core[a373ad73a504971]::fmt::write
[INFO] [stdout]    2:     0x5ab6e7cdf67c - <alloc[2e1b2a31b91974c5]::vec::Vec<u8> as core[a373ad73a504971]::io::write::Write>::write_fmt
[INFO] [stdout]    3:     0x5ab6e7cb68a6 - std[617be2ca0a6fd877]::panicking::default_hook::{closure#0}
[INFO] [stdout]    4:     0x5ab6e7cd33d9 - std[617be2ca0a6fd877]::panicking::default_hook
[INFO] [stdout]    5:     0x5ab6e7b27590 - test[aada8e7e76ba119b]::test_main_inner::{closure#0}
[INFO] [stdout]    6:     0x5ab6e7cd3592 - std[617be2ca0a6fd877]::panicking::panic_with_hook
[INFO] [stdout]    7:     0x5ab6e7cb6952 - std[617be2ca0a6fd877]::panicking::panic_handler::{closure#0}
[INFO] [stdout]    8:     0x5ab6e7caf4a9 - std[617be2ca0a6fd877]::sys::backtrace::__rust_end_short_backtrace::<std[617be2ca0a6fd877]::panicking::panic_handler::{closure#0}, !>
[INFO] [stdout]    9:     0x5ab6e7cb755d - __rustc[ea4f61d10b84890b]::rust_begin_unwind
[INFO] [stdout]   10:     0x5ab6e7cf2f9c - core[a373ad73a504971]::panicking::panic_fmt
[INFO] [stdout]   11:     0x5ab6e7cf2d72 - core[a373ad73a504971]::result::unwrap_failed
[INFO] [stdout]   12:     0x5ab6e7b08b9f - fairing_configured[6a49d295cfc56123]::client
[INFO] [stdout]   13:     0x5ab6e7b09d68 - <fairing_configured[6a49d295cfc56123]::add_csrf_token_to_cookies_headers_lifetime::{closure#0} as core[a373ad73a504971]::ops::function::FnOnce<()>>::call_once
[INFO] [stdout]   14:     0x5ab6e7b1a9db - test[aada8e7e76ba119b]::__rust_begin_short_backtrace::<core[a373ad73a504971]::result::Result<(), alloc[2e1b2a31b91974c5]::string::String>, fn() -> core[a373ad73a504971]::result::Result<(), alloc[2e1b2a31b91974c5]::string::String>>
[INFO] [stdout]   15:     0x5ab6e7b27bb5 - test[aada8e7e76ba119b]::run_test::{closure#0}
[INFO] [stdout]   16:     0x5ab6e7b214a4 - std[617be2ca0a6fd877]::sys::backtrace::__rust_begin_short_backtrace::<test[aada8e7e76ba119b]::run_test::{closure#1}, ()>
[INFO] [stdout]   17:     0x5ab6e7b2ac42 - <std[617be2ca0a6fd877]::thread::lifecycle::spawn_unchecked<test[aada8e7e76ba119b]::run_test::{closure#1}, ()>::{closure#1} as core[a373ad73a504971]::ops::function::FnOnce<()>>::call_once::{shim:vtable#0}
[INFO] [stdout]   18:     0x5ab6e7cda6ff - <std[617be2ca0a6fd877]::sys::thread::unix::Thread>::new::thread_start
[INFO] [stdout]   19:     0x74b3c01e8dfa - <unknown>
[INFO] [stdout]   20:     0x74b3c027c3d4 - clone
[INFO] [stdout]   21:                0x0 - <unknown>
[INFO] [stdout] 
[INFO] [stdout] 
[INFO] [stdout] failures:
[INFO] [stdout]     add_csrf_token_to_cookies
[INFO] [stdout]     add_csrf_token_to_cookies_headers_lifetime
[INFO] [stdout] 
[INFO] [stdout] test result: FAILED. 0 passed; 2 failed; 0 ignored; 0 measured; 0 filtered out; finished in 0.01s
[INFO] [stdout] 
[INFO] [stderr] error: test failed, to rerun pass `--test fairing_configured`
[INFO] running `Command { std: "docker" "inspect" "9dd8dec62b8226ba4575fdf696392390acb83684b9d77717e2f0f20bcfd34a29", kill_on_drop: false }`
[INFO] running `Command { std: "docker" "rm" "-f" "9dd8dec62b8226ba4575fdf696392390acb83684b9d77717e2f0f20bcfd34a29", kill_on_drop: false }`
[INFO] [stdout] 9dd8dec62b8226ba4575fdf696392390acb83684b9d77717e2f0f20bcfd34a29
