[INFO] fetching crate rocket-guard-rs 1.5.0...
[INFO] testing rocket-guard-rs-1.5.0 against 1.99.0-beta.8+cargoflags=--release for beta-release-1.100-2
[INFO] extracting crate rocket-guard-rs 1.5.0 into /workspace/builds/worker-6-tc1/source
[INFO] started tweaking crates.io crate rocket-guard-rs 1.5.0
[INFO] removed 0 missing tests
[INFO] finished tweaking crates.io crate rocket-guard-rs 1.5.0
[INFO] tweaked toml for crates.io crate rocket-guard-rs 1.5.0 written to /workspace/builds/worker-6-tc1/source/Cargo.toml
[INFO] validating manifest of crates.io crate rocket-guard-rs 1.5.0 on toolchain 1.99.0-beta.8
[INFO] running `Command { std: CARGO_HOME="/workspace/cargo-home" RUSTUP_HOME="/workspace/rustup-home" "/workspace/cargo-home/bin/cargo" "+1.99.0-beta.8" "metadata" "--manifest-path" "Cargo.toml" "--no-deps", kill_on_drop: false }`
[INFO] crate crates.io crate rocket-guard-rs 1.5.0 already has a lockfile, it will not be regenerated
[INFO] running `Command { std: CARGO_HOME="/workspace/cargo-home" RUSTUP_HOME="/workspace/rustup-home" "/workspace/cargo-home/bin/cargo" "+1.99.0-beta.8" "fetch" "--manifest-path" "Cargo.toml", kill_on_drop: false }`
[INFO] [stderr]     Updating crates.io index
[INFO] [stderr]  Downloading crates ...
[INFO] [stderr]   Downloaded rocket_ws v0.1.1
[INFO] [stderr]   Downloaded phf_generator v0.12.1
[INFO] [stderr]   Downloaded chrono-tz-build v0.5.0
[INFO] [stderr]   Downloaded phf_codegen v0.12.1
[INFO] [stderr]   Downloaded phf_macros v0.12.1
[INFO] [stderr]   Downloaded parse-zoneinfo v0.4.1
[INFO] [stderr]   Downloaded guard-core-rs v4.3.2
[INFO] [stderr]   Downloaded fancy-regex v0.19.2
[INFO] [stderr]   Downloaded guard-core-engine v4.3.2
[INFO] running `Command { std: "docker" "create" "-v" "/var/lib/crater-agent-workspace/builds/worker-6-tc1/source:/opt/rustwide/workdir:ro,Z" "-v" "/var/lib/crater-agent-workspace/builds/worker-6-tc1/target:/opt/rustwide/target:rw,Z" "-v" "/var/lib/crater-agent-workspace/cargo-home:/opt/rustwide/cargo-home:ro,Z" "-v" "/var/lib/crater-agent-workspace/rustup-home:/opt/rustwide/rustup-home:ro,Z" "-m" "1610612736" "--network" "none" "ghcr.io/rust-lang/crates-build-env/linux@sha256:77db811e55d90add9212f6832c23229e3de5f1c1f9905e8cb07319ea15df73ac" "sleep" "infinity", kill_on_drop: false }`
[INFO] [stdout] 70dac6daf138af73679065fa11347ba6ab80a53ef28da1714efef481e2779324
[INFO] running `Command { std: "docker" "start" "70dac6daf138af73679065fa11347ba6ab80a53ef28da1714efef481e2779324", kill_on_drop: false }`
[INFO] running `Command { std: "docker" "inspect" "70dac6daf138af73679065fa11347ba6ab80a53ef28da1714efef481e2779324", kill_on_drop: false }`
[INFO] running `Command { std: "docker" "exec" "-e" "SOURCE_DIR=/opt/rustwide/workdir" "-e" "CARGO_HOME=/opt/rustwide/cargo-home" "-e" "RUSTUP_HOME=/opt/rustwide/rustup-home" "-e" "CARGO_TARGET_DIR=/opt/rustwide/target" "-w" "/opt/rustwide/workdir" "--user" "0:0" "70dac6daf138af73679065fa11347ba6ab80a53ef28da1714efef481e2779324" "/opt/rustwide/cargo-home/bin/cargo" "+1.99.0-beta.8" "metadata" "--no-deps" "--format-version=1", kill_on_drop: false }`
[INFO] running `Command { std: "docker" "inspect" "70dac6daf138af73679065fa11347ba6ab80a53ef28da1714efef481e2779324", kill_on_drop: false }`
[INFO] running `Command { std: "docker" "exec" "-e" "SOURCE_DIR=/opt/rustwide/workdir" "-e" "CARGO_HOME=/opt/rustwide/cargo-home" "-e" "RUSTUP_HOME=/opt/rustwide/rustup-home" "-e" "CARGO_TARGET_DIR=/opt/rustwide/target" "-e" "CARGO_INCREMENTAL=0" "-e" "RUST_BACKTRACE=full" "-e" "RUSTFLAGS=--cap-lints=warn" "-e" "RUSTDOCFLAGS=--cap-lints=warn" "-w" "/opt/rustwide/workdir" "--user" "0:0" "70dac6daf138af73679065fa11347ba6ab80a53ef28da1714efef481e2779324" "/opt/rustwide/cargo-home/bin/cargo" "+1.99.0-beta.8" "build" "--frozen" "--message-format=json" "--release", kill_on_drop: false }`
[INFO] [stderr]    Compiling syn v2.0.119
[INFO] [stderr]    Compiling uncased v0.9.10
[INFO] [stderr]    Compiling yoke-derive v0.8.4
[INFO] [stderr]    Compiling smallvec v1.16.2
[INFO] [stderr]    Compiling getrandom v0.2.17
[INFO] [stderr]    Compiling hashbrown v0.17.1
[INFO] [stderr]    Compiling time-core v0.1.9
[INFO] [stderr]    Compiling num-conv v0.2.2
[INFO] [stderr]    Compiling cookie v0.18.2
[INFO] [stderr]    Compiling zerocopy v0.8.59
[INFO] [stderr]    Compiling siphasher v1.0.4
[INFO] [stderr]    Compiling cc v1.5.1
[INFO] [stderr]    Compiling time-macros v0.2.32
[INFO] [stderr]    Compiling tokio v1.53.1
[INFO] [stderr]    Compiling phf_shared v0.12.1
[INFO] [stderr]    Compiling futures-sink v0.3.34
[INFO] [stderr]    Compiling getrandom v0.4.3
[INFO] [stderr]    Compiling fastrand v2.5.0
[INFO] [stderr]    Compiling futures-core v0.3.34
[INFO] [stderr]    Compiling futures-util v0.3.34
[INFO] [stderr]    Compiling phf_generator v0.12.1
[INFO] [stderr]    Compiling yoke v0.8.3
[INFO] [stderr]    Compiling indexmap v2.14.2
[INFO] [stderr]    Compiling zerovec v0.11.8
[INFO] [stderr]    Compiling zerotrie v0.2.5
[INFO] [stderr]    Compiling tinystr v0.8.4
[INFO] [stderr]    Compiling potential_utf v0.1.6
[INFO] [stderr]    Compiling icu_collections v2.3.0
[INFO] [stderr]    Compiling ring v0.17.14
[INFO] [stderr]    Compiling icu_locale_core v2.3.0
[INFO] [stderr]    Compiling ref-cast-impl v1.0.27
[INFO] [stderr]    Compiling bytes v1.12.1
[INFO] [stderr]    Compiling futures-task v0.3.34
[INFO] [stderr]    Compiling http v0.2.12
[INFO] [stderr]    Compiling icu_provider v2.3.1
[INFO] [stderr]    Compiling proc-macro2-diagnostics v0.10.1
[INFO] [stderr]    Compiling icu_normalizer v2.3.0
[INFO] [stderr]    Compiling icu_properties v2.3.0
[INFO] [stderr]    Compiling phf_codegen v0.12.1
[INFO] [stderr]    Compiling futures-channel v0.3.34
[INFO] [stderr]    Compiling socket2 v0.6.5
[INFO] [stderr]    Compiling mio v1.2.3
[INFO] [stderr]    Compiling rand_core v0.6.4
[INFO] [stderr]    Compiling httparse v1.10.1
[INFO] [stderr]    Compiling try-lock v0.2.5
[INFO] [stderr]    Compiling deranged v0.5.8
[INFO] [stderr]    Compiling ppv-lite86 v0.2.21
[INFO] [stderr]    Compiling pear_codegen v0.2.9
[INFO] [stderr]    Compiling idna_adapter v1.2.2
[INFO] [stderr]    Compiling parse-zoneinfo v0.4.1
[INFO] [stderr]    Compiling idna v1.1.0
[INFO] [stderr]    Compiling bitflags v2.13.2
[INFO] [stderr]    Compiling devise_core v0.4.2
[INFO] [stderr]    Compiling chrono-tz-build v0.5.0
[INFO] [stderr]    Compiling url v2.5.8
[INFO] [stderr]    Compiling rand_chacha v0.3.1
[INFO] [stderr]    Compiling time v0.3.55
[INFO] [stderr]    Compiling want v0.3.1
[INFO] [stderr]    Compiling yansi v1.0.1
[INFO] [stderr]    Compiling http-body v0.4.6
[INFO] [stderr]    Compiling tracing v0.1.44
[INFO] [stderr]    Compiling ref-cast v1.0.27
[INFO] [stderr]    Compiling socket2 v0.5.10
[INFO] [stderr]    Compiling toml_datetime v0.6.11
[INFO] [stderr]    Compiling serde_spanned v0.6.9
[INFO] [stderr]    Compiling inlinable_string v0.1.15
[INFO] [stderr]    Compiling futures-io v0.3.34
[INFO] [stderr]    Compiling tower-service v0.3.3
[INFO] [stderr]    Compiling httpdate v1.0.3
[INFO] [stderr]    Compiling memchr v2.8.3
[INFO] [stderr]    Compiling toml_edit v0.22.27
[INFO] [stderr]    Compiling pear v0.2.9
[INFO] [stderr]    Compiling stable-pattern v0.1.0
[INFO] [stderr]    Compiling futures v0.3.34
[INFO] [stderr]    Compiling hyper v0.14.32
[INFO] [stderr]    Compiling regex-automata v0.4.18
[INFO] [stderr]    Compiling devise_codegen v0.4.2
[INFO] [stderr]    Compiling rand v0.8.8
[INFO] [stderr]    Compiling chrono-tz v0.10.4
[INFO] [stderr]    Compiling thiserror-impl v1.0.69
[INFO] [stderr]    Compiling multer v3.1.0
[INFO] [stderr]    Compiling state v0.6.0
[INFO] [stderr]    Compiling rustls v0.23.45
[INFO] [stderr]    Compiling either v1.18.0
[INFO] [stderr]    Compiling log v0.4.34
[INFO] [stderr]    Compiling serde_json v1.0.151
[INFO] [stderr]    Compiling bit-vec v0.8.0
[INFO] [stderr]    Compiling rocket_http v0.5.1
[INFO] [stderr]    Compiling bit-set v0.8.0
[INFO] [stderr]    Compiling thiserror v1.0.69
[INFO] [stderr]    Compiling toml v0.8.23
[INFO] [stderr]    Compiling devise v0.4.2
[INFO] [stderr]    Compiling parking_lot_core v0.9.12
[INFO] [stderr]    Compiling phf v0.12.1
[INFO] [stderr]    Compiling chacha20 v0.10.2
[INFO] [stderr]    Compiling tokio-util v0.7.19
[INFO] [stderr]    Compiling async-stream-impl v0.3.6
[INFO] [stderr]    Compiling rocket v0.5.1
[INFO] [stderr]    Compiling rustls-webpki v0.103.15
[INFO] [stderr]    Compiling glob v0.3.4
[INFO] [stderr]    Compiling spin v0.9.9
[INFO] [stderr]    Compiling data-encoding v2.11.1
[INFO] [stderr]    Compiling tinyvec v1.13.3
[INFO] [stderr]    Compiling tempfile v3.27.0
[INFO] [stderr]    Compiling tungstenite v0.21.0
[INFO] [stderr]    Compiling unicode-normalization v0.1.25
[INFO] [stderr]    Compiling rocket_codegen v0.5.1
[INFO] [stderr]    Compiling async-stream v0.3.6
[INFO] [stderr]    Compiling webpki-roots v0.26.11
[INFO] [stderr]    Compiling parking_lot v0.12.5
[INFO] [stderr]    Compiling rand v0.10.3
[INFO] [stderr]    Compiling figment v0.10.19
[INFO] [stderr]    Compiling regex v1.13.1
[INFO] [stderr]    Compiling fancy-regex v0.19.2
[INFO] [stderr]    Compiling tokio-stream v0.1.19
[INFO] [stderr]    Compiling lru v0.18.5
[INFO] [stderr]    Compiling ubyte v0.10.4
[INFO] [stderr]    Compiling num_cpus v1.17.0
[INFO] [stderr]    Compiling html-escape v0.2.15
[INFO] [stderr]    Compiling binascii v0.1.4
[INFO] [stderr]    Compiling atomic v0.5.3
[INFO] [stderr]    Compiling ureq v2.12.1
[INFO] [stderr]    Compiling tower v0.5.3
[INFO] [stderr]    Compiling tokio-tungstenite v0.21.0
[INFO] [stderr]    Compiling guard-core-engine v4.3.2
[INFO] [stderr]    Compiling guard-core-rs v4.3.2
[INFO] [stderr]    Compiling rocket_ws v0.1.1
[INFO] [stderr]    Compiling rocket-guard-rs v1.5.0 (/opt/rustwide/workdir)
[INFO] [stderr]     Finished `release` profile [optimized] target(s) in 5m 40s
[INFO] running `Command { std: "docker" "inspect" "70dac6daf138af73679065fa11347ba6ab80a53ef28da1714efef481e2779324", kill_on_drop: false }`
[INFO] running `Command { std: "docker" "exec" "-e" "SOURCE_DIR=/opt/rustwide/workdir" "-e" "CARGO_HOME=/opt/rustwide/cargo-home" "-e" "RUSTUP_HOME=/opt/rustwide/rustup-home" "-e" "CARGO_TARGET_DIR=/opt/rustwide/target" "-e" "CARGO_INCREMENTAL=0" "-e" "RUST_BACKTRACE=full" "-e" "RUSTFLAGS=--cap-lints=warn" "-e" "RUSTDOCFLAGS=--cap-lints=warn" "-w" "/opt/rustwide/workdir" "--user" "0:0" "70dac6daf138af73679065fa11347ba6ab80a53ef28da1714efef481e2779324" "/opt/rustwide/cargo-home/bin/cargo" "+1.99.0-beta.8" "test" "--frozen" "--no-run" "--message-format=json" "--release", kill_on_drop: false }`
[INFO] [stderr]    Compiling rocket-guard-rs v1.5.0 (/opt/rustwide/workdir)
[INFO] [stderr]     Finished `release` profile [optimized] target(s) in 1m 07s
[INFO] running `Command { std: "docker" "inspect" "70dac6daf138af73679065fa11347ba6ab80a53ef28da1714efef481e2779324", kill_on_drop: false }`
[INFO] running `Command { std: "docker" "exec" "-e" "SOURCE_DIR=/opt/rustwide/workdir" "-e" "CARGO_HOME=/opt/rustwide/cargo-home" "-e" "RUSTUP_HOME=/opt/rustwide/rustup-home" "-e" "CARGO_TARGET_DIR=/opt/rustwide/target" "-e" "CARGO_INCREMENTAL=0" "-e" "RUST_BACKTRACE=full" "-e" "RUSTFLAGS=--cap-lints=warn" "-e" "RUSTDOCFLAGS=--cap-lints=warn" "-w" "/opt/rustwide/workdir" "--user" "0:0" "70dac6daf138af73679065fa11347ba6ab80a53ef28da1714efef481e2779324" "/opt/rustwide/cargo-home/bin/cargo" "+1.99.0-beta.8" "test" "--frozen" "--release", kill_on_drop: false }`
[INFO] [stderr]     Finished `release` profile [optimized] target(s) in 0.31s
[INFO] [stderr]      Running unittests src/lib.rs (/opt/rustwide/target/release/deps/rocket_guard_rs-112c43321d63af84)
[INFO] [stdout] 
[INFO] [stdout] running 146 tests
[INFO] [stdout] Rocket has launched locally
[INFO] [stdout] Rocket has launched locally
[INFO] [stdout] Rocket has launched locally
[INFO] [stdout] Rocket has launched locally
[INFO] [stdout] Rocket has launched locally
[INFO] [stdout] Rocket has launched locally
[INFO] [stdout] Rocket has launched locally
[INFO] [stdout] Rocket has launched locally
[INFO] [stdout]    >> Data guard `crate :: GuardBody` failed: GuardBodyError.
[INFO] [stdout]    >> Responding with registered 500 catcher.
[INFO] [stdout]    >> Request guard `BlockGuard` failed: ().
[INFO] [stdout]    >> Responding with registered 403 catcher.
[INFO] [stdout] Rocket has launched locally
[INFO] [stdout] test fairing::stateful_tests::body_scan_panic_fails_secure_through_the_guard ... ok
[INFO] [stdout] test fairing::stateful_tests::ban_expiry_is_honored_for_a_short_duration ... ok
[INFO] [stdout] Rocket has launched locally
[INFO] [stdout] GET /hello:
[INFO] [stdout]    >> Matched: (hello_stateful) GET /hello
[INFO] [stdout]    >> Outcome: Success(200 OK)
[INFO] [stdout] Rocket has launched locally
[INFO] [stdout] Rocket has launched locally
[INFO] [stdout]    >> Request guard `BlockGuard` failed: ().
[INFO] [stdout]    >> Responding with registered 403 catcher.
[INFO] [stdout]    >> Request guard `BlockGuard` failed: ().
[INFO] [stdout]    >> Responding with registered 429 catcher.
[INFO] [stdout] test fairing::stateful_tests::custom_error_responses_reach_the_banned_shapes ... ok
[INFO] [stdout] test fairing::stateful_tests::custom_error_responses_override_the_throttled_body ... ok
[INFO] [stdout] Rocket has launched locally
[INFO] [stdout] Rocket has launched locally
[INFO] [stdout]    >> No matching routes for GET /files/../../etc/passwd.
[INFO] [stdout]    >> No 404 catcher registered. Using Rocket default.
[INFO] [stdout] Rocket has launched locally
[INFO] [stdout]    >> No matching routes for GET /files/../../etc/passwd.
[INFO] [stdout]    >> No 404 catcher registered. Using Rocket default.
[INFO] [stdout] Rocket has launched locally
[INFO] [stdout]    >> Request guard `BlockGuard` failed: ().
[INFO] [stdout]    >> Responding with registered 403 catcher.
[INFO] [stdout] test fairing::stateful_tests::detection_violations_ban_at_the_category_threshold ... ok
[INFO] [stdout] Rocket has launched locally
[INFO] [stdout] Rocket has launched locally
[INFO] [stdout] Rocket has launched locally
[INFO] [stdout]    >> No matching routes for GET /files/../../etc/passwd.
[INFO] [stdout]    >> No 404 catcher registered. Using Rocket default.
[INFO] [stdout] test fairing::stateful_tests::detection_scan_body_false_skips_the_body_surface ... ok
[INFO] [stdout] Rocket has launched locally
[INFO] [stdout] Rocket has launched locally
[INFO] [stdout]    >> Request guard `BlockGuard` failed: ().
[INFO] [stdout]    >> Responding with registered 429 catcher.
[INFO] [stdout] test fairing::stateful_tests::distributed_ban_store_wires_into_the_stage ... ok
[INFO] [stdout] Rocket has launched locally
[INFO] [stdout]    >> Request guard `BlockGuard` failed: ().
[INFO] [stdout]    >> Responding with registered 503 catcher.
[INFO] [stdout] test fairing::stateful_tests::distributed_store_fail_closed_answers_the_503_shape ... ok
[INFO] [stdout] Rocket has launched locally
[INFO] [stdout]    >> No matching routes for GET /files/../../etc/passwd.
[INFO] [stdout]    >> No 404 catcher registered. Using Rocket default.
[INFO] [stdout] Rocket has launched locally
[INFO] [stdout] Rocket has launched locally
[INFO] [stdout]    >> No matching routes for GET /files/../../etc/passwd.
[INFO] [stdout]    >> No 404 catcher registered. Using Rocket default.
[INFO] [stdout] Rocket has launched locally
[INFO] [stdout]    >> No matching routes for GET /files/../../etc/passwd.
[INFO] [stdout]    >> No 404 catcher registered. Using Rocket default.
[INFO] [stdout]    >> Request guard `BlockGuard` failed: ().
[INFO] [stdout]    >> Responding with registered 429 catcher.
[INFO] [stdout] test fairing::stateful_tests::distributed_store_fail_open_degrades_to_memory ... ok
[INFO] [stdout] Rocket has launched locally
[INFO] [stdout] Rocket has launched locally
[INFO] [stdout]    >> No matching routes for GET /files/../../etc/passwd.
[INFO] [stdout]    >> No 404 catcher registered. Using Rocket default.
[INFO] [stdout] test fairing::stateful_tests::banned_ip_blocks_before_detection_and_rate_limiting ... ok
[INFO] [stdout] Rocket has launched locally
[INFO] [stdout]    >> Request guard `BlockGuard` failed: ().
[INFO] [stdout]    >> Responding with registered 403 catcher.
[INFO] [stdout] Rocket has launched locally
[INFO] [stdout] Rocket has launched locally
[INFO] [stdout] test fairing::stateful_tests::banned_ip_is_blocked_with_the_banned_body ... ok
[INFO] [stdout]    >> No matching routes for GET /files/../../etc/passwd.
[INFO] [stdout]    >> No 404 catcher registered. Using Rocket default.
[INFO] [stdout] Rocket has launched locally
[INFO] [stdout] Rocket has launched locally
[INFO] [stdout] Rocket has launched locally
[INFO] [stdout] Rocket has launched locally
[INFO] [stdout]    >> Request guard `BlockGuard` failed: ().
[INFO] [stdout]    >> Responding with registered 429 catcher.
[INFO] [stdout]    >> Request guard `BlockGuard` failed: ().
[INFO] [stdout]    >> Responding with registered 400 catcher.
[INFO] [stdout] Rocket has launched locally
[INFO] [stdout]    >> Request guard `BlockGuard` failed: ().
[INFO] [stdout]    >> Responding with registered 429 catcher.
[INFO] [stdout] test fairing::stateful_tests::a_csp_bearing_config_flips_the_flag_and_grows_the_count ... ok
[INFO] [stdout] test fairing::stateful_tests::a_disabled_security_header_set_stays_silent ... ok
[INFO] [stdout] test fairing::stateful_tests::excluded_detection_params_pass_and_other_params_scan ... ok
[INFO] [stdout] Rocket has launched locally
[INFO] [stdout] test fairing::stateful_tests::enable_ip_banning_false_never_bans ... ok
[INFO] [stdout] test fairing::stateful_tests::event_bus_receives_the_rate_limited_event ... ok
[INFO] [stdout]    >> Request guard `BlockGuard` failed: ().
[INFO] [stdout]    >> Responding with registered 403 catcher.
[INFO] [stdout] test fairing::stateful_tests::from_security_config_custom_error_responses_render ... ok
[INFO] [stdout] Rocket has launched locally
[INFO] [stdout] Rocket has launched locally
[INFO] [stdout] Rocket has launched locally
[INFO] [stdout] Rocket has launched locally
[INFO] [stdout] test fairing::stateful_tests::from_security_config_defaults_screen_clean_traffic ... ok
[INFO] [stdout]    >> No matching routes for GET /files/../../etc/passwd.
[INFO] [stdout]    >> No 404 catcher registered. Using Rocket default.
[INFO] [stdout] Rocket has launched locally
[INFO] [stdout] test fairing::stateful_tests::from_security_config_disabled_security_headers_skip_the_processor ... ok
[INFO] [stdout] Rocket has launched locally
[INFO] [stdout]    >> Request guard `BlockGuard` failed: ().
[INFO] [stdout]    >> Responding with registered 503 catcher.
[INFO] [stdout] Rocket has launched locally
[INFO] [stdout] test fairing::stateful_tests::from_security_config_detection_exclusions_and_categories_reach_the_scan ... ok
[INFO] [stdout] test fairing::stateful_tests::from_security_config_emergency_mode_blocks_outside_the_whitelist ... ok
[INFO] [stdout]    >> Data guard `crate :: GuardBody` failed: GuardBodyError.
[INFO] [stdout]    >> Responding with registered 403 catcher.
[INFO] [stdout] test fairing::stateful_tests::body_finding_crosses_the_threshold_and_bans_on_the_spot ... ok
[INFO] [stdout] Rocket has launched locally
[INFO] [stdout] test fairing::stateful_tests::from_security_config_empty_category_set_skips_the_exclusion_block ... ok
[INFO] [stdout] test fairing::stateful_tests::from_security_config_disabled_rate_limiting_forwards_freely ... ok
[INFO] [stdout] Rocket has launched locally
[INFO] [stdout] Rocket has launched locally
[INFO] [stdout] test fairing::stateful_tests::from_security_config_exclude_paths_still_render_the_response_pass ... ok
[INFO] [stdout] test fairing::stateful_tests::from_security_config_invalid_ip_list_entry_fails_closed ... ok
[INFO] [stdout] Rocket has launched locally
[INFO] [stdout]    >> Request guard `BlockGuard` failed: ().
[INFO] [stdout]    >> Responding with registered 403 catcher.
[INFO] [stdout] test fairing::stateful_tests::from_security_config_ip_gate_denial_fires_the_on_block_hook ... ok
[INFO] [stdout] Rocket has launched locally
[INFO] [stdout] Rocket has launched locally
[INFO] [stdout]    >> Request guard `BlockGuard` failed: ().
[INFO] [stdout]    >> Responding with registered 403 catcher.
[INFO] [stdout] test fairing::stateful_tests::from_security_config_exclude_paths_bypass_the_pipeline ... ok
[INFO] [stdout] test fairing::stateful_tests::a_panicking_response_modifier_restores_and_reports ... ok
[INFO] [stdout] Rocket has launched locally
[INFO] [stdout]    >> No matching routes for GET /files/../../etc/passwd.
[INFO] [stdout]    >> No 404 catcher registered. Using Rocket default.
[INFO] [stdout] Rocket has launched locally
[INFO] [stdout] test fairing::stateful_tests::from_security_config_security_headers_and_cors_render ... ok
[INFO] [stdout] Rocket has launched locally
[INFO] [stdout]    >> Request guard `BlockGuard` failed: ().
[INFO] [stdout]    >> No 301 catcher registered. Using Rocket default.
[INFO] [stdout] test fairing::stateful_tests::from_security_config_enforce_https_redirects_http ... ok
[INFO] [stdout] Rocket has launched locally
[INFO] [stdout] Rocket has launched locally
[INFO] [stdout] Rocket has launched locally
[INFO] [stdout] test fairing::stateful_tests::from_security_config_zero_rate_limit_fails_closed ... ok
[INFO] [stdout] Rocket has launched locally
[INFO] [stdout] Rocket has launched locally
[INFO] [stdout]    >> Request guard `BlockGuard` failed: ().
[INFO] [stdout] Rocket has launched locally
[INFO] [stdout]    >> Request guard `BlockGuard` failed: ().
[INFO] [stdout]    >> Responding with registered 429 catcher.
[INFO] [stdout] Rocket has launched locally
[INFO] [stdout] Rocket has launched locally
[INFO] [stdout] Rocket has launched locally
[INFO] [stdout] test fairing::stateful_tests::from_security_config_ip_gate_denial_under_passive_mode_forwards ... ok
[INFO] [stdout] test fairing::stateful_tests::geo_tier_limits_the_resolved_country ... ok
[INFO] [stdout]    >> Request guard `BlockGuard` failed: ().
[INFO] [stdout]    >> Responding with registered 429 catcher.
[INFO] [stdout] test fairing::stateful_tests::from_security_config_rate_limit_crossing_answers_429 ... ok
[INFO] [stdout]    >> Request guard `BlockGuard` failed: ().
[INFO] [stdout]    >> Responding with registered 429 catcher.
[INFO] [stdout] Rocket has launched locally
[INFO] [stdout] test fairing::stateful_tests::exempt_ip_exceeds_the_limit_and_still_gets_200 ... ok
[INFO] [stdout]    >> No matching routes for GET /files/../../etc/passwd.
[INFO] [stdout]    >> No 404 catcher registered. Using Rocket default.
[INFO] [stdout] Rocket has launched locally
[INFO] [stdout] Rocket has launched locally
[INFO] [stdout] test fairing::stateful_tests::on_block_fires_for_the_detection_block_and_custom_body_overrides_it ... ok
[INFO] [stdout] Rocket has launched locally
[INFO] [stdout] Rocket has launched locally
[INFO] [stdout] Rocket has launched locally
[INFO] [stdout] Rocket has launched locally
[INFO] [stdout]    >> Request guard `BlockGuard` failed: ().
[INFO] [stdout]    >> Responding with registered 400 catcher.
[INFO] [stdout] Rocket has launched locally
[INFO] [stdout] Rocket has launched locally
[INFO] [stdout]    >> Outcome: Success(200 OK)
[INFO] [stdout] Rocket has launched locally
[INFO] [stdout]    >> Responding with registered 403 catcher.
[INFO] [stdout] test fairing::stateful_tests::from_security_config_feeds_the_scan_budgets ... ok
[INFO] [stdout] test fairing::stateful_tests::passive_mode_records_the_body_finding_but_never_blocks ... ok
[INFO] [stdout] test fairing::stateful_tests::exempt_ip_violations_still_count_toward_the_ban ... ok
[INFO] [stdout]    >> Request guard `BlockGuard` failed: ().
[INFO] [stdout]    >> Responding with registered 429 catcher.
[INFO] [stdout] Rocket has launched locally
[INFO] [stdout] test fairing::stateful_tests::passive_mode_records_but_never_blocks ... ok
[INFO] [stdout] Rocket has launched locally
[INFO] [stdout] Rocket has launched locally
[INFO] [stdout] Rocket has launched locally
[INFO] [stdout] Rocket has launched locally
[INFO] [stdout] Rocket has launched locally
[INFO] [stdout] Rocket has launched locally
[INFO] [stdout] Rocket has launched locally
[INFO] [stdout]    >> Request guard `BlockGuard` failed: ().
[INFO] [stdout]    >> Responding with registered 400 catcher.
[INFO] [stdout] Rocket has launched locally
[INFO] [stdout]    >> Request guard `BlockGuard` failed: ().
[INFO] [stdout]    >> Responding with registered 429 catcher.
[INFO] [stdout] Rocket has launched locally
[INFO] [stdout]    >> Request guard `BlockGuard` failed: ().
[INFO] [stdout]    >> Responding with registered 429 catcher.
[INFO] [stdout] Rocket has launched locally
[INFO] [stdout] Rocket has launched locally
[INFO] [stdout] test fairing::stateful_tests::geo_tier_never_applies_without_a_handler ... ok
[INFO] [stdout] Rocket has launched locally
[INFO] [stdout]    >> Request guard `BlockGuard` failed: ().
[INFO] [stdout]    >> Responding with registered 400 catcher.
[INFO] [stdout]    >> Request guard `BlockGuard` failed: ().
[INFO] [stdout]    >> Responding with registered 429 catcher.
[INFO] [stdout] Rocket has launched locally
[INFO] [stdout]    >> Data guard `crate :: GuardBody` failed: GuardBodyError.
[INFO] [stdout]    >> Responding with registered 400 catcher.
[INFO] [stdout] test fairing::stateful_tests::route_detection_exclusions_resolver_overrides_the_global_config ... ok
[INFO] [stdout] test fairing::stateful_tests::the_country_level_alone_installs_observability_and_composes ... ok
[INFO] [stdout] test fairing::stateful_tests::manually_managed_engine_enforces_the_body_without_a_stage ... ok
[INFO] [stdout] Rocket has launched locally
[INFO] [stdout] Rocket has launched locally
[INFO] [stdout]    >> Request guard `BlockGuard` failed: ().
[INFO] [stdout]    >> Responding with registered 429 catcher.
[INFO] [stdout] Rocket has launched locally
[INFO] [stdout] Rocket has launched locally
[INFO] [stdout]    >> Request guard `BlockGuard` failed: ().
[INFO] [stdout]    >> Responding with registered 429 catcher.
[INFO] [stdout] test fairing::stateful_tests::route_tier_resolver_limits_its_paths_only ... ok
[INFO] [stdout] test fairing::stateful_tests::the_log_level_knobs_feed_the_stage_surfaces ... ok
[INFO] [stdout] test fairing::stateful_tests::the_forwarded_lane_dispatches_the_headers_applied_event ... ok
[INFO] [stdout] test fairing::stateful_tests::rate_limit_crossing_is_blocked_429_with_retry_after ... ok
[INFO] [stdout] Rocket has launched locally
[INFO] [stdout] Rocket has launched locally
[INFO] [stdout]    >> Request guard `BlockGuard` failed: ().
[INFO] [stdout]    >> Responding with registered 403 catcher.
[INFO] [stdout] test fairing::stateful_tests::rate_limit_autoban_bans_at_the_threshold ... ok
[INFO] [stdout] Rocket has launched locally
[INFO] [stdout] Rocket has launched locally
[INFO] [stdout] GET /hello?q=1+UNION+SELECT+password:
[INFO] [stdout]    >> Matched: (hello_stateful) GET /hello
[INFO] [stdout]    >> Outcome: Success(200 OK)
[INFO] [stdout] Rocket has launched locally
[INFO] [stdout] Rocket has launched locally
[INFO] [stdout] Rocket has launched locally
[INFO] [stdout]    >> Request guard `BlockGuard` failed: ().
[INFO] [stdout]    >> Responding with registered 429 catcher.
[INFO] [stdout] Rocket has launched locally
[INFO] [stdout]    >> No matching routes for GET /files/../../etc/passwd.
[INFO] [stdout]    >> No 404 catcher registered. Using Rocket default.
[INFO] [stdout] test fairing::stateful_tests::unattributed_detection_block_fires_the_on_block_payload ... ok
[INFO] [stdout]    >> No matching routes for GET /files/../../etc/passwd.
[INFO] [stdout]    >> No 404 catcher registered. Using Rocket default.
[INFO] [stdout] test fairing::stateful_tests::the_generated_lane_applies_headers_without_the_event ... ok
[INFO] [stdout] Rocket has launched locally
[INFO] [stdout] Rocket has launched locally
[INFO] [stdout]    >> No matching routes for GET /files/../../etc/passwd.
[INFO] [stdout]    >> No 404 catcher registered. Using Rocket default.
[INFO] [stdout] test fairing::stateful_tests::whitelisted_ip_still_gets_the_detection_block_and_payload ... ok
[INFO] [stdout] test fairing::tests::agent_stats_answers_the_no_agent_shape ... ok
[INFO] [stdout] Rocket has launched locally
[INFO] [stdout]    >> Request guard `BlockGuard` failed: ().
[INFO] [stdout]    >> Responding with registered 500 catcher.
[INFO] [stdout] test fairing::tests::an_invalid_route_ip_list_entry_fails_secure ... ok
[INFO] [stdout]    >> Request guard `BlockGuard` failed: ().
[INFO] [stdout]    >> Responding with registered 403 catcher.
[INFO] [stdout] test fairing::tests::a_cidr_entry_matches_its_range_but_the_blacklist_still_wins ... ok
[INFO] [stdout] Rocket has launched locally
[INFO] [stdout]    >> Request guard `BlockGuard` failed: ().
[INFO] [stdout]    >> Responding with registered 400 catcher.
[INFO] [stdout] test fairing::stateful_tests::the_response_modifier_mutates_the_response_view ... ok
[INFO] [stdout] test fairing::stateful_tests::the_penetration_detection_toggle_skips_the_scan ... ok
[INFO] [stdout] GET /hello:
[INFO] [stdout]    >> Matched: (hello_stateful) GET /hello
[INFO] [stdout]    >> Request guard `BlockGuard` failed: ().
[INFO] [stdout]    >> Outcome: Error(429 Too Many Requests)
[INFO] [stdout]    >> Responding with registered 429 catcher.
[INFO] [stdout] Rocket has launched locally
[INFO] [stdout] GET /definitely/not/routed:
[INFO] [stdout]    >> No matching routes for GET /definitely/not/routed.
[INFO] [stdout]    >> No 404 catcher registered. Using Rocket default.
[INFO] [stdout] test fairing::tests::an_unrouted_ip_denial_does_not_leak_a_404 ... ok
[INFO] [stdout] Rocket has launched locally
[INFO] [stdout] Rocket has launched locally
[INFO] [stdout] test fairing::tests::client_ip_string_maps_both_connection_kinds ... ok
[INFO] [stdout] Rocket has launched locally
[INFO] [stdout]    >> Request guard `BlockGuard` failed: ().
[INFO] [stdout]    >> Responding with registered 403 catcher.
[INFO] [stdout]    >> Request guard `BlockGuard` failed: ().
[INFO] [stdout]    >> Responding with registered 403 catcher.
[INFO] [stdout] test fairing::tests::blacklisted_client_ip_is_denied_with_the_forbidden_body ... ok
[INFO] [stdout] test fairing::tests::debug_impl_renders_the_struct_name_and_body_cap ... ok
[INFO] [stdout] Rocket has launched locally
[INFO] [stdout]    >> Request guard `BlockGuard` failed: ().
[INFO] [stdout]    >> Responding with registered 500 catcher.
[INFO] [stdout]    >> Data guard `crate :: GuardBody` failed: GuardBodyError.
[INFO] [stdout]    >> Responding with registered 400 catcher.
[INFO] [stdout] test fairing::tests::engine_panic_is_recovered_as_a_500 ... ok
[INFO] [stdout]    >> Request guard `BlockGuard` failed: ().
[INFO] [stdout]    >> Responding with registered 429 catcher.
[INFO] [stdout] Rocket has launched locally
[INFO] [stdout] test fairing::stateful_tests::the_penetration_detection_toggle_skips_the_body_scan ... ok
[INFO] [stdout] test fairing::stateful_tests::rate_limit_autoban_is_off_by_default ... ok
[INFO] [stdout] Rocket has launched locally
[INFO] [stdout]    >> Request guard `BlockGuard` failed: ().
[INFO] [stdout]    >> Responding with registered 403 catcher.
[INFO] [stdout] Rocket has launched locally
[INFO] [stdout] test fairing::tests::exempt_ip_on_the_blacklist_is_still_denied ... ok
[INFO] [stdout]    >> Request guard `BlockGuard` failed: ().
[INFO] [stdout]    >> Responding with registered 403 catcher.
[INFO] [stdout] test fairing::tests::exemption_never_opens_a_restrictive_whitelist ... ok
[INFO] [stdout] Rocket has launched locally
[INFO] [stdout]    >> No matching routes for POST /validated.
[INFO] [stdout]    >> No 404 catcher registered. Using Rocket default.
[INFO] [stdout] Rocket has launched locally
[INFO] [stdout] test fairing::tests::custom_validator_block_answers_the_validator_status ... ok
[INFO] [stdout] Rocket has launched locally
[INFO] [stdout]    >> Data guard `crate :: GuardBody` failed: GuardBodyError.
[INFO] [stdout]    >> Responding with registered 400 catcher.
[INFO] [stdout] test fairing::tests::backslash_probe_in_a_form_field_is_blocked_through_the_raw_view ... ok
[INFO] [stdout]    >> Data guard `crate :: GuardBody` failed: GuardBodyError.
[INFO] [stdout]    >> Responding with registered 400 catcher.
[INFO] [stdout] Rocket has launched locally
[INFO] [stdout] test fairing::tests::mongo_operator_key_body_is_blocked ... ok
[INFO] [stdout] test fairing::stateful_tests::unattributed_requests_are_not_rate_limited ... ok
[INFO] [stdout] test fairing::tests::refresh_cloud_ip_ranges_answers_false_without_a_scheduler ... ok
[INFO] [stdout] test fairing::tests::reset_drops_every_rate_limit_window ... ok
[INFO] [stdout] Rocket has launched locally
[INFO] [stdout]    >> Request guard `BlockGuard` failed: ().
[INFO] [stdout]    >> Responding with registered 401 catcher.
[INFO] [stdout]    >> No matching routes for GET /files/../../etc/passwd.
[INFO] [stdout]    >> No 404 catcher registered. Using Rocket default.
[INFO] [stdout] test fairing::tests::refresh_cloud_ip_ranges_schedules_through_the_installed_seam ... ok
[INFO] [stdout] test fairing::tests::exempt_exact_and_cidr_ips_pass_and_detection_still_applies ... ok
[INFO] [stdout] Rocket has launched locally
[INFO] [stdout]    >> Request guard `BlockGuard` failed: ().
[INFO] [stdout]    >> Responding with registered 401 catcher.
[INFO] [stdout] Rocket has launched locally
[INFO] [stdout]    >> Request guard `BlockGuard` failed: ().
[INFO] [stdout]    >> Responding with registered 403 catcher.
[INFO] [stdout]    >> Request guard `BlockGuard` failed: ().
[INFO] [stdout]    >> Responding with registered 401 catcher.
[INFO] [stdout]    >> No matching routes for GET /nope.
[INFO] [stdout]    >> No 404 catcher registered. Using Rocket default.
[INFO] [stdout] test fairing::tests::route_blocked_countries_block_their_route_only ... ok
[INFO] [stdout] Rocket has launched locally
[INFO] [stdout] test fairing::tests::benign_multipart_upload_is_forwarded ... ok
[INFO] [stdout] Rocket has launched locally
[INFO] [stdout] test fairing::tests::route_country_rules_without_a_geo_handler_pass ... ok
[INFO] [stdout] Rocket has launched locally
[INFO] [stdout]    >> No matching routes for GET /nope.
[INFO] [stdout]    >> No 404 catcher registered. Using Rocket default.
[INFO] [stdout]    >> Request guard `BlockGuard` failed: ().
[INFO] [stdout]    >> Responding with registered 401 catcher.
[INFO] [stdout]    >> Request guard `BlockGuard` failed: ().
[INFO] [stdout]    >> Responding with registered 403 catcher.
[INFO] [stdout] test fairing::tests::route_country_whitelist_skips_the_global_geo_stage ... ok
[INFO] [stdout] test fairing::tests::multipart_binary_island_smuggling_is_not_blocked ... ok
[INFO] [stdout]    >> No matching routes for GET /nope.
[INFO] [stdout]    >> No 404 catcher registered. Using Rocket default.
[INFO] [stdout] test fairing::tests::route_auth_required_demands_the_scheme ... ok
[INFO] [stdout] Rocket has launched locally
[INFO] [stdout]    >> Request guard `BlockGuard` failed: ().
[INFO] [stdout]    >> No 418 catcher registered. Using Rocket default.
[INFO] [stdout] Rocket has launched locally
[INFO] [stdout]    >> Request guard `BlockGuard` failed: ().
[INFO] [stdout]    >> No 200 catcher registered. Using Rocket default.
[INFO] [stdout] Rocket has launched locally
[INFO] [stdout]    >> No matching routes for GET /nope.
[INFO] [stdout]    >> No 404 catcher registered. Using Rocket default.
[INFO] [stdout] test fairing::tests::route_api_key_group_reads_its_header ... ok
[INFO] [stdout] Rocket has launched locally
[INFO] [stdout] Rocket has launched locally
[INFO] [stdout] Rocket has launched locally
[INFO] [stdout]    >> Request guard `BlockGuard` failed: ().
[INFO] [stdout]    >> Responding with registered 403 catcher.
[INFO] [stdout] test fairing::tests::route_enable_suspicious_detection_false_skips_the_scan ... ok
[INFO] [stdout]    >> No matching routes for GET /nope.
[INFO] [stdout]    >> No 404 catcher registered. Using Rocket default.
[INFO] [stdout] Rocket has launched locally
[INFO] [stdout]    >> Request guard `BlockGuard` failed: ().
[INFO] [stdout]    >> Responding with registered 403 catcher.
[INFO] [stdout]    >> No matching routes for GET /nope.
[INFO] [stdout] Rocket has launched locally
[INFO] [stdout]    >> Request guard `BlockGuard` failed: ().
[INFO] [stdout]    >> Responding with registered 403 catcher.
[INFO] [stdout]    >> Request guard `BlockGuard` failed: ().
[INFO] [stdout]    >> Responding with registered 403 catcher.
[INFO] [stdout]    >> No 404 catcher registered. Using Rocket default.
[INFO] [stdout] test fairing::tests::route_ip_whitelist_overrides_the_global_lists ... ok
[INFO] [stdout]    >> Request guard `BlockGuard` failed: ().
[INFO] [stdout]    >> Responding with registered 403 catcher.
[INFO] [stdout] Rocket has launched locally
[INFO] [stdout]    >> No matching routes for GET /nope.
[INFO] [stdout]    >> No 404 catcher registered. Using Rocket default.
[INFO] [stdout]    >> Data guard `crate :: GuardBody` failed: GuardBodyError.
[INFO] [stdout]    >> Responding with registered 400 catcher.
[INFO] [stdout] test fairing::tests::route_custom_validator_verdicts ... ok
[INFO] [stdout] test fairing::tests::route_ip_blacklist_denies_its_route_only ... ok
[INFO] [stdout] test fairing::tests::plain_multipart_text_part_with_script_is_blocked ... ok
[INFO] [stdout]    >> No matching routes for GET /nope.
[INFO] [stdout]    >> No 404 catcher registered. Using Rocket default.
[INFO] [stdout] test fairing::tests::route_require_referrer_gates_its_route ... ok
[INFO] [stdout]    >> Request guard `BlockGuard` failed: ().
[INFO] [stdout]    >> Responding with registered 403 catcher.
[INFO] [stdout] Rocket has launched locally
[INFO] [stdout]    >> Request guard `BlockGuard` failed: ().
[INFO] [stdout]    >> Responding with registered 400 catcher.
[INFO] [stdout]    >> Request guard `BlockGuard` failed: ().
[INFO] [stdout]    >> Responding with registered 400 catcher.
[INFO] [stdout]    >> Request guard `BlockGuard` failed: ().
[INFO] [stdout]    >> Responding with registered 400 catcher.
[INFO] [stdout] Rocket has launched locally
[INFO] [stdout]    >> Request guard `BlockGuard` failed: ().
[INFO] [stdout]    >> Responding with registered 403 catcher.
[INFO] [stdout] Rocket has launched locally
[INFO] [stdout] Rocket has launched locally
[INFO] [stdout] Rocket has launched locally
[INFO] [stdout]    >> No matching routes for OPTIONS /hello.
[INFO] [stdout]    >> No 404 catcher registered. Using Rocket default.
[INFO] [stdout]    >> No matching routes for OPTIONS /unrouted-path.
[INFO] [stdout]    >> No 404 catcher registered. Using Rocket default.
[INFO] [stdout] Rocket has launched locally
[INFO] [stdout]    >> Request guard `BlockGuard` failed: ().
[INFO] [stdout]    >> Responding with registered 500 catcher.
[INFO] [stdout] test fairing::tests::route_cloud_provider_list_resolves_over_the_global ... ok
[INFO] [stdout]    >> No matching routes for OPTIONS /hello.
[INFO] [stdout]    >>    >> No matching routes for GET /nope.
[INFO] [stdout]    >> No 404 catcher registered. Using Rocket default.
[INFO] [stdout] Rocket has launched locally
[INFO] [stdout]    >> Request guard `BlockGuard` failed: ().
[INFO] [stdout]    >> Responding with registered 403 catcher.
[INFO] [stdout] Rocket has launched locally
[INFO] [stdout] Rocket has launched locally
[INFO] [stdout] No 404 catcher registered. Using Rocket default.
[INFO] [stdout] test fairing::tests::the_clouds_bypass_skips_the_route_lane_and_the_global_lane ... ok
[INFO] [stdout] test fairing::tests::the_cors_preflight_short_circuits_before_every_check ... ok
[INFO] [stdout] test fairing::tests::the_response_processor_renders_security_headers_on_every_response ... ok
[INFO] [stdout] Rocket has launched locally
[INFO] [stdout] Rocket has launched locally
[INFO] [stdout]    >> Responding with registered 400 catcher.
[INFO] [stdout]    >> Responding with registered 403 catcher.
[INFO] [stdout]    >> Responding with registered 429 catcher.
[INFO] [stdout]    >> Responding with registered 500 catcher.
[INFO] [stdout]    >> Responding with registered 503 catcher.
[INFO] [stdout] Rocket has launched locally
[INFO] [stdout] Rocket has launched locally
[INFO] [stdout]    >> Request guard `crate :: BlockGuard` failed: ().
[INFO] [stdout]    >> Responding with registered 401 catcher.
[INFO] [stdout]    >> Request guard `BlockGuard` failed: ().
[INFO] [stdout]    >> Responding with registered 403 catcher.
[INFO] [stdout]    >> No matching routes for GET /nope.
[INFO] [stdout]    >> No 404 catcher registered. Using Rocket default.
[INFO] [stdout]    >> Data guard `crate :: GuardBody` failed: GuardBodyError.
[INFO] [stdout]    >> Responding with registered 400 catcher.
[INFO] [stdout] test fairing::tests::route_time_restrictions_gate_their_route ... ok
[INFO] [stdout] test fairing::tests::the_route_usage_rules_track_and_ban_at_the_threshold ... ok
[INFO] [stdout] test fairing::tests::route_required_headers_demand_their_headers ... ok
[INFO] [stdout] test response::tests::catchers_without_adapter_state_render_the_default_bodies ... ok
[INFO] [stdout] test fairing::tests::sqli_in_a_form_field_is_blocked ... ok
[INFO] [stdout] test response::tests::authentication_refusal_renders_the_stage_body_through_the_401_catcher ... ok
[INFO] [stdout] test response::tests::verdict_response_covers_every_block_shape ... ok
[INFO] [stdout] test response::tests::verdict_response_covers_the_remaining_block_shapes ... ok
[INFO] [stdout] test scan::tests::custom_block_status_mapping_covers_both_from_code_arms ... ok
[INFO] [stdout] test scan::tests::verdict_from_stage_maps_every_family_answer ... ok
[INFO] [stdout] test scan::tests::verdict_status_mapping_covers_every_shape ... ok
[INFO] [stdout] test status::tests::clearing_a_provider_reports_it_unready_again ... ok
[INFO] [stdout] test status::tests::cloud_table_readiness_passes_through ... ok
[INFO] [stdout] test status::tests::empty_snapshot_reports_every_provider_unready_and_null_geo ... ok
[INFO] [stdout] test status::tests::geo_configured_flips_the_component_object ... ok
[INFO] [stdout] test status::tests::json_string_escapes_the_control_family ... ok
[INFO] [stdout] Rocket has launched locally
[INFO] [stdout]    >> No matching routes for POST /_guard/status.
[INFO] [stdout]    >> No 404 catcher registered. Using Rocket default.
[INFO] [stdout] Rocket has launched locally
[INFO] [stdout] test scan::tests::verdict_from_stage_carries_the_custom_body_override ... ok
[INFO] [stdout] test status::tests::status_route_answers_get_only ... ok
[INFO] [stdout] test status::tests::status_route_answers_the_default_path ... ok
[INFO] [stdout] test status::tests::the_geo_manager_renders_the_health_snapshot ... ok
[INFO] [stdout] test tests::default_config_matches_corpus_knobs ... ok
[INFO] [stdout] test tests::map_log_level_covers_every_reference_level ... ok
[INFO] [stdout] test tests::with_exclude_paths_round_trips_through_the_accessor ... ok
[INFO] [stdout] test websocket::tests::ban_arm_answers_ip_banned ... ok
[INFO] [stdout] test tests::body_cap_defaults_to_full_scan_cap_and_is_overridable ... ok
[INFO] [stdout] Rocket has launched locally
[INFO] [stdout] Rocket has launched locally
[INFO] [stdout] test tests::from_security_config_exclude_paths_round_trip_through_the_accessor ... ok
[INFO] [stdout] test tests::ban_state_debug_renders_the_manager_and_config ... ok
[INFO] [stdout] test websocket::tests::banned_client_is_denied_with_the_close_shape ... ok
[INFO] [stdout] test websocket::tests::check_panic_maps_to_try_again_later ... ok
[INFO] [stdout] test websocket::tests::clean_upgrade_is_granted_through_the_guard ... ok
[INFO] [stdout] test websocket::tests::close_frame_and_stream_error_carry_the_shape ... ok
[INFO] [stdout] test websocket::tests::debug_prints_the_config_shape ... ok
[INFO] [stdout] test websocket::tests::close_table_matches_the_reference ... ok
[INFO] [stdout] test websocket::tests::country_rules_answer_ip_not_allowed_and_whitelist_skips_them ... ok
[INFO] [stdout] test websocket::tests::clean_upgrade_passes_every_arm ... ok
[INFO] [stdout] test tests::guard_config_error_display_and_source_cover_every_variant ... ok
[INFO] [stdout] test websocket::tests::gate_verdict_whitelist_sets_the_skip_state ... ok
[INFO] [stdout] test websocket::tests::query_pairs_decode_like_parse_qsl ... ok
[INFO] [stdout] Rocket has launched locally
[INFO] [stdout] test websocket::tests::gate_lists_answer_ip_not_allowed ... ok
[INFO] [stdout] test websocket::tests::frame_threats_feed_the_shared_violation_store ... ok
[INFO] [stdout] Rocket has launched locally
[INFO] [stdout] test websocket::tests::handshake_scan_feeds_the_shared_counts_end_to_end ... ok
[INFO] [stdout] test websocket::tests::missing_managed_state_is_an_engine_malfunction ... ok
[INFO] [stdout] test websocket::tests::rate_limit_arm_answers_rate_limit_exceeded_and_skips_whitelisted ... ok
[INFO] [stdout] test websocket::tests::unknown_address_is_fail_open_by_default_and_fail_secure_on_request ... ok
[INFO] [stdout] test websocket::tests::scan_frame_scans_payloads_and_passes_control_frames ... ok
[INFO] [stdout] test websocket::tests::detection_exclusions_shape_the_scan_arm ... ok
[INFO] [stdout] test websocket::tests::upgrade_detection_reads_both_headers ... ok
[INFO] [stdout] Rocket has launched locally
[INFO] [stdout] test websocket::tests::violation_feed_shares_counts_and_bans_across_consumers ... ok
[INFO] [stdout] Rocket has launched locally
[INFO] [stdout] test websocket::tests::unknown_address_fail_secure_denies_the_handshake ... ok
[INFO] [stdout] Rocket has launched locally
[INFO] [stdout] test websocket::tests::rejection_renders_the_close_headers ... ok
[INFO] [stdout] test websocket::tests::scan_arm_answers_suspicious_activity ... ok
[INFO] [stdout] test websocket::tests::whitelisted_client_skips_countries_and_the_rate_limit ... ok
[INFO] [stdout] test fairing::stateful_tests::from_security_config_blocked_user_agent_answers_the_403 ... FAILED
[INFO] [stdout] test fairing::tests::from_security_config_user_agent_stage_is_wired ... FAILED
[INFO] [stdout] 
[INFO] [stdout] failures:
[INFO] [stdout] 
[INFO] [stdout] ---- fairing::stateful_tests::from_security_config_blocked_user_agent_answers_the_403 stdout ----
[INFO] [stdout] 
[INFO] [stdout] thread 'fairing::stateful_tests::from_security_config_blocked_user_agent_answers_the_403' (2669) panicked at src/fairing.rs:4765:72:
[INFO] [stdout] valid: UserAgent(UserAgentConfigError { entry: "bad-bot", reason: "rejected by ReDoS validator (Pattern validation stray verification killable-subprocess failed to run (child failed: probe child binary not found))" })
[INFO] [stdout] stack backtrace:
[INFO] [stdout]    0:     0x60f136edd9a1 - <<std[70759c8f55707aa4]::sys::backtrace::BacktraceLock>::print::DisplayBacktrace as core[df12db4294e9bfd3]::fmt::Display>::fmt
[INFO] [stdout]    1:     0x60f136ef710a - core[df12db4294e9bfd3]::fmt::write
[INFO] [stdout]    2:     0x60f136ee299c - <alloc[2182bb758b4b3781]::vec::Vec<u8> as core[df12db4294e9bfd3]::io::write::Write>::write_fmt
[INFO] [stdout]    3:     0x60f136eb7606 - std[70759c8f55707aa4]::panicking::default_hook::{closure#0}
[INFO] [stdout]    4:     0x60f136ed5579 - std[70759c8f55707aa4]::panicking::default_hook
[INFO] [stdout]    5:     0x60f136a2dd10 - test[9d35eded1c95d3be]::test_main_inner::<test[9d35eded1c95d3be]::test_main_static::{closure#0}>::{closure#0}
[INFO] [stdout]    6:     0x60f136ed5732 - std[70759c8f55707aa4]::panicking::panic_with_hook
[INFO] [stdout]    7:     0x60f136eb76b2 - std[70759c8f55707aa4]::panicking::panic_handler::{closure#0}
[INFO] [stdout]    8:     0x60f136eb01c9 - std[70759c8f55707aa4]::sys::backtrace::__rust_end_short_backtrace::<std[70759c8f55707aa4]::panicking::panic_handler::{closure#0}, !>
[INFO] [stdout]    9:     0x60f136eb849d - __rustc[8fa7c3cbc660c2b3]::rust_begin_unwind
[INFO] [stdout]   10:     0x60f136ef78ec - core[df12db4294e9bfd3]::panicking::panic_fmt
[INFO] [stdout]   11:     0x60f136ef76c2 - core[df12db4294e9bfd3]::result::unwrap_failed
[INFO] [stdout]   12:     0x60f1368a9a33 - rocket_guard_rs[e7bf9543f7f1e964]::fairing::stateful_tests::from_security_config_blocked_user_agent_answers_the_403::{closure#0}
[INFO] [stdout]   13:     0x60f13695e0a3 - <tokio[59c273d5c93d12ed]::runtime::scheduler::current_thread::Context>::enter::<core[df12db4294e9bfd3]::task::poll::Poll<()>, <tokio[59c273d5c93d12ed]::runtime::scheduler::current_thread::CoreGuard>::block_on<core[df12db4294e9bfd3]::pin::Pin<&mut core[df12db4294e9bfd3]::pin::Pin<&mut dyn core[df12db4294e9bfd3]::future::future::Future<Output = ()>>>>::{closure#0}::{closure#0}>
[INFO] [stdout]   14:     0x60f136a08d59 - <std[70759c8f55707aa4]::thread::local::LocalKey<tokio[59c273d5c93d12ed]::runtime::context::Context>>::with::<tokio[59c273d5c93d12ed]::runtime::context::set_scheduler<(alloc[2182bb758b4b3781]::boxed::Box<tokio[59c273d5c93d12ed]::runtime::scheduler::current_thread::Core>, core[df12db4294e9bfd3]::option::Option<()>), <tokio[59c273d5c93d12ed]::runtime::scheduler::current_thread::CoreGuard>::enter<<tokio[59c273d5c93d12ed]::runtime::scheduler::current_thread::CoreGuard>::block_on<core[df12db4294e9bfd3]::pin::Pin<&mut core[df12db4294e9bfd3]::pin::Pin<&mut dyn core[df12db4294e9bfd3]::future::future::Future<Output = ()>>>>::{closure#0}, core[df12db4294e9bfd3]::option::Option<()>>::{closure#0}>::{closure#0}, (alloc[2182bb758b4b3781]::boxed::Box<tokio[59c273d5c93d12ed]::runtime::scheduler::current_thread::Core>, core[df12db4294e9bfd3]::option::Option<()>)>
[INFO] [stdout]   15:     0x60f13695e547 - <tokio[59c273d5c93d12ed]::runtime::scheduler::current_thread::CoreGuard>::block_on::<core[df12db4294e9bfd3]::pin::Pin<&mut core[df12db4294e9bfd3]::pin::Pin<&mut dyn core[df12db4294e9bfd3]::future::future::Future<Output = ()>>>>
[INFO] [stdout]   16:     0x60f136a0e6db - tokio[59c273d5c93d12ed]::runtime::context::runtime::enter_runtime::<<tokio[59c273d5c93d12ed]::runtime::scheduler::current_thread::CurrentThread>::block_on<core[df12db4294e9bfd3]::pin::Pin<&mut dyn core[df12db4294e9bfd3]::future::future::Future<Output = ()>>>::{closure#0}, ()>
[INFO] [stdout]   17:     0x60f136a083ab - <tokio[59c273d5c93d12ed]::runtime::runtime::Runtime>::block_on::<core[df12db4294e9bfd3]::pin::Pin<&mut dyn core[df12db4294e9bfd3]::future::future::Future<Output = ()>>>
[INFO] [stdout]   18:     0x60f1368bc429 - rocket_guard_rs[e7bf9543f7f1e964]::fairing::stateful_tests::from_security_config_blocked_user_agent_answers_the_403
[INFO] [stdout]   19:     0x60f1369a7769 - <rocket_guard_rs[e7bf9543f7f1e964]::fairing::stateful_tests::from_security_config_blocked_user_agent_answers_the_403::{closure#0} as core[df12db4294e9bfd3]::ops::function::FnOnce<()>>::call_once
[INFO] [stdout]   20:     0x60f136a20ffb - test[9d35eded1c95d3be]::__rust_begin_short_backtrace::<core[df12db4294e9bfd3]::result::Result<(), alloc[2182bb758b4b3781]::string::String>, fn() -> core[df12db4294e9bfd3]::result::Result<(), alloc[2182bb758b4b3781]::string::String>>
[INFO] [stdout]   21:     0x60f136a2e665 - test[9d35eded1c95d3be]::run_test::{closure#0}
[INFO] [stdout]   22:     0x60f136a27f24 - std[70759c8f55707aa4]::sys::backtrace::__rust_begin_short_backtrace::<test[9d35eded1c95d3be]::run_test::{closure#1}, ()>
[INFO] [stdout]   23:     0x60f136a317c2 - <std[70759c8f55707aa4]::thread::lifecycle::spawn_unchecked<test[9d35eded1c95d3be]::run_test::{closure#1}, ()>::{closure#1} as core[df12db4294e9bfd3]::ops::function::FnOnce<()>>::call_once::{shim:vtable#0}
[INFO] [stdout]   24:     0x60f136edc9b9 - <std[70759c8f55707aa4]::sys::thread::unix::Thread>::new::thread_start
[INFO] [stdout]   25:     0x78aeaf705dfa - <unknown>
[INFO] [stdout]   26:     0x78aeaf7993d4 - clone
[INFO] [stdout]   27:                0x0 - <unknown>
[INFO] [stdout] 
[INFO] [stdout] ---- fairing::tests::from_security_config_user_agent_stage_is_wired stdout ----
[INFO] [stdout] 
[INFO] [stdout] thread 'fairing::tests::from_security_config_user_agent_stage_is_wired' (2722) panicked at src/fairing.rs:2060:67:
[INFO] [stdout] valid config: UserAgent(UserAgentConfigError { entry: "bad-bot", reason: "rejected by ReDoS validator (Pattern validation stray verification killable-subprocess failed to run (child failed: probe child binary not found))" })
[INFO] [stdout] stack backtrace:
[INFO] [stdout]    0:     0x60f136edd9a1 - <<std[70759c8f55707aa4]::sys::backtrace::BacktraceLock>::print::DisplayBacktrace as core[df12db4294e9bfd3]::fmt::Display>::fmt
[INFO] [stdout]    1:     0x60f136ef710a - core[df12db4294e9bfd3]::fmt::write
[INFO] [stdout]    2:     0x60f136ee299c - <alloc[2182bb758b4b3781]::vec::Vec<u8> as core[df12db4294e9bfd3]::io::write::Write>::write_fmt
[INFO] [stdout]    3:     0x60f136eb7606 - std[70759c8f55707aa4]::panicking::default_hook::{closure#0}
[INFO] [stdout]    4:     0x60f136ed5579 - std[70759c8f55707aa4]::panicking::default_hook
[INFO] [stdout]    5:     0x60f136a2dd10 - test[9d35eded1c95d3be]::test_main_inner::<test[9d35eded1c95d3be]::test_main_static::{closure#0}>::{closure#0}
[INFO] [stdout]    6:     0x60f136ed5732 - std[70759c8f55707aa4]::panicking::panic_with_hook
[INFO] [stdout]    7:     0x60f136eb76b2 - std[70759c8f55707aa4]::panicking::panic_handler::{closure#0}
[INFO] [stdout]    8:     0x60f136eb01c9 - std[70759c8f55707aa4]::sys::backtrace::__rust_end_short_backtrace::<std[70759c8f55707aa4]::panicking::panic_handler::{closure#0}, !>
[INFO] [stdout]    9:     0x60f136eb849d - __rustc[8fa7c3cbc660c2b3]::rust_begin_unwind
[INFO] [stdout]   10:     0x60f136ef78ec - core[df12db4294e9bfd3]::panicking::panic_fmt
[INFO] [stdout]   11:     0x60f136ef76c2 - core[df12db4294e9bfd3]::result::unwrap_failed
[INFO] [stdout]   12:     0x60f1369023e3 - rocket_guard_rs[e7bf9543f7f1e964]::fairing::tests::from_security_config_user_agent_stage_is_wired
[INFO] [stdout]   13:     0x60f1369a7c59 - <rocket_guard_rs[e7bf9543f7f1e964]::fairing::tests::from_security_config_user_agent_stage_is_wired::{closure#0} as core[df12db4294e9bfd3]::ops::function::FnOnce<()>>::call_once
[INFO] [stdout]   14:     0x60f136a20ffb - test[9d35eded1c95d3be]::__rust_begin_short_backtrace::<core[df12db4294e9bfd3]::result::Result<(), alloc[2182bb758b4b3781]::string::String>, fn() -> core[df12db4294e9bfd3]::result::Result<(), alloc[2182bb758b4b3781]::string::String>>
[INFO] [stdout]   15:     0x60f136a2e665 - test[9d35eded1c95d3be]::run_test::{closure#0}
[INFO] [stdout]   16:     0x60f136a27f24 - std[70759c8f55707aa4]::sys::backtrace::__rust_begin_short_backtrace::<test[9d35eded1c95d3be]::run_test::{closure#1}, ()>
[INFO] [stdout]   17:     0x60f136a317c2 - <std[70759c8f55707aa4]::thread::lifecycle::spawn_unchecked<test[9d35eded1c95d3be]::run_test::{closure#1}, ()>::{closure#1} as core[df12db4294e9bfd3]::ops::function::FnOnce<()>>::call_once::{shim:vtable#0}
[INFO] [stdout]   18:     0x60f136edc9b9 - <std[70759c8f55707aa4]::sys::thread::unix::Thread>::new::thread_start
[INFO] [stdout]   19:     0x78aeaf705dfa - <unknown>
[INFO] [stdout]   20:     0x78aeaf7993d4 - clone
[INFO] [stdout]   21:                0x0 - <unknown>
[INFO] [stdout] 
[INFO] [stdout] 
[INFO] [stdout] failures:
[INFO] [stdout]     fairing::stateful_tests::from_security_config_blocked_user_agent_answers_the_403
[INFO] [stdout]     fairing::tests::from_security_config_user_agent_stage_is_wired
[INFO] [stdout] 
[INFO] [stdout] test result: FAILED. 144 passed; 2 failed; 0 ignored; 0 measured; 0 filtered out; finished in 5.76s
[INFO] [stdout] 
[INFO] [stderr] error: test failed, to rerun pass `--lib`
[INFO] running `Command { std: "docker" "inspect" "70dac6daf138af73679065fa11347ba6ab80a53ef28da1714efef481e2779324", kill_on_drop: false }`
[INFO] running `Command { std: "docker" "rm" "-f" "70dac6daf138af73679065fa11347ba6ab80a53ef28da1714efef481e2779324", kill_on_drop: false }`
[INFO] [stdout] 70dac6daf138af73679065fa11347ba6ab80a53ef28da1714efef481e2779324
