[INFO] fetching crate robotrt-discovery-providers 0.1.0-r1...
[INFO] testing robotrt-discovery-providers-0.1.0-r1 against 1.100.0-beta.1+cargoflags=--release for beta-release-1.100-2
[INFO] extracting crate robotrt-discovery-providers 0.1.0-r1 into /workspace/builds/worker-7-tc2/source
[INFO] started tweaking crates.io crate robotrt-discovery-providers 0.1.0-r1
[INFO] removed 0 missing tests
[INFO] finished tweaking crates.io crate robotrt-discovery-providers 0.1.0-r1
[INFO] tweaked toml for crates.io crate robotrt-discovery-providers 0.1.0-r1 written to /workspace/builds/worker-7-tc2/source/Cargo.toml
[INFO] validating manifest of crates.io crate robotrt-discovery-providers 0.1.0-r1 on toolchain 1.100.0-beta.1
[INFO] running `Command { std: CARGO_HOME="/workspace/cargo-home" RUSTUP_HOME="/workspace/rustup-home" "/workspace/cargo-home/bin/cargo" "+1.100.0-beta.1" "metadata" "--manifest-path" "Cargo.toml" "--no-deps", kill_on_drop: false }`
[INFO] crate crates.io crate robotrt-discovery-providers 0.1.0-r1 already has a lockfile, it will not be regenerated
[INFO] running `Command { std: CARGO_HOME="/workspace/cargo-home" RUSTUP_HOME="/workspace/rustup-home" "/workspace/cargo-home/bin/cargo" "+1.100.0-beta.1" "fetch" "--manifest-path" "Cargo.toml", kill_on_drop: false }`
[INFO] running `Command { std: "docker" "create" "-v" "/var/lib/crater-agent-workspace/builds/worker-7-tc2/source:/opt/rustwide/workdir:ro,Z" "-v" "/var/lib/crater-agent-workspace/builds/worker-7-tc2/target:/opt/rustwide/target:rw,Z" "-v" "/var/lib/crater-agent-workspace/cargo-home:/opt/rustwide/cargo-home:ro,Z" "-v" "/var/lib/crater-agent-workspace/rustup-home:/opt/rustwide/rustup-home:ro,Z" "-m" "1610612736" "--network" "none" "ghcr.io/rust-lang/crates-build-env/linux@sha256:77db811e55d90add9212f6832c23229e3de5f1c1f9905e8cb07319ea15df73ac" "sleep" "infinity", kill_on_drop: false }`
[INFO] [stdout] a7d7316556592068ceee9e4508a0f021233babdff6eff2cab570ce1bc3e92bb2
[INFO] running `Command { std: "docker" "start" "a7d7316556592068ceee9e4508a0f021233babdff6eff2cab570ce1bc3e92bb2", kill_on_drop: false }`
[INFO] running `Command { std: "docker" "inspect" "a7d7316556592068ceee9e4508a0f021233babdff6eff2cab570ce1bc3e92bb2", kill_on_drop: false }`
[INFO] running `Command { std: "docker" "exec" "-e" "SOURCE_DIR=/opt/rustwide/workdir" "-e" "CARGO_HOME=/opt/rustwide/cargo-home" "-e" "RUSTUP_HOME=/opt/rustwide/rustup-home" "-e" "CARGO_TARGET_DIR=/opt/rustwide/target" "-w" "/opt/rustwide/workdir" "--user" "0:0" "a7d7316556592068ceee9e4508a0f021233babdff6eff2cab570ce1bc3e92bb2" "/opt/rustwide/cargo-home/bin/cargo" "+1.100.0-beta.1" "metadata" "--no-deps" "--format-version=1", kill_on_drop: false }`
[INFO] running `Command { std: "docker" "inspect" "a7d7316556592068ceee9e4508a0f021233babdff6eff2cab570ce1bc3e92bb2", kill_on_drop: false }`
[INFO] running `Command { std: "docker" "exec" "-e" "SOURCE_DIR=/opt/rustwide/workdir" "-e" "CARGO_HOME=/opt/rustwide/cargo-home" "-e" "RUSTUP_HOME=/opt/rustwide/rustup-home" "-e" "CARGO_TARGET_DIR=/opt/rustwide/target" "-e" "CARGO_INCREMENTAL=0" "-e" "RUST_BACKTRACE=full" "-e" "RUSTFLAGS=--cap-lints=warn" "-e" "RUSTDOCFLAGS=--cap-lints=warn" "-w" "/opt/rustwide/workdir" "--user" "0:0" "a7d7316556592068ceee9e4508a0f021233babdff6eff2cab570ce1bc3e92bb2" "/opt/rustwide/cargo-home/bin/cargo" "+1.100.0-beta.1" "build" "--frozen" "--message-format=json" "--release", kill_on_drop: false }`
[INFO] [stderr]    Compiling getrandom v0.4.2
[INFO] [stderr]    Compiling smallvec v1.15.1
[INFO] [stderr]    Compiling syn v2.0.117
[INFO] [stderr]    Compiling generic-array v0.14.7
[INFO] [stderr]    Compiling zerocopy v0.8.47
[INFO] [stderr]    Compiling getrandom v0.2.17
[INFO] [stderr]    Compiling hashbrown v0.16.1
[INFO] [stderr]    Compiling uuid v1.23.3
[INFO] [stderr]    Compiling parking_lot_core v0.9.12
[INFO] [stderr]    Compiling dashmap v6.1.0
[INFO] [stderr]    Compiling parking_lot v0.12.5
[INFO] [stderr]    Compiling block-buffer v0.10.4
[INFO] [stderr]    Compiling crypto-common v0.1.7
[INFO] [stderr]    Compiling digest v0.10.7
[INFO] [stderr]    Compiling hmac v0.12.1
[INFO] [stderr]    Compiling sha2 v0.10.9
[INFO] [stderr]    Compiling serde_derive v1.0.228
[INFO] [stderr]    Compiling tracing-attributes v0.1.31
[INFO] [stderr]    Compiling zeroize_derive v1.4.3
[INFO] [stderr]    Compiling zeroize v1.8.2
[INFO] [stderr]    Compiling ahash v0.8.12
[INFO] [stderr]    Compiling tracing v0.1.44
[INFO] [stderr]    Compiling robotrt-concurrency-core v0.1.0-r1
[INFO] [stderr]    Compiling quick_cache v0.6.22
[INFO] [stderr]    Compiling serde v1.0.228
[INFO] [stderr]    Compiling robotrt-core-types v0.1.0-r1
[INFO] [stderr]    Compiling robotrt-data-model v0.1.0-r1
[INFO] [stderr]    Compiling robotrt-security-core v0.1.0-r1
[INFO] [stderr]    Compiling robotrt-transport-core v0.1.0-r1
[INFO] [stderr]    Compiling robotrt-service-core v0.1.0-r1
[INFO] [stderr]    Compiling robotrt-mission-core v0.1.0-r1
[INFO] [stderr]    Compiling robotrt-action-core v0.1.0-r1
[INFO] [stderr]    Compiling robotrt-middleware-core v0.1.0-r1
[INFO] [stderr]    Compiling robotrt-discovery-providers v0.1.0-r1 (/opt/rustwide/workdir)
[INFO] [stderr]     Finished `release` profile [optimized] target(s) in 53.05s
[INFO] running `Command { std: "docker" "inspect" "a7d7316556592068ceee9e4508a0f021233babdff6eff2cab570ce1bc3e92bb2", kill_on_drop: false }`
[INFO] running `Command { std: "docker" "exec" "-e" "SOURCE_DIR=/opt/rustwide/workdir" "-e" "CARGO_HOME=/opt/rustwide/cargo-home" "-e" "RUSTUP_HOME=/opt/rustwide/rustup-home" "-e" "CARGO_TARGET_DIR=/opt/rustwide/target" "-e" "CARGO_INCREMENTAL=0" "-e" "RUST_BACKTRACE=full" "-e" "RUSTFLAGS=--cap-lints=warn" "-e" "RUSTDOCFLAGS=--cap-lints=warn" "-w" "/opt/rustwide/workdir" "--user" "0:0" "a7d7316556592068ceee9e4508a0f021233babdff6eff2cab570ce1bc3e92bb2" "/opt/rustwide/cargo-home/bin/cargo" "+1.100.0-beta.1" "test" "--frozen" "--no-run" "--message-format=json" "--release", kill_on_drop: false }`
[INFO] [stderr]    Compiling robotrt-discovery-providers v0.1.0-r1 (/opt/rustwide/workdir)
[INFO] [stderr]     Finished `release` profile [optimized] target(s) in 4.78s
[INFO] running `Command { std: "docker" "inspect" "a7d7316556592068ceee9e4508a0f021233babdff6eff2cab570ce1bc3e92bb2", kill_on_drop: false }`
[INFO] running `Command { std: "docker" "exec" "-e" "SOURCE_DIR=/opt/rustwide/workdir" "-e" "CARGO_HOME=/opt/rustwide/cargo-home" "-e" "RUSTUP_HOME=/opt/rustwide/rustup-home" "-e" "CARGO_TARGET_DIR=/opt/rustwide/target" "-e" "CARGO_INCREMENTAL=0" "-e" "RUST_BACKTRACE=full" "-e" "RUSTFLAGS=--cap-lints=warn" "-e" "RUSTDOCFLAGS=--cap-lints=warn" "-w" "/opt/rustwide/workdir" "--user" "0:0" "a7d7316556592068ceee9e4508a0f021233babdff6eff2cab570ce1bc3e92bb2" "/opt/rustwide/cargo-home/bin/cargo" "+1.100.0-beta.1" "test" "--frozen" "--release", kill_on_drop: false }`
[INFO] [stderr]     Finished `release` profile [optimized] target(s) in 0.19s
[INFO] [stderr]      Running unittests src/lib.rs (/opt/rustwide/target/release/build/robotrt-discovery-providers/77a9087b18e97efc/out/discovery_providers-77a9087b18e97efc)
[INFO] [stdout] 
[INFO] [stdout] running 7 tests
[INFO] [stdout] test auth::tests::old_sequence_outside_window_rejected ... ok
[INFO] [stdout] test auth::tests::wrong_secret_rejected ... ok
[INFO] [stdout] test auth::tests::replay_within_window_rejected ... ok
[INFO] [stdout] test auth::tests::secret_length_enforced ... ok
[INFO] [stdout] test auth::tests::unsupported_version_rejected ... ok
[INFO] [stdout] test auth::tests::signed_packet_roundtrip ... ok
[INFO] [stdout] test auth::tests::tampered_payload_rejected ... ok
[INFO] [stdout] 
[INFO] [stdout] test result: ok. 7 passed; 0 failed; 0 ignored; 0 measured; 0 filtered out; finished in 0.01s
[INFO] [stdout] 
[INFO] [stderr]      Running tests/config_sync_conformance.rs (/opt/rustwide/target/release/build/robotrt-discovery-providers/e571f9ec92da65e3/out/config_sync_conformance-e571f9ec92da65e3)
[INFO] [stdout] 
[INFO] [stdout] running 9 tests
[INFO] [stdout] test e2e_distributed_config_sync_with_in_memory_provider ... ok
[INFO] [stdout] test in_memory_provider_returns_published_config ... ok
[INFO] [stdout] test first_versioned_config_is_applied ... ok
[INFO] [stdout] test stale_config_is_rejected ... ok
[INFO] [stdout] test multiple_provider_clones_see_same_update ... ok
[INFO] [stdout] test newer_config_replaces_older_config ... ok
[INFO] [stdout] test in_memory_publisher_retract_clears_config ... ok
[INFO] [stdout] test duplicate_sequence_is_rejected ... ok
[INFO] [stdout] test in_memory_provider_returns_none_before_publish ... ok
[INFO] [stdout] 
[INFO] [stdout] test result: ok. 9 passed; 0 failed; 0 ignored; 0 measured; 0 filtered out; finished in 0.01s
[INFO] [stdout] 
[INFO] [stdout] 
[INFO] [stderr]      Running tests/discovery_signed_packet_conformance.rs (/opt/rustwide/target/release/build/robotrt-discovery-providers/47fff0a1652467ec/out/discovery_signed_packet_conformance-47fff0a1652467ec)
[INFO] [stdout] running 3 tests
[INFO] [stdout] test replay_of_captured_packet_is_rejected ... ok
[INFO] [stdout] test signed_packet_rejected_with_mismatched_key ... ok
[INFO] [stdout] test signed_packet_accepted_with_matching_key ... FAILED
[INFO] [stderr] error: test failed, to rerun pass `--test discovery_signed_packet_conformance`
[INFO] [stdout] 
[INFO] [stdout] failures:
[INFO] [stdout] 
[INFO] [stdout] ---- signed_packet_accepted_with_matching_key stdout ----
[INFO] [stdout] 
[INFO] [stdout] thread 'signed_packet_accepted_with_matching_key' (726) panicked at tests/discovery_signed_packet_conformance.rs:68:5:
[INFO] [stdout] signed packet with matching key should be accepted
[INFO] [stdout] stack backtrace:
[INFO] [stdout]    0:     0x62605a14c891 - <<std[617be2ca0a6fd877]::sys::backtrace::BacktraceLock>::print::DisplayBacktrace as core[a373ad73a504971]::fmt::Display>::fmt
[INFO] [stdout]    1:     0x62605a161dba - core[a373ad73a504971]::fmt::write
[INFO] [stdout]    2:     0x62605a150dcc - <alloc[2e1b2a31b91974c5]::vec::Vec<u8> as core[a373ad73a504971]::io::write::Write>::write_fmt
[INFO] [stdout]    3:     0x62605a127fd6 - std[617be2ca0a6fd877]::panicking::default_hook::{closure#0}
[INFO] [stdout]    4:     0x62605a144809 - std[617be2ca0a6fd877]::panicking::default_hook
[INFO] [stdout]    5:     0x62605a0c38f0 - test[aada8e7e76ba119b]::test_main_inner::{closure#0}
[INFO] [stdout]    6:     0x62605a1449c2 - std[617be2ca0a6fd877]::panicking::panic_with_hook
[INFO] [stdout]    7:     0x62605a1280b4 - std[617be2ca0a6fd877]::panicking::panic_handler::{closure#0}
[INFO] [stdout]    8:     0x62605a120ce9 - std[617be2ca0a6fd877]::sys::backtrace::__rust_end_short_backtrace::<std[617be2ca0a6fd877]::panicking::panic_handler::{closure#0}, !>
[INFO] [stdout]    9:     0x62605a128e7d - __rustc[ea4f61d10b84890b]::rust_begin_unwind
[INFO] [stdout]   10:     0x62605a16251c - core[a373ad73a504971]::panicking::panic_fmt
[INFO] [stdout]   11:     0x62605a0b660e - <discovery_signed_packet_conformance[db0cac63ccb1ecec]::signed_packet_accepted_with_matching_key::{closure#0} as core[a373ad73a504971]::ops::function::FnOnce<()>>::call_once
[INFO] [stdout]   12:     0x62605a0b6d3b - test[aada8e7e76ba119b]::__rust_begin_short_backtrace::<core[a373ad73a504971]::result::Result<(), alloc[2e1b2a31b91974c5]::string::String>, fn() -> core[a373ad73a504971]::result::Result<(), alloc[2e1b2a31b91974c5]::string::String>>
[INFO] [stdout]   13:     0x62605a0c3f15 - test[aada8e7e76ba119b]::run_test::{closure#0}
[INFO] [stdout]   14:     0x62605a0bd804 - std[617be2ca0a6fd877]::sys::backtrace::__rust_begin_short_backtrace::<test[aada8e7e76ba119b]::run_test::{closure#1}, ()>
[INFO] [stdout]   15:     0x62605a0c6fa2 - <std[617be2ca0a6fd877]::thread::lifecycle::spawn_unchecked<test[aada8e7e76ba119b]::run_test::{closure#1}, ()>::{closure#1} as core[a373ad73a504971]::ops::function::FnOnce<()>>::call_once::{shim:vtable#0}
[INFO] [stdout]   16:     0x62605a14bbdf - <std[617be2ca0a6fd877]::sys::thread::unix::Thread>::new::thread_start
[INFO] [stdout]   17:     0x7acfd54a1dfa - <unknown>
[INFO] [stdout]   18:     0x7acfd55353d4 - clone
[INFO] [stdout]   19:                0x0 - <unknown>
[INFO] [stdout] 
[INFO] [stdout] 
[INFO] [stdout] failures:
[INFO] [stdout]     signed_packet_accepted_with_matching_key
[INFO] [stdout] 
[INFO] [stdout] test result: FAILED. 2 passed; 1 failed; 0 ignored; 0 measured; 0 filtered out; finished in 3.01s
[INFO] [stdout] 
[INFO] running `Command { std: "docker" "inspect" "a7d7316556592068ceee9e4508a0f021233babdff6eff2cab570ce1bc3e92bb2", kill_on_drop: false }`
[INFO] running `Command { std: "docker" "rm" "-f" "a7d7316556592068ceee9e4508a0f021233babdff6eff2cab570ce1bc3e92bb2", kill_on_drop: false }`
[INFO] [stdout] a7d7316556592068ceee9e4508a0f021233babdff6eff2cab570ce1bc3e92bb2
