[INFO] fetching crate robohash 0.2.3...
[INFO] testing robohash-0.2.3 against 1.99.0-beta.8+cargoflags=--release for beta-release-1.100-2
[INFO] extracting crate robohash 0.2.3 into /workspace/builds/worker-0-tc1/source
[INFO] started tweaking crates.io crate robohash 0.2.3
[INFO] finished tweaking crates.io crate robohash 0.2.3
[INFO] tweaked toml for crates.io crate robohash 0.2.3 written to /workspace/builds/worker-0-tc1/source/Cargo.toml
[INFO] validating manifest of crates.io crate robohash 0.2.3 on toolchain 1.99.0-beta.8
[INFO] running `Command { std: CARGO_HOME="/workspace/cargo-home" RUSTUP_HOME="/workspace/rustup-home" "/workspace/cargo-home/bin/cargo" "+1.99.0-beta.8" "metadata" "--manifest-path" "Cargo.toml" "--no-deps", kill_on_drop: false }`
[INFO] running `Command { std: CARGO_HOME="/workspace/cargo-home" RUSTUP_HOME="/workspace/rustup-home" "/workspace/cargo-home/bin/cargo" "+1.99.0-beta.8" "generate-lockfile" "--manifest-path" "Cargo.toml", kill_on_drop: false }`
[INFO] [stderr]     Updating crates.io index
[INFO] [stderr]      Locking 112 packages to highest compatible versions
[INFO] [stderr]       Adding base64 v0.13.1 (available: v0.23.1)
[INFO] [stderr]       Adding image v0.24.9 (available: v0.25.10)
[INFO] [stderr]       Adding imageproc v0.23.1 (available: v0.27.0)
[INFO] [stderr]       Adding strum v0.24.1 (available: v0.28.0)
[INFO] [stderr]       Adding strum_macros v0.24.3 (available: v0.28.0)
[INFO] [stderr]       Adding thiserror v1.0.69 (available: v2.0.21)
[INFO] running `Command { std: CARGO_HOME="/workspace/cargo-home" RUSTUP_HOME="/workspace/rustup-home" "/workspace/cargo-home/bin/cargo" "+1.99.0-beta.8" "fetch" "--manifest-path" "Cargo.toml", kill_on_drop: false }`
[INFO] [stderr]  Downloading crates ...
[INFO] [stderr]   Downloaded conv v0.3.3
[INFO] [stderr]   Downloaded simba v0.7.3
[INFO] [stderr]   Downloaded rand_distr v0.2.2
[INFO] [stderr]   Downloaded nalgebra v0.30.1
[INFO] [stderr]   Downloaded imageproc v0.23.1
[INFO] running `Command { std: "docker" "create" "-v" "/var/lib/crater-agent-workspace/builds/worker-0-tc1/source:/opt/rustwide/workdir:ro,Z" "-v" "/var/lib/crater-agent-workspace/builds/worker-0-tc1/target:/opt/rustwide/target:rw,Z" "-v" "/var/lib/crater-agent-workspace/cargo-home:/opt/rustwide/cargo-home:ro,Z" "-v" "/var/lib/crater-agent-workspace/rustup-home:/opt/rustwide/rustup-home:ro,Z" "-m" "1610612736" "--network" "none" "ghcr.io/rust-lang/crates-build-env/linux@sha256:77db811e55d90add9212f6832c23229e3de5f1c1f9905e8cb07319ea15df73ac" "sleep" "infinity", kill_on_drop: false }`
[INFO] [stdout] 0e07e3972aecd0fb95f0bb1a4127b3a81b1e3a54a2b821f113d4611fe0c92716
[INFO] running `Command { std: "docker" "start" "0e07e3972aecd0fb95f0bb1a4127b3a81b1e3a54a2b821f113d4611fe0c92716", kill_on_drop: false }`
[INFO] running `Command { std: "docker" "inspect" "0e07e3972aecd0fb95f0bb1a4127b3a81b1e3a54a2b821f113d4611fe0c92716", kill_on_drop: false }`
[INFO] running `Command { std: "docker" "exec" "-e" "SOURCE_DIR=/opt/rustwide/workdir" "-e" "CARGO_HOME=/opt/rustwide/cargo-home" "-e" "RUSTUP_HOME=/opt/rustwide/rustup-home" "-e" "CARGO_TARGET_DIR=/opt/rustwide/target" "-w" "/opt/rustwide/workdir" "--user" "0:0" "0e07e3972aecd0fb95f0bb1a4127b3a81b1e3a54a2b821f113d4611fe0c92716" "/opt/rustwide/cargo-home/bin/cargo" "+1.99.0-beta.8" "metadata" "--no-deps" "--format-version=1", kill_on_drop: false }`
[INFO] running `Command { std: "docker" "inspect" "0e07e3972aecd0fb95f0bb1a4127b3a81b1e3a54a2b821f113d4611fe0c92716", kill_on_drop: false }`
[INFO] running `Command { std: "docker" "exec" "-e" "SOURCE_DIR=/opt/rustwide/workdir" "-e" "CARGO_HOME=/opt/rustwide/cargo-home" "-e" "RUSTUP_HOME=/opt/rustwide/rustup-home" "-e" "CARGO_TARGET_DIR=/opt/rustwide/target" "-e" "CARGO_INCREMENTAL=0" "-e" "RUST_BACKTRACE=full" "-e" "RUSTFLAGS=--cap-lints=warn" "-e" "RUSTDOCFLAGS=--cap-lints=warn" "-w" "/opt/rustwide/workdir" "--user" "0:0" "0e07e3972aecd0fb95f0bb1a4127b3a81b1e3a54a2b821f113d4611fe0c92716" "/opt/rustwide/cargo-home/bin/cargo" "+1.99.0-beta.8" "build" "--frozen" "--message-format=json" "--release", kill_on_drop: false }`
[INFO] [stderr]    Compiling num-complex v0.4.6
[INFO] [stderr]    Compiling libm v0.2.16
[INFO] [stderr]    Compiling safe_arch v0.7.4
[INFO] [stderr]    Compiling matrixmultiply v0.3.11
[INFO] [stderr]    Compiling pulp v0.22.3
[INFO] [stderr]    Compiling num-bigint v0.4.8
[INFO] [stderr]    Compiling raw-cpuid v11.6.0
[INFO] [stderr]    Compiling pulp-wasm-simd-flag v0.1.1
[INFO] [stderr]    Compiling reborrow v0.5.5
[INFO] [stderr]    Compiling half v2.7.1
[INFO] [stderr]    Compiling jpeg-decoder v0.3.2
[INFO] [stderr]    Compiling zune-inflate v0.2.54
[INFO] [stderr]    Compiling approx v0.5.1
[INFO] [stderr]    Compiling rand_chacha v0.2.2
[INFO] [stderr]    Compiling bit_field v0.10.3
[INFO] [stderr]    Compiling lebe v0.5.3
[INFO] [stderr]    Compiling syn v1.0.109
[INFO] [stderr]    Compiling png v0.17.16
[INFO] [stderr]    Compiling gif v0.13.3
[INFO] [stderr]    Compiling num-iter v0.1.46
[INFO] [stderr]    Compiling qoi v0.4.1
[INFO] [stderr]    Compiling custom_derive v0.1.7
[INFO] [stderr]    Compiling rand v0.7.3
[INFO] [stderr]    Compiling conv v0.3.3
[INFO] [stderr]    Compiling getrandom v0.2.17
[INFO] [stderr]    Compiling data-encoding v2.11.1
[INFO] [stderr]    Compiling wide v0.7.33
[INFO] [stderr]    Compiling ring v0.17.14
[INFO] [stderr]    Compiling strum v0.24.1
[INFO] [stderr]    Compiling tiff v0.9.1
[INFO] [stderr]    Compiling rand_distr v0.2.2
[INFO] [stderr]    Compiling num-rational v0.4.2
[INFO] [stderr]    Compiling num v0.4.3
[INFO] [stderr]    Compiling strum_macros v0.24.3
[INFO] [stderr]    Compiling simba v0.7.3
[INFO] [stderr]    Compiling exr v1.74.2
[INFO] [stderr]    Compiling nalgebra v0.30.1
[INFO] [stderr]    Compiling image v0.24.9
[INFO] [stderr]    Compiling imageproc v0.23.1
[INFO] [stderr]    Compiling robohash v0.2.3 (/opt/rustwide/workdir)
[INFO] [stderr]     Finished `release` profile [optimized] target(s) in 1m 17s
[INFO] running `Command { std: "docker" "inspect" "0e07e3972aecd0fb95f0bb1a4127b3a81b1e3a54a2b821f113d4611fe0c92716", kill_on_drop: false }`
[INFO] running `Command { std: "docker" "exec" "-e" "SOURCE_DIR=/opt/rustwide/workdir" "-e" "CARGO_HOME=/opt/rustwide/cargo-home" "-e" "RUSTUP_HOME=/opt/rustwide/rustup-home" "-e" "CARGO_TARGET_DIR=/opt/rustwide/target" "-e" "CARGO_INCREMENTAL=0" "-e" "RUST_BACKTRACE=full" "-e" "RUSTFLAGS=--cap-lints=warn" "-e" "RUSTDOCFLAGS=--cap-lints=warn" "-w" "/opt/rustwide/workdir" "--user" "0:0" "0e07e3972aecd0fb95f0bb1a4127b3a81b1e3a54a2b821f113d4611fe0c92716" "/opt/rustwide/cargo-home/bin/cargo" "+1.99.0-beta.8" "test" "--frozen" "--no-run" "--message-format=json" "--release", kill_on_drop: false }`
[INFO] [stderr]    Compiling robohash v0.2.3 (/opt/rustwide/workdir)
[INFO] [stdout] warning: call to `.clone()` on a reference in this situation does nothing
[INFO] [stdout]    --> src/lib.rs:420:22
[INFO] [stdout]     |
[INFO] [stdout] 420 |         let set = set.clone();
[INFO] [stdout]     |                      ^^^^^^^^ help: remove this redundant call
[INFO] [stdout]     |
[INFO] [stdout]     = note: the type `str` does not implement `Clone`, so calling `clone` on `&str` copies the reference, which does not do anything and can be removed
[INFO] [stdout]     = note: `#[warn(noop_method_call)]` on by default
[INFO] [stdout] 
[INFO] [stdout] 
[INFO] [stdout] warning: call to `.clone()` on a reference in this situation does nothing
[INFO] [stdout]    --> src/lib.rs:426:26
[INFO] [stdout]     |
[INFO] [stdout] 426 |             .with_set(set.clone())
[INFO] [stdout]     |                          ^^^^^^^^ help: remove this redundant call
[INFO] [stdout]     |
[INFO] [stdout]     = note: the type `str` does not implement `Clone`, so calling `clone` on `&str` copies the reference, which does not do anything and can be removed
[INFO] [stdout] 
[INFO] [stdout] 
[INFO] [stderr]     Finished `release` profile [optimized] target(s) in 8.97s
[INFO] running `Command { std: "docker" "inspect" "0e07e3972aecd0fb95f0bb1a4127b3a81b1e3a54a2b821f113d4611fe0c92716", kill_on_drop: false }`
[INFO] running `Command { std: "docker" "exec" "-e" "SOURCE_DIR=/opt/rustwide/workdir" "-e" "CARGO_HOME=/opt/rustwide/cargo-home" "-e" "RUSTUP_HOME=/opt/rustwide/rustup-home" "-e" "CARGO_TARGET_DIR=/opt/rustwide/target" "-e" "CARGO_INCREMENTAL=0" "-e" "RUST_BACKTRACE=full" "-e" "RUSTFLAGS=--cap-lints=warn" "-e" "RUSTDOCFLAGS=--cap-lints=warn" "-w" "/opt/rustwide/workdir" "--user" "0:0" "0e07e3972aecd0fb95f0bb1a4127b3a81b1e3a54a2b821f113d4611fe0c92716" "/opt/rustwide/cargo-home/bin/cargo" "+1.99.0-beta.8" "test" "--frozen" "--release", kill_on_drop: false }`
[INFO] [stderr] warning: call to `.clone()` on a reference in this situation does nothing
[INFO] [stderr]    --> src/lib.rs:420:22
[INFO] [stderr]     |
[INFO] [stderr] 420 |         let set = set.clone();
[INFO] [stderr]     |                      ^^^^^^^^ help: remove this redundant call
[INFO] [stderr]     |
[INFO] [stderr]     = note: the type `str` does not implement `Clone`, so calling `clone` on `&str` copies the reference, which does not do anything and can be removed
[INFO] [stderr]     = note: `#[warn(noop_method_call)]` on by default
[INFO] [stderr] 
[INFO] [stderr] warning: call to `.clone()` on a reference in this situation does nothing
[INFO] [stderr]    --> src/lib.rs:426:26
[INFO] [stderr]     |
[INFO] [stderr] 426 |             .with_set(set.clone())
[INFO] [stderr]     |                          ^^^^^^^^ help: remove this redundant call
[INFO] [stderr]     |
[INFO] [stderr]     = note: the type `str` does not implement `Clone`, so calling `clone` on `&str` copies the reference, which does not do anything and can be removed
[INFO] [stderr] 
[INFO] [stderr] warning: `robohash` (lib test) generated 2 warnings (run `cargo fix --lib -p robohash --tests` to apply 2 suggestions)
[INFO] [stderr]     Finished `release` profile [optimized] target(s) in 0.11s
[INFO] [stderr]      Running unittests src/lib.rs (/opt/rustwide/target/release/deps/robohash-434543c5581e14cd)
[INFO] [stdout] 
[INFO] [stdout] running 15 tests
[INFO] [stdout] test tests::test_that_robo_hash_image_is_generated ... ignored
[INFO] [stdout] test tests::test_that_robo_hash_builder_with_colour_changes_sets_colour ... ok
[INFO] [stdout] test tests::test_robo_hash_assemble_base64_returns_missing_data_error_when_sets_root_does_not_contain_any_data ... ok
[INFO] [stdout] test tests::test_that_robo_hash_builder_returns_a_builder_with_colour_set_to_any ... ok
[INFO] [stdout] test image::tests::build_robo_hash_image_returns_built_image_of_parts ... FAILED
[INFO] [stdout] test image::tests::to_base64_converts_image_to_base64_string ... FAILED
[INFO] [stdout] test hash::tests::sha512_digest_returns_hash_of_provided_string ... ok
[INFO] [stdout] test tests::test_robo_hash_assemble_base64_returns_missing_data_error_when_robo_hash_does_not_contain_hash_array ... ok
[INFO] [stdout] test tests::test_that_robo_hash_builder_returns_a_builder ... ok
[INFO] [stdout] test tests::test_that_robo_hash_builder_with_set_root_changes_sets_new_set_root ... ok
[INFO] [stdout] test hash::tests::split_hash_returns_given_number_of_chunks_of_a_string ... ok
[INFO] [stdout] test tests::test_that_robo_hash_builder_with_set_changes_the_set ... ok
[INFO] [stdout] test tests::test_that_robo_hash_builder_returns_a_builder_with_default_set ... ok
[INFO] [stdout] test tests::test_that_robo_hash_builder_build_returns_a_robo_hash_struct ... FAILED
[INFO] [stdout] test tests::test_robo_hash_assemble_base64_returns_missing_data_error_when_set_does_not_contain_any_data ... ok
[INFO] [stdout] 
[INFO] [stdout] failures:
[INFO] [stdout] 
[INFO] [stdout] ---- image::tests::build_robo_hash_image_returns_built_image_of_parts stdout ----
[INFO] [stdout] 
[INFO] [stdout] thread 'image::tests::build_robo_hash_image_returns_built_image_of_parts' (944) panicked at src/image.rs:71:9:
[INFO] [stdout] assertion failed: robo_hash.is_ok()
[INFO] [stdout] stack backtrace:
[INFO] [stdout]    0:     0x5cfd28c7dae1 - <<std[70759c8f55707aa4]::sys::backtrace::BacktraceLock>::print::DisplayBacktrace as core[df12db4294e9bfd3]::fmt::Display>::fmt
[INFO] [stdout]    1:     0x5cfd28c949da - core[df12db4294e9bfd3]::fmt::write
[INFO] [stdout]    2:     0x5cfd28c8245c - <alloc[2182bb758b4b3781]::vec::Vec<u8> as core[df12db4294e9bfd3]::io::write::Write>::write_fmt
[INFO] [stdout]    3:     0x5cfd28c598b6 - std[70759c8f55707aa4]::panicking::default_hook::{closure#0}
[INFO] [stdout]    4:     0x5cfd28c75eb9 - std[70759c8f55707aa4]::panicking::default_hook
[INFO] [stdout]    5:     0x5cfd28aceab0 - test[9d35eded1c95d3be]::test_main_inner::<test[9d35eded1c95d3be]::test_main_static::{closure#0}>::{closure#0}
[INFO] [stdout]    6:     0x5cfd28c761e2 - std[70759c8f55707aa4]::panicking::panic_with_hook
[INFO] [stdout]    7:     0x5cfd28c59994 - std[70759c8f55707aa4]::panicking::panic_handler::{closure#0}
[INFO] [stdout]    8:     0x5cfd28c52619 - std[70759c8f55707aa4]::sys::backtrace::__rust_end_short_backtrace::<std[70759c8f55707aa4]::panicking::panic_handler::{closure#0}, !>
[INFO] [stdout]    9:     0x5cfd28c5a55d - __rustc[8fa7c3cbc660c2b3]::rust_begin_unwind
[INFO] [stdout]   10:     0x5cfd28c9510c - core[df12db4294e9bfd3]::panicking::panic_fmt
[INFO] [stdout]   11:     0x5cfd28c950d2 - core[df12db4294e9bfd3]::panicking::panic
[INFO] [stdout]   12:     0x5cfd28a7b40c - robohash[5ba56e67da022997]::image::tests::build_robo_hash_image_returns_built_image_of_parts
[INFO] [stdout]   13:     0x5cfd28a83f79 - <robohash[5ba56e67da022997]::image::tests::build_robo_hash_image_returns_built_image_of_parts::{closure#0} as core[df12db4294e9bfd3]::ops::function::FnOnce<()>>::call_once
[INFO] [stdout]   14:     0x5cfd28ac1d9b - test[9d35eded1c95d3be]::__rust_begin_short_backtrace::<core[df12db4294e9bfd3]::result::Result<(), alloc[2182bb758b4b3781]::string::String>, fn() -> core[df12db4294e9bfd3]::result::Result<(), alloc[2182bb758b4b3781]::string::String>>
[INFO] [stdout]   15:     0x5cfd28acf405 - test[9d35eded1c95d3be]::run_test::{closure#0}
[INFO] [stdout]   16:     0x5cfd28ac8cc4 - std[70759c8f55707aa4]::sys::backtrace::__rust_begin_short_backtrace::<test[9d35eded1c95d3be]::run_test::{closure#1}, ()>
[INFO] [stdout]   17:     0x5cfd28ad2562 - <std[70759c8f55707aa4]::thread::lifecycle::spawn_unchecked<test[9d35eded1c95d3be]::run_test::{closure#1}, ()>::{closure#1} as core[df12db4294e9bfd3]::ops::function::FnOnce<()>>::call_once::{shim:vtable#0}
[INFO] [stdout]   18:     0x5cfd28c7d3a9 - <std[70759c8f55707aa4]::sys::thread::unix::Thread>::new::thread_start
[INFO] [stdout]   19:     0x7fad469d0dfa - <unknown>
[INFO] [stdout]   20:     0x7fad46a643d4 - clone
[INFO] [stdout]   21:                0x0 - <unknown>
[INFO] [stdout] 
[INFO] [stdout] ---- image::tests::to_base64_converts_image_to_base64_string stdout ----
[INFO] [stdout] 
[INFO] [stdout] thread 'image::tests::to_base64_converts_image_to_base64_string' (945) panicked at src/image.rs:96:51:
[INFO] [stdout] called `Result::unwrap()` on an `Err` value: Os { code: 2, kind: NotFound, message: "No such file or directory" }
[INFO] [stdout] stack backtrace:
[INFO] [stdout]    0:     0x5cfd28c7dae1 - <<std[70759c8f55707aa4]::sys::backtrace::BacktraceLock>::print::DisplayBacktrace as core[df12db4294e9bfd3]::fmt::Display>::fmt
[INFO] [stdout]    1:     0x5cfd28c949da - core[df12db4294e9bfd3]::fmt::write
[INFO] [stdout]    2:     0x5cfd28c8245c - <alloc[2182bb758b4b3781]::vec::Vec<u8> as core[df12db4294e9bfd3]::io::write::Write>::write_fmt
[INFO] [stdout]    3:     0x5cfd28c598b6 - std[70759c8f55707aa4]::panicking::default_hook::{closure#0}
[INFO] [stdout]    4:     0x5cfd28c75eb9 - std[70759c8f55707aa4]::panicking::default_hook
[INFO] [stdout]    5:     0x5cfd28aceab0 - test[9d35eded1c95d3be]::test_main_inner::<test[9d35eded1c95d3be]::test_main_static::{closure#0}>::{closure#0}
[INFO] [stdout]    6:     0x5cfd28c761e2 - std[70759c8f55707aa4]::panicking::panic_with_hook
[INFO] [stdout]    7:     0x5cfd28c59962 - std[70759c8f55707aa4]::panicking::panic_handler::{closure#0}
[INFO] [stdout]    8:     0x5cfd28c52619 - std[70759c8f55707aa4]::sys::backtrace::__rust_end_short_backtrace::<std[70759c8f55707aa4]::panicking::panic_handler::{closure#0}, !>
[INFO] [stdout]    9:     0x5cfd28c5a55d - __rustc[8fa7c3cbc660c2b3]::rust_begin_unwind
[INFO] [stdout]   10:     0x5cfd28c9510c - core[df12db4294e9bfd3]::panicking::panic_fmt
[INFO] [stdout]   11:     0x5cfd28c94ee2 - core[df12db4294e9bfd3]::result::unwrap_failed
[INFO] [stdout]   12:     0x5cfd28a7aa7b - robohash[5ba56e67da022997]::image::tests::load_base64_string_image_resources
[INFO] [stdout]   13:     0x5cfd28a7ad49 - robohash[5ba56e67da022997]::image::tests::to_base64_converts_image_to_base64_string
[INFO] [stdout]   14:     0x5cfd28a83f59 - <robohash[5ba56e67da022997]::image::tests::to_base64_converts_image_to_base64_string::{closure#0} as core[df12db4294e9bfd3]::ops::function::FnOnce<()>>::call_once
[INFO] [stdout]   15:     0x5cfd28ac1d9b - test[9d35eded1c95d3be]::__rust_begin_short_backtrace::<core[df12db4294e9bfd3]::result::Result<(), alloc[2182bb758b4b3781]::string::String>, fn() -> core[df12db4294e9bfd3]::result::Result<(), alloc[2182bb758b4b3781]::string::String>>
[INFO] [stdout]   16:     0x5cfd28acf405 - test[9d35eded1c95d3be]::run_test::{closure#0}
[INFO] [stdout]   17:     0x5cfd28ac8cc4 - std[70759c8f55707aa4]::sys::backtrace::__rust_begin_short_backtrace::<test[9d35eded1c95d3be]::run_test::{closure#1}, ()>
[INFO] [stdout]   18:     0x5cfd28ad2562 - <std[70759c8f55707aa4]::thread::lifecycle::spawn_unchecked<test[9d35eded1c95d3be]::run_test::{closure#1}, ()>::{closure#1} as core[df12db4294e9bfd3]::ops::function::FnOnce<()>>::call_once::{shim:vtable#0}
[INFO] [stdout]   19:     0x5cfd28c7d3a9 - <std[70759c8f55707aa4]::sys::thread::unix::Thread>::new::thread_start
[INFO] [stdout]   20:     0x7fad469d0dfa - <unknown>
[INFO] [stdout]   21:     0x7fad46a643d4 - clone
[INFO] [stdout]   22:                0x0 - <unknown>
[INFO] [stdout] 
[INFO] [stdout] ---- tests::test_that_robo_hash_builder_build_returns_a_robo_hash_struct stdout ----
[INFO] [stdout] 
[INFO] [stdout] thread 'tests::test_that_robo_hash_builder_build_returns_a_robo_hash_struct' (949) panicked at src/lib.rs:329:9:
[INFO] [stdout] assertion failed: robo_hash.is_ok()
[INFO] [stdout] stack backtrace:
[INFO] [stdout]    0:     0x5cfd28c7dae1 - <<std[70759c8f55707aa4]::sys::backtrace::BacktraceLock>::print::DisplayBacktrace as core[df12db4294e9bfd3]::fmt::Display>::fmt
[INFO] [stdout]    1:     0x5cfd28c949da - core[df12db4294e9bfd3]::fmt::write
[INFO] [stdout]    2:     0x5cfd28c8245c - <alloc[2182bb758b4b3781]::vec::Vec<u8> as core[df12db4294e9bfd3]::io::write::Write>::write_fmt
[INFO] [stdout]    3:     0x5cfd28c598b6 - std[70759c8f55707aa4]::panicking::default_hook::{closure#0}
[INFO] [stdout]    4:     0x5cfd28c75eb9 - std[70759c8f55707aa4]::panicking::default_hook
[INFO] [stdout]    5:     0x5cfd28aceab0 - test[9d35eded1c95d3be]::test_main_inner::<test[9d35eded1c95d3be]::test_main_static::{closure#0}>::{closure#0}
[INFO] [stdout]    6:     0x5cfd28c761e2 - std[70759c8f55707aa4]::panicking::panic_with_hook
[INFO] [stdout]    7:     0x5cfd28c59994 - std[70759c8f55707aa4]::panicking::panic_handler::{closure#0}
[INFO] [stdout]    8:     0x5cfd28c52619 - std[70759c8f55707aa4]::sys::backtrace::__rust_end_short_backtrace::<std[70759c8f55707aa4]::panicking::panic_handler::{closure#0}, !>
[INFO] [stdout]    9:     0x5cfd28c5a55d - __rustc[8fa7c3cbc660c2b3]::rust_begin_unwind
[INFO] [stdout]   10:     0x5cfd28c9510c - core[df12db4294e9bfd3]::panicking::panic_fmt
[INFO] [stdout]   11:     0x5cfd28c950d2 - core[df12db4294e9bfd3]::panicking::panic
[INFO] [stdout]   12:     0x5cfd28aa307a - robohash[5ba56e67da022997]::tests::test_that_robo_hash_builder_build_returns_a_robo_hash_struct
[INFO] [stdout]   13:     0x5cfd28a83de9 - <robohash[5ba56e67da022997]::tests::test_that_robo_hash_builder_build_returns_a_robo_hash_struct::{closure#0} as core[df12db4294e9bfd3]::ops::function::FnOnce<()>>::call_once
[INFO] [stdout]   14:     0x5cfd28ac1d9b - test[9d35eded1c95d3be]::__rust_begin_short_backtrace::<core[df12db4294e9bfd3]::result::Result<(), alloc[2182bb758b4b3781]::string::String>, fn() -> core[df12db4294e9bfd3]::result::Result<(), alloc[2182bb758b4b3781]::string::String>>
[INFO] [stdout]   15:     0x5cfd28acf405 - test[9d35eded1c95d3be]::run_test::{closure#0}
[INFO] [stdout]   16:     0x5cfd28ac8cc4 - std[70759c8f55707aa4]::sys::backtrace::__rust_begin_short_backtrace::<test[9d35eded1c95d3be]::run_test::{closure#1}, ()>
[INFO] [stdout]   17:     0x5cfd28ad2562 - <std[70759c8f55707aa4]::thread::lifecycle::spawn_unchecked<test[9d35eded1c95d3be]::run_test::{closure#1}, ()>::{closure#1} as core[df12db4294e9bfd3]::ops::function::FnOnce<()>>::call_once::{shim:vtable#0}
[INFO] [stdout]   18:     0x5cfd28c7d3a9 - <std[70759c8f55707aa4]::sys::thread::unix::Thread>::new::thread_start
[INFO] [stdout]   19:     0x7fad469d0dfa - <unknown>
[INFO] [stdout]   20:     0x7fad46a643d4 - clone
[INFO] [stdout]   21:                0x0 - <unknown>
[INFO] [stdout] 
[INFO] [stdout] 
[INFO] [stdout] failures:
[INFO] [stdout]     image::tests::build_robo_hash_image_returns_built_image_of_parts
[INFO] [stdout]     image::tests::to_base64_converts_image_to_base64_string
[INFO] [stdout]     tests::test_that_robo_hash_builder_build_returns_a_robo_hash_struct
[INFO] [stdout] 
[INFO] [stdout] test result: FAILED. 11 passed; 3 failed; 1 ignored; 0 measured; 0 filtered out; finished in 0.01s
[INFO] [stdout] 
[INFO] [stderr] error: test failed, to rerun pass `--lib`
[INFO] running `Command { std: "docker" "inspect" "0e07e3972aecd0fb95f0bb1a4127b3a81b1e3a54a2b821f113d4611fe0c92716", kill_on_drop: false }`
[INFO] running `Command { std: "docker" "rm" "-f" "0e07e3972aecd0fb95f0bb1a4127b3a81b1e3a54a2b821f113d4611fe0c92716", kill_on_drop: false }`
[INFO] [stdout] 0e07e3972aecd0fb95f0bb1a4127b3a81b1e3a54a2b821f113d4611fe0c92716
