[INFO] fetching crate robin 0.3.0...
[INFO] testing robin-0.3.0 against 1.99.0-beta.8+cargoflags=--release for beta-release-1.100-2
[INFO] extracting crate robin 0.3.0 into /workspace/builds/worker-5-tc1/source
[INFO] started tweaking crates.io crate robin 0.3.0
[INFO] removed 0 missing examples
[INFO] finished tweaking crates.io crate robin 0.3.0
[INFO] tweaked toml for crates.io crate robin 0.3.0 written to /workspace/builds/worker-5-tc1/source/Cargo.toml
[INFO] validating manifest of crates.io crate robin 0.3.0 on toolchain 1.99.0-beta.8
[INFO] running `Command { std: CARGO_HOME="/workspace/cargo-home" RUSTUP_HOME="/workspace/rustup-home" "/workspace/cargo-home/bin/cargo" "+1.99.0-beta.8" "metadata" "--manifest-path" "Cargo.toml" "--no-deps", kill_on_drop: false }`
[INFO] running `Command { std: CARGO_HOME="/workspace/cargo-home" RUSTUP_HOME="/workspace/rustup-home" "/workspace/cargo-home/bin/cargo" "+1.99.0-beta.8" "generate-lockfile" "--manifest-path" "Cargo.toml", kill_on_drop: false }`
[INFO] [stderr]     Updating crates.io index
[INFO] [stderr]      Locking 52 packages to highest compatible versions
[INFO] [stderr]       Adding redis v0.8.0 (available: v1.7.1)
[INFO] [stderr]       Adding uuid v0.6.5 (available: v1.28.0)
[INFO] [stderr]       Adding version-sync v0.5.0 (available: v0.9.5)
[INFO] running `Command { std: CARGO_HOME="/workspace/cargo-home" RUSTUP_HOME="/workspace/rustup-home" "/workspace/cargo-home/bin/cargo" "+1.99.0-beta.8" "fetch" "--manifest-path" "Cargo.toml", kill_on_drop: false }`
[INFO] [stderr] warning: Cargo.toml: `package.edition` is unspecified, defaulting to `2015` while the latest is `2024`
[INFO] [stderr] warning: `robin` (manifest) generated 1 warning
[INFO] [stderr]  Downloading crates ...
[INFO] [stderr]   Downloaded bitflags v0.9.1
[INFO] [stderr]   Downloaded version-sync v0.5.0
[INFO] [stderr]   Downloaded typesafe-derive-builder v0.1.0
[INFO] [stderr]   Downloaded pulldown-cmark v0.1.2
[INFO] [stderr]   Downloaded quote v0.4.2
[INFO] [stderr]   Downloaded uuid v0.6.5
[INFO] [stderr]   Downloaded toml v0.4.10
[INFO] [stderr]   Downloaded robin-derives v0.3.0
[INFO] [stderr]   Downloaded sha1 v0.2.0
[INFO] [stderr]   Downloaded proc-macro2 v0.2.3
[INFO] [stderr]   Downloaded redis v0.8.0
[INFO] [stderr]   Downloaded syn v0.12.15
[INFO] running `Command { std: "docker" "create" "-v" "/var/lib/crater-agent-workspace/builds/worker-5-tc1/source:/opt/rustwide/workdir:ro,Z" "-v" "/var/lib/crater-agent-workspace/builds/worker-5-tc1/target:/opt/rustwide/target:rw,Z" "-v" "/var/lib/crater-agent-workspace/cargo-home:/opt/rustwide/cargo-home:ro,Z" "-v" "/var/lib/crater-agent-workspace/rustup-home:/opt/rustwide/rustup-home:ro,Z" "-m" "1610612736" "--network" "none" "ghcr.io/rust-lang/crates-build-env/linux@sha256:77db811e55d90add9212f6832c23229e3de5f1c1f9905e8cb07319ea15df73ac" "sleep" "infinity", kill_on_drop: false }`
[INFO] [stdout] ef5f499d72b2cbe0e4096a30a6c8ee9ddc2452a0f44e7e389455b0ce05638528
[INFO] running `Command { std: "docker" "start" "ef5f499d72b2cbe0e4096a30a6c8ee9ddc2452a0f44e7e389455b0ce05638528", kill_on_drop: false }`
[INFO] running `Command { std: "docker" "inspect" "ef5f499d72b2cbe0e4096a30a6c8ee9ddc2452a0f44e7e389455b0ce05638528", kill_on_drop: false }`
[INFO] running `Command { std: "docker" "exec" "-e" "SOURCE_DIR=/opt/rustwide/workdir" "-e" "CARGO_HOME=/opt/rustwide/cargo-home" "-e" "RUSTUP_HOME=/opt/rustwide/rustup-home" "-e" "CARGO_TARGET_DIR=/opt/rustwide/target" "-w" "/opt/rustwide/workdir" "--user" "0:0" "ef5f499d72b2cbe0e4096a30a6c8ee9ddc2452a0f44e7e389455b0ce05638528" "/opt/rustwide/cargo-home/bin/cargo" "+1.99.0-beta.8" "metadata" "--no-deps" "--format-version=1", kill_on_drop: false }`
[INFO] running `Command { std: "docker" "inspect" "ef5f499d72b2cbe0e4096a30a6c8ee9ddc2452a0f44e7e389455b0ce05638528", kill_on_drop: false }`
[INFO] running `Command { std: "docker" "exec" "-e" "SOURCE_DIR=/opt/rustwide/workdir" "-e" "CARGO_HOME=/opt/rustwide/cargo-home" "-e" "RUSTUP_HOME=/opt/rustwide/rustup-home" "-e" "CARGO_TARGET_DIR=/opt/rustwide/target" "-e" "CARGO_INCREMENTAL=0" "-e" "RUST_BACKTRACE=full" "-e" "RUSTFLAGS=--cap-lints=warn" "-e" "RUSTDOCFLAGS=--cap-lints=warn" "-w" "/opt/rustwide/workdir" "--user" "0:0" "ef5f499d72b2cbe0e4096a30a6c8ee9ddc2452a0f44e7e389455b0ce05638528" "/opt/rustwide/cargo-home/bin/cargo" "+1.99.0-beta.8" "build" "--frozen" "--message-format=json" "--release", kill_on_drop: false }`
[INFO] [stderr] warning: Cargo.toml: `package.edition` is unspecified, defaulting to `2015` while the latest is `2024`
[INFO] [stderr] warning: `robin` (manifest) generated 1 warning
[INFO] [stderr]    Compiling tinyvec v1.13.3
[INFO] [stderr]    Compiling unicode-bidi v0.3.18
[INFO] [stderr]    Compiling percent-encoding v1.0.1
[INFO] [stderr]    Compiling redis v0.8.0
[INFO] [stderr]    Compiling proc-macro2 v0.2.3
[INFO] [stderr]    Compiling rand v0.4.6
[INFO] [stderr]    Compiling syn v0.11.11
[INFO] [stderr]    Compiling sha1 v0.2.0
[INFO] [stderr]    Compiling syn v3.0.9
[INFO] [stderr]    Compiling serde_json v1.0.154
[INFO] [stderr]    Compiling unicode-normalization v0.1.26
[INFO] [stderr]    Compiling quote v0.4.2
[INFO] [stderr]    Compiling syn v0.12.15
[INFO] [stderr]    Compiling rand v0.3.23
[INFO] [stderr]    Compiling uuid v0.6.5
[INFO] [stderr]    Compiling idna v0.1.5
[INFO] [stderr]    Compiling url v1.7.2
[INFO] [stderr]    Compiling typesafe-derive-builder v0.1.0
[INFO] [stderr]    Compiling serde_derive v1.0.229
[INFO] [stderr]    Compiling robin-derives v0.3.0
[INFO] [stderr]    Compiling robin v0.3.0 (/opt/rustwide/workdir)
[INFO] [stdout] warning: unused import: `macros::*`
[INFO] [stdout]    --> src/lib.rs:262:13
[INFO] [stdout]     |
[INFO] [stdout] 262 |     pub use macros::*;
[INFO] [stdout]     |             ^^^^^^^^^
[INFO] [stdout]     |
[INFO] [stdout] note: the lint level is defined here
[INFO] [stdout]    --> src/lib.rs:1:23
[INFO] [stdout]     |
[INFO] [stdout]   1 | #![deny(missing_docs, unused_imports, missing_debug_implementations, missing_copy_implementations,
[INFO] [stdout]     |                       ^^^^^^^^^^^^^^
[INFO] [stdout] 
[INFO] [stdout] 
[INFO] [stdout] warning: trait objects without an explicit `dyn` are deprecated
[INFO] [stdout]   --> src/connection/mod.rs:17:21
[INFO] [stdout]    |
[INFO] [stdout] 17 |     lookup_job: Box<LookupJob>,
[INFO] [stdout]    |                     ^^^^^^^^^
[INFO] [stdout]    |
[INFO] [stdout]    = warning: this is accepted in the current edition (Rust 2015) but is a hard error in Rust 2021!
[INFO] [stdout]    = note: for more information, see <https://doc.rust-lang.org/edition-guide/rust-2021/warnings-promoted-to-error.html>
[INFO] [stdout]    = note: `#[warn(bare_trait_objects)]` (part of `#[warn(rust_2021_compatibility)]`) on by default
[INFO] [stdout] help: if this is a dyn-compatible trait, use `dyn`
[INFO] [stdout]    |
[INFO] [stdout] 17 |     lookup_job: Box<dyn LookupJob>,
[INFO] [stdout]    |                     +++
[INFO] [stdout] 
[INFO] [stdout] 
[INFO] [stdout] warning: trait objects without an explicit `dyn` are deprecated
[INFO] [stdout]   --> src/error.rs:15:19
[INFO] [stdout]    |
[INFO] [stdout] 15 |     JobFailed(Box<std::error::Error>),
[INFO] [stdout]    |                   ^^^^^^^^^^^^^^^^^
[INFO] [stdout]    |
[INFO] [stdout]    = warning: this is accepted in the current edition (Rust 2015) but is a hard error in Rust 2021!
[INFO] [stdout]    = note: for more information, see <https://doc.rust-lang.org/edition-guide/rust-2021/warnings-promoted-to-error.html>
[INFO] [stdout] help: if this is a dyn-compatible trait, use `dyn`
[INFO] [stdout]    |
[INFO] [stdout] 15 |     JobFailed(Box<dyn std::error::Error>),
[INFO] [stdout]    |                   +++
[INFO] [stdout] 
[INFO] [stdout] 
[INFO] [stdout] warning: trait objects without an explicit `dyn` are deprecated
[INFO] [stdout]    --> src/connection/mod.rs:138:52
[INFO] [stdout]     |
[INFO] [stdout] 138 |     fn lookup(&self, name: &JobName) -> Option<Box<Job + Send>>;
[INFO] [stdout]     |                                                    ^^^^^^^^^^
[INFO] [stdout]     |
[INFO] [stdout]     = warning: this is accepted in the current edition (Rust 2015) but is a hard error in Rust 2021!
[INFO] [stdout]     = note: for more information, see <https://doc.rust-lang.org/edition-guide/rust-2021/warnings-promoted-to-error.html>
[INFO] [stdout] help: if this is a dyn-compatible trait, use `dyn`
[INFO] [stdout]     |
[INFO] [stdout] 138 |     fn lookup(&self, name: &JobName) -> Option<Box<dyn Job + Send>>;
[INFO] [stdout]     |                                                    +++
[INFO] [stdout] 
[INFO] [stdout] 
[INFO] [stdout] warning: trait objects without an explicit `dyn` are deprecated
[INFO] [stdout]   --> src/job/mod.rs:10:37
[INFO] [stdout]    |
[INFO] [stdout] 10 | pub type JobResult = Result<(), Box<std::error::Error>>;
[INFO] [stdout]    |                                     ^^^^^^^^^^^^^^^^^
[INFO] [stdout]    |
[INFO] [stdout]    = warning: this is accepted in the current edition (Rust 2015) but is a hard error in Rust 2021!
[INFO] [stdout]    = note: for more information, see <https://doc.rust-lang.org/edition-guide/rust-2021/warnings-promoted-to-error.html>
[INFO] [stdout] help: if this is a dyn-compatible trait, use `dyn`
[INFO] [stdout]    |
[INFO] [stdout] 10 | pub type JobResult = Result<(), Box<dyn std::error::Error>>;
[INFO] [stdout]    |                                     +++
[INFO] [stdout] 
[INFO] [stdout] 
[INFO] [stdout] warning: trait objects without an explicit `dyn` are deprecated
[INFO] [stdout]    --> src/connection/mod.rs:146:52
[INFO] [stdout]     |
[INFO] [stdout] 146 |     fn lookup(&self, name: &JobName) -> Option<Box<Job + Send>> {
[INFO] [stdout]     |                                                    ^^^^^^^^^^
[INFO] [stdout]     |
[INFO] [stdout]     = warning: this is accepted in the current edition (Rust 2015) but is a hard error in Rust 2021!
[INFO] [stdout]     = note: for more information, see <https://doc.rust-lang.org/edition-guide/rust-2021/warnings-promoted-to-error.html>
[INFO] [stdout] help: if this is a dyn-compatible trait, use `dyn`
[INFO] [stdout]     |
[INFO] [stdout] 146 |     fn lookup(&self, name: &JobName) -> Option<Box<dyn Job + Send>> {
[INFO] [stdout]     |                                                    +++
[INFO] [stdout] 
[INFO] [stdout] 
[INFO] [stdout] warning: trait objects without an explicit `dyn` are deprecated
[INFO] [stdout]    --> src/connection/mod.rs:144:35
[INFO] [stdout]     |
[INFO] [stdout] 144 |     F: Fn(&JobName) -> Option<Box<Job + Send>>,
[INFO] [stdout]     |                                   ^^^^^^^^^^
[INFO] [stdout]     |
[INFO] [stdout]     = warning: this is accepted in the current edition (Rust 2015) but is a hard error in Rust 2021!
[INFO] [stdout]     = note: for more information, see <https://doc.rust-lang.org/edition-guide/rust-2021/warnings-promoted-to-error.html>
[INFO] [stdout] help: if this is a dyn-compatible trait, use `dyn`
[INFO] [stdout]     |
[INFO] [stdout] 144 |     F: Fn(&JobName) -> Option<Box<dyn Job + Send>>,
[INFO] [stdout]     |                                   +++
[INFO] [stdout] 
[INFO] [stdout] 
[INFO] [stdout] warning: trait objects without an explicit `dyn` are deprecated
[INFO] [stdout]    --> src/worker/mod.rs:174:14
[INFO] [stdout]     |
[INFO] [stdout] 174 |     job: Box<Job + Send>,
[INFO] [stdout]     |              ^^^^^^^^^^
[INFO] [stdout]     |
[INFO] [stdout]     = warning: this is accepted in the current edition (Rust 2015) but is a hard error in Rust 2021!
[INFO] [stdout]     = note: for more information, see <https://doc.rust-lang.org/edition-guide/rust-2021/warnings-promoted-to-error.html>
[INFO] [stdout] help: if this is a dyn-compatible trait, use `dyn`
[INFO] [stdout]     |
[INFO] [stdout] 174 |     job: Box<dyn Job + Send>,
[INFO] [stdout]     |              +++
[INFO] [stdout] 
[INFO] [stdout] 
[INFO] [stdout] warning: trait objects without an explicit `dyn` are deprecated
[INFO] [stdout]   --> src/connection/mod.rs:68:22
[INFO] [stdout]    |
[INFO] [stdout] 68 |     ) -> Result<(Box<Job + Send>, String, RetryCount), NoJobDequeued> {
[INFO] [stdout]    |                      ^^^^^^^^^^
[INFO] [stdout]    |
[INFO] [stdout]    = warning: this is accepted in the current edition (Rust 2015) but is a hard error in Rust 2021!
[INFO] [stdout]    = note: for more information, see <https://doc.rust-lang.org/edition-guide/rust-2021/warnings-promoted-to-error.html>
[INFO] [stdout] help: if this is a dyn-compatible trait, use `dyn`
[INFO] [stdout]    |
[INFO] [stdout] 68 |     ) -> Result<(Box<dyn Job + Send>, String, RetryCount), NoJobDequeued> {
[INFO] [stdout]    |                      +++
[INFO] [stdout] 
[INFO] [stdout] 
[INFO] [stdout] warning: trait objects without an explicit `dyn` are deprecated
[INFO] [stdout]    --> src/connection/mod.rs:109:56
[INFO] [stdout]     |
[INFO] [stdout] 109 |     fn lookup_job(&self, name: &JobName) -> Option<Box<Job + Send>> {
[INFO] [stdout]     |                                                        ^^^^^^^^^^
[INFO] [stdout]     |
[INFO] [stdout]     = warning: this is accepted in the current edition (Rust 2015) but is a hard error in Rust 2021!
[INFO] [stdout]     = note: for more information, see <https://doc.rust-lang.org/edition-guide/rust-2021/warnings-promoted-to-error.html>
[INFO] [stdout] help: if this is a dyn-compatible trait, use `dyn`
[INFO] [stdout]     |
[INFO] [stdout] 109 |     fn lookup_job(&self, name: &JobName) -> Option<Box<dyn Job + Send>> {
[INFO] [stdout]     |                                                        +++
[INFO] [stdout] 
[INFO] [stdout] 
[INFO] [stdout] warning: use of deprecated method `std::error::Error::description`: use the Display impl or to_string()
[INFO] [stdout]   --> src/error.rs:37:47
[INFO] [stdout]    |
[INFO] [stdout] 37 |             &Error::JobFailed(ref err) => err.description(),
[INFO] [stdout]    |                                               ^^^^^^^^^^^
[INFO] [stdout]    |
[INFO] [stdout]    = note: `#[warn(deprecated)]` on by default
[INFO] [stdout] 
[INFO] [stdout] 
[INFO] [stdout] warning: use of deprecated method `std::error::Error::description`: use the Display impl or to_string()
[INFO] [stdout]   --> src/error.rs:38:52
[INFO] [stdout]    |
[INFO] [stdout] 38 |             &Error::SerdeJsonError(ref err) => err.description(),
[INFO] [stdout]    |                                                    ^^^^^^^^^^^
[INFO] [stdout] 
[INFO] [stdout] 
[INFO] [stdout] warning: use of deprecated method `std::error::Error::description`: use the Display impl or to_string()
[INFO] [stdout]   --> src/error.rs:39:48
[INFO] [stdout]    |
[INFO] [stdout] 39 |             &Error::RedisError(ref err) => err.description(),
[INFO] [stdout]    |                                                ^^^^^^^^^^^
[INFO] [stdout] 
[INFO] [stdout] 
[INFO] [stdout] warning: panic message is not a string literal
[INFO] [stdout]    --> src/worker/mod.rs:162:20
[INFO] [stdout]     |
[INFO] [stdout] 162 |             panic!(format!("Failed to dequeue job with error\n{:?}", err));
[INFO] [stdout]     |                    ^^^^^^^^^^^^^^^^^^^^^^^^^^^^^^^^^^^^^^^^^^^^^^^^^^^^^^
[INFO] [stdout]     |
[INFO] [stdout]     = note: this usage of `panic!()` is deprecated; it will be a hard error in Rust 2021
[INFO] [stdout]     = note: for more information, see <https://doc.rust-lang.org/edition-guide/rust-2021/panic-macro-consistency.html>
[INFO] [stdout]     = note: the `panic!()` macro supports formatting, so there's no need for the `format!()` macro here
[INFO] [stdout]     = note: for more information, see <https://doc.rust-lang.org/edition-guide/rust-2021/panic-macro-consistency.html>
[INFO] [stdout]     = note: `#[warn(non_fmt_panics)]` (part of `#[warn(rust_2021_compatibility)]`) on by default
[INFO] [stdout] help: remove the `format!(..)` macro call
[INFO] [stdout]     |
[INFO] [stdout] 162 -             panic!(format!("Failed to dequeue job with error\n{:?}", err));
[INFO] [stdout] 162 +             panic!("Failed to dequeue job with error\n{:?}", err);
[INFO] [stdout]     |
[INFO] [stdout] 
[INFO] [stdout] 
[INFO] [stdout] warning: missing documentation for a macro
[INFO] [stdout]  --> src/macros.rs:2:1
[INFO] [stdout]   |
[INFO] [stdout] 2 | macro_rules! jobs {
[INFO] [stdout]   | ^^^^^^^^^^^^^^^^^
[INFO] [stdout]   |
[INFO] [stdout] note: the lint level is defined here
[INFO] [stdout]  --> src/lib.rs:1:9
[INFO] [stdout]   |
[INFO] [stdout] 1 | #![deny(missing_docs, unused_imports, missing_debug_implementations, missing_copy_implementations,
[INFO] [stdout]   |         ^^^^^^^^^^^^
[INFO] [stdout] 
[INFO] [stdout] 
[INFO] [stdout] warning: missing documentation for a macro
[INFO] [stdout]   --> src/macros.rs:52:1
[INFO] [stdout]    |
[INFO] [stdout] 52 | macro_rules! robin_establish_connection {
[INFO] [stdout]    | ^^^^^^^^^^^^^^^^^^^^^^^^^^^^^^^^^^^^^^^
[INFO] [stdout] 
[INFO] [stdout] 
[INFO] [stdout] warning: missing documentation for a macro
[INFO] [stdout]   --> src/macros.rs:59:1
[INFO] [stdout]    |
[INFO] [stdout] 59 | macro_rules! robin_boot_worker {
[INFO] [stdout]    | ^^^^^^^^^^^^^^^^^^^^^^^^^^^^^^
[INFO] [stdout] 
[INFO] [stdout] 
[INFO] [stderr]     Finished `release` profile [optimized] target(s) in 14.92s
[INFO] [stderr] warning: the following packages contain code that will be rejected by a future version of Rust: redis v0.8.0, syn v0.12.15
[INFO] [stderr] note: to see what the problems were, use the option `--future-incompat-report`, or run `cargo report future-incompatibilities --id 1`
[INFO] running `Command { std: "docker" "inspect" "ef5f499d72b2cbe0e4096a30a6c8ee9ddc2452a0f44e7e389455b0ce05638528", kill_on_drop: false }`
[INFO] running `Command { std: "docker" "exec" "-e" "SOURCE_DIR=/opt/rustwide/workdir" "-e" "CARGO_HOME=/opt/rustwide/cargo-home" "-e" "RUSTUP_HOME=/opt/rustwide/rustup-home" "-e" "CARGO_TARGET_DIR=/opt/rustwide/target" "-e" "CARGO_INCREMENTAL=0" "-e" "RUST_BACKTRACE=full" "-e" "RUSTFLAGS=--cap-lints=warn" "-e" "RUSTDOCFLAGS=--cap-lints=warn" "-w" "/opt/rustwide/workdir" "--user" "0:0" "ef5f499d72b2cbe0e4096a30a6c8ee9ddc2452a0f44e7e389455b0ce05638528" "/opt/rustwide/cargo-home/bin/cargo" "+1.99.0-beta.8" "test" "--frozen" "--no-run" "--message-format=json" "--release", kill_on_drop: false }`
[INFO] [stderr] warning: Cargo.toml: `package.edition` is unspecified, defaulting to `2015` while the latest is `2024`
[INFO] [stderr] warning: `robin` (manifest) generated 1 warning
[INFO] [stderr]    Compiling pulldown-cmark v0.1.2
[INFO] [stderr]    Compiling unicode-xid v0.0.4
[INFO] [stderr]    Compiling bitflags v0.9.1
[INFO] [stderr]    Compiling quote v0.3.15
[INFO] [stderr]    Compiling either v1.19.0
[INFO] [stderr]    Compiling toml v0.4.10
[INFO] [stderr]    Compiling semver-parser v0.7.0
[INFO] [stdout] warning: unused import: `macros::*`
[INFO] [stdout]    --> src/lib.rs:262:13
[INFO] [stdout]     |
[INFO] [stdout] 262 |     pub use macros::*;
[INFO] [stdout]     |             ^^^^^^^^^
[INFO] [stdout]     |
[INFO] [stdout] note: the lint level is defined here
[INFO] [stdout]    --> src/lib.rs:1:23
[INFO] [stdout]     |
[INFO] [stdout]   1 | #![deny(missing_docs, unused_imports, missing_debug_implementations, missing_copy_implementations,
[INFO] [stdout]     |                       ^^^^^^^^^^^^^^
[INFO] [stdout] 
[INFO] [stdout] 
[INFO] [stdout] warning: trait objects without an explicit `dyn` are deprecated
[INFO] [stdout]   --> src/connection/mod.rs:17:21
[INFO] [stdout]    |
[INFO] [stdout] 17 |     lookup_job: Box<LookupJob>,
[INFO] [stdout]    |                     ^^^^^^^^^
[INFO] [stdout]    |
[INFO] [stdout]    = warning: this is accepted in the current edition (Rust 2015) but is a hard error in Rust 2021!
[INFO] [stdout]    = note: for more information, see <https://doc.rust-lang.org/edition-guide/rust-2021/warnings-promoted-to-error.html>
[INFO] [stdout]    = note: `#[warn(bare_trait_objects)]` (part of `#[warn(rust_2021_compatibility)]`) on by default
[INFO] [stdout] help: if this is a dyn-compatible trait, use `dyn`
[INFO] [stdout]    |
[INFO] [stdout] 17 |     lookup_job: Box<dyn LookupJob>,
[INFO] [stdout]    |                     +++
[INFO] [stdout] 
[INFO] [stdout] 
[INFO] [stdout] warning: trait objects without an explicit `dyn` are deprecated
[INFO] [stdout]   --> src/error.rs:15:19
[INFO] [stdout]    |
[INFO] [stdout] 15 |     JobFailed(Box<std::error::Error>),
[INFO] [stdout]    |                   ^^^^^^^^^^^^^^^^^
[INFO] [stdout]    |
[INFO] [stdout]    = warning: this is accepted in the current edition (Rust 2015) but is a hard error in Rust 2021!
[INFO] [stdout]    = note: for more information, see <https://doc.rust-lang.org/edition-guide/rust-2021/warnings-promoted-to-error.html>
[INFO] [stdout] help: if this is a dyn-compatible trait, use `dyn`
[INFO] [stdout]    |
[INFO] [stdout] 15 |     JobFailed(Box<dyn std::error::Error>),
[INFO] [stdout]    |                   +++
[INFO] [stdout] 
[INFO] [stdout] 
[INFO] [stdout] warning: trait objects without an explicit `dyn` are deprecated
[INFO] [stdout]    --> src/connection/mod.rs:138:52
[INFO] [stdout]     |
[INFO] [stdout] 138 |     fn lookup(&self, name: &JobName) -> Option<Box<Job + Send>>;
[INFO] [stdout]     |                                                    ^^^^^^^^^^
[INFO] [stdout]     |
[INFO] [stdout]     = warning: this is accepted in the current edition (Rust 2015) but is a hard error in Rust 2021!
[INFO] [stdout]     = note: for more information, see <https://doc.rust-lang.org/edition-guide/rust-2021/warnings-promoted-to-error.html>
[INFO] [stdout] help: if this is a dyn-compatible trait, use `dyn`
[INFO] [stdout]     |
[INFO] [stdout] 138 |     fn lookup(&self, name: &JobName) -> Option<Box<dyn Job + Send>>;
[INFO] [stdout]     |                                                    +++
[INFO] [stdout] 
[INFO] [stdout] 
[INFO] [stdout] warning: trait objects without an explicit `dyn` are deprecated
[INFO] [stdout]   --> src/job/mod.rs:10:37
[INFO] [stdout]    |
[INFO] [stdout] 10 | pub type JobResult = Result<(), Box<std::error::Error>>;
[INFO] [stdout]    |                                     ^^^^^^^^^^^^^^^^^
[INFO] [stdout]    |
[INFO] [stdout]    = warning: this is accepted in the current edition (Rust 2015) but is a hard error in Rust 2021!
[INFO] [stdout]    = note: for more information, see <https://doc.rust-lang.org/edition-guide/rust-2021/warnings-promoted-to-error.html>
[INFO] [stdout] help: if this is a dyn-compatible trait, use `dyn`
[INFO] [stdout]    |
[INFO] [stdout] 10 | pub type JobResult = Result<(), Box<dyn std::error::Error>>;
[INFO] [stdout]    |                                     +++
[INFO] [stdout] 
[INFO] [stdout] 
[INFO] [stdout] warning: trait objects without an explicit `dyn` are deprecated
[INFO] [stdout]    --> src/connection/mod.rs:146:52
[INFO] [stdout]     |
[INFO] [stdout] 146 |     fn lookup(&self, name: &JobName) -> Option<Box<Job + Send>> {
[INFO] [stdout]     |                                                    ^^^^^^^^^^
[INFO] [stdout]     |
[INFO] [stdout]     = warning: this is accepted in the current edition (Rust 2015) but is a hard error in Rust 2021!
[INFO] [stdout]     = note: for more information, see <https://doc.rust-lang.org/edition-guide/rust-2021/warnings-promoted-to-error.html>
[INFO] [stdout] help: if this is a dyn-compatible trait, use `dyn`
[INFO] [stdout]     |
[INFO] [stdout] 146 |     fn lookup(&self, name: &JobName) -> Option<Box<dyn Job + Send>> {
[INFO] [stdout]     |                                                    +++
[INFO] [stdout] 
[INFO] [stdout] 
[INFO] [stdout] warning: trait objects without an explicit `dyn` are deprecated
[INFO] [stdout]    --> src/connection/mod.rs:144:35
[INFO] [stdout]     |
[INFO] [stdout] 144 |     F: Fn(&JobName) -> Option<Box<Job + Send>>,
[INFO] [stdout]     |                                   ^^^^^^^^^^
[INFO] [stdout]     |
[INFO] [stdout]     = warning: this is accepted in the current edition (Rust 2015) but is a hard error in Rust 2021!
[INFO] [stdout]     = note: for more information, see <https://doc.rust-lang.org/edition-guide/rust-2021/warnings-promoted-to-error.html>
[INFO] [stdout] help: if this is a dyn-compatible trait, use `dyn`
[INFO] [stdout]     |
[INFO] [stdout] 144 |     F: Fn(&JobName) -> Option<Box<dyn Job + Send>>,
[INFO] [stdout]     |                                   +++
[INFO] [stdout] 
[INFO] [stdout] 
[INFO] [stdout] warning: trait objects without an explicit `dyn` are deprecated
[INFO] [stdout]    --> src/worker/mod.rs:174:14
[INFO] [stdout]     |
[INFO] [stdout] 174 |     job: Box<Job + Send>,
[INFO] [stdout]     |              ^^^^^^^^^^
[INFO] [stdout]     |
[INFO] [stdout]     = warning: this is accepted in the current edition (Rust 2015) but is a hard error in Rust 2021!
[INFO] [stdout]     = note: for more information, see <https://doc.rust-lang.org/edition-guide/rust-2021/warnings-promoted-to-error.html>
[INFO] [stdout] help: if this is a dyn-compatible trait, use `dyn`
[INFO] [stdout]     |
[INFO] [stdout] 174 |     job: Box<dyn Job + Send>,
[INFO] [stdout]     |              +++
[INFO] [stdout] 
[INFO] [stdout] 
[INFO] [stdout] warning: trait objects without an explicit `dyn` are deprecated
[INFO] [stdout]   --> src/connection/mod.rs:68:22
[INFO] [stdout]    |
[INFO] [stdout] 68 |     ) -> Result<(Box<Job + Send>, String, RetryCount), NoJobDequeued> {
[INFO] [stdout]    |                      ^^^^^^^^^^
[INFO] [stdout]    |
[INFO] [stdout]    = warning: this is accepted in the current edition (Rust 2015) but is a hard error in Rust 2021!
[INFO] [stdout]    = note: for more information, see <https://doc.rust-lang.org/edition-guide/rust-2021/warnings-promoted-to-error.html>
[INFO] [stdout] help: if this is a dyn-compatible trait, use `dyn`
[INFO] [stdout]    |
[INFO] [stdout] 68 |     ) -> Result<(Box<dyn Job + Send>, String, RetryCount), NoJobDequeued> {
[INFO] [stdout]    |                      +++
[INFO] [stdout] 
[INFO] [stdout] 
[INFO] [stdout] warning: trait objects without an explicit `dyn` are deprecated
[INFO] [stdout]    --> src/connection/mod.rs:109:56
[INFO] [stdout]     |
[INFO] [stdout] 109 |     fn lookup_job(&self, name: &JobName) -> Option<Box<Job + Send>> {
[INFO] [stdout]     |                                                        ^^^^^^^^^^
[INFO] [stdout]     |
[INFO] [stdout]     = warning: this is accepted in the current edition (Rust 2015) but is a hard error in Rust 2021!
[INFO] [stdout]     = note: for more information, see <https://doc.rust-lang.org/edition-guide/rust-2021/warnings-promoted-to-error.html>
[INFO] [stdout] help: if this is a dyn-compatible trait, use `dyn`
[INFO] [stdout]     |
[INFO] [stdout] 109 |     fn lookup_job(&self, name: &JobName) -> Option<Box<dyn Job + Send>> {
[INFO] [stdout]     |                                                        +++
[INFO] [stdout] 
[INFO] [stdout] 
[INFO] [stdout] warning: use of deprecated method `std::error::Error::description`: use the Display impl or to_string()
[INFO] [stdout]   --> src/error.rs:37:47
[INFO] [stdout]    |
[INFO] [stdout] 37 |             &Error::JobFailed(ref err) => err.description(),
[INFO] [stdout]    |                                               ^^^^^^^^^^^
[INFO] [stdout]    |
[INFO] [stdout]    = note: `#[warn(deprecated)]` on by default
[INFO] [stdout] 
[INFO] [stdout] 
[INFO] [stdout] warning: use of deprecated method `std::error::Error::description`: use the Display impl or to_string()
[INFO] [stdout]   --> src/error.rs:38:52
[INFO] [stdout]    |
[INFO] [stdout] 38 |             &Error::SerdeJsonError(ref err) => err.description(),
[INFO] [stdout]    |                                                    ^^^^^^^^^^^
[INFO] [stdout] 
[INFO] [stdout] 
[INFO] [stdout] warning: use of deprecated method `std::error::Error::description`: use the Display impl or to_string()
[INFO] [stdout]   --> src/error.rs:39:48
[INFO] [stdout]    |
[INFO] [stdout] 39 |             &Error::RedisError(ref err) => err.description(),
[INFO] [stdout]    |                                                ^^^^^^^^^^^
[INFO] [stdout] 
[INFO] [stdout] 
[INFO] [stdout] warning: panic message is not a string literal
[INFO] [stdout]    --> src/worker/mod.rs:162:20
[INFO] [stdout]     |
[INFO] [stdout] 162 |             panic!(format!("Failed to dequeue job with error\n{:?}", err));
[INFO] [stdout]     |                    ^^^^^^^^^^^^^^^^^^^^^^^^^^^^^^^^^^^^^^^^^^^^^^^^^^^^^^
[INFO] [stdout]     |
[INFO] [stdout]     = note: this usage of `panic!()` is deprecated; it will be a hard error in Rust 2021
[INFO] [stdout]     = note: for more information, see <https://doc.rust-lang.org/edition-guide/rust-2021/panic-macro-consistency.html>
[INFO] [stdout]     = note: the `panic!()` macro supports formatting, so there's no need for the `format!()` macro here
[INFO] [stdout]     = note: for more information, see <https://doc.rust-lang.org/edition-guide/rust-2021/panic-macro-consistency.html>
[INFO] [stdout]     = note: `#[warn(non_fmt_panics)]` (part of `#[warn(rust_2021_compatibility)]`) on by default
[INFO] [stdout] help: remove the `format!(..)` macro call
[INFO] [stdout]     |
[INFO] [stdout] 162 -             panic!(format!("Failed to dequeue job with error\n{:?}", err));
[INFO] [stdout] 162 +             panic!("Failed to dequeue job with error\n{:?}", err);
[INFO] [stdout]     |
[INFO] [stdout] 
[INFO] [stdout] 
[INFO] [stdout] warning: missing documentation for a macro
[INFO] [stdout]  --> src/macros.rs:2:1
[INFO] [stdout]   |
[INFO] [stdout] 2 | macro_rules! jobs {
[INFO] [stdout]   | ^^^^^^^^^^^^^^^^^
[INFO] [stdout]   |
[INFO] [stdout] note: the lint level is defined here
[INFO] [stdout]  --> src/lib.rs:1:9
[INFO] [stdout]   |
[INFO] [stdout] 1 | #![deny(missing_docs, unused_imports, missing_debug_implementations, missing_copy_implementations,
[INFO] [stdout]   |         ^^^^^^^^^^^^
[INFO] [stdout] 
[INFO] [stdout] 
[INFO] [stdout] warning: missing documentation for a macro
[INFO] [stdout]   --> src/macros.rs:52:1
[INFO] [stdout]    |
[INFO] [stdout] 52 | macro_rules! robin_establish_connection {
[INFO] [stdout]    | ^^^^^^^^^^^^^^^^^^^^^^^^^^^^^^^^^^^^^^^
[INFO] [stdout] 
[INFO] [stdout] 
[INFO] [stdout] warning: missing documentation for a macro
[INFO] [stdout]   --> src/macros.rs:59:1
[INFO] [stdout]    |
[INFO] [stdout] 59 | macro_rules! robin_boot_worker {
[INFO] [stdout]    | ^^^^^^^^^^^^^^^^^^^^^^^^^^^^^^
[INFO] [stdout] 
[INFO] [stdout] 
[INFO] [stderr]    Compiling synom v0.11.3
[INFO] [stderr]    Compiling syn v0.11.11
[INFO] [stderr]    Compiling itertools v0.7.11
[INFO] [stderr]    Compiling version-sync v0.5.0
[INFO] [stderr]    Compiling robin v0.3.0 (/opt/rustwide/workdir)
[INFO] [stdout] warning: cannot find type `JobName` in this scope
[INFO] [stdout]   --> tests/test_helper/mod.rs:59:10
[INFO] [stdout]    |
[INFO] [stdout] 59 | #[derive(Job)]
[INFO] [stdout]    |          ^^^ names from parent modules are not accessible without an explicit import
[INFO] [stdout]    |
[INFO] [stdout]    = warning: this was previously accepted by the compiler but is being phased out; it will become a hard error in a future release!
[INFO] [stdout]    = note: for more information, see issue #83583 <https://github.com/rust-lang/rust/issues/83583>
[INFO] [stdout]    = note: `#[warn(proc_macro_derive_resolution_fallback)]` (part of `#[warn(future_incompatible)]`) on by default
[INFO] [stdout]    = note: this warning originates in the derive macro `Job` (in Nightly builds, run with -Z macro-backtrace for more info)
[INFO] [stdout] 
[INFO] [stdout] 
[INFO] [stdout] warning: cannot find type `Job` in this scope
[INFO] [stdout]   --> tests/test_helper/mod.rs:59:10
[INFO] [stdout]    |
[INFO] [stdout] 59 | #[derive(Job)]
[INFO] [stdout]    |          ^^^ names from parent modules are not accessible without an explicit import
[INFO] [stdout]    |
[INFO] [stdout]    = warning: this was previously accepted by the compiler but is being phased out; it will become a hard error in a future release!
[INFO] [stdout]    = note: for more information, see issue #83583 <https://github.com/rust-lang/rust/issues/83583>
[INFO] [stdout]    = note: this warning originates in the derive macro `Job` (in Nightly builds, run with -Z macro-backtrace for more info)
[INFO] [stdout] 
[INFO] [stdout] 
[INFO] [stdout] warning: cannot find type `Jobs` in this scope
[INFO] [stdout]   --> tests/test_helper/mod.rs:59:10
[INFO] [stdout]    |
[INFO] [stdout] 59 | #[derive(Job)]
[INFO] [stdout]    |          ^^^ names from parent modules are not accessible without an explicit import
[INFO] [stdout]    |
[INFO] [stdout]    = warning: this was previously accepted by the compiler but is being phased out; it will become a hard error in a future release!
[INFO] [stdout]    = note: for more information, see issue #83583 <https://github.com/rust-lang/rust/issues/83583>
[INFO] [stdout]    = note: this warning originates in the derive macro `Job` (in Nightly builds, run with -Z macro-backtrace for more info)
[INFO] [stdout] 
[INFO] [stdout] 
[INFO] [stdout] warning: cannot find type `JobName` in this scope
[INFO] [stdout]    --> tests/performing_jobs_test.rs:142:5
[INFO] [stdout]     |
[INFO] [stdout] 142 | /     jobs! {
[INFO] [stdout] 143 | |         JobWithoutArgs,
[INFO] [stdout] 144 | |     }
[INFO] [stdout]     | |_____^ names from parent modules are not accessible without an explicit import
[INFO] [stdout]     |
[INFO] [stdout]     = warning: this was previously accepted by the compiler but is being phased out; it will become a hard error in a future release!
[INFO] [stdout]     = note: for more information, see issue #83583 <https://github.com/rust-lang/rust/issues/83583>
[INFO] [stdout]     = note: this warning originates in the derive macro `Job` which comes from the expansion of the macro `jobs` (in Nightly builds, run with -Z macro-backtrace for more info)
[INFO] [stdout] 
[INFO] [stdout] 
[INFO] [stdout] warning: cannot find type `Job` in this scope
[INFO] [stdout]    --> tests/performing_jobs_test.rs:142:5
[INFO] [stdout]     |
[INFO] [stdout] 142 | /     jobs! {
[INFO] [stdout] 143 | |         JobWithoutArgs,
[INFO] [stdout] 144 | |     }
[INFO] [stdout]     | |_____^ names from parent modules are not accessible without an explicit import
[INFO] [stdout]     |
[INFO] [stdout]     = warning: this was previously accepted by the compiler but is being phased out; it will become a hard error in a future release!
[INFO] [stdout]     = note: for more information, see issue #83583 <https://github.com/rust-lang/rust/issues/83583>
[INFO] [stdout]     = note: this warning originates in the derive macro `Job` which comes from the expansion of the macro `jobs` (in Nightly builds, run with -Z macro-backtrace for more info)
[INFO] [stdout] 
[INFO] [stdout] 
[INFO] [stdout] warning: cannot find type `__RobinJobs` in this scope
[INFO] [stdout]    --> tests/performing_jobs_test.rs:142:5
[INFO] [stdout]     |
[INFO] [stdout] 142 | /     jobs! {
[INFO] [stdout] 143 | |         JobWithoutArgs,
[INFO] [stdout] 144 | |     }
[INFO] [stdout]     | |_____^ names from parent modules are not accessible without an explicit import
[INFO] [stdout]     |
[INFO] [stdout]     = warning: this was previously accepted by the compiler but is being phased out; it will become a hard error in a future release!
[INFO] [stdout]     = note: for more information, see issue #83583 <https://github.com/rust-lang/rust/issues/83583>
[INFO] [stdout]     = note: this warning originates in the derive macro `Job` which comes from the expansion of the macro `jobs` (in Nightly builds, run with -Z macro-backtrace for more info)
[INFO] [stdout] 
[INFO] [stdout] 
[INFO] [stdout] warning: unused import: `macros::*`
[INFO] [stdout]    --> src/lib.rs:262:13
[INFO] [stdout]     |
[INFO] [stdout] 262 |     pub use macros::*;
[INFO] [stdout]     |             ^^^^^^^^^
[INFO] [stdout]     |
[INFO] [stdout] note: the lint level is defined here
[INFO] [stdout]    --> src/lib.rs:1:23
[INFO] [stdout]     |
[INFO] [stdout]   1 | #![deny(missing_docs, unused_imports, missing_debug_implementations, missing_copy_implementations,
[INFO] [stdout]     |                       ^^^^^^^^^^^^^^
[INFO] [stdout] 
[INFO] [stdout] 
[INFO] [stdout] warning: trait objects without an explicit `dyn` are deprecated
[INFO] [stdout]   --> src/connection/mod.rs:17:21
[INFO] [stdout]    |
[INFO] [stdout] 17 |     lookup_job: Box<LookupJob>,
[INFO] [stdout]    |                     ^^^^^^^^^
[INFO] [stdout]    |
[INFO] [stdout]    = warning: this is accepted in the current edition (Rust 2015) but is a hard error in Rust 2021!
[INFO] [stdout]    = note: for more information, see <https://doc.rust-lang.org/edition-guide/rust-2021/warnings-promoted-to-error.html>
[INFO] [stdout]    = note: `#[warn(bare_trait_objects)]` (part of `#[warn(rust_2021_compatibility)]`) on by default
[INFO] [stdout] help: if this is a dyn-compatible trait, use `dyn`
[INFO] [stdout]    |
[INFO] [stdout] 17 |     lookup_job: Box<dyn LookupJob>,
[INFO] [stdout]    |                     +++
[INFO] [stdout] 
[INFO] [stdout] 
[INFO] [stdout] warning: trait objects without an explicit `dyn` are deprecated
[INFO] [stdout]   --> src/error.rs:15:19
[INFO] [stdout]    |
[INFO] [stdout] 15 |     JobFailed(Box<std::error::Error>),
[INFO] [stdout]    |                   ^^^^^^^^^^^^^^^^^
[INFO] [stdout]    |
[INFO] [stdout]    = warning: this is accepted in the current edition (Rust 2015) but is a hard error in Rust 2021!
[INFO] [stdout]    = note: for more information, see <https://doc.rust-lang.org/edition-guide/rust-2021/warnings-promoted-to-error.html>
[INFO] [stdout] help: if this is a dyn-compatible trait, use `dyn`
[INFO] [stdout]    |
[INFO] [stdout] 15 |     JobFailed(Box<dyn std::error::Error>),
[INFO] [stdout]    |                   +++
[INFO] [stdout] 
[INFO] [stdout] 
[INFO] [stdout] warning: trait objects without an explicit `dyn` are deprecated
[INFO] [stdout]    --> src/connection/mod.rs:138:52
[INFO] [stdout]     |
[INFO] [stdout] 138 |     fn lookup(&self, name: &JobName) -> Option<Box<Job + Send>>;
[INFO] [stdout]     |                                                    ^^^^^^^^^^
[INFO] [stdout]     |
[INFO] [stdout]     = warning: this is accepted in the current edition (Rust 2015) but is a hard error in Rust 2021!
[INFO] [stdout]     = note: for more information, see <https://doc.rust-lang.org/edition-guide/rust-2021/warnings-promoted-to-error.html>
[INFO] [stdout] help: if this is a dyn-compatible trait, use `dyn`
[INFO] [stdout]     |
[INFO] [stdout] 138 |     fn lookup(&self, name: &JobName) -> Option<Box<dyn Job + Send>>;
[INFO] [stdout]     |                                                    +++
[INFO] [stdout] 
[INFO] [stdout] 
[INFO] [stdout] warning: trait objects without an explicit `dyn` are deprecated
[INFO] [stdout]   --> src/job/mod.rs:10:37
[INFO] [stdout]    |
[INFO] [stdout] 10 | pub type JobResult = Result<(), Box<std::error::Error>>;
[INFO] [stdout]    |                                     ^^^^^^^^^^^^^^^^^
[INFO] [stdout]    |
[INFO] [stdout]    = warning: this is accepted in the current edition (Rust 2015) but is a hard error in Rust 2021!
[INFO] [stdout]    = note: for more information, see <https://doc.rust-lang.org/edition-guide/rust-2021/warnings-promoted-to-error.html>
[INFO] [stdout] help: if this is a dyn-compatible trait, use `dyn`
[INFO] [stdout]    |
[INFO] [stdout] 10 | pub type JobResult = Result<(), Box<dyn std::error::Error>>;
[INFO] [stdout]    |                                     +++
[INFO] [stdout] 
[INFO] [stdout] 
[INFO] [stdout] warning: trait objects without an explicit `dyn` are deprecated
[INFO] [stdout]    --> src/connection/mod.rs:146:52
[INFO] [stdout]     |
[INFO] [stdout] 146 |     fn lookup(&self, name: &JobName) -> Option<Box<Job + Send>> {
[INFO] [stdout]     |                                                    ^^^^^^^^^^
[INFO] [stdout]     |
[INFO] [stdout]     = warning: this is accepted in the current edition (Rust 2015) but is a hard error in Rust 2021!
[INFO] [stdout]     = note: for more information, see <https://doc.rust-lang.org/edition-guide/rust-2021/warnings-promoted-to-error.html>
[INFO] [stdout] help: if this is a dyn-compatible trait, use `dyn`
[INFO] [stdout]     |
[INFO] [stdout] 146 |     fn lookup(&self, name: &JobName) -> Option<Box<dyn Job + Send>> {
[INFO] [stdout]     |                                                    +++
[INFO] [stdout] 
[INFO] [stdout] 
[INFO] [stdout] warning: trait objects without an explicit `dyn` are deprecated
[INFO] [stdout]    --> src/connection/mod.rs:144:35
[INFO] [stdout]     |
[INFO] [stdout] 144 |     F: Fn(&JobName) -> Option<Box<Job + Send>>,
[INFO] [stdout]     |                                   ^^^^^^^^^^
[INFO] [stdout]     |
[INFO] [stdout]     = warning: this is accepted in the current edition (Rust 2015) but is a hard error in Rust 2021!
[INFO] [stdout]     = note: for more information, see <https://doc.rust-lang.org/edition-guide/rust-2021/warnings-promoted-to-error.html>
[INFO] [stdout] help: if this is a dyn-compatible trait, use `dyn`
[INFO] [stdout]     |
[INFO] [stdout] 144 |     F: Fn(&JobName) -> Option<Box<dyn Job + Send>>,
[INFO] [stdout]     |                                   +++
[INFO] [stdout] 
[INFO] [stdout] 
[INFO] [stdout] warning: trait objects without an explicit `dyn` are deprecated
[INFO] [stdout]    --> src/worker/mod.rs:174:14
[INFO] [stdout]     |
[INFO] [stdout] 174 |     job: Box<Job + Send>,
[INFO] [stdout]     |              ^^^^^^^^^^
[INFO] [stdout]     |
[INFO] [stdout]     = warning: this is accepted in the current edition (Rust 2015) but is a hard error in Rust 2021!
[INFO] [stdout]     = note: for more information, see <https://doc.rust-lang.org/edition-guide/rust-2021/warnings-promoted-to-error.html>
[INFO] [stdout] help: if this is a dyn-compatible trait, use `dyn`
[INFO] [stdout]     |
[INFO] [stdout] 174 |     job: Box<dyn Job + Send>,
[INFO] [stdout]     |              +++
[INFO] [stdout] 
[INFO] [stdout] 
[INFO] [stdout] warning: trait objects without an explicit `dyn` are deprecated
[INFO] [stdout]   --> src/connection/mod.rs:68:22
[INFO] [stdout]    |
[INFO] [stdout] 68 |     ) -> Result<(Box<Job + Send>, String, RetryCount), NoJobDequeued> {
[INFO] [stdout]    |                      ^^^^^^^^^^
[INFO] [stdout]    |
[INFO] [stdout]    = warning: this is accepted in the current edition (Rust 2015) but is a hard error in Rust 2021!
[INFO] [stdout]    = note: for more information, see <https://doc.rust-lang.org/edition-guide/rust-2021/warnings-promoted-to-error.html>
[INFO] [stdout] help: if this is a dyn-compatible trait, use `dyn`
[INFO] [stdout]    |
[INFO] [stdout] 68 |     ) -> Result<(Box<dyn Job + Send>, String, RetryCount), NoJobDequeued> {
[INFO] [stdout]    |                      +++
[INFO] [stdout] 
[INFO] [stdout] 
[INFO] [stdout] warning: trait objects without an explicit `dyn` are deprecated
[INFO] [stdout]    --> src/connection/mod.rs:109:56
[INFO] [stdout]     |
[INFO] [stdout] 109 |     fn lookup_job(&self, name: &JobName) -> Option<Box<Job + Send>> {
[INFO] [stdout]     |                                                        ^^^^^^^^^^
[INFO] [stdout]     |
[INFO] [stdout]     = warning: this is accepted in the current edition (Rust 2015) but is a hard error in Rust 2021!
[INFO] [stdout]     = note: for more information, see <https://doc.rust-lang.org/edition-guide/rust-2021/warnings-promoted-to-error.html>
[INFO] [stdout] help: if this is a dyn-compatible trait, use `dyn`
[INFO] [stdout]     |
[INFO] [stdout] 109 |     fn lookup_job(&self, name: &JobName) -> Option<Box<dyn Job + Send>> {
[INFO] [stdout]     |                                                        +++
[INFO] [stdout] 
[INFO] [stdout] 
[INFO] [stdout] warning: use of deprecated method `std::error::Error::description`: use the Display impl or to_string()
[INFO] [stdout]    --> tests/performing_jobs_test.rs:157:54
[INFO] [stdout]     |
[INFO] [stdout] 157 |         Err(Error::JobFailed(msg)) => assert_eq!(msg.description(), "it worked".to_string()),
[INFO] [stdout]     |                                                      ^^^^^^^^^^^
[INFO] [stdout]     |
[INFO] [stdout]     = note: `#[warn(deprecated)]` on by default
[INFO] [stdout] 
[INFO] [stdout] 
[INFO] [stdout] warning: cannot find type `JobName` in this scope
[INFO] [stdout]   --> examples/client_and_worker.rs:37:1
[INFO] [stdout]    |
[INFO] [stdout] 37 | / jobs! {
[INFO] [stdout] 38 | |     MyJob,
[INFO] [stdout] 39 | | }
[INFO] [stdout]    | |_^ names from parent modules are not accessible without an explicit import
[INFO] [stdout]    |
[INFO] [stdout]    = warning: this was previously accepted by the compiler but is being phased out; it will become a hard error in a future release!
[INFO] [stdout]    = note: for more information, see issue #83583 <https://github.com/rust-lang/rust/issues/83583>
[INFO] [stdout]    = note: `#[warn(proc_macro_derive_resolution_fallback)]` (part of `#[warn(future_incompatible)]`) on by default
[INFO] [stdout]    = note: this warning originates in the derive macro `Job` which comes from the expansion of the macro `jobs` (in Nightly builds, run with -Z macro-backtrace for more info)
[INFO] [stdout] 
[INFO] [stdout] 
[INFO] [stdout] warning: cannot find type `Job` in this scope
[INFO] [stdout]   --> examples/client_and_worker.rs:37:1
[INFO] [stdout]    |
[INFO] [stdout] 37 | / jobs! {
[INFO] [stdout] 38 | |     MyJob,
[INFO] [stdout] 39 | | }
[INFO] [stdout]    | |_^ names from parent modules are not accessible without an explicit import
[INFO] [stdout]    |
[INFO] [stdout]    = warning: this was previously accepted by the compiler but is being phased out; it will become a hard error in a future release!
[INFO] [stdout]    = note: for more information, see issue #83583 <https://github.com/rust-lang/rust/issues/83583>
[INFO] [stdout]    = note: this warning originates in the derive macro `Job` which comes from the expansion of the macro `jobs` (in Nightly builds, run with -Z macro-backtrace for more info)
[INFO] [stdout] 
[INFO] [stdout] 
[INFO] [stdout] warning: cannot find type `__RobinJobs` in this scope
[INFO] [stdout]   --> examples/client_and_worker.rs:37:1
[INFO] [stdout]    |
[INFO] [stdout] 37 | / jobs! {
[INFO] [stdout] 38 | |     MyJob,
[INFO] [stdout] 39 | | }
[INFO] [stdout]    | |_^ names from parent modules are not accessible without an explicit import
[INFO] [stdout]    |
[INFO] [stdout]    = warning: this was previously accepted by the compiler but is being phased out; it will become a hard error in a future release!
[INFO] [stdout]    = note: for more information, see issue #83583 <https://github.com/rust-lang/rust/issues/83583>
[INFO] [stdout]    = note: this warning originates in the derive macro `Job` which comes from the expansion of the macro `jobs` (in Nightly builds, run with -Z macro-backtrace for more info)
[INFO] [stdout] 
[INFO] [stdout] 
[INFO] [stdout] warning: use of deprecated method `std::error::Error::description`: use the Display impl or to_string()
[INFO] [stdout]   --> src/error.rs:37:47
[INFO] [stdout]    |
[INFO] [stdout] 37 |             &Error::JobFailed(ref err) => err.description(),
[INFO] [stdout]    |                                               ^^^^^^^^^^^
[INFO] [stdout]    |
[INFO] [stdout]    = note: `#[warn(deprecated)]` on by default
[INFO] [stdout] 
[INFO] [stdout] 
[INFO] [stdout] warning: use of deprecated method `std::error::Error::description`: use the Display impl or to_string()
[INFO] [stdout]   --> src/error.rs:38:52
[INFO] [stdout]    |
[INFO] [stdout] 38 |             &Error::SerdeJsonError(ref err) => err.description(),
[INFO] [stdout]    |                                                    ^^^^^^^^^^^
[INFO] [stdout] 
[INFO] [stdout] 
[INFO] [stdout] warning: use of deprecated method `std::error::Error::description`: use the Display impl or to_string()
[INFO] [stdout]   --> src/error.rs:39:48
[INFO] [stdout]    |
[INFO] [stdout] 39 |             &Error::RedisError(ref err) => err.description(),
[INFO] [stdout]    |                                                ^^^^^^^^^^^
[INFO] [stdout] 
[INFO] [stdout] 
[INFO] [stdout] warning: panic message is not a string literal
[INFO] [stdout]   --> tests/test_helper/mod.rs:90:24
[INFO] [stdout]    |
[INFO] [stdout] 90 |                 panic!(format!("File contained something different {}", s))
[INFO] [stdout]    |                        ^^^^^^^^^^^^^^^^^^^^^^^^^^^^^^^^^^^^^^^^^^^^^^^^^^^
[INFO] [stdout]    |
[INFO] [stdout]    = note: this usage of `panic!()` is deprecated; it will be a hard error in Rust 2021
[INFO] [stdout]    = note: for more information, see <https://doc.rust-lang.org/edition-guide/rust-2021/panic-macro-consistency.html>
[INFO] [stdout]    = note: the `panic!()` macro supports formatting, so there's no need for the `format!()` macro here
[INFO] [stdout]    = note: for more information, see <https://doc.rust-lang.org/edition-guide/rust-2021/panic-macro-consistency.html>
[INFO] [stdout]    = note: `#[warn(non_fmt_panics)]` (part of `#[warn(rust_2021_compatibility)]`) on by default
[INFO] [stdout] help: remove the `format!(..)` macro call
[INFO] [stdout]    |
[INFO] [stdout] 90 -                 panic!(format!("File contained something different {}", s))
[INFO] [stdout] 90 +                 panic!("File contained something different {}", s)
[INFO] [stdout]    |
[INFO] [stdout] 
[INFO] [stdout] 
[INFO] [stdout] warning: panic message is not a string literal
[INFO] [stdout]    --> src/worker/mod.rs:162:20
[INFO] [stdout]     |
[INFO] [stdout] 162 |             panic!(format!("Failed to dequeue job with error\n{:?}", err));
[INFO] [stdout]     |                    ^^^^^^^^^^^^^^^^^^^^^^^^^^^^^^^^^^^^^^^^^^^^^^^^^^^^^^
[INFO] [stdout]     |
[INFO] [stdout]     = note: this usage of `panic!()` is deprecated; it will be a hard error in Rust 2021
[INFO] [stdout]     = note: for more information, see <https://doc.rust-lang.org/edition-guide/rust-2021/panic-macro-consistency.html>
[INFO] [stdout]     = note: the `panic!()` macro supports formatting, so there's no need for the `format!()` macro here
[INFO] [stdout]     = note: for more information, see <https://doc.rust-lang.org/edition-guide/rust-2021/panic-macro-consistency.html>
[INFO] [stdout]     = note: `#[warn(non_fmt_panics)]` (part of `#[warn(rust_2021_compatibility)]`) on by default
[INFO] [stdout] help: remove the `format!(..)` macro call
[INFO] [stdout]     |
[INFO] [stdout] 162 -             panic!(format!("Failed to dequeue job with error\n{:?}", err));
[INFO] [stdout] 162 +             panic!("Failed to dequeue job with error\n{:?}", err);
[INFO] [stdout]     |
[INFO] [stdout] 
[INFO] [stdout] 
[INFO] [stdout] warning: missing documentation for a macro
[INFO] [stdout]  --> src/macros.rs:2:1
[INFO] [stdout]   |
[INFO] [stdout] 2 | macro_rules! jobs {
[INFO] [stdout]   | ^^^^^^^^^^^^^^^^^
[INFO] [stdout]   |
[INFO] [stdout] note: the lint level is defined here
[INFO] [stdout]  --> src/lib.rs:1:9
[INFO] [stdout]   |
[INFO] [stdout] 1 | #![deny(missing_docs, unused_imports, missing_debug_implementations, missing_copy_implementations,
[INFO] [stdout]   |         ^^^^^^^^^^^^
[INFO] [stdout] 
[INFO] [stdout] 
[INFO] [stdout] warning: missing documentation for a macro
[INFO] [stdout]   --> src/macros.rs:52:1
[INFO] [stdout]    |
[INFO] [stdout] 52 | macro_rules! robin_establish_connection {
[INFO] [stdout]    | ^^^^^^^^^^^^^^^^^^^^^^^^^^^^^^^^^^^^^^^
[INFO] [stdout] 
[INFO] [stdout] 
[INFO] [stdout] warning: missing documentation for a macro
[INFO] [stdout]   --> src/macros.rs:59:1
[INFO] [stdout]    |
[INFO] [stdout] 59 | macro_rules! robin_boot_worker {
[INFO] [stdout]    | ^^^^^^^^^^^^^^^^^^^^^^^^^^^^^^
[INFO] [stdout] 
[INFO] [stdout] 
[INFO] [stderr]     Finished `release` profile [optimized] target(s) in 12.92s
[INFO] [stderr] warning: the following packages contain code that will be rejected by a future version of Rust: redis v0.8.0, robin v0.3.0 (/opt/rustwide/workdir), syn v0.12.15
[INFO] [stderr] note: to see what the problems were, use the option `--future-incompat-report`, or run `cargo report future-incompatibilities --id 2`
[INFO] running `Command { std: "docker" "inspect" "ef5f499d72b2cbe0e4096a30a6c8ee9ddc2452a0f44e7e389455b0ce05638528", kill_on_drop: false }`
[INFO] running `Command { std: "docker" "exec" "-e" "SOURCE_DIR=/opt/rustwide/workdir" "-e" "CARGO_HOME=/opt/rustwide/cargo-home" "-e" "RUSTUP_HOME=/opt/rustwide/rustup-home" "-e" "CARGO_TARGET_DIR=/opt/rustwide/target" "-e" "CARGO_INCREMENTAL=0" "-e" "RUST_BACKTRACE=full" "-e" "RUSTFLAGS=--cap-lints=warn" "-e" "RUSTDOCFLAGS=--cap-lints=warn" "-w" "/opt/rustwide/workdir" "--user" "0:0" "ef5f499d72b2cbe0e4096a30a6c8ee9ddc2452a0f44e7e389455b0ce05638528" "/opt/rustwide/cargo-home/bin/cargo" "+1.99.0-beta.8" "test" "--frozen" "--release", kill_on_drop: false }`
[INFO] [stderr] warning: Cargo.toml: `package.edition` is unspecified, defaulting to `2015` while the latest is `2024`
[INFO] [stderr] warning: `robin` (manifest) generated 1 warning
[INFO] [stderr] warning: unused import: `macros::*`
[INFO] [stderr]    --> src/lib.rs:262:13
[INFO] [stderr]     |
[INFO] [stderr] 262 |     pub use macros::*;
[INFO] [stderr]     |             ^^^^^^^^^
[INFO] [stderr]     |
[INFO] [stderr] note: the lint level is defined here
[INFO] [stderr]    --> src/lib.rs:1:23
[INFO] [stderr]     |
[INFO] [stderr]   1 | #![deny(missing_docs, unused_imports, missing_debug_implementations, missing_copy_implementations,
[INFO] [stderr]     |                       ^^^^^^^^^^^^^^
[INFO] [stderr] 
[INFO] [stderr] warning: trait objects without an explicit `dyn` are deprecated
[INFO] [stderr]   --> src/connection/mod.rs:17:21
[INFO] [stderr]    |
[INFO] [stderr] 17 |     lookup_job: Box<LookupJob>,
[INFO] [stderr]    |                     ^^^^^^^^^
[INFO] [stderr]    |
[INFO] [stderr]    = warning: this is accepted in the current edition (Rust 2015) but is a hard error in Rust 2021!
[INFO] [stderr]    = note: for more information, see <https://doc.rust-lang.org/edition-guide/rust-2021/warnings-promoted-to-error.html>
[INFO] [stderr]    = note: `#[warn(bare_trait_objects)]` (part of `#[warn(rust_2021_compatibility)]`) on by default
[INFO] [stderr] help: if this is a dyn-compatible trait, use `dyn`
[INFO] [stderr]    |
[INFO] [stderr] 17 |     lookup_job: Box<dyn LookupJob>,
[INFO] [stderr]    |                     +++
[INFO] [stderr] 
[INFO] [stderr] warning: trait objects without an explicit `dyn` are deprecated
[INFO] [stderr]   --> src/error.rs:15:19
[INFO] [stderr]    |
[INFO] [stderr] 15 |     JobFailed(Box<std::error::Error>),
[INFO] [stderr]    |                   ^^^^^^^^^^^^^^^^^
[INFO] [stderr]    |
[INFO] [stderr]    = warning: this is accepted in the current edition (Rust 2015) but is a hard error in Rust 2021!
[INFO] [stderr]    = note: for more information, see <https://doc.rust-lang.org/edition-guide/rust-2021/warnings-promoted-to-error.html>
[INFO] [stderr] help: if this is a dyn-compatible trait, use `dyn`
[INFO] [stderr]    |
[INFO] [stderr] 15 |     JobFailed(Box<dyn std::error::Error>),
[INFO] [stderr]    |                   +++
[INFO] [stderr] 
[INFO] [stderr] warning: trait objects without an explicit `dyn` are deprecated
[INFO] [stderr]    --> src/connection/mod.rs:138:52
[INFO] [stderr]     |
[INFO] [stderr] 138 |     fn lookup(&self, name: &JobName) -> Option<Box<Job + Send>>;
[INFO] [stderr]     |                                                    ^^^^^^^^^^
[INFO] [stderr]     |
[INFO] [stderr]     = warning: this is accepted in the current edition (Rust 2015) but is a hard error in Rust 2021!
[INFO] [stderr]     = note: for more information, see <https://doc.rust-lang.org/edition-guide/rust-2021/warnings-promoted-to-error.html>
[INFO] [stderr] help: if this is a dyn-compatible trait, use `dyn`
[INFO] [stderr]     |
[INFO] [stderr] 138 |     fn lookup(&self, name: &JobName) -> Option<Box<dyn Job + Send>>;
[INFO] [stderr]     |                                                    +++
[INFO] [stderr] 
[INFO] [stderr] warning: trait objects without an explicit `dyn` are deprecated
[INFO] [stderr]   --> src/job/mod.rs:10:37
[INFO] [stderr]    |
[INFO] [stderr] 10 | pub type JobResult = Result<(), Box<std::error::Error>>;
[INFO] [stderr]    |                                     ^^^^^^^^^^^^^^^^^
[INFO] [stderr]    |
[INFO] [stderr]    = warning: this is accepted in the current edition (Rust 2015) but is a hard error in Rust 2021!
[INFO] [stderr]    = note: for more information, see <https://doc.rust-lang.org/edition-guide/rust-2021/warnings-promoted-to-error.html>
[INFO] [stderr] help: if this is a dyn-compatible trait, use `dyn`
[INFO] [stderr]    |
[INFO] [stderr] 10 | pub type JobResult = Result<(), Box<dyn std::error::Error>>;
[INFO] [stderr]    |                                     +++
[INFO] [stderr] 
[INFO] [stderr] warning: trait objects without an explicit `dyn` are deprecated
[INFO] [stderr]    --> src/connection/mod.rs:146:52
[INFO] [stderr]     |
[INFO] [stderr] 146 |     fn lookup(&self, name: &JobName) -> Option<Box<Job + Send>> {
[INFO] [stderr]     |                                                    ^^^^^^^^^^
[INFO] [stderr]     |
[INFO] [stderr]     = warning: this is accepted in the current edition (Rust 2015) but is a hard error in Rust 2021!
[INFO] [stderr]     = note: for more information, see <https://doc.rust-lang.org/edition-guide/rust-2021/warnings-promoted-to-error.html>
[INFO] [stderr] help: if this is a dyn-compatible trait, use `dyn`
[INFO] [stderr]     |
[INFO] [stderr] 146 |     fn lookup(&self, name: &JobName) -> Option<Box<dyn Job + Send>> {
[INFO] [stderr]     |                                                    +++
[INFO] [stderr] 
[INFO] [stderr] warning: trait objects without an explicit `dyn` are deprecated
[INFO] [stderr]    --> src/connection/mod.rs:144:35
[INFO] [stderr]     |
[INFO] [stderr] 144 |     F: Fn(&JobName) -> Option<Box<Job + Send>>,
[INFO] [stderr]     |                                   ^^^^^^^^^^
[INFO] [stderr]     |
[INFO] [stderr]     = warning: this is accepted in the current edition (Rust 2015) but is a hard error in Rust 2021!
[INFO] [stderr]     = note: for more information, see <https://doc.rust-lang.org/edition-guide/rust-2021/warnings-promoted-to-error.html>
[INFO] [stderr] help: if this is a dyn-compatible trait, use `dyn`
[INFO] [stderr]     |
[INFO] [stderr] 144 |     F: Fn(&JobName) -> Option<Box<dyn Job + Send>>,
[INFO] [stderr]     |                                   +++
[INFO] [stderr] 
[INFO] [stderr] warning: trait objects without an explicit `dyn` are deprecated
[INFO] [stderr]    --> src/worker/mod.rs:174:14
[INFO] [stderr]     |
[INFO] [stderr] 174 |     job: Box<Job + Send>,
[INFO] [stderr]     |              ^^^^^^^^^^
[INFO] [stderr]     |
[INFO] [stderr]     = warning: this is accepted in the current edition (Rust 2015) but is a hard error in Rust 2021!
[INFO] [stderr]     = note: for more information, see <https://doc.rust-lang.org/edition-guide/rust-2021/warnings-promoted-to-error.html>
[INFO] [stderr] help: if this is a dyn-compatible trait, use `dyn`
[INFO] [stderr]     |
[INFO] [stderr] 174 |     job: Box<dyn Job + Send>,
[INFO] [stderr]     |              +++
[INFO] [stderr] 
[INFO] [stderr] warning: trait objects without an explicit `dyn` are deprecated
[INFO] [stderr]   --> src/connection/mod.rs:68:22
[INFO] [stderr]    |
[INFO] [stderr] 68 |     ) -> Result<(Box<Job + Send>, String, RetryCount), NoJobDequeued> {
[INFO] [stderr]    |                      ^^^^^^^^^^
[INFO] [stderr]    |
[INFO] [stderr]    = warning: this is accepted in the current edition (Rust 2015) but is a hard error in Rust 2021!
[INFO] [stderr]    = note: for more information, see <https://doc.rust-lang.org/edition-guide/rust-2021/warnings-promoted-to-error.html>
[INFO] [stderr] help: if this is a dyn-compatible trait, use `dyn`
[INFO] [stderr]    |
[INFO] [stderr] 68 |     ) -> Result<(Box<dyn Job + Send>, String, RetryCount), NoJobDequeued> {
[INFO] [stderr]    |                      +++
[INFO] [stderr] 
[INFO] [stderr] warning: trait objects without an explicit `dyn` are deprecated
[INFO] [stderr]    --> src/connection/mod.rs:109:56
[INFO] [stderr]     |
[INFO] [stderr] 109 |     fn lookup_job(&self, name: &JobName) -> Option<Box<Job + Send>> {
[INFO] [stderr]     |                                                        ^^^^^^^^^^
[INFO] [stderr]     |
[INFO] [stderr]     = warning: this is accepted in the current edition (Rust 2015) but is a hard error in Rust 2021!
[INFO] [stderr]     = note: for more information, see <https://doc.rust-lang.org/edition-guide/rust-2021/warnings-promoted-to-error.html>
[INFO] [stderr] help: if this is a dyn-compatible trait, use `dyn`
[INFO] [stderr]     |
[INFO] [stderr] 109 |     fn lookup_job(&self, name: &JobName) -> Option<Box<dyn Job + Send>> {
[INFO] [stderr]     |                                                        +++
[INFO] [stderr] 
[INFO] [stderr] warning: use of deprecated method `std::error::Error::description`: use the Display impl or to_string()
[INFO] [stderr]   --> src/error.rs:37:47
[INFO] [stderr]    |
[INFO] [stderr] 37 |             &Error::JobFailed(ref err) => err.description(),
[INFO] [stderr]    |                                               ^^^^^^^^^^^
[INFO] [stderr]    |
[INFO] [stderr]    = note: `#[warn(deprecated)]` on by default
[INFO] [stderr] 
[INFO] [stderr] warning: use of deprecated method `std::error::Error::description`: use the Display impl or to_string()
[INFO] [stderr]   --> src/error.rs:38:52
[INFO] [stderr]    |
[INFO] [stderr] 38 |             &Error::SerdeJsonError(ref err) => err.description(),
[INFO] [stderr]    |                                                    ^^^^^^^^^^^
[INFO] [stderr] 
[INFO] [stderr] warning: use of deprecated method `std::error::Error::description`: use the Display impl or to_string()
[INFO] [stderr]   --> src/error.rs:39:48
[INFO] [stderr]    |
[INFO] [stderr] 39 |             &Error::RedisError(ref err) => err.description(),
[INFO] [stderr]    |                                                ^^^^^^^^^^^
[INFO] [stderr] 
[INFO] [stderr] warning: panic message is not a string literal
[INFO] [stderr]    --> src/worker/mod.rs:162:20
[INFO] [stderr]     |
[INFO] [stderr] 162 |             panic!(format!("Failed to dequeue job with error\n{:?}", err));
[INFO] [stderr]     |                    ^^^^^^^^^^^^^^^^^^^^^^^^^^^^^^^^^^^^^^^^^^^^^^^^^^^^^^
[INFO] [stderr]     |
[INFO] [stderr]     = note: this usage of `panic!()` is deprecated; it will be a hard error in Rust 2021
[INFO] [stderr]     = note: for more information, see <https://doc.rust-lang.org/edition-guide/rust-2021/panic-macro-consistency.html>
[INFO] [stderr]     = note: the `panic!()` macro supports formatting, so there's no need for the `format!()` macro here
[INFO] [stderr]     = note: for more information, see <https://doc.rust-lang.org/edition-guide/rust-2021/panic-macro-consistency.html>
[INFO] [stderr]     = note: `#[warn(non_fmt_panics)]` (part of `#[warn(rust_2021_compatibility)]`) on by default
[INFO] [stderr] help: remove the `format!(..)` macro call
[INFO] [stderr]     |
[INFO] [stderr] 162 -             panic!(format!("Failed to dequeue job with error\n{:?}", err));
[INFO] [stderr] 162 +             panic!("Failed to dequeue job with error\n{:?}", err);
[INFO] [stderr]     |
[INFO] [stderr] 
[INFO] [stderr] warning: missing documentation for a macro
[INFO] [stderr]  --> src/macros.rs:2:1
[INFO] [stderr]   |
[INFO] [stderr] 2 | macro_rules! jobs {
[INFO] [stderr]   | ^^^^^^^^^^^^^^^^^
[INFO] [stderr]   |
[INFO] [stderr] note: the lint level is defined here
[INFO] [stderr]  --> src/lib.rs:1:9
[INFO] [stderr]   |
[INFO] [stderr] 1 | #![deny(missing_docs, unused_imports, missing_debug_implementations, missing_copy_implementations,
[INFO] [stderr]   |         ^^^^^^^^^^^^
[INFO] [stderr] 
[INFO] [stderr] warning: missing documentation for a macro
[INFO] [stderr]   --> src/macros.rs:52:1
[INFO] [stderr]    |
[INFO] [stderr] 52 | macro_rules! robin_establish_connection {
[INFO] [stderr]    | ^^^^^^^^^^^^^^^^^^^^^^^^^^^^^^^^^^^^^^^
[INFO] [stderr] 
[INFO] [stderr] warning: missing documentation for a macro
[INFO] [stderr]   --> src/macros.rs:59:1
[INFO] [stderr]    |
[INFO] [stderr] 59 | macro_rules! robin_boot_worker {
[INFO] [stderr]    | ^^^^^^^^^^^^^^^^^^^^^^^^^^^^^^
[INFO] [stderr] 
[INFO] [stderr] warning: `robin` (lib) generated 17 warnings (run `cargo fix --lib -p robin` to apply 11 suggestions)
[INFO] [stderr] warning: cannot find type `JobName` in this scope
[INFO] [stderr]   --> tests/test_helper/mod.rs:59:10
[INFO] [stderr]    |
[INFO] [stderr] 59 | #[derive(Job)]
[INFO] [stderr]    |          ^^^ names from parent modules are not accessible without an explicit import
[INFO] [stderr]    |
[INFO] [stderr]    = warning: this was previously accepted by the compiler but is being phased out; it will become a hard error in a future release!
[INFO] [stderr]    = note: for more information, see issue #83583 <https://github.com/rust-lang/rust/issues/83583>
[INFO] [stderr]    = note: `#[warn(proc_macro_derive_resolution_fallback)]` (part of `#[warn(future_incompatible)]`) on by default
[INFO] [stderr]    = note: this warning originates in the derive macro `Job` (in Nightly builds, run with -Z macro-backtrace for more info)
[INFO] [stderr] 
[INFO] [stderr] warning: cannot find type `Job` in this scope
[INFO] [stderr]   --> tests/test_helper/mod.rs:59:10
[INFO] [stderr]    |
[INFO] [stderr] 59 | #[derive(Job)]
[INFO] [stderr]    |          ^^^ names from parent modules are not accessible without an explicit import
[INFO] [stderr]    |
[INFO] [stderr]    = warning: this was previously accepted by the compiler but is being phased out; it will become a hard error in a future release!
[INFO] [stderr]    = note: for more information, see issue #83583 <https://github.com/rust-lang/rust/issues/83583>
[INFO] [stderr]    = note: this warning originates in the derive macro `Job` (in Nightly builds, run with -Z macro-backtrace for more info)
[INFO] [stderr] 
[INFO] [stderr] warning: cannot find type `Jobs` in this scope
[INFO] [stderr]   --> tests/test_helper/mod.rs:59:10
[INFO] [stderr]    |
[INFO] [stderr] 59 | #[derive(Job)]
[INFO] [stderr]    |          ^^^ names from parent modules are not accessible without an explicit import
[INFO] [stderr]    |
[INFO] [stderr]    = warning: this was previously accepted by the compiler but is being phased out; it will become a hard error in a future release!
[INFO] [stderr]    = note: for more information, see issue #83583 <https://github.com/rust-lang/rust/issues/83583>
[INFO] [stderr]    = note: this warning originates in the derive macro `Job` (in Nightly builds, run with -Z macro-backtrace for more info)
[INFO] [stderr] 
[INFO] [stderr] warning: cannot find type `JobName` in this scope
[INFO] [stderr]    --> tests/performing_jobs_test.rs:142:5
[INFO] [stderr]     |
[INFO] [stderr] 142 | /     jobs! {
[INFO] [stderr] 143 | |         JobWithoutArgs,
[INFO] [stderr] 144 | |     }
[INFO] [stderr]     | |_____^ names from parent modules are not accessible without an explicit import
[INFO] [stderr]     |
[INFO] [stderr]     = warning: this was previously accepted by the compiler but is being phased out; it will become a hard error in a future release!
[INFO] [stderr]     = note: for more information, see issue #83583 <https://github.com/rust-lang/rust/issues/83583>
[INFO] [stderr]     = note: this warning originates in the derive macro `Job` which comes from the expansion of the macro `jobs` (in Nightly builds, run with -Z macro-backtrace for more info)
[INFO] [stderr] 
[INFO] [stderr] warning: cannot find type `Job` in this scope
[INFO] [stderr]    --> tests/performing_jobs_test.rs:142:5
[INFO] [stderr]     |
[INFO] [stderr] 142 | /     jobs! {
[INFO] [stderr] 143 | |         JobWithoutArgs,
[INFO] [stderr] 144 | |     }
[INFO] [stderr]     | |_____^ names from parent modules are not accessible without an explicit import
[INFO] [stderr]     |
[INFO] [stderr]     = warning: this was previously accepted by the compiler but is being phased out; it will become a hard error in a future release!
[INFO] [stderr]     = note: for more information, see issue #83583 <https://github.com/rust-lang/rust/issues/83583>
[INFO] [stderr]     = note: this warning originates in the derive macro `Job` which comes from the expansion of the macro `jobs` (in Nightly builds, run with -Z macro-backtrace for more info)
[INFO] [stderr] 
[INFO] [stderr] warning: cannot find type `__RobinJobs` in this scope
[INFO] [stderr]    --> tests/performing_jobs_test.rs:142:5
[INFO] [stderr]     |
[INFO] [stderr] 142 | /     jobs! {
[INFO] [stderr] 143 | |         JobWithoutArgs,
[INFO] [stderr] 144 | |     }
[INFO] [stderr]     | |_____^ names from parent modules are not accessible without an explicit import
[INFO] [stderr]     |
[INFO] [stderr]     = warning: this was previously accepted by the compiler but is being phased out; it will become a hard error in a future release!
[INFO] [stderr]     = note: for more information, see issue #83583 <https://github.com/rust-lang/rust/issues/83583>
[INFO] [stderr]     = note: this warning originates in the derive macro `Job` which comes from the expansion of the macro `jobs` (in Nightly builds, run with -Z macro-backtrace for more info)
[INFO] [stderr] 
[INFO] [stderr] warning: use of deprecated method `std::error::Error::description`: use the Display impl or to_string()
[INFO] [stderr]    --> tests/performing_jobs_test.rs:157:54
[INFO] [stderr]     |
[INFO] [stderr] 157 |         Err(Error::JobFailed(msg)) => assert_eq!(msg.description(), "it worked".to_string()),
[INFO] [stderr]     |                                                      ^^^^^^^^^^^
[INFO] [stderr]     |
[INFO] [stderr]     = note: `#[warn(deprecated)]` on by default
[INFO] [stderr] 
[INFO] [stderr] warning: panic message is not a string literal
[INFO] [stderr]   --> tests/test_helper/mod.rs:90:24
[INFO] [stderr]    |
[INFO] [stderr] 90 |                 panic!(format!("File contained something different {}", s))
[INFO] [stderr]    |                        ^^^^^^^^^^^^^^^^^^^^^^^^^^^^^^^^^^^^^^^^^^^^^^^^^^^
[INFO] [stderr]    |
[INFO] [stderr]    = note: this usage of `panic!()` is deprecated; it will be a hard error in Rust 2021
[INFO] [stderr]    = note: for more information, see <https://doc.rust-lang.org/edition-guide/rust-2021/panic-macro-consistency.html>
[INFO] [stderr]    = note: the `panic!()` macro supports formatting, so there's no need for the `format!()` macro here
[INFO] [stderr]    = note: for more information, see <https://doc.rust-lang.org/edition-guide/rust-2021/panic-macro-consistency.html>
[INFO] [stderr]    = note: `#[warn(non_fmt_panics)]` (part of `#[warn(rust_2021_compatibility)]`) on by default
[INFO] [stderr] help: remove the `format!(..)` macro call
[INFO] [stderr]    |
[INFO] [stderr] 90 -                 panic!(format!("File contained something different {}", s))
[INFO] [stderr] 90 +                 panic!("File contained something different {}", s)
[INFO] [stderr]    |
[INFO] [stderr] 
[INFO] [stderr] warning: cannot find type `JobName` in this scope
[INFO] [stderr]   --> examples/client_and_worker.rs:37:1
[INFO] [stderr]    |
[INFO] [stderr] 37 | / jobs! {
[INFO] [stderr] 38 | |     MyJob,
[INFO] [stderr] 39 | | }
[INFO] [stderr]    | |_^ names from parent modules are not accessible without an explicit import
[INFO] [stderr]    |
[INFO] [stderr]    = warning: this was previously accepted by the compiler but is being phased out; it will become a hard error in a future release!
[INFO] [stderr]    = note: for more information, see issue #83583 <https://github.com/rust-lang/rust/issues/83583>
[INFO] [stderr]    = note: `#[warn(proc_macro_derive_resolution_fallback)]` (part of `#[warn(future_incompatible)]`) on by default
[INFO] [stderr]    = note: this warning originates in the derive macro `Job` which comes from the expansion of the macro `jobs` (in Nightly builds, run with -Z macro-backtrace for more info)
[INFO] [stderr] 
[INFO] [stderr] warning: cannot find type `Job` in this scope
[INFO] [stderr]   --> examples/client_and_worker.rs:37:1
[INFO] [stderr]    |
[INFO] [stderr] 37 | / jobs! {
[INFO] [stderr] 38 | |     MyJob,
[INFO] [stderr] 39 | | }
[INFO] [stderr]    | |_^ names from parent modules are not accessible without an explicit import
[INFO] [stderr]    |
[INFO] [stderr]    = warning: this was previously accepted by the compiler but is being phased out; it will become a hard error in a future release!
[INFO] [stderr]    = note: for more information, see issue #83583 <https://github.com/rust-lang/rust/issues/83583>
[INFO] [stderr]    = note: this warning originates in the derive macro `Job` which comes from the expansion of the macro `jobs` (in Nightly builds, run with -Z macro-backtrace for more info)
[INFO] [stderr] 
[INFO] [stderr] warning: cannot find type `__RobinJobs` in this scope
[INFO] [stderr]   --> examples/client_and_worker.rs:37:1
[INFO] [stderr]    |
[INFO] [stderr] 37 | / jobs! {
[INFO] [stderr] 38 | |     MyJob,
[INFO] [stderr] 39 | | }
[INFO] [stderr]    | |_^ names from parent modules are not accessible without an explicit import
[INFO] [stderr]    |
[INFO] [stderr]    = warning: this was previously accepted by the compiler but is being phased out; it will become a hard error in a future release!
[INFO] [stderr]    = note: for more information, see issue #83583 <https://github.com/rust-lang/rust/issues/83583>
[INFO] [stderr]    = note: this warning originates in the derive macro `Job` which comes from the expansion of the macro `jobs` (in Nightly builds, run with -Z macro-backtrace for more info)
[INFO] [stderr] 
[INFO] [stderr] warning: `robin` (test "performing_jobs_test") generated 8 warnings (run `cargo fix --test "performing_jobs_test" -p robin` to apply 1 suggestion)
[INFO] [stderr] warning: `robin` (example "client_and_worker") generated 3 warnings
[INFO] [stderr] warning: `robin` (lib test) generated 17 warnings (17 duplicates)
[INFO] [stderr]     Finished `release` profile [optimized] target(s) in 0.11s
[INFO] [stderr] warning: the following packages contain code that will be rejected by a future version of Rust: redis v0.8.0, robin v0.3.0 (/opt/rustwide/workdir), syn v0.12.15
[INFO] [stderr] note: to see what the problems were, use the option `--future-incompat-report`, or run `cargo report future-incompatibilities --id 3`
[INFO] [stderr]      Running unittests src/lib.rs (/opt/rustwide/target/release/deps/robin-3a7dab4056d89f8d)
[INFO] [stdout] 
[INFO] [stdout] running 0 tests
[INFO] [stdout] 
[INFO] [stdout] test result: ok. 0 passed; 0 failed; 0 ignored; 0 measured; 0 filtered out; finished in 0.00s
[INFO] [stdout] 
[INFO] [stderr]      Running tests/performing_jobs_test.rs (/opt/rustwide/target/release/deps/performing_jobs_test-e07b9e3ae568d9c2)
[INFO] [stdout] 
[INFO] [stdout] running 6 tests
[INFO] [stdout] test enqueuing_and_performing_jobs ... FAILED
[INFO] [stdout] test job_fails_then_gets_retried_and_passes ... FAILED
[INFO] [stdout] test perform_now_test ... FAILED
[INFO] [stdout] test jobs_with_unit_as_args ... FAILED
[INFO] [stdout] test job_doesnt_get_retried_forever ... FAILED
[INFO] [stdout] test running_multiple_jobs ... FAILED
[INFO] [stdout] 
[INFO] [stdout] failures:
[INFO] [stdout] 
[INFO] [stdout] ---- enqueuing_and_performing_jobs stdout ----
[INFO] [stdout] 
[INFO] [stdout] thread 'enqueuing_and_performing_jobs' (798) panicked at tests/test_helper/mod.rs:26:14:
[INFO] [stdout] Failed to connect: RedisError(Connection refused (os error 111))
[INFO] [stdout] stack backtrace:
[INFO] [stdout]    0:     0x6024c2a6cb31 - <<std[70759c8f55707aa4]::sys::backtrace::BacktraceLock>::print::DisplayBacktrace as core[df12db4294e9bfd3]::fmt::Display>::fmt
[INFO] [stdout]    1:     0x6024c2a821da - core[df12db4294e9bfd3]::fmt::write
[INFO] [stdout]    2:     0x6024c2a715bc - <alloc[2182bb758b4b3781]::vec::Vec<u8> as core[df12db4294e9bfd3]::io::write::Write>::write_fmt
[INFO] [stdout]    3:     0x6024c2a47aa6 - std[70759c8f55707aa4]::panicking::default_hook::{closure#0}
[INFO] [stdout]    4:     0x6024c2a64a19 - std[70759c8f55707aa4]::panicking::default_hook
[INFO] [stdout]    5:     0x6024c29cfb60 - test[9d35eded1c95d3be]::test_main_inner::<test[9d35eded1c95d3be]::test_main_static::{closure#0}>::{closure#0}
[INFO] [stdout]    6:     0x6024c2a64bd2 - std[70759c8f55707aa4]::panicking::panic_with_hook
[INFO] [stdout]    7:     0x6024c2a47b52 - std[70759c8f55707aa4]::panicking::panic_handler::{closure#0}
[INFO] [stdout]    8:     0x6024c2a406d9 - std[70759c8f55707aa4]::sys::backtrace::__rust_end_short_backtrace::<std[70759c8f55707aa4]::panicking::panic_handler::{closure#0}, !>
[INFO] [stderr] error: test failed, to rerun pass `--test performing_jobs_test`
[INFO] [stdout]    9:     0x6024c2a4893d - __rustc[8fa7c3cbc660c2b3]::rust_begin_unwind
[INFO] [stdout]   10:     0x6024c2a8290c - core[df12db4294e9bfd3]::panicking::panic_fmt
[INFO] [stdout]   11:     0x6024c2a826e2 - core[df12db4294e9bfd3]::result::unwrap_failed
[INFO] [stdout]   12:     0x6024c29c0fba - <performing_jobs_test[9999654f215ef4de]::test_helper::TestHelper>::setup::<performing_jobs_test[9999654f215ef4de]::test_helper::PassSecondTimeArgs>
[INFO] [stdout]   13:     0x6024c29b670a - <performing_jobs_test[9999654f215ef4de]::enqueuing_and_performing_jobs::{closure#0} as core[df12db4294e9bfd3]::ops::function::FnOnce<()>>::call_once
[INFO] [stdout]   14:     0x6024c29c2e4b - test[9d35eded1c95d3be]::__rust_begin_short_backtrace::<core[df12db4294e9bfd3]::result::Result<(), alloc[2182bb758b4b3781]::string::String>, fn() -> core[df12db4294e9bfd3]::result::Result<(), alloc[2182bb758b4b3781]::string::String>>
[INFO] [stdout]   15:     0x6024c29d04b5 - test[9d35eded1c95d3be]::run_test::{closure#0}
[INFO] [stdout]   16:     0x6024c29c9d74 - std[70759c8f55707aa4]::sys::backtrace::__rust_begin_short_backtrace::<test[9d35eded1c95d3be]::run_test::{closure#1}, ()>
[INFO] [stdout]   17:     0x6024c29d3612 - <std[70759c8f55707aa4]::thread::lifecycle::spawn_unchecked<test[9d35eded1c95d3be]::run_test::{closure#1}, ()>::{closure#1} as core[df12db4294e9bfd3]::ops::function::FnOnce<()>>::call_once::{shim:vtable#0}
[INFO] [stdout]   18:     0x6024c2a6bee9 - <std[70759c8f55707aa4]::sys::thread::unix::Thread>::new::thread_start
[INFO] [stdout]   19:     0x76bcdd1cadfa - <unknown>
[INFO] [stdout]   20:     0x76bcdd25e3d4 - clone
[INFO] [stdout]   21:                0x0 - <unknown>
[INFO] [stdout] 
[INFO] [stdout] ---- job_fails_then_gets_retried_and_passes stdout ----
[INFO] [stdout] 
[INFO] [stdout] thread 'job_fails_then_gets_retried_and_passes' (800) panicked at tests/test_helper/mod.rs:26:14:
[INFO] [stdout] Failed to connect: RedisError(Connection refused (os error 111))
[INFO] [stdout] stack backtrace:
[INFO] [stdout]    0:     0x6024c2a6cb31 - <<std[70759c8f55707aa4]::sys::backtrace::BacktraceLock>::print::DisplayBacktrace as core[df12db4294e9bfd3]::fmt::Display>::fmt
[INFO] [stdout]    1:     0x6024c2a821da - core[df12db4294e9bfd3]::fmt::write
[INFO] [stdout]    2:     0x6024c2a715bc - <alloc[2182bb758b4b3781]::vec::Vec<u8> as core[df12db4294e9bfd3]::io::write::Write>::write_fmt
[INFO] [stdout]    3:     0x6024c2a47aa6 - std[70759c8f55707aa4]::panicking::default_hook::{closure#0}
[INFO] [stdout]    4:     0x6024c2a64a19 - std[70759c8f55707aa4]::panicking::default_hook
[INFO] [stdout]    5:     0x6024c29cfb60 - test[9d35eded1c95d3be]::test_main_inner::<test[9d35eded1c95d3be]::test_main_static::{closure#0}>::{closure#0}
[INFO] [stdout]    6:     0x6024c2a64bd2 - std[70759c8f55707aa4]::panicking::panic_with_hook
[INFO] [stdout]    7:     0x6024c2a47b52 - std[70759c8f55707aa4]::panicking::panic_handler::{closure#0}
[INFO] [stdout]    8:     0x6024c2a406d9 - std[70759c8f55707aa4]::sys::backtrace::__rust_end_short_backtrace::<std[70759c8f55707aa4]::panicking::panic_handler::{closure#0}, !>
[INFO] [stdout]    9:     0x6024c2a4893d - __rustc[8fa7c3cbc660c2b3]::rust_begin_unwind
[INFO] [stdout]   10:     0x6024c2a8290c - core[df12db4294e9bfd3]::panicking::panic_fmt
[INFO] [stdout]   11:     0x6024c2a826e2 - core[df12db4294e9bfd3]::result::unwrap_failed
[INFO] [stdout]   12:     0x6024c29c0fba - <performing_jobs_test[9999654f215ef4de]::test_helper::TestHelper>::setup::<performing_jobs_test[9999654f215ef4de]::test_helper::PassSecondTimeArgs>
[INFO] [stdout]   13:     0x6024c29b6bdd - <performing_jobs_test[9999654f215ef4de]::job_fails_then_gets_retried_and_passes::{closure#0} as core[df12db4294e9bfd3]::ops::function::FnOnce<()>>::call_once
[INFO] [stdout]   14:     0x6024c29c2e4b - test[9d35eded1c95d3be]::__rust_begin_short_backtrace::<core[df12db4294e9bfd3]::result::Result<(), alloc[2182bb758b4b3781]::string::String>, fn() -> core[df12db4294e9bfd3]::result::Result<(), alloc[2182bb758b4b3781]::string::String>>
[INFO] [stdout]   15:     0x6024c29d04b5 - test[9d35eded1c95d3be]::run_test::{closure#0}
[INFO] [stdout]   16:     0x6024c29c9d74 - std[70759c8f55707aa4]::sys::backtrace::__rust_begin_short_backtrace::<test[9d35eded1c95d3be]::run_test::{closure#1}, ()>
[INFO] [stdout]   17:     0x6024c29d3612 - <std[70759c8f55707aa4]::thread::lifecycle::spawn_unchecked<test[9d35eded1c95d3be]::run_test::{closure#1}, ()>::{closure#1} as core[df12db4294e9bfd3]::ops::function::FnOnce<()>>::call_once::{shim:vtable#0}
[INFO] [stdout]   18:     0x6024c2a6bee9 - <std[70759c8f55707aa4]::sys::thread::unix::Thread>::new::thread_start
[INFO] [stdout]   19:     0x76bcdd1cadfa - <unknown>
[INFO] [stdout]   20:     0x76bcdd25e3d4 - clone
[INFO] [stdout]   21:                0x0 - <unknown>
[INFO] [stdout] 
[INFO] [stdout] ---- perform_now_test stdout ----
[INFO] [stdout] 
[INFO] [stdout] thread 'perform_now_test' (802) panicked at tests/test_helper/mod.rs:26:14:
[INFO] [stdout] Failed to connect: RedisError(Connection refused (os error 111))
[INFO] [stdout] stack backtrace:
[INFO] [stdout]    0:     0x6024c2a6cb31 - <<std[70759c8f55707aa4]::sys::backtrace::BacktraceLock>::print::DisplayBacktrace as core[df12db4294e9bfd3]::fmt::Display>::fmt
[INFO] [stdout]    1:     0x6024c2a821da - core[df12db4294e9bfd3]::fmt::write
[INFO] [stdout]    2:     0x6024c2a715bc - <alloc[2182bb758b4b3781]::vec::Vec<u8> as core[df12db4294e9bfd3]::io::write::Write>::write_fmt
[INFO] [stdout]    3:     0x6024c2a47aa6 - std[70759c8f55707aa4]::panicking::default_hook::{closure#0}
[INFO] [stdout]    4:     0x6024c2a64a19 - std[70759c8f55707aa4]::panicking::default_hook
[INFO] [stdout]    5:     0x6024c29cfb60 - test[9d35eded1c95d3be]::test_main_inner::<test[9d35eded1c95d3be]::test_main_static::{closure#0}>::{closure#0}
[INFO] [stdout]    6:     0x6024c2a64bd2 - std[70759c8f55707aa4]::panicking::panic_with_hook
[INFO] [stdout]    7:     0x6024c2a47b52 - std[70759c8f55707aa4]::panicking::panic_handler::{closure#0}
[INFO] [stdout]    8:     0x6024c2a406d9 - std[70759c8f55707aa4]::sys::backtrace::__rust_end_short_backtrace::<std[70759c8f55707aa4]::panicking::panic_handler::{closure#0}, !>
[INFO] [stdout]    9:     0x6024c2a4893d - __rustc[8fa7c3cbc660c2b3]::rust_begin_unwind
[INFO] [stdout]   10:     0x6024c2a8290c - core[df12db4294e9bfd3]::panicking::panic_fmt
[INFO] [stdout]   11:     0x6024c2a826e2 - core[df12db4294e9bfd3]::result::unwrap_failed
[INFO] [stdout]   12:     0x6024c29c0fba - <performing_jobs_test[9999654f215ef4de]::test_helper::TestHelper>::setup::<performing_jobs_test[9999654f215ef4de]::test_helper::PassSecondTimeArgs>
[INFO] [stdout]   13:     0x6024c29b5e27 - <performing_jobs_test[9999654f215ef4de]::perform_now_test::{closure#0} as core[df12db4294e9bfd3]::ops::function::FnOnce<()>>::call_once
[INFO] [stdout]   14:     0x6024c29c2e4b - test[9d35eded1c95d3be]::__rust_begin_short_backtrace::<core[df12db4294e9bfd3]::result::Result<(), alloc[2182bb758b4b3781]::string::String>, fn() -> core[df12db4294e9bfd3]::result::Result<(), alloc[2182bb758b4b3781]::string::String>>
[INFO] [stdout]   15:     0x6024c29d04b5 - test[9d35eded1c95d3be]::run_test::{closure#0}
[INFO] [stdout]   16:     0x6024c29c9d74 - std[70759c8f55707aa4]::sys::backtrace::__rust_begin_short_backtrace::<test[9d35eded1c95d3be]::run_test::{closure#1}, ()>
[INFO] [stdout]   17:     0x6024c29d3612 - <std[70759c8f55707aa4]::thread::lifecycle::spawn_unchecked<test[9d35eded1c95d3be]::run_test::{closure#1}, ()>::{closure#1} as core[df12db4294e9bfd3]::ops::function::FnOnce<()>>::call_once::{shim:vtable#0}
[INFO] [stdout]   18:     0x6024c2a6bee9 - <std[70759c8f55707aa4]::sys::thread::unix::Thread>::new::thread_start
[INFO] [stdout]   19:     0x76bcdd1cadfa - <unknown>
[INFO] [stdout]   20:     0x76bcdd25e3d4 - clone
[INFO] [stdout]   21:                0x0 - <unknown>
[INFO] [stdout] 
[INFO] [stdout] ---- jobs_with_unit_as_args stdout ----
[INFO] [stdout] 
[INFO] [stdout] thread 'jobs_with_unit_as_args' (801) panicked at tests/performing_jobs_test.rs:152:62:
[INFO] [stdout] Failed to connect: RedisError(Connection refused (os error 111))
[INFO] [stdout] stack backtrace:
[INFO] [stdout]    0:     0x6024c2a6cb31 - <<std[70759c8f55707aa4]::sys::backtrace::BacktraceLock>::print::DisplayBacktrace as core[df12db4294e9bfd3]::fmt::Display>::fmt
[INFO] [stdout]    1:     0x6024c2a821da - core[df12db4294e9bfd3]::fmt::write
[INFO] [stdout]    2:     0x6024c2a715bc - <alloc[2182bb758b4b3781]::vec::Vec<u8> as core[df12db4294e9bfd3]::io::write::Write>::write_fmt
[INFO] [stdout]    3:     0x6024c2a47aa6 - std[70759c8f55707aa4]::panicking::default_hook::{closure#0}
[INFO] [stdout]    4:     0x6024c2a64a19 - std[70759c8f55707aa4]::panicking::default_hook
[INFO] [stdout]    5:     0x6024c29cfb60 - test[9d35eded1c95d3be]::test_main_inner::<test[9d35eded1c95d3be]::test_main_static::{closure#0}>::{closure#0}
[INFO] [stdout]    6:     0x6024c2a64bd2 - std[70759c8f55707aa4]::panicking::panic_with_hook
[INFO] [stdout]    7:     0x6024c2a47b52 - std[70759c8f55707aa4]::panicking::panic_handler::{closure#0}
[INFO] [stdout]    8:     0x6024c2a406d9 - std[70759c8f55707aa4]::sys::backtrace::__rust_end_short_backtrace::<std[70759c8f55707aa4]::panicking::panic_handler::{closure#0}, !>
[INFO] [stdout]    9:     0x6024c2a4893d - __rustc[8fa7c3cbc660c2b3]::rust_begin_unwind
[INFO] [stdout]   10:     0x6024c2a8290c - core[df12db4294e9bfd3]::panicking::panic_fmt
[INFO] [stdout]   11:     0x6024c2a826e2 - core[df12db4294e9bfd3]::result::unwrap_failed
[INFO] [stdout]   12:     0x6024c29b656b - <performing_jobs_test[9999654f215ef4de]::jobs_with_unit_as_args::{closure#0} as core[df12db4294e9bfd3]::ops::function::FnOnce<()>>::call_once
[INFO] [stdout]   13:     0x6024c29c2e4b - test[9d35eded1c95d3be]::__rust_begin_short_backtrace::<core[df12db4294e9bfd3]::result::Result<(), alloc[2182bb758b4b3781]::string::String>, fn() -> core[df12db4294e9bfd3]::result::Result<(), alloc[2182bb758b4b3781]::string::String>>
[INFO] [stdout]   14:     0x6024c29d04b5 - test[9d35eded1c95d3be]::run_test::{closure#0}
[INFO] [stdout]   15:     0x6024c29c9d74 - std[70759c8f55707aa4]::sys::backtrace::__rust_begin_short_backtrace::<test[9d35eded1c95d3be]::run_test::{closure#1}, ()>
[INFO] [stdout]   16:     0x6024c29d3612 - <std[70759c8f55707aa4]::thread::lifecycle::spawn_unchecked<test[9d35eded1c95d3be]::run_test::{closure#1}, ()>::{closure#1} as core[df12db4294e9bfd3]::ops::function::FnOnce<()>>::call_once::{shim:vtable#0}
[INFO] [stdout]   17:     0x6024c2a6bee9 - <std[70759c8f55707aa4]::sys::thread::unix::Thread>::new::thread_start
[INFO] [stdout]   18:     0x76bcdd1cadfa - <unknown>
[INFO] [stdout]   19:     0x76bcdd25e3d4 - clone
[INFO] [stdout]   20:                0x0 - <unknown>
[INFO] [stdout] 
[INFO] [stdout] ---- job_doesnt_get_retried_forever stdout ----
[INFO] [stdout] 
[INFO] [stdout] thread 'job_doesnt_get_retried_forever' (799) panicked at tests/test_helper/mod.rs:26:14:
[INFO] [stdout] Failed to connect: RedisError(Connection refused (os error 111))
[INFO] [stdout] stack backtrace:
[INFO] [stdout]    0:     0x6024c2a6cb31 - <<std[70759c8f55707aa4]::sys::backtrace::BacktraceLock>::print::DisplayBacktrace as core[df12db4294e9bfd3]::fmt::Display>::fmt
[INFO] [stdout]    1:     0x6024c2a821da - core[df12db4294e9bfd3]::fmt::write
[INFO] [stdout]    2:     0x6024c2a715bc - <alloc[2182bb758b4b3781]::vec::Vec<u8> as core[df12db4294e9bfd3]::io::write::Write>::write_fmt
[INFO] [stdout]    3:     0x6024c2a47aa6 - std[70759c8f55707aa4]::panicking::default_hook::{closure#0}
[INFO] [stdout]    4:     0x6024c2a64a19 - std[70759c8f55707aa4]::panicking::default_hook
[INFO] [stdout]    5:     0x6024c29cfb60 - test[9d35eded1c95d3be]::test_main_inner::<test[9d35eded1c95d3be]::test_main_static::{closure#0}>::{closure#0}
[INFO] [stdout]    6:     0x6024c2a64bd2 - std[70759c8f55707aa4]::panicking::panic_with_hook
[INFO] [stdout]    7:     0x6024c2a47b52 - std[70759c8f55707aa4]::panicking::panic_handler::{closure#0}
[INFO] [stdout]    8:     0x6024c2a406d9 - std[70759c8f55707aa4]::sys::backtrace::__rust_end_short_backtrace::<std[70759c8f55707aa4]::panicking::panic_handler::{closure#0}, !>
[INFO] [stdout]    9:     0x6024c2a4893d - __rustc[8fa7c3cbc660c2b3]::rust_begin_unwind
[INFO] [stdout]   10:     0x6024c2a8290c - core[df12db4294e9bfd3]::panicking::panic_fmt
[INFO] [stdout]   11:     0x6024c2a826e2 - core[df12db4294e9bfd3]::result::unwrap_failed
[INFO] [stdout]   12:     0x6024c29c0cd2 - <performing_jobs_test[9999654f215ef4de]::test_helper::TestHelper>::setup::<performing_jobs_test[9999654f215ef4de]::test_helper::FailForeverArgs>
[INFO] [stdout]   13:     0x6024c29b6972 - <performing_jobs_test[9999654f215ef4de]::job_doesnt_get_retried_forever::{closure#0} as core[df12db4294e9bfd3]::ops::function::FnOnce<()>>::call_once
[INFO] [stdout]   14:     0x6024c29c2e4b - test[9d35eded1c95d3be]::__rust_begin_short_backtrace::<core[df12db4294e9bfd3]::result::Result<(), alloc[2182bb758b4b3781]::string::String>, fn() -> core[df12db4294e9bfd3]::result::Result<(), alloc[2182bb758b4b3781]::string::String>>
[INFO] [stdout]   15:     0x6024c29d04b5 - test[9d35eded1c95d3be]::run_test::{closure#0}
[INFO] [stdout]   16:     0x6024c29c9d74 - std[70759c8f55707aa4]::sys::backtrace::__rust_begin_short_backtrace::<test[9d35eded1c95d3be]::run_test::{closure#1}, ()>
[INFO] [stdout]   17:     0x6024c29d3612 - <std[70759c8f55707aa4]::thread::lifecycle::spawn_unchecked<test[9d35eded1c95d3be]::run_test::{closure#1}, ()>::{closure#1} as core[df12db4294e9bfd3]::ops::function::FnOnce<()>>::call_once::{shim:vtable#0}
[INFO] [stdout]   18:     0x6024c2a6bee9 - <std[70759c8f55707aa4]::sys::thread::unix::Thread>::new::thread_start
[INFO] [stdout]   19:     0x76bcdd1cadfa - <unknown>
[INFO] [stdout]   20:     0x76bcdd25e3d4 - clone
[INFO] [stdout]   21:                0x0 - <unknown>
[INFO] [stdout] 
[INFO] [stdout] ---- running_multiple_jobs stdout ----
[INFO] [stdout] 
[INFO] [stdout] thread 'running_multiple_jobs' (803) panicked at tests/test_helper/mod.rs:26:14:
[INFO] [stdout] Failed to connect: RedisError(Connection refused (os error 111))
[INFO] [stdout] stack backtrace:
[INFO] [stdout]    0:     0x6024c2a6cb31 - <<std[70759c8f55707aa4]::sys::backtrace::BacktraceLock>::print::DisplayBacktrace as core[df12db4294e9bfd3]::fmt::Display>::fmt
[INFO] [stdout]    1:     0x6024c2a821da - core[df12db4294e9bfd3]::fmt::write
[INFO] [stdout]    2:     0x6024c2a715bc - <alloc[2182bb758b4b3781]::vec::Vec<u8> as core[df12db4294e9bfd3]::io::write::Write>::write_fmt
[INFO] [stdout]    3:     0x6024c2a47aa6 - std[70759c8f55707aa4]::panicking::default_hook::{closure#0}
[INFO] [stdout]    4:     0x6024c2a64a19 - std[70759c8f55707aa4]::panicking::default_hook
[INFO] [stdout]    5:     0x6024c29cfb60 - test[9d35eded1c95d3be]::test_main_inner::<test[9d35eded1c95d3be]::test_main_static::{closure#0}>::{closure#0}
[INFO] [stdout]    6:     0x6024c2a64bd2 - std[70759c8f55707aa4]::panicking::panic_with_hook
[INFO] [stdout]    7:     0x6024c2a47b52 - std[70759c8f55707aa4]::panicking::panic_handler::{closure#0}
[INFO] [stdout]    8:     0x6024c2a406d9 - std[70759c8f55707aa4]::sys::backtrace::__rust_end_short_backtrace::<std[70759c8f55707aa4]::panicking::panic_handler::{closure#0}, !>
[INFO] [stdout]    9:     0x6024c2a4893d - __rustc[8fa7c3cbc660c2b3]::rust_begin_unwind
[INFO] [stdout]   10:     0x6024c2a8290c - core[df12db4294e9bfd3]::panicking::panic_fmt
[INFO] [stdout]   11:     0x6024c2a826e2 - core[df12db4294e9bfd3]::result::unwrap_failed
[INFO] [stdout]   12:     0x6024c29c0fba - <performing_jobs_test[9999654f215ef4de]::test_helper::TestHelper>::setup::<performing_jobs_test[9999654f215ef4de]::test_helper::PassSecondTimeArgs>
[INFO] [stdout]   13:     0x6024c29b6046 - <performing_jobs_test[9999654f215ef4de]::running_multiple_jobs::{closure#0} as core[df12db4294e9bfd3]::ops::function::FnOnce<()>>::call_once
[INFO] [stdout]   14:     0x6024c29c2e4b - test[9d35eded1c95d3be]::__rust_begin_short_backtrace::<core[df12db4294e9bfd3]::result::Result<(), alloc[2182bb758b4b3781]::string::String>, fn() -> core[df12db4294e9bfd3]::result::Result<(), alloc[2182bb758b4b3781]::string::String>>
[INFO] [stdout]   15:     0x6024c29d04b5 - test[9d35eded1c95d3be]::run_test::{closure#0}
[INFO] [stdout]   16:     0x6024c29c9d74 - std[70759c8f55707aa4]::sys::backtrace::__rust_begin_short_backtrace::<test[9d35eded1c95d3be]::run_test::{closure#1}, ()>
[INFO] [stdout]   17:     0x6024c29d3612 - <std[70759c8f55707aa4]::thread::lifecycle::spawn_unchecked<test[9d35eded1c95d3be]::run_test::{closure#1}, ()>::{closure#1} as core[df12db4294e9bfd3]::ops::function::FnOnce<()>>::call_once::{shim:vtable#0}
[INFO] [stdout]   18:     0x6024c2a6bee9 - <std[70759c8f55707aa4]::sys::thread::unix::Thread>::new::thread_start
[INFO] [stdout]   19:     0x76bcdd1cadfa - <unknown>
[INFO] [stdout]   20:     0x76bcdd25e3d4 - clone
[INFO] [stdout]   21:                0x0 - <unknown>
[INFO] [stdout] 
[INFO] [stdout] 
[INFO] [stdout] failures:
[INFO] [stdout]     enqueuing_and_performing_jobs
[INFO] [stdout]     job_doesnt_get_retried_forever
[INFO] [stdout]     job_fails_then_gets_retried_and_passes
[INFO] [stdout]     jobs_with_unit_as_args
[INFO] [stdout]     perform_now_test
[INFO] [stdout]     running_multiple_jobs
[INFO] [stdout] 
[INFO] [stdout] test result: FAILED. 0 passed; 6 failed; 0 ignored; 0 measured; 0 filtered out; finished in 0.01s
[INFO] [stdout] 
[INFO] running `Command { std: "docker" "inspect" "ef5f499d72b2cbe0e4096a30a6c8ee9ddc2452a0f44e7e389455b0ce05638528", kill_on_drop: false }`
[INFO] running `Command { std: "docker" "rm" "-f" "ef5f499d72b2cbe0e4096a30a6c8ee9ddc2452a0f44e7e389455b0ce05638528", kill_on_drop: false }`
[INFO] [stdout] ef5f499d72b2cbe0e4096a30a6c8ee9ddc2452a0f44e7e389455b0ce05638528
