[INFO] fetching crate roam-macros-core 7.3.0...
[INFO] testing roam-macros-core-7.3.0 against 1.100.0-beta.1+cargoflags=--release for beta-release-1.100-2
[INFO] extracting crate roam-macros-core 7.3.0 into /workspace/builds/worker-2-tc2/source
[INFO] started tweaking crates.io crate roam-macros-core 7.3.0
[INFO] finished tweaking crates.io crate roam-macros-core 7.3.0
[INFO] tweaked toml for crates.io crate roam-macros-core 7.3.0 written to /workspace/builds/worker-2-tc2/source/Cargo.toml
[INFO] validating manifest of crates.io crate roam-macros-core 7.3.0 on toolchain 1.100.0-beta.1
[INFO] running `Command { std: CARGO_HOME="/workspace/cargo-home" RUSTUP_HOME="/workspace/rustup-home" "/workspace/cargo-home/bin/cargo" "+1.100.0-beta.1" "metadata" "--manifest-path" "Cargo.toml" "--no-deps", kill_on_drop: false }`
[INFO] crate crates.io crate roam-macros-core 7.3.0 already has a lockfile, it will not be regenerated
[INFO] running `Command { std: CARGO_HOME="/workspace/cargo-home" RUSTUP_HOME="/workspace/rustup-home" "/workspace/cargo-home/bin/cargo" "+1.100.0-beta.1" "fetch" "--manifest-path" "Cargo.toml", kill_on_drop: false }`
[INFO] [stderr] warning: `package.homepage` is redundant with `package.repository`
[INFO] [stderr]   --> Cargo.toml:34:12
[INFO] [stderr]    |
[INFO] [stderr] 34 | homepage = "https://github.com/bearcove/roam"
[INFO] [stderr]    |            ^^^^^^^^^^^^^^^^^^^^^^^^^^^^^^^^^^
[INFO] [stderr] ...
[INFO] [stderr] 39 | repository = "https://github.com/bearcove/roam"
[INFO] [stderr]    |              ----------------------------------
[INFO] [stderr]    |
[INFO] [stderr]    = note: `cargo::redundant_homepage` is set to `warn` by default
[INFO] [stderr] help: consider removing `package.homepage`
[INFO] [stderr] warning: `roam-macros-core` (manifest) generated 1 warning
[INFO] running `Command { std: "docker" "create" "-v" "/var/lib/crater-agent-workspace/builds/worker-2-tc2/source:/opt/rustwide/workdir:ro,Z" "-v" "/var/lib/crater-agent-workspace/builds/worker-2-tc2/target:/opt/rustwide/target:rw,Z" "-v" "/var/lib/crater-agent-workspace/cargo-home:/opt/rustwide/cargo-home:ro,Z" "-v" "/var/lib/crater-agent-workspace/rustup-home:/opt/rustwide/rustup-home:ro,Z" "-m" "1610612736" "--network" "none" "ghcr.io/rust-lang/crates-build-env/linux@sha256:77db811e55d90add9212f6832c23229e3de5f1c1f9905e8cb07319ea15df73ac" "sleep" "infinity", kill_on_drop: false }`
[INFO] [stdout] 8d9d03ca59bab6461c4bae5ed93b023cfe838559775b57e0f5ab5366737dc275
[INFO] running `Command { std: "docker" "start" "8d9d03ca59bab6461c4bae5ed93b023cfe838559775b57e0f5ab5366737dc275", kill_on_drop: false }`
[INFO] running `Command { std: "docker" "inspect" "8d9d03ca59bab6461c4bae5ed93b023cfe838559775b57e0f5ab5366737dc275", kill_on_drop: false }`
[INFO] running `Command { std: "docker" "exec" "-e" "SOURCE_DIR=/opt/rustwide/workdir" "-e" "CARGO_HOME=/opt/rustwide/cargo-home" "-e" "RUSTUP_HOME=/opt/rustwide/rustup-home" "-e" "CARGO_TARGET_DIR=/opt/rustwide/target" "-w" "/opt/rustwide/workdir" "--user" "0:0" "8d9d03ca59bab6461c4bae5ed93b023cfe838559775b57e0f5ab5366737dc275" "/opt/rustwide/cargo-home/bin/cargo" "+1.100.0-beta.1" "metadata" "--no-deps" "--format-version=1", kill_on_drop: false }`
[INFO] running `Command { std: "docker" "inspect" "8d9d03ca59bab6461c4bae5ed93b023cfe838559775b57e0f5ab5366737dc275", kill_on_drop: false }`
[INFO] running `Command { std: "docker" "exec" "-e" "SOURCE_DIR=/opt/rustwide/workdir" "-e" "CARGO_HOME=/opt/rustwide/cargo-home" "-e" "RUSTUP_HOME=/opt/rustwide/rustup-home" "-e" "CARGO_TARGET_DIR=/opt/rustwide/target" "-e" "CARGO_INCREMENTAL=0" "-e" "RUST_BACKTRACE=full" "-e" "RUSTFLAGS=--cap-lints=warn" "-e" "RUSTDOCFLAGS=--cap-lints=warn" "-w" "/opt/rustwide/workdir" "--user" "0:0" "8d9d03ca59bab6461c4bae5ed93b023cfe838559775b57e0f5ab5366737dc275" "/opt/rustwide/cargo-home/bin/cargo" "+1.100.0-beta.1" "build" "--frozen" "--message-format=json" "--release", kill_on_drop: false }`
[INFO] [stderr] warning: `package.homepage` is redundant with `package.repository`
[INFO] [stderr]   --> Cargo.toml:34:12
[INFO] [stderr]    |
[INFO] [stderr] 34 | homepage = "https://github.com/bearcove/roam"
[INFO] [stderr]    |            ^^^^^^^^^^^^^^^^^^^^^^^^^^^^^^^^^^
[INFO] [stderr] ...
[INFO] [stderr] 39 | repository = "https://github.com/bearcove/roam"
[INFO] [stderr]    |              ----------------------------------
[INFO] [stderr]    |
[INFO] [stderr]    = note: `cargo::redundant_homepage` is set to `warn` by default
[INFO] [stderr] help: consider removing `package.homepage`
[INFO] [stderr] warning: `roam-macros-core` (manifest) generated 1 warning
[INFO] [stderr]    Compiling proc-macro2 v1.0.106
[INFO] [stderr]    Compiling camino v1.2.2
[INFO] [stderr]    Compiling facet-core v0.44.1
[INFO] [stderr]    Compiling impls v1.0.3
[INFO] [stderr]    Compiling const-fnv1a-hash v1.1.0
[INFO] [stderr]    Compiling mutants v0.0.3
[INFO] [stderr]    Compiling regex-syntax v0.8.10
[INFO] [stderr]    Compiling rustc-hash v2.1.1
[INFO] [stderr]    Compiling smallvec v2.0.0-alpha.12
[INFO] [stderr]    Compiling facet v0.44.1
[INFO] [stderr]    Compiling winnow v0.7.14
[INFO] [stderr]    Compiling quote v1.0.44
[INFO] [stderr]    Compiling unsynn v0.3.0
[INFO] [stderr]    Compiling roam-macros-parse v7.3.0
[INFO] [stderr]    Compiling regex-automata v0.4.14
[INFO] [stderr]    Compiling toml_parser v1.0.9+spec-1.1.0
[INFO] [stderr]    Compiling facet-macro-types v0.44.1
[INFO] [stderr]    Compiling facet-macro-parse v0.44.1
[INFO] [stderr]    Compiling facet-macros-impl v0.44.1
[INFO] [stderr]    Compiling facet-path v0.44.1
[INFO] [stderr]    Compiling regex v1.12.3
[INFO] [stderr]    Compiling facet-reflect v0.44.1
[INFO] [stderr]    Compiling facet-dessert v0.44.1
[INFO] [stderr]    Compiling facet-solver v0.44.1
[INFO] [stderr]    Compiling facet-format v0.44.1
[INFO] [stderr]    Compiling facet-macros v0.44.1
[INFO] [stderr]    Compiling facet-error v0.44.1
[INFO] [stderr]    Compiling facet-value v0.44.1
[INFO] [stderr]    Compiling facet-toml v0.44.0
[INFO] [stderr]    Compiling facet-cargo-toml v0.44.0
[INFO] [stderr]    Compiling roam-macros-core v7.3.0 (/opt/rustwide/workdir)
[INFO] [stderr]     Finished `release` profile [optimized] target(s) in 44.73s
[INFO] running `Command { std: "docker" "inspect" "8d9d03ca59bab6461c4bae5ed93b023cfe838559775b57e0f5ab5366737dc275", kill_on_drop: false }`
[INFO] running `Command { std: "docker" "exec" "-e" "SOURCE_DIR=/opt/rustwide/workdir" "-e" "CARGO_HOME=/opt/rustwide/cargo-home" "-e" "RUSTUP_HOME=/opt/rustwide/rustup-home" "-e" "CARGO_TARGET_DIR=/opt/rustwide/target" "-e" "CARGO_INCREMENTAL=0" "-e" "RUST_BACKTRACE=full" "-e" "RUSTFLAGS=--cap-lints=warn" "-e" "RUSTDOCFLAGS=--cap-lints=warn" "-w" "/opt/rustwide/workdir" "--user" "0:0" "8d9d03ca59bab6461c4bae5ed93b023cfe838559775b57e0f5ab5366737dc275" "/opt/rustwide/cargo-home/bin/cargo" "+1.100.0-beta.1" "test" "--frozen" "--no-run" "--message-format=json" "--release", kill_on_drop: false }`
[INFO] [stderr] warning: `package.homepage` is redundant with `package.repository`
[INFO] [stderr]   --> Cargo.toml:34:12
[INFO] [stderr]    |
[INFO] [stderr] 34 | homepage = "https://github.com/bearcove/roam"
[INFO] [stderr]    |            ^^^^^^^^^^^^^^^^^^^^^^^^^^^^^^^^^^
[INFO] [stderr] ...
[INFO] [stderr] 39 | repository = "https://github.com/bearcove/roam"
[INFO] [stderr]    |              ----------------------------------
[INFO] [stderr]    |
[INFO] [stderr]    = note: `cargo::redundant_homepage` is set to `warn` by default
[INFO] [stderr] help: consider removing `package.homepage`
[INFO] [stderr] warning: `roam-macros-core` (manifest) generated 1 warning
[INFO] [stderr]    Compiling libc v0.2.182
[INFO] [stderr]    Compiling getrandom v0.4.1
[INFO] [stderr]    Compiling bitflags v2.11.0
[INFO] [stderr]    Compiling fastrand v2.3.0
[INFO] [stderr]    Compiling similar v2.7.0
[INFO] [stderr]    Compiling rustix v1.1.4
[INFO] [stderr]    Compiling console v0.15.11
[INFO] [stderr]    Compiling tempfile v3.26.0
[INFO] [stderr]    Compiling insta v1.46.3
[INFO] [stderr]    Compiling roam-macros-core v7.3.0 (/opt/rustwide/workdir)
[INFO] [stderr]     Finished `release` profile [optimized] target(s) in 15.74s
[INFO] running `Command { std: "docker" "inspect" "8d9d03ca59bab6461c4bae5ed93b023cfe838559775b57e0f5ab5366737dc275", kill_on_drop: false }`
[INFO] running `Command { std: "docker" "exec" "-e" "SOURCE_DIR=/opt/rustwide/workdir" "-e" "CARGO_HOME=/opt/rustwide/cargo-home" "-e" "RUSTUP_HOME=/opt/rustwide/rustup-home" "-e" "CARGO_TARGET_DIR=/opt/rustwide/target" "-e" "CARGO_INCREMENTAL=0" "-e" "RUST_BACKTRACE=full" "-e" "RUSTFLAGS=--cap-lints=warn" "-e" "RUSTDOCFLAGS=--cap-lints=warn" "-w" "/opt/rustwide/workdir" "--user" "0:0" "8d9d03ca59bab6461c4bae5ed93b023cfe838559775b57e0f5ab5366737dc275" "/opt/rustwide/cargo-home/bin/cargo" "+1.100.0-beta.1" "test" "--frozen" "--release", kill_on_drop: false }`
[INFO] [stderr] warning: `package.homepage` is redundant with `package.repository`
[INFO] [stderr]   --> Cargo.toml:34:12
[INFO] [stderr]    |
[INFO] [stderr] 34 | homepage = "https://github.com/bearcove/roam"
[INFO] [stderr]    |            ^^^^^^^^^^^^^^^^^^^^^^^^^^^^^^^^^^
[INFO] [stderr] ...
[INFO] [stderr] 39 | repository = "https://github.com/bearcove/roam"
[INFO] [stderr]    |              ----------------------------------
[INFO] [stderr]    |
[INFO] [stderr]    = note: `cargo::redundant_homepage` is set to `warn` by default
[INFO] [stderr] help: consider removing `package.homepage`
[INFO] [stderr] warning: `roam-macros-core` (manifest) generated 1 warning
[INFO] [stderr]     Finished `release` profile [optimized] target(s) in 0.06s
[INFO] [stderr]      Running unittests src/lib.rs (/opt/rustwide/target/release/build/roam-macros-core/77e800f71c7c0b32/out/roam_macros_core-77e800f71c7c0b32)
[INFO] [stdout] 
[INFO] [stdout] running 17 tests
[INFO] [stdout] test crate_name::tests::sanitize_crate_name_replaces_dashes ... ok
[INFO] [stdout] test tests::rejects_borrowed_error_type ... ok
[INFO] [stdout] test tests::rejects_channels_in_return_type ... ok
[INFO] [stdout] test tests::rejects_elided_return_lifetime ... ok
[INFO] [stdout] test crate_name::tests::extract_crate_names_resolves_regular_renamed_and_workspace_deps ... ok
[INFO] [stdout] test crate_name::tests::get_package_name_and_workspace_detection_work ... ok
[INFO] [stdout] test tests::rejects_non_roam_return_lifetime ... ok
[INFO] [stdout] test crate_name::tests::extract_workspace_dependencies_maps_alias_to_package_name ... ok
[INFO] [stderr] error: 'rustfmt' is not installed for the toolchain '1.100.0-beta.1-x86_64-unknown-linux-gnu'.
[INFO] [stderr] help: run `rustup component add --toolchain 1.100.0-beta.1-x86_64-unknown-linux-gnu rustfmt` to install it
[INFO] [stdout] test tests::borrowed_roam_return ... FAILED
[INFO] [stderr] error: 'rustfmt' is not installed for the toolchain '1.100.0-beta.1-x86_64-unknown-linux-gnu'.
[INFO] [stderr] help: run `rustup component add --toolchain 1.100.0-beta.1-x86_64-unknown-linux-gnu rustfmt` to install it
[INFO] [stdout] test tests::no_args ... FAILED
[INFO] [stderr] error: 'rustfmt' is not installed for the toolchain '1.100.0-beta.1-x86_64-unknown-linux-gnu'.
[INFO] [stderr] help: run `rustup component add --toolchain 1.100.0-beta.1-x86_64-unknown-linux-gnu rustfmt` to install it
[INFO] [stderr] error: 'rustfmt' is not installed for the toolchain '1.100.0-beta.1-x86_64-unknown-linux-gnu'.
[INFO] [stderr] help: run `rustup component add --toolchain 1.100.0-beta.1-x86_64-unknown-linux-gnu rustfmt` to install it
[INFO] [stdout] test tests::fallible ... FAILED
[INFO] [stdout] test tests::streaming_tx ... FAILED
[INFO] [stdout] test tests::unit_return ... FAILED
[INFO] [stderr] error: 'rustfmt' is not installed for the toolchain '1.100.0-beta.1-x86_64-unknown-linux-gnu'.
[INFO] [stderr] help: run `rustup component add --toolchain 1.100.0-beta.1-x86_64-unknown-linux-gnu rustfmt` to install it
[INFO] [stderr] error: 'rustfmt' is not installed for the toolchain '1.100.0-beta.1-x86_64-unknown-linux-gnu'.
[INFO] [stderr] help: run `rustup component add --toolchain 1.100.0-beta.1-x86_64-unknown-linux-gnu rustfmt` to install it
[INFO] [stdout] test tests::borrowed_roam_return_call_style ... FAILED
[INFO] [stderr] error: 'rustfmt' is not installed for the toolchain '1.100.0-beta.1-x86_64-unknown-linux-gnu'.
[INFO] [stderr] help: run `rustup component add --toolchain 1.100.0-beta.1-x86_64-unknown-linux-gnu rustfmt` to install it
[INFO] [stdout] test tests::adder_infallible ... FAILED
[INFO] [stderr] error: 'rustfmt' is not installed for the toolchain '1.100.0-beta.1-x86_64-unknown-linux-gnu'.
[INFO] [stderr] help: run `rustup component add --toolchain 1.100.0-beta.1-x86_64-unknown-linux-gnu rustfmt` to install it
[INFO] [stdout] test tests::borrowed_return_mixed_with_borrowed_args_and_channels_compiles_to_expected_shapes ... FAILED
[INFO] [stderr] error: 'rustfmt' is not installed for the toolchain '1.100.0-beta.1-x86_64-unknown-linux-gnu'.
[INFO] [stderr] help: run `rustup component add --toolchain 1.100.0-beta.1-x86_64-unknown-linux-gnu rustfmt` to install it
[INFO] [stdout] test tests::borrowed_roam_cow_return ... FAILED
[INFO] [stdout] 
[INFO] [stdout] failures:
[INFO] [stdout] 
[INFO] [stdout] ---- tests::borrowed_roam_return stdout ----
[INFO] [stdout] 
[INFO] [stdout] thread 'tests::borrowed_roam_return' (1146) panicked at src/lib.rs:759:9:
[INFO] [stdout] rustfmt exited with exit status: 1
[INFO] [stdout] stack backtrace:
[INFO] [stdout]    0:     0x61213edc1ff1 - <<std[617be2ca0a6fd877]::sys::backtrace::BacktraceLock>::print::DisplayBacktrace as core[a373ad73a504971]::fmt::Display>::fmt
[INFO] [stdout]    1:     0x61213edd9eba - core[a373ad73a504971]::fmt::write
[INFO] [stdout]    2:     0x61213edc67cc - <alloc[2e1b2a31b91974c5]::vec::Vec<u8> as core[a373ad73a504971]::io::write::Write>::write_fmt
[INFO] [stdout]    3:     0x61213ed9b106 - std[617be2ca0a6fd877]::panicking::default_hook::{closure#0}
[INFO] [stdout]    4:     0x61213edb8f89 - std[617be2ca0a6fd877]::panicking::default_hook
[INFO] [stdout]    5:     0x61213eb32e30 - test[aada8e7e76ba119b]::test_main_inner::{closure#0}
[INFO] [stdout]    6:     0x61213edb92b2 - std[617be2ca0a6fd877]::panicking::panic_with_hook
[INFO] [stdout]    7:     0x61213ed9b1b2 - std[617be2ca0a6fd877]::panicking::panic_handler::{closure#0}
[INFO] [stdout]    8:     0x61213ed939e9 - std[617be2ca0a6fd877]::sys::backtrace::__rust_end_short_backtrace::<std[617be2ca0a6fd877]::panicking::panic_handler::{closure#0}, !>
[INFO] [stdout]    9:     0x61213ed9be5d - __rustc[ea4f61d10b84890b]::rust_begin_unwind
[INFO] [stdout]   10:     0x61213edda69c - core[a373ad73a504971]::panicking::panic_fmt
[INFO] [stdout]   11:     0x61213eb1a538 - roam_macros_core[95bb97fdf8457be1]::tests::generate
[INFO] [stdout]   12:     0x61213eb1b723 - <roam_macros_core[95bb97fdf8457be1]::tests::borrowed_roam_return::{closure#0} as core[a373ad73a504971]::ops::function::FnOnce<()>>::call_once
[INFO] [stdout]   13:     0x61213eb2627b - test[aada8e7e76ba119b]::__rust_begin_short_backtrace::<core[a373ad73a504971]::result::Result<(), alloc[2e1b2a31b91974c5]::string::String>, fn() -> core[a373ad73a504971]::result::Result<(), alloc[2e1b2a31b91974c5]::string::String>>
[INFO] [stdout]   14:     0x61213eb33455 - test[aada8e7e76ba119b]::run_test::{closure#0}
[INFO] [stdout]   15:     0x61213eb2cd44 - std[617be2ca0a6fd877]::sys::backtrace::__rust_begin_short_backtrace::<test[aada8e7e76ba119b]::run_test::{closure#1}, ()>
[INFO] [stdout]   16:     0x61213eb364e2 - <std[617be2ca0a6fd877]::thread::lifecycle::spawn_unchecked<test[aada8e7e76ba119b]::run_test::{closure#1}, ()>::{closure#1} as core[a373ad73a504971]::ops::function::FnOnce<()>>::call_once::{shim:vtable#0}
[INFO] [stdout]   17:     0x61213edc0fbf - <std[617be2ca0a6fd877]::sys::thread::unix::Thread>::new::thread_start
[INFO] [stdout]   18:     0x73c1a7e32dfa - <unknown>
[INFO] [stdout]   19:     0x73c1a7ec63d4 - clone
[INFO] [stdout]   20:                0x0 - <unknown>
[INFO] [stdout] 
[INFO] [stdout] ---- tests::no_args stdout ----
[INFO] [stdout] 
[INFO] [stdout] thread 'tests::no_args' (1149) panicked at src/lib.rs:759:9:
[INFO] [stdout] rustfmt exited with exit status: 1
[INFO] [stdout] stack backtrace:
[INFO] [stdout]    0:     0x61213edc1ff1 - <<std[617be2ca0a6fd877]::sys::backtrace::BacktraceLock>::print::DisplayBacktrace as core[a373ad73a504971]::fmt::Display>::fmt
[INFO] [stdout]    1:     0x61213edd9eba - core[a373ad73a504971]::fmt::write
[INFO] [stdout]    2:     0x61213edc67cc - <alloc[2e1b2a31b91974c5]::vec::Vec<u8> as core[a373ad73a504971]::io::write::Write>::write_fmt
[INFO] [stdout]    3:     0x61213ed9b106 - std[617be2ca0a6fd877]::panicking::default_hook::{closure#0}
[INFO] [stdout]    4:     0x61213edb8f89 - std[617be2ca0a6fd877]::panicking::default_hook
[INFO] [stdout]    5:     0x61213eb32e30 - test[aada8e7e76ba119b]::test_main_inner::{closure#0}
[INFO] [stdout]    6:     0x61213edb92b2 - std[617be2ca0a6fd877]::panicking::panic_with_hook
[INFO] [stdout]    7:     0x61213ed9b1b2 - std[617be2ca0a6fd877]::panicking::panic_handler::{closure#0}
[INFO] [stdout]    8:     0x61213ed939e9 - std[617be2ca0a6fd877]::sys::backtrace::__rust_end_short_backtrace::<std[617be2ca0a6fd877]::panicking::panic_handler::{closure#0}, !>
[INFO] [stdout]    9:     0x61213ed9be5d - __rustc[ea4f61d10b84890b]::rust_begin_unwind
[INFO] [stdout]   10:     0x61213edda69c - core[a373ad73a504971]::panicking::panic_fmt
[INFO] [stdout]   11:     0x61213eb1a538 - roam_macros_core[95bb97fdf8457be1]::tests::generate
[INFO] [stdout]   12:     0x61213eb1d281 - <roam_macros_core[95bb97fdf8457be1]::tests::no_args::{closure#0} as core[a373ad73a504971]::ops::function::FnOnce<()>>::call_once
[INFO] [stdout]   13:     0x61213eb2627b - test[aada8e7e76ba119b]::__rust_begin_short_backtrace::<core[a373ad73a504971]::result::Result<(), alloc[2e1b2a31b91974c5]::string::String>, fn() -> core[a373ad73a504971]::result::Result<(), alloc[2e1b2a31b91974c5]::string::String>>
[INFO] [stdout]   14:     0x61213eb33455 - test[aada8e7e76ba119b]::run_test::{closure#0}
[INFO] [stdout]   15:     0x61213eb2cd44 - std[617be2ca0a6fd877]::sys::backtrace::__rust_begin_short_backtrace::<test[aada8e7e76ba119b]::run_test::{closure#1}, ()>
[INFO] [stdout]   16:     0x61213eb364e2 - <std[617be2ca0a6fd877]::thread::lifecycle::spawn_unchecked<test[aada8e7e76ba119b]::run_test::{closure#1}, ()>::{closure#1} as core[a373ad73a504971]::ops::function::FnOnce<()>>::call_once::{shim:vtable#0}
[INFO] [stdout]   17:     0x61213edc0fbf - <std[617be2ca0a6fd877]::sys::thread::unix::Thread>::new::thread_start
[INFO] [stdout]   18:     0x73c1a7e32dfa - <unknown>
[INFO] [stdout]   19:     0x73c1a7ec63d4 - clone
[INFO] [stdout]   20:                0x0 - <unknown>
[INFO] [stdout] 
[INFO] [stdout] ---- tests::fallible stdout ----
[INFO] [stdout] 
[INFO] [stdout] thread 'tests::fallible' (1148) panicked at src/lib.rs:759:9:
[INFO] [stdout] rustfmt exited with exit status: 1
[INFO] [stdout] stack backtrace:
[INFO] [stdout]    0:     0x61213edc1ff1 - <<std[617be2ca0a6fd877]::sys::backtrace::BacktraceLock>::print::DisplayBacktrace as core[a373ad73a504971]::fmt::Display>::fmt
[INFO] [stdout]    1:     0x61213edd9eba - core[a373ad73a504971]::fmt::write
[INFO] [stdout]    2:     0x61213edc67cc - <alloc[2e1b2a31b91974c5]::vec::Vec<u8> as core[a373ad73a504971]::io::write::Write>::write_fmt
[INFO] [stdout]    3:     0x61213ed9b106 - std[617be2ca0a6fd877]::panicking::default_hook::{closure#0}
[INFO] [stdout]    4:     0x61213edb8f89 - std[617be2ca0a6fd877]::panicking::default_hook
[INFO] [stdout]    5:     0x61213eb32e30 - test[aada8e7e76ba119b]::test_main_inner::{closure#0}
[INFO] [stdout]    6:     0x61213edb92b2 - std[617be2ca0a6fd877]::panicking::panic_with_hook
[INFO] [stdout]    7:     0x61213ed9b1b2 - std[617be2ca0a6fd877]::panicking::panic_handler::{closure#0}
[INFO] [stdout]    8:     0x61213ed939e9 - std[617be2ca0a6fd877]::sys::backtrace::__rust_end_short_backtrace::<std[617be2ca0a6fd877]::panicking::panic_handler::{closure#0}, !>
[INFO] [stdout]    9:     0x61213ed9be5d - __rustc[ea4f61d10b84890b]::rust_begin_unwind
[INFO] [stdout]   10:     0x61213edda69c - core[a373ad73a504971]::panicking::panic_fmt
[INFO] [stdout]   11:     0x61213eb1a538 - roam_macros_core[95bb97fdf8457be1]::tests::generate
[INFO] [stdout]   12:     0x61213eb1dd7e - <roam_macros_core[95bb97fdf8457be1]::tests::fallible::{closure#0} as core[a373ad73a504971]::ops::function::FnOnce<()>>::call_once
[INFO] [stdout]   13:     0x61213eb2627b - test[aada8e7e76ba119b]::__rust_begin_short_backtrace::<core[a373ad73a504971]::result::Result<(), alloc[2e1b2a31b91974c5]::string::String>, fn() -> core[a373ad73a504971]::result::Result<(), alloc[2e1b2a31b91974c5]::string::String>>
[INFO] [stdout]   14:     0x61213eb33455 - test[aada8e7e76ba119b]::run_test::{closure#0}
[INFO] [stdout]   15:     0x61213eb2cd44 - std[617be2ca0a6fd877]::sys::backtrace::__rust_begin_short_backtrace::<test[aada8e7e76ba119b]::run_test::{closure#1}, ()>
[INFO] [stdout]   16:     0x61213eb364e2 - <std[617be2ca0a6fd877]::thread::lifecycle::spawn_unchecked<test[aada8e7e76ba119b]::run_test::{closure#1}, ()>::{closure#1} as core[a373ad73a504971]::ops::function::FnOnce<()>>::call_once::{shim:vtable#0}
[INFO] [stdout]   17:     0x61213edc0fbf - <std[617be2ca0a6fd877]::sys::thread::unix::Thread>::new::thread_start
[INFO] [stdout]   18:     0x73c1a7e32dfa - <unknown>
[INFO] [stdout]   19:     0x73c1a7ec63d4 - clone
[INFO] [stdout]   20:                0x0 - <unknown>
[INFO] [stdout] 
[INFO] [stdout] ---- tests::streaming_tx stdout ----
[INFO] [stdout] 
[INFO] [stdout] thread 'tests::streaming_tx' (1154) panicked at src/lib.rs:759:9:
[INFO] [stdout] rustfmt exited with exit status: 1
[INFO] [stdout] stack backtrace:
[INFO] [stdout]    0:     0x61213edc1ff1 - <<std[617be2ca0a6fd877]::sys::backtrace::BacktraceLock>::print::DisplayBacktrace as core[a373ad73a504971]::fmt::Display>::fmt
[INFO] [stdout]    1:     0x61213edd9eba - core[a373ad73a504971]::fmt::write
[INFO] [stdout]    2:     0x61213edc67cc - <alloc[2e1b2a31b91974c5]::vec::Vec<u8> as core[a373ad73a504971]::io::write::Write>::write_fmt
[INFO] [stdout]    3:     0x61213ed9b106 - std[617be2ca0a6fd877]::panicking::default_hook::{closure#0}
[INFO] [stdout]    4:     0x61213edb8f89 - std[617be2ca0a6fd877]::panicking::default_hook
[INFO] [stdout]    5:     0x61213eb32e30 - test[aada8e7e76ba119b]::test_main_inner::{closure#0}
[INFO] [stdout]    6:     0x61213edb92b2 - std[617be2ca0a6fd877]::panicking::panic_with_hook
[INFO] [stdout]    7:     0x61213ed9b1b2 - std[617be2ca0a6fd877]::panicking::panic_handler::{closure#0}
[INFO] [stdout]    8:     0x61213ed939e9 - std[617be2ca0a6fd877]::sys::backtrace::__rust_end_short_backtrace::<std[617be2ca0a6fd877]::panicking::panic_handler::{closure#0}, !>
[INFO] [stdout]    9:     0x61213ed9be5d - __rustc[ea4f61d10b84890b]::rust_begin_unwind
[INFO] [stdout]   10:     0x61213edda69c - core[a373ad73a504971]::panicking::panic_fmt
[INFO] [stdout]   11:     0x61213eb1a538 - roam_macros_core[95bb97fdf8457be1]::tests::generate
[INFO] [stdout]   12:     0x61213eb1af54 - <roam_macros_core[95bb97fdf8457be1]::tests::streaming_tx::{closure#0} as core[a373ad73a504971]::ops::function::FnOnce<()>>::call_once
[INFO] [stdout]   13:     0x61213eb2627b - test[aada8e7e76ba119b]::__rust_begin_short_backtrace::<core[a373ad73a504971]::result::Result<(), alloc[2e1b2a31b91974c5]::string::String>, fn() -> core[a373ad73a504971]::result::Result<(), alloc[2e1b2a31b91974c5]::string::String>>
[INFO] [stdout]   14:     0x61213eb33455 - test[aada8e7e76ba119b]::run_test::{closure#0}
[INFO] [stdout]   15:     0x61213eb2cd44 - std[617be2ca0a6fd877]::sys::backtrace::__rust_begin_short_backtrace::<test[aada8e7e76ba119b]::run_test::{closure#1}, ()>
[INFO] [stdout]   16:     0x61213eb364e2 - <std[617be2ca0a6fd877]::thread::lifecycle::spawn_unchecked<test[aada8e7e76ba119b]::run_test::{closure#1}, ()>::{closure#1} as core[a373ad73a504971]::ops::function::FnOnce<()>>::call_once::{shim:vtable#0}
[INFO] [stdout]   17:     0x61213edc0fbf - <std[617be2ca0a6fd877]::sys::thread::unix::Thread>::new::thread_start
[INFO] [stdout]   18:     0x73c1a7e32dfa - <unknown>
[INFO] [stdout]   19:     0x73c1a7ec63d4 - clone
[INFO] [stdout]   20:                0x0 - <unknown>
[INFO] [stdout] 
[INFO] [stdout] ---- tests::unit_return stdout ----
[INFO] [stdout] 
[INFO] [stdout] thread 'tests::unit_return' (1159) panicked at src/lib.rs:759:9:
[INFO] [stdout] rustfmt exited with exit status: 1
[INFO] [stdout] stack backtrace:
[INFO] [stdout]    0:     0x61213edc1ff1 - <<std[617be2ca0a6fd877]::sys::backtrace::BacktraceLock>::print::DisplayBacktrace as core[a373ad73a504971]::fmt::Display>::fmt
[INFO] [stdout]    1:     0x61213edd9eba - core[a373ad73a504971]::fmt::write
[INFO] [stdout]    2:     0x61213edc67cc - <alloc[2e1b2a31b91974c5]::vec::Vec<u8> as core[a373ad73a504971]::io::write::Write>::write_fmt
[INFO] [stdout]    3:     0x61213ed9b106 - std[617be2ca0a6fd877]::panicking::default_hook::{closure#0}
[INFO] [stdout]    4:     0x61213edb8f89 - std[617be2ca0a6fd877]::panicking::default_hook
[INFO] [stdout]    5:     0x61213eb32e30 - test[aada8e7e76ba119b]::test_main_inner::{closure#0}
[INFO] [stdout]    6:     0x61213edb92b2 - std[617be2ca0a6fd877]::panicking::panic_with_hook
[INFO] [stdout]    7:     0x61213ed9b1b2 - std[617be2ca0a6fd877]::panicking::panic_handler::{closure#0}
[INFO] [stdout]    8:     0x61213ed939e9 - std[617be2ca0a6fd877]::sys::backtrace::__rust_end_short_backtrace::<std[617be2ca0a6fd877]::panicking::panic_handler::{closure#0}, !>
[INFO] [stdout]    9:     0x61213ed9be5d - __rustc[ea4f61d10b84890b]::rust_begin_unwind
[INFO] [stdout]   10:     0x61213edda69c - core[a373ad73a504971]::panicking::panic_fmt
[INFO] [stdout]   11:     0x61213eb1a538 - roam_macros_core[95bb97fdf8457be1]::tests::generate
[INFO] [stdout]   12:     0x61213eb1ab4f - <roam_macros_core[95bb97fdf8457be1]::tests::unit_return::{closure#0} as core[a373ad73a504971]::ops::function::FnOnce<()>>::call_once
[INFO] [stdout]   13:     0x61213eb2627b - test[aada8e7e76ba119b]::__rust_begin_short_backtrace::<core[a373ad73a504971]::result::Result<(), alloc[2e1b2a31b91974c5]::string::String>, fn() -> core[a373ad73a504971]::result::Result<(), alloc[2e1b2a31b91974c5]::string::String>>
[INFO] [stdout]   14:     0x61213eb33455 - test[aada8e7e76ba119b]::run_test::{closure#0}
[INFO] [stdout]   15:     0x61213eb2cd44 - std[617be2ca0a6fd877]::sys::backtrace::__rust_begin_short_backtrace::<test[aada8e7e76ba119b]::run_test::{closure#1}, ()>
[INFO] [stdout]   16:     0x61213eb364e2 - <std[617be2ca0a6fd877]::thread::lifecycle::spawn_unchecked<test[aada8e7e76ba119b]::run_test::{closure#1}, ()>::{closure#1} as core[a373ad73a504971]::ops::function::FnOnce<()>>::call_once::{shim:vtable#0}
[INFO] [stdout]   17:     0x61213edc0fbf - <std[617be2ca0a6fd877]::sys::thread::unix::Thread>::new::thread_start
[INFO] [stdout]   18:     0x73c1a7e32dfa - <unknown>
[INFO] [stdout]   19:     0x73c1a7ec63d4 - clone
[INFO] [stdout]   20:                0x0 - <unknown>
[INFO] [stdout] 
[INFO] [stdout] ---- tests::borrowed_roam_return_call_style stdout ----
[INFO] [stdout] 
[INFO] [stdout] thread 'tests::borrowed_roam_return_call_style' (1147) panicked at src/lib.rs:759:9:
[INFO] [stdout] rustfmt exited with exit status: 1
[INFO] [stdout] stack backtrace:
[INFO] [stdout]    0:     0x61213edc1ff1 - <<std[617be2ca0a6fd877]::sys::backtrace::BacktraceLock>::print::DisplayBacktrace as core[a373ad73a504971]::fmt::Display>::fmt
[INFO] [stdout]    1:     0x61213edd9eba - core[a373ad73a504971]::fmt::write
[INFO] [stdout]    2:     0x61213edc67cc - <alloc[2e1b2a31b91974c5]::vec::Vec<u8> as core[a373ad73a504971]::io::write::Write>::write_fmt
[INFO] [stdout]    3:     0x61213ed9b106 - std[617be2ca0a6fd877]::panicking::default_hook::{closure#0}
[INFO] [stdout]    4:     0x61213edb8f89 - std[617be2ca0a6fd877]::panicking::default_hook
[INFO] [stdout]    5:     0x61213eb32e30 - test[aada8e7e76ba119b]::test_main_inner::{closure#0}
[INFO] [stdout]    6:     0x61213edb92b2 - std[617be2ca0a6fd877]::panicking::panic_with_hook
[INFO] [stdout]    7:     0x61213ed9b1b2 - std[617be2ca0a6fd877]::panicking::panic_handler::{closure#0}
[INFO] [stdout]    8:     0x61213ed939e9 - std[617be2ca0a6fd877]::sys::backtrace::__rust_end_short_backtrace::<std[617be2ca0a6fd877]::panicking::panic_handler::{closure#0}, !>
[INFO] [stdout]    9:     0x61213ed9be5d - __rustc[ea4f61d10b84890b]::rust_begin_unwind
[INFO] [stdout]   10:     0x61213edda69c - core[a373ad73a504971]::panicking::panic_fmt
[INFO] [stdout]   11:     0x61213eb1a538 - roam_macros_core[95bb97fdf8457be1]::tests::generate
[INFO] [stdout]   12:     0x61213eb1c733 - <roam_macros_core[95bb97fdf8457be1]::tests::borrowed_roam_return_call_style::{closure#0} as core[a373ad73a504971]::ops::function::FnOnce<()>>::call_once
[INFO] [stdout]   13:     0x61213eb2627b - test[aada8e7e76ba119b]::__rust_begin_short_backtrace::<core[a373ad73a504971]::result::Result<(), alloc[2e1b2a31b91974c5]::string::String>, fn() -> core[a373ad73a504971]::result::Result<(), alloc[2e1b2a31b91974c5]::string::String>>
[INFO] [stdout]   14:     0x61213eb33455 - test[aada8e7e76ba119b]::run_test::{closure#0}
[INFO] [stdout]   15:     0x61213eb2cd44 - std[617be2ca0a6fd877]::sys::backtrace::__rust_begin_short_backtrace::<test[aada8e7e76ba119b]::run_test::{closure#1}, ()>
[INFO] [stdout]   16:     0x61213eb364e2 - <std[617be2ca0a6fd877]::thread::lifecycle::spawn_unchecked<test[aada8e7e76ba119b]::run_test::{closure#1}, ()>::{closure#1} as core[a373ad73a504971]::ops::function::FnOnce<()>>::call_once::{shim:vtable#0}
[INFO] [stdout]   17:     0x61213edc0fbf - <std[617be2ca0a6fd877]::sys::thread::unix::Thread>::new::thread_start
[INFO] [stdout]   18:     0x73c1a7e32dfa - <unknown>
[INFO] [stdout]   19:     0x73c1a7ec63d4 - clone
[INFO] [stdout]   20:                0x0 - <unknown>
[INFO] [stdout] 
[INFO] [stdout] ---- tests::adder_infallible stdout ----
[INFO] [stdout] 
[INFO] [stdout] thread 'tests::adder_infallible' (1143) panicked at src/lib.rs:759:9:
[INFO] [stdout] rustfmt exited with exit status: 1
[INFO] [stdout] stack backtrace:
[INFO] [stdout]    0:     0x61213edc1ff1 - <<std[617be2ca0a6fd877]::sys::backtrace::BacktraceLock>::print::DisplayBacktrace as core[a373ad73a504971]::fmt::Display>::fmt
[INFO] [stdout]    1:     0x61213edd9eba - core[a373ad73a504971]::fmt::write
[INFO] [stdout]    2:     0x61213edc67cc - <alloc[2e1b2a31b91974c5]::vec::Vec<u8> as core[a373ad73a504971]::io::write::Write>::write_fmt
[INFO] [stdout]    3:     0x61213ed9b106 - std[617be2ca0a6fd877]::panicking::default_hook::{closure#0}
[INFO] [stdout]    4:     0x61213edb8f89 - std[617be2ca0a6fd877]::panicking::default_hook
[INFO] [stdout]    5:     0x61213eb32e30 - test[aada8e7e76ba119b]::test_main_inner::{closure#0}
[INFO] [stdout]    6:     0x61213edb92b2 - std[617be2ca0a6fd877]::panicking::panic_with_hook
[INFO] [stdout]    7:     0x61213ed9b1b2 - std[617be2ca0a6fd877]::panicking::panic_handler::{closure#0}
[INFO] [stdout]    8:     0x61213ed939e9 - std[617be2ca0a6fd877]::sys::backtrace::__rust_end_short_backtrace::<std[617be2ca0a6fd877]::panicking::panic_handler::{closure#0}, !>
[INFO] [stdout]    9:     0x61213ed9be5d - __rustc[ea4f61d10b84890b]::rust_begin_unwind
[INFO] [stdout]   10:     0x61213edda69c - core[a373ad73a504971]::panicking::panic_fmt
[INFO] [stdout]   11:     0x61213eb1a538 - roam_macros_core[95bb97fdf8457be1]::tests::generate
[INFO] [stdout]   12:     0x61213eb1b354 - <roam_macros_core[95bb97fdf8457be1]::tests::adder_infallible::{closure#0} as core[a373ad73a504971]::ops::function::FnOnce<()>>::call_once
[INFO] [stdout]   13:     0x61213eb2627b - test[aada8e7e76ba119b]::__rust_begin_short_backtrace::<core[a373ad73a504971]::result::Result<(), alloc[2e1b2a31b91974c5]::string::String>, fn() -> core[a373ad73a504971]::result::Result<(), alloc[2e1b2a31b91974c5]::string::String>>
[INFO] [stdout]   14:     0x61213eb33455 - test[aada8e7e76ba119b]::run_test::{closure#0}
[INFO] [stdout]   15:     0x61213eb2cd44 - std[617be2ca0a6fd877]::sys::backtrace::__rust_begin_short_backtrace::<test[aada8e7e76ba119b]::run_test::{closure#1}, ()>
[INFO] [stdout]   16:     0x61213eb364e2 - <std[617be2ca0a6fd877]::thread::lifecycle::spawn_unchecked<test[aada8e7e76ba119b]::run_test::{closure#1}, ()>::{closure#1} as core[a373ad73a504971]::ops::function::FnOnce<()>>::call_once::{shim:vtable#0}
[INFO] [stdout]   17:     0x61213edc0fbf - <std[617be2ca0a6fd877]::sys::thread::unix::Thread>::new::thread_start
[INFO] [stdout]   18:     0x73c1a7e32dfa - <unknown>
[INFO] [stdout]   19:     0x73c1a7ec63d4 - clone
[INFO] [stdout]   20:                0x0 - <unknown>
[INFO] [stdout] 
[INFO] [stdout] ---- tests::borrowed_return_mixed_with_borrowed_args_and_channels_compiles_to_expected_shapes stdout ----
[INFO] [stdout] 
[INFO] [stdout] thread 'tests::borrowed_return_mixed_with_borrowed_args_and_channels_compiles_to_expected_shapes' (1144) panicked at src/lib.rs:759:9:
[INFO] [stdout] rustfmt exited with exit status: 1
[INFO] [stdout] stack backtrace:
[INFO] [stdout]    0:     0x61213edc1ff1 - <<std[617be2ca0a6fd877]::sys::backtrace::BacktraceLock>::print::DisplayBacktrace as core[a373ad73a504971]::fmt::Display>::fmt
[INFO] [stdout]    1:     0x61213edd9eba - core[a373ad73a504971]::fmt::write
[INFO] [stdout]    2:     0x61213edc67cc - <alloc[2e1b2a31b91974c5]::vec::Vec<u8> as core[a373ad73a504971]::io::write::Write>::write_fmt
[INFO] [stdout]    3:     0x61213ed9b106 - std[617be2ca0a6fd877]::panicking::default_hook::{closure#0}
[INFO] [stdout]    4:     0x61213edb8f89 - std[617be2ca0a6fd877]::panicking::default_hook
[INFO] [stdout]    5:     0x61213eb32e30 - test[aada8e7e76ba119b]::test_main_inner::{closure#0}
[INFO] [stdout]    6:     0x61213edb92b2 - std[617be2ca0a6fd877]::panicking::panic_with_hook
[INFO] [stdout]    7:     0x61213ed9b1b2 - std[617be2ca0a6fd877]::panicking::panic_handler::{closure#0}
[INFO] [stdout]    8:     0x61213ed939e9 - std[617be2ca0a6fd877]::sys::backtrace::__rust_end_short_backtrace::<std[617be2ca0a6fd877]::panicking::panic_handler::{closure#0}, !>
[INFO] [stdout]    9:     0x61213ed9be5d - __rustc[ea4f61d10b84890b]::rust_begin_unwind
[INFO] [stdout]   10:     0x61213edda69c - core[a373ad73a504971]::panicking::panic_fmt
[INFO] [stdout]   11:     0x61213eb1a538 - roam_macros_core[95bb97fdf8457be1]::tests::generate
[INFO] [stdout]   12:     0x61213eb1d925 - <roam_macros_core[95bb97fdf8457be1]::tests::borrowed_return_mixed_with_borrowed_args_and_channels_compiles_to_expected_shapes::{closure#0} as core[a373ad73a504971]::ops::function::FnOnce<()>>::call_once
[INFO] [stdout]   13:     0x61213eb2627b - test[aada8e7e76ba119b]::__rust_begin_short_backtrace::<core[a373ad73a504971]::result::Result<(), alloc[2e1b2a31b91974c5]::string::String>, fn() -> core[a373ad73a504971]::result::Result<(), alloc[2e1b2a31b91974c5]::string::String>>
[INFO] [stdout]   14:     0x61213eb33455 - test[aada8e7e76ba119b]::run_test::{closure#0}
[INFO] [stdout]   15:     0x61213eb2cd44 - std[617be2ca0a6fd877]::sys::backtrace::__rust_begin_short_backtrace::<test[aada8e7e76ba119b]::run_test::{closure#1}, ()>
[INFO] [stdout]   16:     0x61213eb364e2 - <std[617be2ca0a6fd877]::thread::lifecycle::spawn_unchecked<test[aada8e7e76ba119b]::run_test::{closure#1}, ()>::{closure#1} as core[a373ad73a504971]::ops::function::FnOnce<()>>::call_once::{shim:vtable#0}
[INFO] [stdout]   17:     0x61213edc0fbf - <std[617be2ca0a6fd877]::sys::thread::unix::Thread>::new::thread_start
[INFO] [stdout]   18:     0x73c1a7e32dfa - <unknown>
[INFO] [stdout]   19:     0x73c1a7ec63d4 - clone
[INFO] [stdout]   20:                0x0 - <unknown>
[INFO] [stdout] 
[INFO] [stdout] ---- tests::borrowed_roam_cow_return stdout ----
[INFO] [stdout] 
[INFO] [stdout] thread 'tests::borrowed_roam_cow_return' (1145) panicked at src/lib.rs:759:9:
[INFO] [stdout] rustfmt exited with exit status: 1
[INFO] [stdout] stack backtrace:
[INFO] [stdout]    0:     0x61213edc1ff1 - <<std[617be2ca0a6fd877]::sys::backtrace::BacktraceLock>::print::DisplayBacktrace as core[a373ad73a504971]::fmt::Display>::fmt
[INFO] [stdout]    1:     0x61213edd9eba - core[a373ad73a504971]::fmt::write
[INFO] [stdout]    2:     0x61213edc67cc - <alloc[2e1b2a31b91974c5]::vec::Vec<u8> as core[a373ad73a504971]::io::write::Write>::write_fmt
[INFO] [stdout]    3:     0x61213ed9b106 - std[617be2ca0a6fd877]::panicking::default_hook::{closure#0}
[INFO] [stdout]    4:     0x61213edb8f89 - std[617be2ca0a6fd877]::panicking::default_hook
[INFO] [stdout]    5:     0x61213eb32e30 - test[aada8e7e76ba119b]::test_main_inner::{closure#0}
[INFO] [stdout]    6:     0x61213edb92b2 - std[617be2ca0a6fd877]::panicking::panic_with_hook
[INFO] [stdout]    7:     0x61213ed9b1b2 - std[617be2ca0a6fd877]::panicking::panic_handler::{closure#0}
[INFO] [stdout]    8:     0x61213ed939e9 - std[617be2ca0a6fd877]::sys::backtrace::__rust_end_short_backtrace::<std[617be2ca0a6fd877]::panicking::panic_handler::{closure#0}, !>
[INFO] [stdout]    9:     0x61213ed9be5d - __rustc[ea4f61d10b84890b]::rust_begin_unwind
[INFO] [stdout]   10:     0x61213edda69c - core[a373ad73a504971]::panicking::panic_fmt
[INFO] [stdout]   11:     0x61213eb1a538 - roam_macros_core[95bb97fdf8457be1]::tests::generate
[INFO] [stdout]   12:     0x61213eb1bb5f - <roam_macros_core[95bb97fdf8457be1]::tests::borrowed_roam_cow_return::{closure#0} as core[a373ad73a504971]::ops::function::FnOnce<()>>::call_once
[INFO] [stdout]   13:     0x61213eb2627b - test[aada8e7e76ba119b]::__rust_begin_short_backtrace::<core[a373ad73a504971]::result::Result<(), alloc[2e1b2a31b91974c5]::string::String>, fn() -> core[a373ad73a504971]::result::Result<(), alloc[2e1b2a31b91974c5]::string::String>>
[INFO] [stdout]   14:     0x61213eb33455 - test[aada8e7e76ba119b]::run_test::{closure#0}
[INFO] [stdout]   15:     0x61213eb2cd44 - std[617be2ca0a6fd877]::sys::backtrace::__rust_begin_short_backtrace::<test[aada8e7e76ba119b]::run_test::{closure#1}, ()>
[INFO] [stdout]   16:     0x61213eb364e2 - <std[617be2ca0a6fd877]::thread::lifecycle::spawn_unchecked<test[aada8e7e76ba119b]::run_test::{closure#1}, ()>::{closure#1} as core[a373ad73a504971]::ops::function::FnOnce<()>>::call_once::{shim:vtable#0}
[INFO] [stdout]   17:     0x61213edc0fbf - <std[617be2ca0a6fd877]::sys::thread::unix::Thread>::new::thread_start
[INFO] [stdout]   18:     0x73c1a7e32dfa - <unknown>
[INFO] [stdout]   19:     0x73c1a7ec63d4 - clone
[INFO] [stdout]   20:                0x0 - <unknown>
[INFO] [stdout] 
[INFO] [stdout] 
[INFO] [stdout] failures:
[INFO] [stdout]     tests::adder_infallible
[INFO] [stdout]     tests::borrowed_return_mixed_with_borrowed_args_and_channels_compiles_to_expected_shapes
[INFO] [stdout]     tests::borrowed_roam_cow_return
[INFO] [stdout]     tests::borrowed_roam_return
[INFO] [stdout]     tests::borrowed_roam_return_call_style
[INFO] [stdout]     tests::fallible
[INFO] [stdout]     tests::no_args
[INFO] [stdout]     tests::streaming_tx
[INFO] [stdout]     tests::unit_return
[INFO] [stdout] 
[INFO] [stdout] test result: FAILED. 8 passed; 9 failed; 0 ignored; 0 measured; 0 filtered out; finished in 0.80s
[INFO] [stdout] 
[INFO] [stderr] error: test failed, to rerun pass `--lib`
[INFO] running `Command { std: "docker" "inspect" "8d9d03ca59bab6461c4bae5ed93b023cfe838559775b57e0f5ab5366737dc275", kill_on_drop: false }`
[INFO] running `Command { std: "docker" "rm" "-f" "8d9d03ca59bab6461c4bae5ed93b023cfe838559775b57e0f5ab5366737dc275", kill_on_drop: false }`
[INFO] [stdout] 8d9d03ca59bab6461c4bae5ed93b023cfe838559775b57e0f5ab5366737dc275
