[INFO] fetching crate roadshield 0.2.0...
[INFO] testing roadshield-0.2.0 against 1.100.0-beta.1+cargoflags=--release for beta-release-1.100-2
[INFO] extracting crate roadshield 0.2.0 into /workspace/builds/worker-6-tc2/source
[INFO] started tweaking crates.io crate roadshield 0.2.0
[INFO] removed 0 missing examples
[INFO] finished tweaking crates.io crate roadshield 0.2.0
[INFO] tweaked toml for crates.io crate roadshield 0.2.0 written to /workspace/builds/worker-6-tc2/source/Cargo.toml
[INFO] validating manifest of crates.io crate roadshield 0.2.0 on toolchain 1.100.0-beta.1
[INFO] running `Command { std: CARGO_HOME="/workspace/cargo-home" RUSTUP_HOME="/workspace/rustup-home" "/workspace/cargo-home/bin/cargo" "+1.100.0-beta.1" "metadata" "--manifest-path" "Cargo.toml" "--no-deps", kill_on_drop: false }`
[INFO] crate crates.io crate roadshield 0.2.0 already has a lockfile, it will not be regenerated
[INFO] running `Command { std: CARGO_HOME="/workspace/cargo-home" RUSTUP_HOME="/workspace/rustup-home" "/workspace/cargo-home/bin/cargo" "+1.100.0-beta.1" "fetch" "--manifest-path" "Cargo.toml", kill_on_drop: false }`
[INFO] [stderr] warning: `package.homepage` is redundant with `package.repository`
[INFO] [stderr]    --> Cargo.toml:114:12
[INFO] [stderr]     |
[INFO] [stderr] 114 | homepage = "https://github.com/luofang34/roadshield"
[INFO] [stderr]     |            ^^^^^^^^^^^^^^^^^^^^^^^^^^^^^^^^^^^^^^^^^
[INFO] [stderr] ...
[INFO] [stderr] 119 | repository = "https://github.com/luofang34/roadshield"
[INFO] [stderr]     |              -----------------------------------------
[INFO] [stderr]     |
[INFO] [stderr]     = note: `cargo::redundant_homepage` is set to `warn` by default
[INFO] [stderr] help: consider removing `package.homepage`
[INFO] [stderr] warning: `roadshield` (manifest) generated 1 warning
[INFO] running `Command { std: "docker" "create" "-v" "/var/lib/crater-agent-workspace/builds/worker-6-tc2/source:/opt/rustwide/workdir:ro,Z" "-v" "/var/lib/crater-agent-workspace/builds/worker-6-tc2/target:/opt/rustwide/target:rw,Z" "-v" "/var/lib/crater-agent-workspace/cargo-home:/opt/rustwide/cargo-home:ro,Z" "-v" "/var/lib/crater-agent-workspace/rustup-home:/opt/rustwide/rustup-home:ro,Z" "-m" "1610612736" "--network" "none" "ghcr.io/rust-lang/crates-build-env/linux@sha256:77db811e55d90add9212f6832c23229e3de5f1c1f9905e8cb07319ea15df73ac" "sleep" "infinity", kill_on_drop: false }`
[INFO] [stdout] 5f158e72140006f66f1cbf9fac5d742359cba645d450e35f4285141275f8c489
[INFO] running `Command { std: "docker" "start" "5f158e72140006f66f1cbf9fac5d742359cba645d450e35f4285141275f8c489", kill_on_drop: false }`
[INFO] running `Command { std: "docker" "inspect" "5f158e72140006f66f1cbf9fac5d742359cba645d450e35f4285141275f8c489", kill_on_drop: false }`
[INFO] running `Command { std: "docker" "exec" "-e" "SOURCE_DIR=/opt/rustwide/workdir" "-e" "CARGO_HOME=/opt/rustwide/cargo-home" "-e" "RUSTUP_HOME=/opt/rustwide/rustup-home" "-e" "CARGO_TARGET_DIR=/opt/rustwide/target" "-w" "/opt/rustwide/workdir" "--user" "0:0" "5f158e72140006f66f1cbf9fac5d742359cba645d450e35f4285141275f8c489" "/opt/rustwide/cargo-home/bin/cargo" "+1.100.0-beta.1" "metadata" "--no-deps" "--format-version=1", kill_on_drop: false }`
[INFO] running `Command { std: "docker" "inspect" "5f158e72140006f66f1cbf9fac5d742359cba645d450e35f4285141275f8c489", kill_on_drop: false }`
[INFO] running `Command { std: "docker" "exec" "-e" "SOURCE_DIR=/opt/rustwide/workdir" "-e" "CARGO_HOME=/opt/rustwide/cargo-home" "-e" "RUSTUP_HOME=/opt/rustwide/rustup-home" "-e" "CARGO_TARGET_DIR=/opt/rustwide/target" "-e" "CARGO_INCREMENTAL=0" "-e" "RUST_BACKTRACE=full" "-e" "RUSTFLAGS=--cap-lints=warn" "-e" "RUSTDOCFLAGS=--cap-lints=warn" "-w" "/opt/rustwide/workdir" "--user" "0:0" "5f158e72140006f66f1cbf9fac5d742359cba645d450e35f4285141275f8c489" "/opt/rustwide/cargo-home/bin/cargo" "+1.100.0-beta.1" "build" "--frozen" "--message-format=json" "--release", kill_on_drop: false }`
[INFO] [stderr] warning: `package.homepage` is redundant with `package.repository`
[INFO] [stderr]    --> Cargo.toml:114:12
[INFO] [stderr]     |
[INFO] [stderr] 114 | homepage = "https://github.com/luofang34/roadshield"
[INFO] [stderr]     |            ^^^^^^^^^^^^^^^^^^^^^^^^^^^^^^^^^^^^^^^^^
[INFO] [stderr] ...
[INFO] [stderr] 119 | repository = "https://github.com/luofang34/roadshield"
[INFO] [stderr]     |              -----------------------------------------
[INFO] [stderr]     |
[INFO] [stderr]     = note: `cargo::redundant_homepage` is set to `warn` by default
[INFO] [stderr] help: consider removing `package.homepage`
[INFO] [stderr] warning: `roadshield` (manifest) generated 1 warning
[INFO] [stderr]    Compiling unicode-ident v1.0.26
[INFO] [stderr]    Compiling arrayvec v0.7.8
[INFO] [stderr]    Compiling serde_core v1.0.229
[INFO] [stderr]    Compiling siphasher v1.0.4
[INFO] [stderr]    Compiling find-msvc-tools v0.1.14
[INFO] [stderr]    Compiling stable_deref_trait v1.2.1
[INFO] [stderr]    Compiling fastrand v2.5.0
[INFO] [stderr]    Compiling uncased v0.9.10
[INFO] [stderr]    Compiling smallvec v1.16.2
[INFO] [stderr]    Compiling num-traits v0.2.19
[INFO] [stderr]    Compiling float-cmp v0.9.0
[INFO] [stderr]    Compiling serde_json v1.0.151
[INFO] [stderr]    Compiling serde v1.0.229
[INFO] [stderr]    Compiling log v0.4.34
[INFO] [stderr]    Compiling arrayref v0.3.9
[INFO] [stderr]    Compiling proc-macro2 v1.0.107
[INFO] [stderr]    Compiling strict-num v0.1.1
[INFO] [stderr]    Compiling thiserror v2.0.21
[INFO] [stderr]    Compiling roxmltree v0.21.1
[INFO] [stderr]    Compiling constant_time_eq v0.4.2
[INFO] [stderr]    Compiling base64 v0.23.1
[INFO] [stderr]    Compiling phf_shared v0.14.0
[INFO] [stderr]    Compiling data-url v0.3.2
[INFO] [stderr]    Compiling cfg-if v1.0.5
[INFO] [stderr]    Compiling polycool v0.4.0
[INFO] [stderr]    Compiling xmlwriter v0.1.0
[INFO] [stderr]    Compiling simplecss v0.2.2
[INFO] [stderr]    Compiling cc v1.6.0
[INFO] [stderr]    Compiling cpufeatures v0.3.1
[INFO] [stderr]    Compiling pico-args v0.5.0
[INFO] [stderr]    Compiling bitflags v2.13.2
[INFO] [stderr]    Compiling imagesize v0.15.0
[INFO] [stderr]    Compiling quick-xml v0.42.0
[INFO] [stderr]    Compiling quote v1.0.47
[INFO] [stderr]    Compiling kurbo v0.13.1
[INFO] [stderr]    Compiling phf_generator v0.14.0
[INFO] [stderr]    Compiling syn v3.0.6
[INFO] [stderr]    Compiling syn v2.0.119
[INFO] [stderr]    Compiling blake3 v1.8.7
[INFO] [stderr]    Compiling svgtypes v0.16.1
[INFO] [stderr]    Compiling synstructure v0.14.0
[INFO] [stderr]    Compiling bytemuck_derive v1.12.1
[INFO] [stderr]    Compiling zerofrom-derive v0.1.8
[INFO] [stderr]    Compiling yoke-derive v0.8.4
[INFO] [stderr]    Compiling serde_derive v1.0.229
[INFO] [stderr]    Compiling thiserror-impl v2.0.21
[INFO] [stderr]    Compiling indexmap v2.14.2
[INFO] [stderr]    Compiling phf_macros v0.14.0
[INFO] [stderr]    Compiling tracing-attributes v0.1.31
[INFO] [stderr]    Compiling bytemuck v1.25.2
[INFO] [stderr]    Compiling zerofrom v0.1.8
[INFO] [stderr]    Compiling yoke v0.8.3
[INFO] [stderr]    Compiling phf v0.14.0
[INFO] [stderr]    Compiling font-types v0.12.6
[INFO] [stderr]    Compiling tiny-skia-path v0.12.0
[INFO] [stderr]    Compiling csscolorparser v0.9.0
[INFO] [stderr]    Compiling tracing v0.1.44
[INFO] [stderr]    Compiling read-fonts v0.45.0
[INFO] [stderr]    Compiling usvg v0.48.1
[INFO] [stderr]    Compiling harfrust v0.14.0
[INFO] [stderr]    Compiling skrifa v0.48.0
[INFO] [stderr]    Compiling roadshield v0.2.0 (/opt/rustwide/workdir)
[INFO] [stderr] warning: unused dependency `tracing`
[INFO] [stderr]   --> Cargo.toml:36:15
[INFO] [stderr]    |
[INFO] [stderr] 36 | [dependencies.tracing]
[INFO] [stderr]    |               ^^^^^^^^
[INFO] [stderr]    |
[INFO] [stderr]    = note: `cargo::unused_dependencies` is set to `warn` by default
[INFO] [stderr] help: consider removing the dependency on `tracing`
[INFO] [stderr] warning: `roadshield` (manifest) generated 1 warning
[INFO] [stderr]     Finished `release` profile [optimized] target(s) in 1m 10s
[INFO] running `Command { std: "docker" "inspect" "5f158e72140006f66f1cbf9fac5d742359cba645d450e35f4285141275f8c489", kill_on_drop: false }`
[INFO] running `Command { std: "docker" "exec" "-e" "SOURCE_DIR=/opt/rustwide/workdir" "-e" "CARGO_HOME=/opt/rustwide/cargo-home" "-e" "RUSTUP_HOME=/opt/rustwide/rustup-home" "-e" "CARGO_TARGET_DIR=/opt/rustwide/target" "-e" "CARGO_INCREMENTAL=0" "-e" "RUST_BACKTRACE=full" "-e" "RUSTFLAGS=--cap-lints=warn" "-e" "RUSTDOCFLAGS=--cap-lints=warn" "-w" "/opt/rustwide/workdir" "--user" "0:0" "5f158e72140006f66f1cbf9fac5d742359cba645d450e35f4285141275f8c489" "/opt/rustwide/cargo-home/bin/cargo" "+1.100.0-beta.1" "test" "--frozen" "--no-run" "--message-format=json" "--release", kill_on_drop: false }`
[INFO] [stderr] warning: `package.homepage` is redundant with `package.repository`
[INFO] [stderr]    --> Cargo.toml:114:12
[INFO] [stderr]     |
[INFO] [stderr] 114 | homepage = "https://github.com/luofang34/roadshield"
[INFO] [stderr]     |            ^^^^^^^^^^^^^^^^^^^^^^^^^^^^^^^^^^^^^^^^^
[INFO] [stderr] ...
[INFO] [stderr] 119 | repository = "https://github.com/luofang34/roadshield"
[INFO] [stderr]     |              -----------------------------------------
[INFO] [stderr]     |
[INFO] [stderr]     = note: `cargo::redundant_homepage` is set to `warn` by default
[INFO] [stderr] help: consider removing `package.homepage`
[INFO] [stderr] warning: `roadshield` (manifest) generated 1 warning
[INFO] [stderr]    Compiling roadshield v0.2.0 (/opt/rustwide/workdir)
[INFO] [stderr] warning: unused dependency `tracing`
[INFO] [stderr]   --> Cargo.toml:36:15
[INFO] [stderr]    |
[INFO] [stderr] 36 | [dependencies.tracing]
[INFO] [stderr]    |               ^^^^^^^^
[INFO] [stderr]    |
[INFO] [stderr]    = note: `cargo::unused_dependencies` is set to `warn` by default
[INFO] [stderr] help: consider removing the dependency on `tracing`
[INFO] [stderr] warning: `roadshield` (manifest) generated 1 warning
[INFO] [stderr]     Finished `release` profile [optimized] target(s) in 14.15s
[INFO] running `Command { std: "docker" "inspect" "5f158e72140006f66f1cbf9fac5d742359cba645d450e35f4285141275f8c489", kill_on_drop: false }`
[INFO] running `Command { std: "docker" "exec" "-e" "SOURCE_DIR=/opt/rustwide/workdir" "-e" "CARGO_HOME=/opt/rustwide/cargo-home" "-e" "RUSTUP_HOME=/opt/rustwide/rustup-home" "-e" "CARGO_TARGET_DIR=/opt/rustwide/target" "-e" "CARGO_INCREMENTAL=0" "-e" "RUST_BACKTRACE=full" "-e" "RUSTFLAGS=--cap-lints=warn" "-e" "RUSTDOCFLAGS=--cap-lints=warn" "-w" "/opt/rustwide/workdir" "--user" "0:0" "5f158e72140006f66f1cbf9fac5d742359cba645d450e35f4285141275f8c489" "/opt/rustwide/cargo-home/bin/cargo" "+1.100.0-beta.1" "test" "--frozen" "--release", kill_on_drop: false }`
[INFO] [stderr] warning: `package.homepage` is redundant with `package.repository`
[INFO] [stderr]    --> Cargo.toml:114:12
[INFO] [stderr]     |
[INFO] [stderr] 114 | homepage = "https://github.com/luofang34/roadshield"
[INFO] [stderr]     |            ^^^^^^^^^^^^^^^^^^^^^^^^^^^^^^^^^^^^^^^^^
[INFO] [stderr] ...
[INFO] [stderr] 119 | repository = "https://github.com/luofang34/roadshield"
[INFO] [stderr]     |              -----------------------------------------
[INFO] [stderr]     |
[INFO] [stderr]     = note: `cargo::redundant_homepage` is set to `warn` by default
[INFO] [stderr] help: consider removing `package.homepage`
[INFO] [stderr] warning: `roadshield` (manifest) generated 1 warning
[INFO] [stderr] warning: unused dependency `tracing`
[INFO] [stderr]   --> Cargo.toml:36:15
[INFO] [stderr]    |
[INFO] [stderr] 36 | [dependencies.tracing]
[INFO] [stderr]    |               ^^^^^^^^
[INFO] [stderr]    |
[INFO] [stderr]    = note: `cargo::unused_dependencies` is set to `warn` by default
[INFO] [stderr] help: consider removing the dependency on `tracing`
[INFO] [stderr] warning: `roadshield` (manifest) generated 1 warning
[INFO] [stderr]     Finished `release` profile [optimized] target(s) in 0.12s
[INFO] [stderr]      Running unittests src/lib.rs (/opt/rustwide/target/release/build/roadshield/01ef3bd36c55fd9e/out/roadshield-01ef3bd36c55fd9e)
[INFO] [stdout] 
[INFO] [stdout] running 69 tests
[INFO] [stdout] test blank::tests::embedding_scales_to_the_layout_grid ... ok
[INFO] [stdout] test color::tests::recolor_commutes_with_blending ... ok
[INFO] [stdout] test color::tests::recolor_defaults_and_absence ... ok
[INFO] [stdout] test blank::tests::embedded_raster_images_are_flagged ... ok
[INFO] [stdout] test blank::tests::external_images_are_never_fetched ... ok
[INFO] [stdout] test blank::tests::prepares_and_embeds_without_scripts ... ok
[INFO] [stdout] test blank::tests::limits_are_enforced ... ok
[INFO] [stdout] test color::tests::recolor_maps_black_and_white_to_lighten_and_darken ... ok
[INFO] [stdout] test engine::tests::missing_blank_is_an_error_not_an_empty_image ... FAILED
[INFO] [stdout] test color::tests::parses_css_forms ... ok
[INFO] [stdout] test blank::tests::recolor_changes_paints_but_not_masks ... ok
[INFO] [stdout] test blank::tests::caps_are_dropped_only_on_fully_closed_paths ... ok
[INFO] [stdout] test blank::tests::reflection_and_offset_wrap_the_blank ... ok
[INFO] [stdout] test engine::tests::pack_expectations_and_themes_are_enforced ... FAILED
[INFO] [stdout] test engine::tests::unknown_font_ids_are_invalid_input ... FAILED
[INFO] [stdout] test font::tests::outlines_are_deterministic_and_positioned ... FAILED
[INFO] [stdout] test geometry::tests::ellipse_and_rect_close ... ok
[INFO] [stdout] test engine::tests::subset_exclusions_never_fall_back ... FAILED
[INFO] [stdout] test geometry::tests::arc_to_rounds_a_right_angle_corner ... ok
[INFO] [stdout] test font::tests::shapes_digits_with_ink_inside_the_em_box ... FAILED
[INFO] [stdout] test geometry::tests::arc_to_turning_left_uses_negative_sweep ... ok
[INFO] [stdout] test model::tests::unknown_shape_params_and_options_are_rejected ... ok
[INFO] [stdout] test geometry::tests::arc_to_without_current_point_moves ... ok
[INFO] [stdout] test geometry::tests::numbers_are_compact_and_stable ... ok
[INFO] [stdout] test font::tests::falls_back_per_character ... FAILED
[INFO] [stdout] test font::tests::top_baseline_is_normalised_typo_ascent ... FAILED
[INFO] [stdout] test font::tests::whitespace_has_advance_but_no_ink ... FAILED
[INFO] [stdout] test pack::tests::manifest_edits_without_resealing_are_detected ... FAILED
[INFO] [stdout] test pack::tests::manifest_format_and_stack_are_checked ... FAILED
[INFO] [stdout] test model::tests::banner_maps_expand_into_networks ... ok
[INFO] [stdout] test model::tests::sprite_blank_accepts_string_or_list ... ok
[INFO] [stdout] test model::tests::unknown_definition_fields_are_rejected ... ok
[INFO] [stdout] test geometry::tests::degenerate_arc_to_draws_a_line_to_the_control_point ... ok
[INFO] [stdout] test geometry::tests::rect_scaling ... ok
[INFO] [stdout] test pack::tests::loads_and_expands_the_americana_pack ... FAILED
[INFO] [stdout] test model::tests::overlay_matches_object_spread ... ok
[INFO] [stdout] test model::tests::banner_map_expansion_uses_a_snapshot_and_keeps_positions ... ok
[INFO] [stdout] test font::tests::missing_glyphs_are_errors_or_notdef ... FAILED
[INFO] [stdout] test pack::tests::missing_files_are_reported ... FAILED
[INFO] [stdout] test pack::tests::tampered_files_fail_hash_checks ... FAILED
[INFO] [stdout] test select::tests::unknown_network_uses_explicit_default_only_with_valid_ref ... ok
[INFO] [stdout] test pack::tests::unknown_rule_fields_fail_loading ... FAILED
[INFO] [stdout] test select::tests::missing_or_long_refs_suppress_text_shields ... ok
[INFO] [stdout] test select::tests::blank_choice_by_weighted_width ... ok
[INFO] [stdout] test select::tests::notext_shields_draw_without_ref_only_with_a_blank ... ok
[INFO] [stdout] test select::tests::noref_replaces_definition_and_implies_notext ... ok
[INFO] [stdout] test select::tests::overrides_apply_by_ref_then_by_name ... ok
[INFO] [stdout] test select::tests::roman_numerals_follow_upstream ... ok
[INFO] [stdout] test shapes::tests::fixed_and_explicit_widths_skip_measurement ... ok
[INFO] [stdout] test select::tests::valid_ref_counts_utf16_units ... ok
[INFO] [stdout] test shapes::tests::pill_uses_half_height_radius_and_ellipse_centres_on_canvas ... ok
[INFO] [stdout] test select::tests::ref_resolution_prefers_hardcoded_then_name_map ... ok
[INFO] [stdout] test shapes::tests::rounded_rectangle_geometry_matches_canvas ... ok
[INFO] [stdout] test shapes::tests::width_adjustments_per_shape ... ok
[INFO] [stdout] test svg::tests::halo_joins_serialise_as_svg_attributes ... ok
[INFO] [stdout] test text_layout::tests::failures_are_reported ... ok
[INFO] [stdout] test text_layout::tests::max_font_caps_size ... ok
[INFO] [stdout] test text_layout::tests::rect_fit_reproduces_measure_text_quirks ... ok
[INFO] [stdout] test text_layout::tests::rounded_rect_shrinks_by_radius ... ok
[INFO] [stdout] test text_layout::tests::top_aligned_constraints_use_the_ink_ascent ... ok
[INFO] [stdout] test text_layout::tests::whitespace_only_text_uses_the_maximum_size ... ok
[INFO] [stdout] test validate::tests::reports_unsupported_and_missing_semantics ... ok
[INFO] [stdout] test validate::tests::walks_nested_overrides ... ok
[INFO] [stdout] test shapes::tests::width_from_text_advance_is_clamped ... ok
[INFO] [stdout] test text_layout::tests::diamond_and_ellipse_scales ... ok
[INFO] [stderr] error: test failed, to rerun pass `--lib`
[INFO] [stdout] test shapes::tests::every_registered_shape_draws_closed_paths ... ok
[INFO] [stdout] test shapes::tests::device_grid_scales_lengths_but_rounds_in_device_pixels ... ok
[INFO] [stdout] test shapes::tests::diamond_is_taller ... ok
[INFO] [stdout] test svg::tests::shape_strokes_keep_canvas_miter_joins ... ok
[INFO] [stdout] 
[INFO] [stdout] failures:
[INFO] [stdout] 
[INFO] [stdout] ---- engine::tests::missing_blank_is_an_error_not_an_empty_image stdout ----
[INFO] [stdout] 
[INFO] [stdout] thread 'engine::tests::missing_blank_is_an_error_not_an_empty_image' (1619) panicked at src/testing.rs:9:41:
[INFO] [stdout] called `Result::unwrap()` on an `Err` value: Os { code: 2, kind: NotFound, message: "No such file or directory" }
[INFO] [stdout] stack backtrace:
[INFO] [stdout]    0:     0x6036ffcec231 - <<std[617be2ca0a6fd877]::sys::backtrace::BacktraceLock>::print::DisplayBacktrace as core[a373ad73a504971]::fmt::Display>::fmt
[INFO] [stdout]    1:     0x6036ffd0370a - core[a373ad73a504971]::fmt::write
[INFO] [stdout]    2:     0x6036ffcf07cc - <alloc[2e1b2a31b91974c5]::vec::Vec<u8> as core[a373ad73a504971]::io::write::Write>::write_fmt
[INFO] [stdout]    3:     0x6036ffcc7de6 - std[617be2ca0a6fd877]::panicking::default_hook::{closure#0}
[INFO] [stdout]    4:     0x6036ffce43a9 - std[617be2ca0a6fd877]::panicking::default_hook
[INFO] [stdout]    5:     0x6036ffb7b060 - test[aada8e7e76ba119b]::test_main_inner::{closure#0}
[INFO] [stdout]    6:     0x6036ffce4562 - std[617be2ca0a6fd877]::panicking::panic_with_hook
[INFO] [stdout]    7:     0x6036ffcc7e92 - std[617be2ca0a6fd877]::panicking::panic_handler::{closure#0}
[INFO] [stdout]    8:     0x6036ffcc0949 - std[617be2ca0a6fd877]::sys::backtrace::__rust_end_short_backtrace::<std[617be2ca0a6fd877]::panicking::panic_handler::{closure#0}, !>
[INFO] [stdout]    9:     0x6036ffcc8a9d - __rustc[ea4f61d10b84890b]::rust_begin_unwind
[INFO] [stdout]   10:     0x6036ffd03e7c - core[a373ad73a504971]::panicking::panic_fmt
[INFO] [stdout]   11:     0x6036ffd03c52 - core[a373ad73a504971]::result::unwrap_failed
[INFO] [stdout]   12:     0x6036ffaba7be - roadshield[35db189091699ff5]::testing::walk
[INFO] [stdout]   13:     0x6036ffab9711 - roadshield[35db189091699ff5]::testing::pack_files
[INFO] [stdout]   14:     0x6036ffa77274 - <roadshield[35db189091699ff5]::engine::tests::missing_blank_is_an_error_not_an_empty_image::{closure#0} as core[a373ad73a504971]::ops::function::FnOnce<()>>::call_once
[INFO] [stdout]   15:     0x6036ffb6e4ab - test[aada8e7e76ba119b]::__rust_begin_short_backtrace::<core[a373ad73a504971]::result::Result<(), alloc[2e1b2a31b91974c5]::string::String>, fn() -> core[a373ad73a504971]::result::Result<(), alloc[2e1b2a31b91974c5]::string::String>>
[INFO] [stdout]   16:     0x6036ffb7b685 - test[aada8e7e76ba119b]::run_test::{closure#0}
[INFO] [stdout]   17:     0x6036ffb74f74 - std[617be2ca0a6fd877]::sys::backtrace::__rust_begin_short_backtrace::<test[aada8e7e76ba119b]::run_test::{closure#1}, ()>
[INFO] [stdout]   18:     0x6036ffb7e712 - <std[617be2ca0a6fd877]::thread::lifecycle::spawn_unchecked<test[aada8e7e76ba119b]::run_test::{closure#1}, ()>::{closure#1} as core[a373ad73a504971]::ops::function::FnOnce<()>>::call_once::{shim:vtable#0}
[INFO] [stdout]   19:     0x6036ffceb77f - <std[617be2ca0a6fd877]::sys::thread::unix::Thread>::new::thread_start
[INFO] [stdout]   20:     0x71322faa6dfa - <unknown>
[INFO] [stdout]   21:     0x71322fb3a3d4 - clone
[INFO] [stdout]   22:                0x0 - <unknown>
[INFO] [stdout] 
[INFO] [stdout] ---- engine::tests::pack_expectations_and_themes_are_enforced stdout ----
[INFO] [stdout] 
[INFO] [stdout] thread 'engine::tests::pack_expectations_and_themes_are_enforced' (1620) panicked at src/testing.rs:9:41:
[INFO] [stdout] called `Result::unwrap()` on an `Err` value: Os { code: 2, kind: NotFound, message: "No such file or directory" }
[INFO] [stdout] stack backtrace:
[INFO] [stdout]    0:     0x6036ffcec231 - <<std[617be2ca0a6fd877]::sys::backtrace::BacktraceLock>::print::DisplayBacktrace as core[a373ad73a504971]::fmt::Display>::fmt
[INFO] [stdout]    1:     0x6036ffd0370a - core[a373ad73a504971]::fmt::write
[INFO] [stdout]    2:     0x6036ffcf07cc - <alloc[2e1b2a31b91974c5]::vec::Vec<u8> as core[a373ad73a504971]::io::write::Write>::write_fmt
[INFO] [stdout]    3:     0x6036ffcc7de6 - std[617be2ca0a6fd877]::panicking::default_hook::{closure#0}
[INFO] [stdout]    4:     0x6036ffce43a9 - std[617be2ca0a6fd877]::panicking::default_hook
[INFO] [stdout]    5:     0x6036ffb7b060 - test[aada8e7e76ba119b]::test_main_inner::{closure#0}
[INFO] [stdout]    6:     0x6036ffce4562 - std[617be2ca0a6fd877]::panicking::panic_with_hook
[INFO] [stdout]    7:     0x6036ffcc7e92 - std[617be2ca0a6fd877]::panicking::panic_handler::{closure#0}
[INFO] [stdout]    8:     0x6036ffcc0949 - std[617be2ca0a6fd877]::sys::backtrace::__rust_end_short_backtrace::<std[617be2ca0a6fd877]::panicking::panic_handler::{closure#0}, !>
[INFO] [stdout]    9:     0x6036ffcc8a9d - __rustc[ea4f61d10b84890b]::rust_begin_unwind
[INFO] [stdout]   10:     0x6036ffd03e7c - core[a373ad73a504971]::panicking::panic_fmt
[INFO] [stdout]   11:     0x6036ffd03c52 - core[a373ad73a504971]::result::unwrap_failed
[INFO] [stdout]   12:     0x6036ffaba7be - roadshield[35db189091699ff5]::testing::walk
[INFO] [stdout]   13:     0x6036ffab9711 - roadshield[35db189091699ff5]::testing::pack_files
[INFO] [stdout]   14:     0x6036ffa76cbe - <roadshield[35db189091699ff5]::engine::tests::pack_expectations_and_themes_are_enforced::{closure#0} as core[a373ad73a504971]::ops::function::FnOnce<()>>::call_once
[INFO] [stdout]   15:     0x6036ffb6e4ab - test[aada8e7e76ba119b]::__rust_begin_short_backtrace::<core[a373ad73a504971]::result::Result<(), alloc[2e1b2a31b91974c5]::string::String>, fn() -> core[a373ad73a504971]::result::Result<(), alloc[2e1b2a31b91974c5]::string::String>>
[INFO] [stdout]   16:     0x6036ffb7b685 - test[aada8e7e76ba119b]::run_test::{closure#0}
[INFO] [stdout]   17:     0x6036ffb74f74 - std[617be2ca0a6fd877]::sys::backtrace::__rust_begin_short_backtrace::<test[aada8e7e76ba119b]::run_test::{closure#1}, ()>
[INFO] [stdout]   18:     0x6036ffb7e712 - <std[617be2ca0a6fd877]::thread::lifecycle::spawn_unchecked<test[aada8e7e76ba119b]::run_test::{closure#1}, ()>::{closure#1} as core[a373ad73a504971]::ops::function::FnOnce<()>>::call_once::{shim:vtable#0}
[INFO] [stdout]   19:     0x6036ffceb77f - <std[617be2ca0a6fd877]::sys::thread::unix::Thread>::new::thread_start
[INFO] [stdout]   20:     0x71322faa6dfa - <unknown>
[INFO] [stdout]   21:     0x71322fb3a3d4 - clone
[INFO] [stdout]   22:                0x0 - <unknown>
[INFO] [stdout] 
[INFO] [stdout] ---- engine::tests::unknown_font_ids_are_invalid_input stdout ----
[INFO] [stdout] 
[INFO] [stdout] thread 'engine::tests::unknown_font_ids_are_invalid_input' (1622) panicked at src/testing.rs:9:41:
[INFO] [stdout] called `Result::unwrap()` on an `Err` value: Os { code: 2, kind: NotFound, message: "No such file or directory" }
[INFO] [stdout] stack backtrace:
[INFO] [stdout]    0:     0x6036ffcec231 - <<std[617be2ca0a6fd877]::sys::backtrace::BacktraceLock>::print::DisplayBacktrace as core[a373ad73a504971]::fmt::Display>::fmt
[INFO] [stdout]    1:     0x6036ffd0370a - core[a373ad73a504971]::fmt::write
[INFO] [stdout]    2:     0x6036ffcf07cc - <alloc[2e1b2a31b91974c5]::vec::Vec<u8> as core[a373ad73a504971]::io::write::Write>::write_fmt
[INFO] [stdout]    3:     0x6036ffcc7de6 - std[617be2ca0a6fd877]::panicking::default_hook::{closure#0}
[INFO] [stdout]    4:     0x6036ffce43a9 - std[617be2ca0a6fd877]::panicking::default_hook
[INFO] [stdout]    5:     0x6036ffb7b060 - test[aada8e7e76ba119b]::test_main_inner::{closure#0}
[INFO] [stdout]    6:     0x6036ffce4562 - std[617be2ca0a6fd877]::panicking::panic_with_hook
[INFO] [stdout]    7:     0x6036ffcc7e92 - std[617be2ca0a6fd877]::panicking::panic_handler::{closure#0}
[INFO] [stdout]    8:     0x6036ffcc0949 - std[617be2ca0a6fd877]::sys::backtrace::__rust_end_short_backtrace::<std[617be2ca0a6fd877]::panicking::panic_handler::{closure#0}, !>
[INFO] [stdout]    9:     0x6036ffcc8a9d - __rustc[ea4f61d10b84890b]::rust_begin_unwind
[INFO] [stdout]   10:     0x6036ffd03e7c - core[a373ad73a504971]::panicking::panic_fmt
[INFO] [stdout]   11:     0x6036ffd03c52 - core[a373ad73a504971]::result::unwrap_failed
[INFO] [stdout]   12:     0x6036ffaba7be - roadshield[35db189091699ff5]::testing::walk
[INFO] [stdout]   13:     0x6036ffab9711 - roadshield[35db189091699ff5]::testing::pack_files
[INFO] [stdout]   14:     0x6036ffa76a3a - <roadshield[35db189091699ff5]::engine::tests::unknown_font_ids_are_invalid_input::{closure#0} as core[a373ad73a504971]::ops::function::FnOnce<()>>::call_once
[INFO] [stdout]   15:     0x6036ffb6e4ab - test[aada8e7e76ba119b]::__rust_begin_short_backtrace::<core[a373ad73a504971]::result::Result<(), alloc[2e1b2a31b91974c5]::string::String>, fn() -> core[a373ad73a504971]::result::Result<(), alloc[2e1b2a31b91974c5]::string::String>>
[INFO] [stdout]   16:     0x6036ffb7b685 - test[aada8e7e76ba119b]::run_test::{closure#0}
[INFO] [stdout]   17:     0x6036ffb74f74 - std[617be2ca0a6fd877]::sys::backtrace::__rust_begin_short_backtrace::<test[aada8e7e76ba119b]::run_test::{closure#1}, ()>
[INFO] [stdout]   18:     0x6036ffb7e712 - <std[617be2ca0a6fd877]::thread::lifecycle::spawn_unchecked<test[aada8e7e76ba119b]::run_test::{closure#1}, ()>::{closure#1} as core[a373ad73a504971]::ops::function::FnOnce<()>>::call_once::{shim:vtable#0}
[INFO] [stdout]   19:     0x6036ffceb77f - <std[617be2ca0a6fd877]::sys::thread::unix::Thread>::new::thread_start
[INFO] [stdout]   20:     0x71322faa6dfa - <unknown>
[INFO] [stdout]   21:     0x71322fb3a3d4 - clone
[INFO] [stdout]   22:                0x0 - <unknown>
[INFO] [stdout] 
[INFO] [stdout] ---- font::tests::outlines_are_deterministic_and_positioned stdout ----
[INFO] [stdout] 
[INFO] [stdout] thread 'font::tests::outlines_are_deterministic_and_positioned' (1625) panicked at src/font/tests.rs:8:45:
[INFO] [stdout] called `Result::unwrap()` on an `Err` value: Os { code: 2, kind: NotFound, message: "No such file or directory" }
[INFO] [stdout] stack backtrace:
[INFO] [stdout]    0:     0x6036ffcec231 - <<std[617be2ca0a6fd877]::sys::backtrace::BacktraceLock>::print::DisplayBacktrace as core[a373ad73a504971]::fmt::Display>::fmt
[INFO] [stdout]    1:     0x6036ffd0370a - core[a373ad73a504971]::fmt::write
[INFO] [stdout]    2:     0x6036ffcf07cc - <alloc[2e1b2a31b91974c5]::vec::Vec<u8> as core[a373ad73a504971]::io::write::Write>::write_fmt
[INFO] [stdout]    3:     0x6036ffcc7de6 - std[617be2ca0a6fd877]::panicking::default_hook::{closure#0}
[INFO] [stdout]    4:     0x6036ffce43a9 - std[617be2ca0a6fd877]::panicking::default_hook
[INFO] [stdout]    5:     0x6036ffb7b060 - test[aada8e7e76ba119b]::test_main_inner::{closure#0}
[INFO] [stdout]    6:     0x6036ffce4562 - std[617be2ca0a6fd877]::panicking::panic_with_hook
[INFO] [stdout]    7:     0x6036ffcc7e92 - std[617be2ca0a6fd877]::panicking::panic_handler::{closure#0}
[INFO] [stdout]    8:     0x6036ffcc0949 - std[617be2ca0a6fd877]::sys::backtrace::__rust_end_short_backtrace::<std[617be2ca0a6fd877]::panicking::panic_handler::{closure#0}, !>
[INFO] [stdout]    9:     0x6036ffcc8a9d - __rustc[ea4f61d10b84890b]::rust_begin_unwind
[INFO] [stdout]   10:     0x6036ffd03e7c - core[a373ad73a504971]::panicking::panic_fmt
[INFO] [stdout]   11:     0x6036ffd03c52 - core[a373ad73a504971]::result::unwrap_failed
[INFO] [stdout]   12:     0x6036ffaaf5af - roadshield[35db189091699ff5]::font::tests::pack_font
[INFO] [stdout]   13:     0x6036ffaaf365 - roadshield[35db189091699ff5]::font::tests::stack
[INFO] [stdout]   14:     0x6036ffab1910 - <roadshield[35db189091699ff5]::font::tests::outlines_are_deterministic_and_positioned::{closure#0} as core[a373ad73a504971]::ops::function::FnOnce<()>>::call_once
[INFO] [stdout]   15:     0x6036ffb6e4ab - test[aada8e7e76ba119b]::__rust_begin_short_backtrace::<core[a373ad73a504971]::result::Result<(), alloc[2e1b2a31b91974c5]::string::String>, fn() -> core[a373ad73a504971]::result::Result<(), alloc[2e1b2a31b91974c5]::string::String>>
[INFO] [stdout]   16:     0x6036ffb7b685 - test[aada8e7e76ba119b]::run_test::{closure#0}
[INFO] [stdout]   17:     0x6036ffb74f74 - std[617be2ca0a6fd877]::sys::backtrace::__rust_begin_short_backtrace::<test[aada8e7e76ba119b]::run_test::{closure#1}, ()>
[INFO] [stdout]   18:     0x6036ffb7e712 - <std[617be2ca0a6fd877]::thread::lifecycle::spawn_unchecked<test[aada8e7e76ba119b]::run_test::{closure#1}, ()>::{closure#1} as core[a373ad73a504971]::ops::function::FnOnce<()>>::call_once::{shim:vtable#0}
[INFO] [stdout]   19:     0x6036ffceb77f - <std[617be2ca0a6fd877]::sys::thread::unix::Thread>::new::thread_start
[INFO] [stdout]   20:     0x71322faa6dfa - <unknown>
[INFO] [stdout]   21:     0x71322fb3a3d4 - clone
[INFO] [stdout]   22:                0x0 - <unknown>
[INFO] [stdout] 
[INFO] [stdout] ---- engine::tests::subset_exclusions_never_fall_back stdout ----
[INFO] [stdout] 
[INFO] [stdout] thread 'engine::tests::subset_exclusions_never_fall_back' (1621) panicked at src/testing.rs:9:41:
[INFO] [stdout] called `Result::unwrap()` on an `Err` value: Os { code: 2, kind: NotFound, message: "No such file or directory" }
[INFO] [stdout] stack backtrace:
[INFO] [stdout]    0:     0x6036ffcec231 - <<std[617be2ca0a6fd877]::sys::backtrace::BacktraceLock>::print::DisplayBacktrace as core[a373ad73a504971]::fmt::Display>::fmt
[INFO] [stdout]    1:     0x6036ffd0370a - core[a373ad73a504971]::fmt::write
[INFO] [stdout]    2:     0x6036ffcf07cc - <alloc[2e1b2a31b91974c5]::vec::Vec<u8> as core[a373ad73a504971]::io::write::Write>::write_fmt
[INFO] [stdout]    3:     0x6036ffcc7de6 - std[617be2ca0a6fd877]::panicking::default_hook::{closure#0}
[INFO] [stdout]    4:     0x6036ffce43a9 - std[617be2ca0a6fd877]::panicking::default_hook
[INFO] [stdout]    5:     0x6036ffb7b060 - test[aada8e7e76ba119b]::test_main_inner::{closure#0}
[INFO] [stdout]    6:     0x6036ffce4562 - std[617be2ca0a6fd877]::panicking::panic_with_hook
[INFO] [stdout]    7:     0x6036ffcc7e92 - std[617be2ca0a6fd877]::panicking::panic_handler::{closure#0}
[INFO] [stdout]    8:     0x6036ffcc0949 - std[617be2ca0a6fd877]::sys::backtrace::__rust_end_short_backtrace::<std[617be2ca0a6fd877]::panicking::panic_handler::{closure#0}, !>
[INFO] [stdout]    9:     0x6036ffcc8a9d - __rustc[ea4f61d10b84890b]::rust_begin_unwind
[INFO] [stdout]   10:     0x6036ffd03e7c - core[a373ad73a504971]::panicking::panic_fmt
[INFO] [stdout]   11:     0x6036ffd03c52 - core[a373ad73a504971]::result::unwrap_failed
[INFO] [stdout]   12:     0x6036ffaba7be - roadshield[35db189091699ff5]::testing::walk
[INFO] [stdout]   13:     0x6036ffab9711 - roadshield[35db189091699ff5]::testing::pack_files
[INFO] [stdout]   14:     0x6036ffa767ca - <roadshield[35db189091699ff5]::engine::tests::subset_exclusions_never_fall_back::{closure#0} as core[a373ad73a504971]::ops::function::FnOnce<()>>::call_once
[INFO] [stdout]   15:     0x6036ffb6e4ab - test[aada8e7e76ba119b]::__rust_begin_short_backtrace::<core[a373ad73a504971]::result::Result<(), alloc[2e1b2a31b91974c5]::string::String>, fn() -> core[a373ad73a504971]::result::Result<(), alloc[2e1b2a31b91974c5]::string::String>>
[INFO] [stdout]   16:     0x6036ffb7b685 - test[aada8e7e76ba119b]::run_test::{closure#0}
[INFO] [stdout]   17:     0x6036ffb74f74 - std[617be2ca0a6fd877]::sys::backtrace::__rust_begin_short_backtrace::<test[aada8e7e76ba119b]::run_test::{closure#1}, ()>
[INFO] [stdout]   18:     0x6036ffb7e712 - <std[617be2ca0a6fd877]::thread::lifecycle::spawn_unchecked<test[aada8e7e76ba119b]::run_test::{closure#1}, ()>::{closure#1} as core[a373ad73a504971]::ops::function::FnOnce<()>>::call_once::{shim:vtable#0}
[INFO] [stdout]   19:     0x6036ffceb77f - <std[617be2ca0a6fd877]::sys::thread::unix::Thread>::new::thread_start
[INFO] [stdout]   20:     0x71322faa6dfa - <unknown>
[INFO] [stdout]   21:     0x71322fb3a3d4 - clone
[INFO] [stdout]   22:                0x0 - <unknown>
[INFO] [stdout] 
[INFO] [stdout] ---- font::tests::shapes_digits_with_ink_inside_the_em_box stdout ----
[INFO] [stdout] 
[INFO] [stdout] thread 'font::tests::shapes_digits_with_ink_inside_the_em_box' (1626) panicked at src/font/tests.rs:8:45:
[INFO] [stdout] called `Result::unwrap()` on an `Err` value: Os { code: 2, kind: NotFound, message: "No such file or directory" }
[INFO] [stdout] stack backtrace:
[INFO] [stdout]    0:     0x6036ffcec231 - <<std[617be2ca0a6fd877]::sys::backtrace::BacktraceLock>::print::DisplayBacktrace as core[a373ad73a504971]::fmt::Display>::fmt
[INFO] [stdout]    1:     0x6036ffd0370a - core[a373ad73a504971]::fmt::write
[INFO] [stdout]    2:     0x6036ffcf07cc - <alloc[2e1b2a31b91974c5]::vec::Vec<u8> as core[a373ad73a504971]::io::write::Write>::write_fmt
[INFO] [stdout]    3:     0x6036ffcc7de6 - std[617be2ca0a6fd877]::panicking::default_hook::{closure#0}
[INFO] [stdout]    4:     0x6036ffce43a9 - std[617be2ca0a6fd877]::panicking::default_hook
[INFO] [stdout]    5:     0x6036ffb7b060 - test[aada8e7e76ba119b]::test_main_inner::{closure#0}
[INFO] [stdout]    6:     0x6036ffce4562 - std[617be2ca0a6fd877]::panicking::panic_with_hook
[INFO] [stdout]    7:     0x6036ffcc7e92 - std[617be2ca0a6fd877]::panicking::panic_handler::{closure#0}
[INFO] [stdout]    8:     0x6036ffcc0949 - std[617be2ca0a6fd877]::sys::backtrace::__rust_end_short_backtrace::<std[617be2ca0a6fd877]::panicking::panic_handler::{closure#0}, !>
[INFO] [stdout]    9:     0x6036ffcc8a9d - __rustc[ea4f61d10b84890b]::rust_begin_unwind
[INFO] [stdout]   10:     0x6036ffd03e7c - core[a373ad73a504971]::panicking::panic_fmt
[INFO] [stdout]   11:     0x6036ffd03c52 - core[a373ad73a504971]::result::unwrap_failed
[INFO] [stdout]   12:     0x6036ffaaf5af - roadshield[35db189091699ff5]::font::tests::pack_font
[INFO] [stdout]   13:     0x6036ffaaf365 - roadshield[35db189091699ff5]::font::tests::stack
[INFO] [stdout]   14:     0x6036ffab1471 - <roadshield[35db189091699ff5]::font::tests::shapes_digits_with_ink_inside_the_em_box::{closure#0} as core[a373ad73a504971]::ops::function::FnOnce<()>>::call_once
[INFO] [stdout]   15:     0x6036ffb6e4ab - test[aada8e7e76ba119b]::__rust_begin_short_backtrace::<core[a373ad73a504971]::result::Result<(), alloc[2e1b2a31b91974c5]::string::String>, fn() -> core[a373ad73a504971]::result::Result<(), alloc[2e1b2a31b91974c5]::string::String>>
[INFO] [stdout]   16:     0x6036ffb7b685 - test[aada8e7e76ba119b]::run_test::{closure#0}
[INFO] [stdout]   17:     0x6036ffb74f74 - std[617be2ca0a6fd877]::sys::backtrace::__rust_begin_short_backtrace::<test[aada8e7e76ba119b]::run_test::{closure#1}, ()>
[INFO] [stdout]   18:     0x6036ffb7e712 - <std[617be2ca0a6fd877]::thread::lifecycle::spawn_unchecked<test[aada8e7e76ba119b]::run_test::{closure#1}, ()>::{closure#1} as core[a373ad73a504971]::ops::function::FnOnce<()>>::call_once::{shim:vtable#0}
[INFO] [stdout]   19:     0x6036ffceb77f - <std[617be2ca0a6fd877]::sys::thread::unix::Thread>::new::thread_start
[INFO] [stdout]   20:     0x71322faa6dfa - <unknown>
[INFO] [stdout]   21:     0x71322fb3a3d4 - clone
[INFO] [stdout]   22:                0x0 - <unknown>
[INFO] [stdout] 
[INFO] [stdout] ---- font::tests::falls_back_per_character stdout ----
[INFO] [stdout] 
[INFO] [stdout] thread 'font::tests::falls_back_per_character' (1623) panicked at src/font/tests.rs:8:45:
[INFO] [stdout] called `Result::unwrap()` on an `Err` value: Os { code: 2, kind: NotFound, message: "No such file or directory" }
[INFO] [stdout] stack backtrace:
[INFO] [stdout]    0:     0x6036ffcec231 - <<std[617be2ca0a6fd877]::sys::backtrace::BacktraceLock>::print::DisplayBacktrace as core[a373ad73a504971]::fmt::Display>::fmt
[INFO] [stdout]    1:     0x6036ffd0370a - core[a373ad73a504971]::fmt::write
[INFO] [stdout]    2:     0x6036ffcf07cc - <alloc[2e1b2a31b91974c5]::vec::Vec<u8> as core[a373ad73a504971]::io::write::Write>::write_fmt
[INFO] [stdout]    3:     0x6036ffcc7de6 - std[617be2ca0a6fd877]::panicking::default_hook::{closure#0}
[INFO] [stdout]    4:     0x6036ffce43a9 - std[617be2ca0a6fd877]::panicking::default_hook
[INFO] [stdout]    5:     0x6036ffb7b060 - test[aada8e7e76ba119b]::test_main_inner::{closure#0}
[INFO] [stdout]    6:     0x6036ffce4562 - std[617be2ca0a6fd877]::panicking::panic_with_hook
[INFO] [stdout]    7:     0x6036ffcc7e92 - std[617be2ca0a6fd877]::panicking::panic_handler::{closure#0}
[INFO] [stdout]    8:     0x6036ffcc0949 - std[617be2ca0a6fd877]::sys::backtrace::__rust_end_short_backtrace::<std[617be2ca0a6fd877]::panicking::panic_handler::{closure#0}, !>
[INFO] [stdout]    9:     0x6036ffcc8a9d - __rustc[ea4f61d10b84890b]::rust_begin_unwind
[INFO] [stdout]   10:     0x6036ffd03e7c - core[a373ad73a504971]::panicking::panic_fmt
[INFO] [stdout]   11:     0x6036ffd03c52 - core[a373ad73a504971]::result::unwrap_failed
[INFO] [stdout]   12:     0x6036ffaaf5af - roadshield[35db189091699ff5]::font::tests::pack_font
[INFO] [stdout]   13:     0x6036ffaaf365 - roadshield[35db189091699ff5]::font::tests::stack
[INFO] [stdout]   14:     0x6036ffab0433 - <roadshield[35db189091699ff5]::font::tests::falls_back_per_character::{closure#0} as core[a373ad73a504971]::ops::function::FnOnce<()>>::call_once
[INFO] [stdout]   15:     0x6036ffb6e4ab - test[aada8e7e76ba119b]::__rust_begin_short_backtrace::<core[a373ad73a504971]::result::Result<(), alloc[2e1b2a31b91974c5]::string::String>, fn() -> core[a373ad73a504971]::result::Result<(), alloc[2e1b2a31b91974c5]::string::String>>
[INFO] [stdout]   16:     0x6036ffb7b685 - test[aada8e7e76ba119b]::run_test::{closure#0}
[INFO] [stdout]   17:     0x6036ffb74f74 - std[617be2ca0a6fd877]::sys::backtrace::__rust_begin_short_backtrace::<test[aada8e7e76ba119b]::run_test::{closure#1}, ()>
[INFO] [stdout]   18:     0x6036ffb7e712 - <std[617be2ca0a6fd877]::thread::lifecycle::spawn_unchecked<test[aada8e7e76ba119b]::run_test::{closure#1}, ()>::{closure#1} as core[a373ad73a504971]::ops::function::FnOnce<()>>::call_once::{shim:vtable#0}
[INFO] [stdout]   19:     0x6036ffceb77f - <std[617be2ca0a6fd877]::sys::thread::unix::Thread>::new::thread_start
[INFO] [stdout]   20:     0x71322faa6dfa - <unknown>
[INFO] [stdout]   21:     0x71322fb3a3d4 - clone
[INFO] [stdout]   22:                0x0 - <unknown>
[INFO] [stdout] 
[INFO] [stdout] ---- font::tests::top_baseline_is_normalised_typo_ascent stdout ----
[INFO] [stdout] 
[INFO] [stdout] thread 'font::tests::top_baseline_is_normalised_typo_ascent' (1627) panicked at src/font/tests.rs:8:45:
[INFO] [stdout] called `Result::unwrap()` on an `Err` value: Os { code: 2, kind: NotFound, message: "No such file or directory" }
[INFO] [stdout] stack backtrace:
[INFO] [stdout]    0:     0x6036ffcec231 - <<std[617be2ca0a6fd877]::sys::backtrace::BacktraceLock>::print::DisplayBacktrace as core[a373ad73a504971]::fmt::Display>::fmt
[INFO] [stdout]    1:     0x6036ffd0370a - core[a373ad73a504971]::fmt::write
[INFO] [stdout]    2:     0x6036ffcf07cc - <alloc[2e1b2a31b91974c5]::vec::Vec<u8> as core[a373ad73a504971]::io::write::Write>::write_fmt
[INFO] [stdout]    3:     0x6036ffcc7de6 - std[617be2ca0a6fd877]::panicking::default_hook::{closure#0}
[INFO] [stdout]    4:     0x6036ffce43a9 - std[617be2ca0a6fd877]::panicking::default_hook
[INFO] [stdout]    5:     0x6036ffb7b060 - test[aada8e7e76ba119b]::test_main_inner::{closure#0}
[INFO] [stdout]    6:     0x6036ffce4562 - std[617be2ca0a6fd877]::panicking::panic_with_hook
[INFO] [stdout]    7:     0x6036ffcc7e92 - std[617be2ca0a6fd877]::panicking::panic_handler::{closure#0}
[INFO] [stdout]    8:     0x6036ffcc0949 - std[617be2ca0a6fd877]::sys::backtrace::__rust_end_short_backtrace::<std[617be2ca0a6fd877]::panicking::panic_handler::{closure#0}, !>
[INFO] [stdout]    9:     0x6036ffcc8a9d - __rustc[ea4f61d10b84890b]::rust_begin_unwind
[INFO] [stdout]   10:     0x6036ffd03e7c - core[a373ad73a504971]::panicking::panic_fmt
[INFO] [stdout]   11:     0x6036ffd03c52 - core[a373ad73a504971]::result::unwrap_failed
[INFO] [stdout]   12:     0x6036ffaaf5af - roadshield[35db189091699ff5]::font::tests::pack_font
[INFO] [stdout]   13:     0x6036ffab136f - <roadshield[35db189091699ff5]::font::tests::top_baseline_is_normalised_typo_ascent::{closure#0} as core[a373ad73a504971]::ops::function::FnOnce<()>>::call_once
[INFO] [stdout]   14:     0x6036ffb6e4ab - test[aada8e7e76ba119b]::__rust_begin_short_backtrace::<core[a373ad73a504971]::result::Result<(), alloc[2e1b2a31b91974c5]::string::String>, fn() -> core[a373ad73a504971]::result::Result<(), alloc[2e1b2a31b91974c5]::string::String>>
[INFO] [stdout]   15:     0x6036ffb7b685 - test[aada8e7e76ba119b]::run_test::{closure#0}
[INFO] [stdout]   16:     0x6036ffb74f74 - std[617be2ca0a6fd877]::sys::backtrace::__rust_begin_short_backtrace::<test[aada8e7e76ba119b]::run_test::{closure#1}, ()>
[INFO] [stdout]   17:     0x6036ffb7e712 - <std[617be2ca0a6fd877]::thread::lifecycle::spawn_unchecked<test[aada8e7e76ba119b]::run_test::{closure#1}, ()>::{closure#1} as core[a373ad73a504971]::ops::function::FnOnce<()>>::call_once::{shim:vtable#0}
[INFO] [stdout]   18:     0x6036ffceb77f - <std[617be2ca0a6fd877]::sys::thread::unix::Thread>::new::thread_start
[INFO] [stdout]   19:     0x71322faa6dfa - <unknown>
[INFO] [stdout]   20:     0x71322fb3a3d4 - clone
[INFO] [stdout]   21:                0x0 - <unknown>
[INFO] [stdout] 
[INFO] [stdout] ---- font::tests::whitespace_has_advance_but_no_ink stdout ----
[INFO] [stdout] 
[INFO] [stdout] thread 'font::tests::whitespace_has_advance_but_no_ink' (1628) panicked at src/font/tests.rs:8:45:
[INFO] [stdout] called `Result::unwrap()` on an `Err` value: Os { code: 2, kind: NotFound, message: "No such file or directory" }
[INFO] [stdout] stack backtrace:
[INFO] [stdout]    0:     0x6036ffcec231 - <<std[617be2ca0a6fd877]::sys::backtrace::BacktraceLock>::print::DisplayBacktrace as core[a373ad73a504971]::fmt::Display>::fmt
[INFO] [stdout]    1:     0x6036ffd0370a - core[a373ad73a504971]::fmt::write
[INFO] [stdout]    2:     0x6036ffcf07cc - <alloc[2e1b2a31b91974c5]::vec::Vec<u8> as core[a373ad73a504971]::io::write::Write>::write_fmt
[INFO] [stdout]    3:     0x6036ffcc7de6 - std[617be2ca0a6fd877]::panicking::default_hook::{closure#0}
[INFO] [stdout]    4:     0x6036ffce43a9 - std[617be2ca0a6fd877]::panicking::default_hook
[INFO] [stdout]    5:     0x6036ffb7b060 - test[aada8e7e76ba119b]::test_main_inner::{closure#0}
[INFO] [stdout]    6:     0x6036ffce4562 - std[617be2ca0a6fd877]::panicking::panic_with_hook
[INFO] [stdout]    7:     0x6036ffcc7e92 - std[617be2ca0a6fd877]::panicking::panic_handler::{closure#0}
[INFO] [stdout]    8:     0x6036ffcc0949 - std[617be2ca0a6fd877]::sys::backtrace::__rust_end_short_backtrace::<std[617be2ca0a6fd877]::panicking::panic_handler::{closure#0}, !>
[INFO] [stdout]    9:     0x6036ffcc8a9d - __rustc[ea4f61d10b84890b]::rust_begin_unwind
[INFO] [stdout]   10:     0x6036ffd03e7c - core[a373ad73a504971]::panicking::panic_fmt
[INFO] [stdout]   11:     0x6036ffd03c52 - core[a373ad73a504971]::result::unwrap_failed
[INFO] [stdout]   12:     0x6036ffaaf5af - roadshield[35db189091699ff5]::font::tests::pack_font
[INFO] [stdout]   13:     0x6036ffaaf365 - roadshield[35db189091699ff5]::font::tests::stack
[INFO] [stdout]   14:     0x6036ffab0ade - <roadshield[35db189091699ff5]::font::tests::whitespace_has_advance_but_no_ink::{closure#0} as core[a373ad73a504971]::ops::function::FnOnce<()>>::call_once
[INFO] [stdout]   15:     0x6036ffb6e4ab - test[aada8e7e76ba119b]::__rust_begin_short_backtrace::<core[a373ad73a504971]::result::Result<(), alloc[2e1b2a31b91974c5]::string::String>, fn() -> core[a373ad73a504971]::result::Result<(), alloc[2e1b2a31b91974c5]::string::String>>
[INFO] [stdout]   16:     0x6036ffb7b685 - test[aada8e7e76ba119b]::run_test::{closure#0}
[INFO] [stdout]   17:     0x6036ffb74f74 - std[617be2ca0a6fd877]::sys::backtrace::__rust_begin_short_backtrace::<test[aada8e7e76ba119b]::run_test::{closure#1}, ()>
[INFO] [stdout]   18:     0x6036ffb7e712 - <std[617be2ca0a6fd877]::thread::lifecycle::spawn_unchecked<test[aada8e7e76ba119b]::run_test::{closure#1}, ()>::{closure#1} as core[a373ad73a504971]::ops::function::FnOnce<()>>::call_once::{shim:vtable#0}
[INFO] [stdout]   19:     0x6036ffceb77f - <std[617be2ca0a6fd877]::sys::thread::unix::Thread>::new::thread_start
[INFO] [stdout]   20:     0x71322faa6dfa - <unknown>
[INFO] [stdout]   21:     0x71322fb3a3d4 - clone
[INFO] [stdout]   22:                0x0 - <unknown>
[INFO] [stdout] 
[INFO] [stdout] ---- pack::tests::manifest_edits_without_resealing_are_detected stdout ----
[INFO] [stdout] 
[INFO] [stdout] thread 'pack::tests::manifest_edits_without_resealing_are_detected' (1643) panicked at src/testing.rs:9:41:
[INFO] [stdout] called `Result::unwrap()` on an `Err` value: Os { code: 2, kind: NotFound, message: "No such file or directory" }
[INFO] [stdout] stack backtrace:
[INFO] [stdout]    0:     0x6036ffcec231 - <<std[617be2ca0a6fd877]::sys::backtrace::BacktraceLock>::print::DisplayBacktrace as core[a373ad73a504971]::fmt::Display>::fmt
[INFO] [stdout]    1:     0x6036ffd0370a - core[a373ad73a504971]::fmt::write
[INFO] [stdout]    2:     0x6036ffcf07cc - <alloc[2e1b2a31b91974c5]::vec::Vec<u8> as core[a373ad73a504971]::io::write::Write>::write_fmt
[INFO] [stdout]    3:     0x6036ffcc7de6 - std[617be2ca0a6fd877]::panicking::default_hook::{closure#0}
[INFO] [stdout]    4:     0x6036ffce43a9 - std[617be2ca0a6fd877]::panicking::default_hook
[INFO] [stdout]    5:     0x6036ffb7b060 - test[aada8e7e76ba119b]::test_main_inner::{closure#0}
[INFO] [stdout]    6:     0x6036ffce4562 - std[617be2ca0a6fd877]::panicking::panic_with_hook
[INFO] [stdout]    7:     0x6036ffcc7e92 - std[617be2ca0a6fd877]::panicking::panic_handler::{closure#0}
[INFO] [stdout]    8:     0x6036ffcc0949 - std[617be2ca0a6fd877]::sys::backtrace::__rust_end_short_backtrace::<std[617be2ca0a6fd877]::panicking::panic_handler::{closure#0}, !>
[INFO] [stdout]    9:     0x6036ffcc8a9d - __rustc[ea4f61d10b84890b]::rust_begin_unwind
[INFO] [stdout]   10:     0x6036ffd03e7c - core[a373ad73a504971]::panicking::panic_fmt
[INFO] [stdout]   11:     0x6036ffd03c52 - core[a373ad73a504971]::result::unwrap_failed
[INFO] [stdout]   12:     0x6036ffaba7be - roadshield[35db189091699ff5]::testing::walk
[INFO] [stdout]   13:     0x6036ffab9711 - roadshield[35db189091699ff5]::testing::pack_files
[INFO] [stdout]   14:     0x6036ffa7dc0e - <roadshield[35db189091699ff5]::pack::tests::manifest_edits_without_resealing_are_detected::{closure#0} as core[a373ad73a504971]::ops::function::FnOnce<()>>::call_once
[INFO] [stdout]   15:     0x6036ffb6e4ab - test[aada8e7e76ba119b]::__rust_begin_short_backtrace::<core[a373ad73a504971]::result::Result<(), alloc[2e1b2a31b91974c5]::string::String>, fn() -> core[a373ad73a504971]::result::Result<(), alloc[2e1b2a31b91974c5]::string::String>>
[INFO] [stdout]   16:     0x6036ffb7b685 - test[aada8e7e76ba119b]::run_test::{closure#0}
[INFO] [stdout]   17:     0x6036ffb74f74 - std[617be2ca0a6fd877]::sys::backtrace::__rust_begin_short_backtrace::<test[aada8e7e76ba119b]::run_test::{closure#1}, ()>
[INFO] [stdout]   18:     0x6036ffb7e712 - <std[617be2ca0a6fd877]::thread::lifecycle::spawn_unchecked<test[aada8e7e76ba119b]::run_test::{closure#1}, ()>::{closure#1} as core[a373ad73a504971]::ops::function::FnOnce<()>>::call_once::{shim:vtable#0}
[INFO] [stdout]   19:     0x6036ffceb77f - <std[617be2ca0a6fd877]::sys::thread::unix::Thread>::new::thread_start
[INFO] [stdout]   20:     0x71322faa6dfa - <unknown>
[INFO] [stdout]   21:     0x71322fb3a3d4 - clone
[INFO] [stdout]   22:                0x0 - <unknown>
[INFO] [stdout] 
[INFO] [stdout] ---- pack::tests::manifest_format_and_stack_are_checked stdout ----
[INFO] [stdout] 
[INFO] [stdout] thread 'pack::tests::manifest_format_and_stack_are_checked' (1644) panicked at src/testing.rs:9:41:
[INFO] [stdout] called `Result::unwrap()` on an `Err` value: Os { code: 2, kind: NotFound, message: "No such file or directory" }
[INFO] [stdout] stack backtrace:
[INFO] [stdout]    0:     0x6036ffcec231 - <<std[617be2ca0a6fd877]::sys::backtrace::BacktraceLock>::print::DisplayBacktrace as core[a373ad73a504971]::fmt::Display>::fmt
[INFO] [stdout]    1:     0x6036ffd0370a - core[a373ad73a504971]::fmt::write
[INFO] [stdout]    2:     0x6036ffcf07cc - <alloc[2e1b2a31b91974c5]::vec::Vec<u8> as core[a373ad73a504971]::io::write::Write>::write_fmt
[INFO] [stdout]    3:     0x6036ffcc7de6 - std[617be2ca0a6fd877]::panicking::default_hook::{closure#0}
[INFO] [stdout]    4:     0x6036ffce43a9 - std[617be2ca0a6fd877]::panicking::default_hook
[INFO] [stdout]    5:     0x6036ffb7b060 - test[aada8e7e76ba119b]::test_main_inner::{closure#0}
[INFO] [stdout]    6:     0x6036ffce4562 - std[617be2ca0a6fd877]::panicking::panic_with_hook
[INFO] [stdout]    7:     0x6036ffcc7e92 - std[617be2ca0a6fd877]::panicking::panic_handler::{closure#0}
[INFO] [stdout]    8:     0x6036ffcc0949 - std[617be2ca0a6fd877]::sys::backtrace::__rust_end_short_backtrace::<std[617be2ca0a6fd877]::panicking::panic_handler::{closure#0}, !>
[INFO] [stdout]    9:     0x6036ffcc8a9d - __rustc[ea4f61d10b84890b]::rust_begin_unwind
[INFO] [stdout]   10:     0x6036ffd03e7c - core[a373ad73a504971]::panicking::panic_fmt
[INFO] [stdout]   11:     0x6036ffd03c52 - core[a373ad73a504971]::result::unwrap_failed
[INFO] [stdout]   12:     0x6036ffaba7be - roadshield[35db189091699ff5]::testing::walk
[INFO] [stdout]   13:     0x6036ffab9711 - roadshield[35db189091699ff5]::testing::pack_files
[INFO] [stdout]   14:     0x6036ffa7da9a - <roadshield[35db189091699ff5]::pack::tests::manifest_format_and_stack_are_checked::{closure#0} as core[a373ad73a504971]::ops::function::FnOnce<()>>::call_once
[INFO] [stdout]   15:     0x6036ffb6e4ab - test[aada8e7e76ba119b]::__rust_begin_short_backtrace::<core[a373ad73a504971]::result::Result<(), alloc[2e1b2a31b91974c5]::string::String>, fn() -> core[a373ad73a504971]::result::Result<(), alloc[2e1b2a31b91974c5]::string::String>>
[INFO] [stdout]   16:     0x6036ffb7b685 - test[aada8e7e76ba119b]::run_test::{closure#0}
[INFO] [stdout]   17:     0x6036ffb74f74 - std[617be2ca0a6fd877]::sys::backtrace::__rust_begin_short_backtrace::<test[aada8e7e76ba119b]::run_test::{closure#1}, ()>
[INFO] [stdout]   18:     0x6036ffb7e712 - <std[617be2ca0a6fd877]::thread::lifecycle::spawn_unchecked<test[aada8e7e76ba119b]::run_test::{closure#1}, ()>::{closure#1} as core[a373ad73a504971]::ops::function::FnOnce<()>>::call_once::{shim:vtable#0}
[INFO] [stdout]   19:     0x6036ffceb77f - <std[617be2ca0a6fd877]::sys::thread::unix::Thread>::new::thread_start
[INFO] [stdout]   20:     0x71322faa6dfa - <unknown>
[INFO] [stdout]   21:     0x71322fb3a3d4 - clone
[INFO] [stdout]   22:                0x0 - <unknown>
[INFO] [stdout] 
[INFO] [stdout] ---- pack::tests::loads_and_expands_the_americana_pack stdout ----
[INFO] [stdout] 
[INFO] [stdout] thread 'pack::tests::loads_and_expands_the_americana_pack' (1642) panicked at src/testing.rs:9:41:
[INFO] [stdout] called `Result::unwrap()` on an `Err` value: Os { code: 2, kind: NotFound, message: "No such file or directory" }
[INFO] [stdout] stack backtrace:
[INFO] [stdout]    0:     0x6036ffcec231 - <<std[617be2ca0a6fd877]::sys::backtrace::BacktraceLock>::print::DisplayBacktrace as core[a373ad73a504971]::fmt::Display>::fmt
[INFO] [stdout]    1:     0x6036ffd0370a - core[a373ad73a504971]::fmt::write
[INFO] [stdout]    2:     0x6036ffcf07cc - <alloc[2e1b2a31b91974c5]::vec::Vec<u8> as core[a373ad73a504971]::io::write::Write>::write_fmt
[INFO] [stdout]    3:     0x6036ffcc7de6 - std[617be2ca0a6fd877]::panicking::default_hook::{closure#0}
[INFO] [stdout]    4:     0x6036ffce43a9 - std[617be2ca0a6fd877]::panicking::default_hook
[INFO] [stdout]    5:     0x6036ffb7b060 - test[aada8e7e76ba119b]::test_main_inner::{closure#0}
[INFO] [stdout]    6:     0x6036ffce4562 - std[617be2ca0a6fd877]::panicking::panic_with_hook
[INFO] [stdout]    7:     0x6036ffcc7e92 - std[617be2ca0a6fd877]::panicking::panic_handler::{closure#0}
[INFO] [stdout]    8:     0x6036ffcc0949 - std[617be2ca0a6fd877]::sys::backtrace::__rust_end_short_backtrace::<std[617be2ca0a6fd877]::panicking::panic_handler::{closure#0}, !>
[INFO] [stdout]    9:     0x6036ffcc8a9d - __rustc[ea4f61d10b84890b]::rust_begin_unwind
[INFO] [stdout]   10:     0x6036ffd03e7c - core[a373ad73a504971]::panicking::panic_fmt
[INFO] [stdout]   11:     0x6036ffd03c52 - core[a373ad73a504971]::result::unwrap_failed
[INFO] [stdout]   12:     0x6036ffaba7be - roadshield[35db189091699ff5]::testing::walk
[INFO] [stdout]   13:     0x6036ffab9711 - roadshield[35db189091699ff5]::testing::pack_files
[INFO] [stdout]   14:     0x6036ffa7d878 - <roadshield[35db189091699ff5]::pack::tests::loads_and_expands_the_americana_pack::{closure#0} as core[a373ad73a504971]::ops::function::FnOnce<()>>::call_once
[INFO] [stdout]   15:     0x6036ffb6e4ab - test[aada8e7e76ba119b]::__rust_begin_short_backtrace::<core[a373ad73a504971]::result::Result<(), alloc[2e1b2a31b91974c5]::string::String>, fn() -> core[a373ad73a504971]::result::Result<(), alloc[2e1b2a31b91974c5]::string::String>>
[INFO] [stdout]   16:     0x6036ffb7b685 - test[aada8e7e76ba119b]::run_test::{closure#0}
[INFO] [stdout]   17:     0x6036ffb74f74 - std[617be2ca0a6fd877]::sys::backtrace::__rust_begin_short_backtrace::<test[aada8e7e76ba119b]::run_test::{closure#1}, ()>
[INFO] [stdout]   18:     0x6036ffb7e712 - <std[617be2ca0a6fd877]::thread::lifecycle::spawn_unchecked<test[aada8e7e76ba119b]::run_test::{closure#1}, ()>::{closure#1} as core[a373ad73a504971]::ops::function::FnOnce<()>>::call_once::{shim:vtable#0}
[INFO] [stdout]   19:     0x6036ffceb77f - <std[617be2ca0a6fd877]::sys::thread::unix::Thread>::new::thread_start
[INFO] [stdout]   20:     0x71322faa6dfa - <unknown>
[INFO] [stdout]   21:     0x71322fb3a3d4 - clone
[INFO] [stdout]   22:                0x0 - <unknown>
[INFO] [stdout] 
[INFO] [stdout] ---- font::tests::missing_glyphs_are_errors_or_notdef stdout ----
[INFO] [stdout] 
[INFO] [stdout] thread 'font::tests::missing_glyphs_are_errors_or_notdef' (1624) panicked at src/font/tests.rs:8:45:
[INFO] [stdout] called `Result::unwrap()` on an `Err` value: Os { code: 2, kind: NotFound, message: "No such file or directory" }
[INFO] [stdout] stack backtrace:
[INFO] [stdout]    0:     0x6036ffcec231 - <<std[617be2ca0a6fd877]::sys::backtrace::BacktraceLock>::print::DisplayBacktrace as core[a373ad73a504971]::fmt::Display>::fmt
[INFO] [stdout]    1:     0x6036ffd0370a - core[a373ad73a504971]::fmt::write
[INFO] [stdout]    2:     0x6036ffcf07cc - <alloc[2e1b2a31b91974c5]::vec::Vec<u8> as core[a373ad73a504971]::io::write::Write>::write_fmt
[INFO] [stdout]    3:     0x6036ffcc7de6 - std[617be2ca0a6fd877]::panicking::default_hook::{closure#0}
[INFO] [stdout]    4:     0x6036ffce43a9 - std[617be2ca0a6fd877]::panicking::default_hook
[INFO] [stdout]    5:     0x6036ffb7b060 - test[aada8e7e76ba119b]::test_main_inner::{closure#0}
[INFO] [stdout]    6:     0x6036ffce4562 - std[617be2ca0a6fd877]::panicking::panic_with_hook
[INFO] [stdout]    7:     0x6036ffcc7e92 - std[617be2ca0a6fd877]::panicking::panic_handler::{closure#0}
[INFO] [stdout]    8:     0x6036ffcc0949 - std[617be2ca0a6fd877]::sys::backtrace::__rust_end_short_backtrace::<std[617be2ca0a6fd877]::panicking::panic_handler::{closure#0}, !>
[INFO] [stdout]    9:     0x6036ffcc8a9d - __rustc[ea4f61d10b84890b]::rust_begin_unwind
[INFO] [stdout]   10:     0x6036ffd03e7c - core[a373ad73a504971]::panicking::panic_fmt
[INFO] [stdout]   11:     0x6036ffd03c52 - core[a373ad73a504971]::result::unwrap_failed
[INFO] [stdout]   12:     0x6036ffaaf5af - roadshield[35db189091699ff5]::font::tests::pack_font
[INFO] [stdout]   13:     0x6036ffaaf365 - roadshield[35db189091699ff5]::font::tests::stack
[INFO] [stdout]   14:     0x6036ffab0dae - <roadshield[35db189091699ff5]::font::tests::missing_glyphs_are_errors_or_notdef::{closure#0} as core[a373ad73a504971]::ops::function::FnOnce<()>>::call_once
[INFO] [stdout]   15:     0x6036ffb6e4ab - test[aada8e7e76ba119b]::__rust_begin_short_backtrace::<core[a373ad73a504971]::result::Result<(), alloc[2e1b2a31b91974c5]::string::String>, fn() -> core[a373ad73a504971]::result::Result<(), alloc[2e1b2a31b91974c5]::string::String>>
[INFO] [stdout]   16:     0x6036ffb7b685 - test[aada8e7e76ba119b]::run_test::{closure#0}
[INFO] [stdout]   17:     0x6036ffb74f74 - std[617be2ca0a6fd877]::sys::backtrace::__rust_begin_short_backtrace::<test[aada8e7e76ba119b]::run_test::{closure#1}, ()>
[INFO] [stdout]   18:     0x6036ffb7e712 - <std[617be2ca0a6fd877]::thread::lifecycle::spawn_unchecked<test[aada8e7e76ba119b]::run_test::{closure#1}, ()>::{closure#1} as core[a373ad73a504971]::ops::function::FnOnce<()>>::call_once::{shim:vtable#0}
[INFO] [stdout]   19:     0x6036ffceb77f - <std[617be2ca0a6fd877]::sys::thread::unix::Thread>::new::thread_start
[INFO] [stdout]   20:     0x71322faa6dfa - <unknown>
[INFO] [stdout]   21:     0x71322fb3a3d4 - clone
[INFO] [stdout]   22:                0x0 - <unknown>
[INFO] [stdout] 
[INFO] [stdout] ---- pack::tests::missing_files_are_reported stdout ----
[INFO] [stdout] 
[INFO] [stdout] thread 'pack::tests::missing_files_are_reported' (1645) panicked at src/testing.rs:9:41:
[INFO] [stdout] called `Result::unwrap()` on an `Err` value: Os { code: 2, kind: NotFound, message: "No such file or directory" }
[INFO] [stdout] stack backtrace:
[INFO] [stdout]    0:     0x6036ffcec231 - <<std[617be2ca0a6fd877]::sys::backtrace::BacktraceLock>::print::DisplayBacktrace as core[a373ad73a504971]::fmt::Display>::fmt
[INFO] [stdout]    1:     0x6036ffd0370a - core[a373ad73a504971]::fmt::write
[INFO] [stdout]    2:     0x6036ffcf07cc - <alloc[2e1b2a31b91974c5]::vec::Vec<u8> as core[a373ad73a504971]::io::write::Write>::write_fmt
[INFO] [stdout]    3:     0x6036ffcc7de6 - std[617be2ca0a6fd877]::panicking::default_hook::{closure#0}
[INFO] [stdout]    4:     0x6036ffce43a9 - std[617be2ca0a6fd877]::panicking::default_hook
[INFO] [stdout]    5:     0x6036ffb7b060 - test[aada8e7e76ba119b]::test_main_inner::{closure#0}
[INFO] [stdout]    6:     0x6036ffce4562 - std[617be2ca0a6fd877]::panicking::panic_with_hook
[INFO] [stdout]    7:     0x6036ffcc7e92 - std[617be2ca0a6fd877]::panicking::panic_handler::{closure#0}
[INFO] [stdout]    8:     0x6036ffcc0949 - std[617be2ca0a6fd877]::sys::backtrace::__rust_end_short_backtrace::<std[617be2ca0a6fd877]::panicking::panic_handler::{closure#0}, !>
[INFO] [stdout]    9:     0x6036ffcc8a9d - __rustc[ea4f61d10b84890b]::rust_begin_unwind
[INFO] [stdout]   10:     0x6036ffd03e7c - core[a373ad73a504971]::panicking::panic_fmt
[INFO] [stdout]   11:     0x6036ffd03c52 - core[a373ad73a504971]::result::unwrap_failed
[INFO] [stdout]   12:     0x6036ffaba7be - roadshield[35db189091699ff5]::testing::walk
[INFO] [stdout]   13:     0x6036ffab9711 - roadshield[35db189091699ff5]::testing::pack_files
[INFO] [stdout]   14:     0x6036ffa7c60c - <roadshield[35db189091699ff5]::pack::tests::missing_files_are_reported::{closure#0} as core[a373ad73a504971]::ops::function::FnOnce<()>>::call_once
[INFO] [stdout]   15:     0x6036ffb6e4ab - test[aada8e7e76ba119b]::__rust_begin_short_backtrace::<core[a373ad73a504971]::result::Result<(), alloc[2e1b2a31b91974c5]::string::String>, fn() -> core[a373ad73a504971]::result::Result<(), alloc[2e1b2a31b91974c5]::string::String>>
[INFO] [stdout]   16:     0x6036ffb7b685 - test[aada8e7e76ba119b]::run_test::{closure#0}
[INFO] [stdout]   17:     0x6036ffb74f74 - std[617be2ca0a6fd877]::sys::backtrace::__rust_begin_short_backtrace::<test[aada8e7e76ba119b]::run_test::{closure#1}, ()>
[INFO] [stdout]   18:     0x6036ffb7e712 - <std[617be2ca0a6fd877]::thread::lifecycle::spawn_unchecked<test[aada8e7e76ba119b]::run_test::{closure#1}, ()>::{closure#1} as core[a373ad73a504971]::ops::function::FnOnce<()>>::call_once::{shim:vtable#0}
[INFO] [stdout]   19:     0x6036ffceb77f - <std[617be2ca0a6fd877]::sys::thread::unix::Thread>::new::thread_start
[INFO] [stdout]   20:     0x71322faa6dfa - <unknown>
[INFO] [stdout]   21:     0x71322fb3a3d4 - clone
[INFO] [stdout]   22:                0x0 - <unknown>
[INFO] [stdout] 
[INFO] [stdout] ---- pack::tests::tampered_files_fail_hash_checks stdout ----
[INFO] [stdout] 
[INFO] [stdout] thread 'pack::tests::tampered_files_fail_hash_checks' (1646) panicked at src/testing.rs:9:41:
[INFO] [stdout] called `Result::unwrap()` on an `Err` value: Os { code: 2, kind: NotFound, message: "No such file or directory" }
[INFO] [stdout] stack backtrace:
[INFO] [stdout]    0:     0x6036ffcec231 - <<std[617be2ca0a6fd877]::sys::backtrace::BacktraceLock>::print::DisplayBacktrace as core[a373ad73a504971]::fmt::Display>::fmt
[INFO] [stdout]    1:     0x6036ffd0370a - core[a373ad73a504971]::fmt::write
[INFO] [stdout]    2:     0x6036ffcf07cc - <alloc[2e1b2a31b91974c5]::vec::Vec<u8> as core[a373ad73a504971]::io::write::Write>::write_fmt
[INFO] [stdout]    3:     0x6036ffcc7de6 - std[617be2ca0a6fd877]::panicking::default_hook::{closure#0}
[INFO] [stdout]    4:     0x6036ffce43a9 - std[617be2ca0a6fd877]::panicking::default_hook
[INFO] [stdout]    5:     0x6036ffb7b060 - test[aada8e7e76ba119b]::test_main_inner::{closure#0}
[INFO] [stdout]    6:     0x6036ffce4562 - std[617be2ca0a6fd877]::panicking::panic_with_hook
[INFO] [stdout]    7:     0x6036ffcc7e92 - std[617be2ca0a6fd877]::panicking::panic_handler::{closure#0}
[INFO] [stdout]    8:     0x6036ffcc0949 - std[617be2ca0a6fd877]::sys::backtrace::__rust_end_short_backtrace::<std[617be2ca0a6fd877]::panicking::panic_handler::{closure#0}, !>
[INFO] [stdout]    9:     0x6036ffcc8a9d - __rustc[ea4f61d10b84890b]::rust_begin_unwind
[INFO] [stdout]   10:     0x6036ffd03e7c - core[a373ad73a504971]::panicking::panic_fmt
[INFO] [stdout]   11:     0x6036ffd03c52 - core[a373ad73a504971]::result::unwrap_failed
[INFO] [stdout]   12:     0x6036ffaba7be - roadshield[35db189091699ff5]::testing::walk
[INFO] [stdout]   13:     0x6036ffab9711 - roadshield[35db189091699ff5]::testing::pack_files
[INFO] [stdout]   14:     0x6036ffa7c87e - <roadshield[35db189091699ff5]::pack::tests::tampered_files_fail_hash_checks::{closure#0} as core[a373ad73a504971]::ops::function::FnOnce<()>>::call_once
[INFO] [stdout]   15:     0x6036ffb6e4ab - test[aada8e7e76ba119b]::__rust_begin_short_backtrace::<core[a373ad73a504971]::result::Result<(), alloc[2e1b2a31b91974c5]::string::String>, fn() -> core[a373ad73a504971]::result::Result<(), alloc[2e1b2a31b91974c5]::string::String>>
[INFO] [stdout]   16:     0x6036ffb7b685 - test[aada8e7e76ba119b]::run_test::{closure#0}
[INFO] [stdout]   17:     0x6036ffb74f74 - std[617be2ca0a6fd877]::sys::backtrace::__rust_begin_short_backtrace::<test[aada8e7e76ba119b]::run_test::{closure#1}, ()>
[INFO] [stdout]   18:     0x6036ffb7e712 - <std[617be2ca0a6fd877]::thread::lifecycle::spawn_unchecked<test[aada8e7e76ba119b]::run_test::{closure#1}, ()>::{closure#1} as core[a373ad73a504971]::ops::function::FnOnce<()>>::call_once::{shim:vtable#0}
[INFO] [stdout]   19:     0x6036ffceb77f - <std[617be2ca0a6fd877]::sys::thread::unix::Thread>::new::thread_start
[INFO] [stdout]   20:     0x71322faa6dfa - <unknown>
[INFO] [stdout]   21:     0x71322fb3a3d4 - clone
[INFO] [stdout]   22:                0x0 - <unknown>
[INFO] [stdout] 
[INFO] [stdout] ---- pack::tests::unknown_rule_fields_fail_loading stdout ----
[INFO] [stdout] 
[INFO] [stdout] thread 'pack::tests::unknown_rule_fields_fail_loading' (1647) panicked at src/testing.rs:9:41:
[INFO] [stdout] called `Result::unwrap()` on an `Err` value: Os { code: 2, kind: NotFound, message: "No such file or directory" }
[INFO] [stdout] stack backtrace:
[INFO] [stdout]    0:     0x6036ffcec231 - <<std[617be2ca0a6fd877]::sys::backtrace::BacktraceLock>::print::DisplayBacktrace as core[a373ad73a504971]::fmt::Display>::fmt
[INFO] [stdout]    1:     0x6036ffd0370a - core[a373ad73a504971]::fmt::write
[INFO] [stdout]    2:     0x6036ffcf07cc - <alloc[2e1b2a31b91974c5]::vec::Vec<u8> as core[a373ad73a504971]::io::write::Write>::write_fmt
[INFO] [stdout]    3:     0x6036ffcc7de6 - std[617be2ca0a6fd877]::panicking::default_hook::{closure#0}
[INFO] [stdout]    4:     0x6036ffce43a9 - std[617be2ca0a6fd877]::panicking::default_hook
[INFO] [stdout]    5:     0x6036ffb7b060 - test[aada8e7e76ba119b]::test_main_inner::{closure#0}
[INFO] [stdout]    6:     0x6036ffce4562 - std[617be2ca0a6fd877]::panicking::panic_with_hook
[INFO] [stdout]    7:     0x6036ffcc7e92 - std[617be2ca0a6fd877]::panicking::panic_handler::{closure#0}
[INFO] [stdout]    8:     0x6036ffcc0949 - std[617be2ca0a6fd877]::sys::backtrace::__rust_end_short_backtrace::<std[617be2ca0a6fd877]::panicking::panic_handler::{closure#0}, !>
[INFO] [stdout]    9:     0x6036ffcc8a9d - __rustc[ea4f61d10b84890b]::rust_begin_unwind
[INFO] [stdout]   10:     0x6036ffd03e7c - core[a373ad73a504971]::panicking::panic_fmt
[INFO] [stdout]   11:     0x6036ffd03c52 - core[a373ad73a504971]::result::unwrap_failed
[INFO] [stdout]   12:     0x6036ffaba7be - roadshield[35db189091699ff5]::testing::walk
[INFO] [stdout]   13:     0x6036ffab9711 - roadshield[35db189091699ff5]::testing::pack_files
[INFO] [stdout]   14:     0x6036ffa7cca1 - <roadshield[35db189091699ff5]::pack::tests::unknown_rule_fields_fail_loading::{closure#0} as core[a373ad73a504971]::ops::function::FnOnce<()>>::call_once
[INFO] [stdout]   15:     0x6036ffb6e4ab - test[aada8e7e76ba119b]::__rust_begin_short_backtrace::<core[a373ad73a504971]::result::Result<(), alloc[2e1b2a31b91974c5]::string::String>, fn() -> core[a373ad73a504971]::result::Result<(), alloc[2e1b2a31b91974c5]::string::String>>
[INFO] [stdout]   16:     0x6036ffb7b685 - test[aada8e7e76ba119b]::run_test::{closure#0}
[INFO] [stdout]   17:     0x6036ffb74f74 - std[617be2ca0a6fd877]::sys::backtrace::__rust_begin_short_backtrace::<test[aada8e7e76ba119b]::run_test::{closure#1}, ()>
[INFO] [stdout]   18:     0x6036ffb7e712 - <std[617be2ca0a6fd877]::thread::lifecycle::spawn_unchecked<test[aada8e7e76ba119b]::run_test::{closure#1}, ()>::{closure#1} as core[a373ad73a504971]::ops::function::FnOnce<()>>::call_once::{shim:vtable#0}
[INFO] [stdout]   19:     0x6036ffceb77f - <std[617be2ca0a6fd877]::sys::thread::unix::Thread>::new::thread_start
[INFO] [stdout]   20:     0x71322faa6dfa - <unknown>
[INFO] [stdout]   21:     0x71322fb3a3d4 - clone
[INFO] [stdout]   22:                0x0 - <unknown>
[INFO] [stdout] 
[INFO] [stdout] 
[INFO] [stdout] failures:
[INFO] [stdout]     engine::tests::missing_blank_is_an_error_not_an_empty_image
[INFO] [stdout]     engine::tests::pack_expectations_and_themes_are_enforced
[INFO] [stdout]     engine::tests::subset_exclusions_never_fall_back
[INFO] [stdout]     engine::tests::unknown_font_ids_are_invalid_input
[INFO] [stdout]     font::tests::falls_back_per_character
[INFO] [stdout]     font::tests::missing_glyphs_are_errors_or_notdef
[INFO] [stdout]     font::tests::outlines_are_deterministic_and_positioned
[INFO] [stdout]     font::tests::shapes_digits_with_ink_inside_the_em_box
[INFO] [stdout]     font::tests::top_baseline_is_normalised_typo_ascent
[INFO] [stdout]     font::tests::whitespace_has_advance_but_no_ink
[INFO] [stdout]     pack::tests::loads_and_expands_the_americana_pack
[INFO] [stdout]     pack::tests::manifest_edits_without_resealing_are_detected
[INFO] [stdout]     pack::tests::manifest_format_and_stack_are_checked
[INFO] [stdout]     pack::tests::missing_files_are_reported
[INFO] [stdout]     pack::tests::tampered_files_fail_hash_checks
[INFO] [stdout]     pack::tests::unknown_rule_fields_fail_loading
[INFO] [stdout] 
[INFO] [stdout] test result: FAILED. 53 passed; 16 failed; 0 ignored; 0 measured; 0 filtered out; finished in 0.02s
[INFO] [stdout] 
[INFO] running `Command { std: "docker" "inspect" "5f158e72140006f66f1cbf9fac5d742359cba645d450e35f4285141275f8c489", kill_on_drop: false }`
[INFO] running `Command { std: "docker" "rm" "-f" "5f158e72140006f66f1cbf9fac5d742359cba645d450e35f4285141275f8c489", kill_on_drop: false }`
[INFO] [stdout] 5f158e72140006f66f1cbf9fac5d742359cba645d450e35f4285141275f8c489
