[INFO] fetching crate rns-embedded-ffi 0.14.0...
[INFO] testing rns-embedded-ffi-0.14.0 against 1.99.0-beta.8+cargoflags=--release for beta-release-1.100-2
[INFO] extracting crate rns-embedded-ffi 0.14.0 into /workspace/builds/worker-3-tc1/source
[INFO] started tweaking crates.io crate rns-embedded-ffi 0.14.0
[INFO] finished tweaking crates.io crate rns-embedded-ffi 0.14.0
[INFO] tweaked toml for crates.io crate rns-embedded-ffi 0.14.0 written to /workspace/builds/worker-3-tc1/source/Cargo.toml
[INFO] validating manifest of crates.io crate rns-embedded-ffi 0.14.0 on toolchain 1.99.0-beta.8
[INFO] running `Command { std: CARGO_HOME="/workspace/cargo-home" RUSTUP_HOME="/workspace/rustup-home" "/workspace/cargo-home/bin/cargo" "+1.99.0-beta.8" "metadata" "--manifest-path" "Cargo.toml" "--no-deps", kill_on_drop: false }`
[INFO] crate crates.io crate rns-embedded-ffi 0.14.0 already has a lockfile, it will not be regenerated
[INFO] running `Command { std: CARGO_HOME="/workspace/cargo-home" RUSTUP_HOME="/workspace/rustup-home" "/workspace/cargo-home/bin/cargo" "+1.99.0-beta.8" "fetch" "--manifest-path" "Cargo.toml", kill_on_drop: false }`
[INFO] [stderr]     Updating crates.io index
[INFO] [stderr]  Downloading crates ...
[INFO] [stderr]   Downloaded rns-embedded-core v0.14.0
[INFO] [stderr]   Downloaded embedded-alloc v0.6.0
[INFO] [stderr]   Downloaded linked_list_allocator v0.10.6
[INFO] [stderr]   Downloaded rns-embedded-runtime v0.14.0
[INFO] running `Command { std: "docker" "create" "-v" "/var/lib/crater-agent-workspace/builds/worker-3-tc1/source:/opt/rustwide/workdir:ro,Z" "-v" "/var/lib/crater-agent-workspace/builds/worker-3-tc1/target:/opt/rustwide/target:rw,Z" "-v" "/var/lib/crater-agent-workspace/cargo-home:/opt/rustwide/cargo-home:ro,Z" "-v" "/var/lib/crater-agent-workspace/rustup-home:/opt/rustwide/rustup-home:ro,Z" "-m" "1610612736" "--network" "none" "ghcr.io/rust-lang/crates-build-env/linux@sha256:77db811e55d90add9212f6832c23229e3de5f1c1f9905e8cb07319ea15df73ac" "sleep" "infinity", kill_on_drop: false }`
[INFO] [stdout] ed5030bee36ad9753a092674f2c462e094e6178bf0de1d9871a6a6a45f271d47
[INFO] running `Command { std: "docker" "start" "ed5030bee36ad9753a092674f2c462e094e6178bf0de1d9871a6a6a45f271d47", kill_on_drop: false }`
[INFO] running `Command { std: "docker" "inspect" "ed5030bee36ad9753a092674f2c462e094e6178bf0de1d9871a6a6a45f271d47", kill_on_drop: false }`
[INFO] running `Command { std: "docker" "exec" "-e" "SOURCE_DIR=/opt/rustwide/workdir" "-e" "CARGO_HOME=/opt/rustwide/cargo-home" "-e" "RUSTUP_HOME=/opt/rustwide/rustup-home" "-e" "CARGO_TARGET_DIR=/opt/rustwide/target" "-w" "/opt/rustwide/workdir" "--user" "0:0" "ed5030bee36ad9753a092674f2c462e094e6178bf0de1d9871a6a6a45f271d47" "/opt/rustwide/cargo-home/bin/cargo" "+1.99.0-beta.8" "metadata" "--no-deps" "--format-version=1", kill_on_drop: false }`
[INFO] running `Command { std: "docker" "inspect" "ed5030bee36ad9753a092674f2c462e094e6178bf0de1d9871a6a6a45f271d47", kill_on_drop: false }`
[INFO] running `Command { std: "docker" "exec" "-e" "SOURCE_DIR=/opt/rustwide/workdir" "-e" "CARGO_HOME=/opt/rustwide/cargo-home" "-e" "RUSTUP_HOME=/opt/rustwide/rustup-home" "-e" "CARGO_TARGET_DIR=/opt/rustwide/target" "-e" "CARGO_INCREMENTAL=0" "-e" "RUST_BACKTRACE=full" "-e" "RUSTFLAGS=--cap-lints=warn" "-e" "RUSTDOCFLAGS=--cap-lints=warn" "-w" "/opt/rustwide/workdir" "--user" "0:0" "ed5030bee36ad9753a092674f2c462e094e6178bf0de1d9871a6a6a45f271d47" "/opt/rustwide/cargo-home/bin/cargo" "+1.99.0-beta.8" "build" "--frozen" "--message-format=json" "--release", kill_on_drop: false }`
[INFO] [stderr]    Compiling generic-array v0.14.7
[INFO] [stderr]    Compiling crypto-common v0.1.7
[INFO] [stderr]    Compiling block-buffer v0.10.4
[INFO] [stderr]    Compiling digest v0.10.7
[INFO] [stderr]    Compiling sha2 v0.10.9
[INFO] [stderr]    Compiling rns-embedded-core v0.14.0
[INFO] [stderr]    Compiling rns-embedded-runtime v0.14.0
[INFO] [stderr]    Compiling rns-embedded-ffi v0.14.0 (/opt/rustwide/workdir)
[INFO] [stderr]     Finished `release` profile [optimized] target(s) in 4.31s
[INFO] running `Command { std: "docker" "inspect" "ed5030bee36ad9753a092674f2c462e094e6178bf0de1d9871a6a6a45f271d47", kill_on_drop: false }`
[INFO] running `Command { std: "docker" "exec" "-e" "SOURCE_DIR=/opt/rustwide/workdir" "-e" "CARGO_HOME=/opt/rustwide/cargo-home" "-e" "RUSTUP_HOME=/opt/rustwide/rustup-home" "-e" "CARGO_TARGET_DIR=/opt/rustwide/target" "-e" "CARGO_INCREMENTAL=0" "-e" "RUST_BACKTRACE=full" "-e" "RUSTFLAGS=--cap-lints=warn" "-e" "RUSTDOCFLAGS=--cap-lints=warn" "-w" "/opt/rustwide/workdir" "--user" "0:0" "ed5030bee36ad9753a092674f2c462e094e6178bf0de1d9871a6a6a45f271d47" "/opt/rustwide/cargo-home/bin/cargo" "+1.99.0-beta.8" "test" "--frozen" "--no-run" "--message-format=json" "--release", kill_on_drop: false }`
[INFO] [stderr]    Compiling serde_core v1.0.228
[INFO] [stderr]    Compiling serde_json v1.0.150
[INFO] [stderr]    Compiling rns-embedded-ffi v0.14.0 (/opt/rustwide/workdir)
[INFO] [stderr]     Finished `release` profile [optimized] target(s) in 6.14s
[INFO] running `Command { std: "docker" "inspect" "ed5030bee36ad9753a092674f2c462e094e6178bf0de1d9871a6a6a45f271d47", kill_on_drop: false }`
[INFO] running `Command { std: "docker" "exec" "-e" "SOURCE_DIR=/opt/rustwide/workdir" "-e" "CARGO_HOME=/opt/rustwide/cargo-home" "-e" "RUSTUP_HOME=/opt/rustwide/rustup-home" "-e" "CARGO_TARGET_DIR=/opt/rustwide/target" "-e" "CARGO_INCREMENTAL=0" "-e" "RUST_BACKTRACE=full" "-e" "RUSTFLAGS=--cap-lints=warn" "-e" "RUSTDOCFLAGS=--cap-lints=warn" "-w" "/opt/rustwide/workdir" "--user" "0:0" "ed5030bee36ad9753a092674f2c462e094e6178bf0de1d9871a6a6a45f271d47" "/opt/rustwide/cargo-home/bin/cargo" "+1.99.0-beta.8" "test" "--frozen" "--release", kill_on_drop: false }`
[INFO] [stderr]     Finished `release` profile [optimized] target(s) in 0.04s
[INFO] [stderr]      Running unittests src/lib.rs (/opt/rustwide/target/release/deps/rns_embedded_ffi-1967176d8b564188)
[INFO] [stdout] 
[INFO] [stdout] running 12 tests
[INFO] [stdout] test tests::ffi_node_accepts_inbound_and_queues_message ... ok
[INFO] [stdout] test tests::ffi_v1_timeout_and_gap_signaling_match_fixtures ... FAILED
[INFO] [stdout] test tests::ffi_node_ticks_and_drains_outbound_wire ... ok
[INFO] [stdout] test tests::ffi_v1_reports_capabilities_and_status ... FAILED
[INFO] [stdout] test tests::error_code_registry_matches_contract_artifact ... FAILED
[INFO] [stdout] test tests::ffi_v1_send_and_broadcast_surface_node_errors ... ok
[INFO] [stdout] test tests::ffi_v1_restart_epoch_matches_fixture ... FAILED
[INFO] [stdout] test tests::ffi_v1_queue_pressure_maps_to_stable_error_code ... ok
[INFO] [stdout] test tests::ffi_legacy_truncation_reports_required_length ... FAILED
[INFO] [stdout] test tests::extension_ids_follow_registry_fixture ... FAILED
[INFO] [stdout] test tests::ffi_v1_boundary_maps_panic_to_internal_error ... ok
[INFO] [stdout] test tests::ffi_v1_subscriptions_surface_restart_and_status_events ... ok
[INFO] [stdout] 
[INFO] [stdout] failures:
[INFO] [stdout] 
[INFO] [stdout] ---- tests::ffi_v1_timeout_and_gap_signaling_match_fixtures stdout ----
[INFO] [stdout] 
[INFO] [stdout] thread 'tests::ffi_v1_timeout_and_gap_signaling_match_fixtures' (303) panicked at src/lib_parts/fixture_path_sections/core_tests.rs:45:70:
[INFO] [stdout] read fixture: Os { code: 2, kind: NotFound, message: "No such file or directory" }
[INFO] [stdout] stack backtrace:
[INFO] [stdout]    0:     0x5b76e1188301 - <<std[70759c8f55707aa4]::sys::backtrace::BacktraceLock>::print::DisplayBacktrace as core[df12db4294e9bfd3]::fmt::Display>::fmt
[INFO] [stdout]    1:     0x5b76e119d3aa - core[df12db4294e9bfd3]::fmt::write
[INFO] [stdout]    2:     0x5b76e118c9dc - <alloc[2182bb758b4b3781]::vec::Vec<u8> as core[df12db4294e9bfd3]::io::write::Write>::write_fmt
[INFO] [stdout]    3:     0x5b76e11634c6 - std[70759c8f55707aa4]::panicking::default_hook::{closure#0}
[INFO] [stdout]    4:     0x5b76e117fed9 - std[70759c8f55707aa4]::panicking::default_hook
[INFO] [stdout]    5:     0x5b76e111b4c0 - test[9d35eded1c95d3be]::test_main_inner::<test[9d35eded1c95d3be]::test_main_static::{closure#0}>::{closure#0}
[INFO] [stdout]    6:     0x5b76e1180092 - std[70759c8f55707aa4]::panicking::panic_with_hook
[INFO] [stdout]    7:     0x5b76e1163572 - std[70759c8f55707aa4]::panicking::panic_handler::{closure#0}
[INFO] [stdout]    8:     0x5b76e115c0b9 - std[70759c8f55707aa4]::sys::backtrace::__rust_end_short_backtrace::<std[70759c8f55707aa4]::panicking::panic_handler::{closure#0}, !>
[INFO] [stdout]    9:     0x5b76e116435d - __rustc[8fa7c3cbc660c2b3]::rust_begin_unwind
[INFO] [stdout]   10:     0x5b76e119dadc - core[df12db4294e9bfd3]::panicking::panic_fmt
[INFO] [stdout]   11:     0x5b76e119d8b2 - core[df12db4294e9bfd3]::result::unwrap_failed
[INFO] [stdout]   12:     0x5b76e10f3728 - rns_embedded_ffi[ae9e6dd909d8c3a8]::tests::json_fixture
[INFO] [stdout]   13:     0x5b76e10f6597 - rns_embedded_ffi[ae9e6dd909d8c3a8]::tests::ffi_v1_timeout_and_gap_signaling_match_fixtures
[INFO] [stdout]   14:     0x5b76e10f1af9 - <rns_embedded_ffi[ae9e6dd909d8c3a8]::tests::ffi_v1_timeout_and_gap_signaling_match_fixtures::{closure#0} as core[df12db4294e9bfd3]::ops::function::FnOnce<()>>::call_once
[INFO] [stdout]   15:     0x5b76e110e7ab - test[9d35eded1c95d3be]::__rust_begin_short_backtrace::<core[df12db4294e9bfd3]::result::Result<(), alloc[2182bb758b4b3781]::string::String>, fn() -> core[df12db4294e9bfd3]::result::Result<(), alloc[2182bb758b4b3781]::string::String>>
[INFO] [stdout]   16:     0x5b76e111be15 - test[9d35eded1c95d3be]::run_test::{closure#0}
[INFO] [stdout]   17:     0x5b76e11156d4 - std[70759c8f55707aa4]::sys::backtrace::__rust_begin_short_backtrace::<test[9d35eded1c95d3be]::run_test::{closure#1}, ()>
[INFO] [stdout]   18:     0x5b76e111ef72 - <std[70759c8f55707aa4]::thread::lifecycle::spawn_unchecked<test[9d35eded1c95d3be]::run_test::{closure#1}, ()>::{closure#1} as core[df12db4294e9bfd3]::ops::function::FnOnce<()>>::call_once::{shim:vtable#0}
[INFO] [stdout]   19:     0x5b76e11870f9 - <std[70759c8f55707aa4]::sys::thread::unix::Thread>::new::thread_start
[INFO] [stdout]   20:     0x733a2b045dfa - <unknown>
[INFO] [stdout]   21:     0x733a2b0d93d4 - clone
[INFO] [stdout]   22:                0x0 - <unknown>
[INFO] [stdout] 
[INFO] [stdout] ---- tests::ffi_v1_reports_capabilities_and_status stdout ----
[INFO] [stdout] 
[INFO] [stdout] thread 'tests::ffi_v1_reports_capabilities_and_status' (299) panicked at src/lib_parts/fixture_path_sections/core_tests.rs:45:70:
[INFO] [stdout] read fixture: Os { code: 2, kind: NotFound, message: "No such file or directory" }
[INFO] [stdout] stack backtrace:
[INFO] [stdout]    0:     0x5b76e1188301 - <<std[70759c8f55707aa4]::sys::backtrace::BacktraceLock>::print::DisplayBacktrace as core[df12db4294e9bfd3]::fmt::Display>::fmt
[INFO] [stdout]    1:     0x5b76e119d3aa - core[df12db4294e9bfd3]::fmt::write
[INFO] [stdout]    2:     0x5b76e118c9dc - <alloc[2182bb758b4b3781]::vec::Vec<u8> as core[df12db4294e9bfd3]::io::write::Write>::write_fmt
[INFO] [stdout]    3:     0x5b76e11634c6 - std[70759c8f55707aa4]::panicking::default_hook::{closure#0}
[INFO] [stdout]    4:     0x5b76e117fed9 - std[70759c8f55707aa4]::panicking::default_hook
[INFO] [stdout]    5:     0x5b76e111b4c0 - test[9d35eded1c95d3be]::test_main_inner::<test[9d35eded1c95d3be]::test_main_static::{closure#0}>::{closure#0}
[INFO] [stdout]    6:     0x5b76e1180092 - std[70759c8f55707aa4]::panicking::panic_with_hook
[INFO] [stdout]    7:     0x5b76e1163572 - std[70759c8f55707aa4]::panicking::panic_handler::{closure#0}
[INFO] [stdout]    8:     0x5b76e115c0b9 - std[70759c8f55707aa4]::sys::backtrace::__rust_end_short_backtrace::<std[70759c8f55707aa4]::panicking::panic_handler::{closure#0}, !>
[INFO] [stdout]    9:     0x5b76e116435d - __rustc[8fa7c3cbc660c2b3]::rust_begin_unwind
[INFO] [stdout]   10:     0x5b76e119dadc - core[df12db4294e9bfd3]::panicking::panic_fmt
[INFO] [stdout]   11:     0x5b76e119d8b2 - core[df12db4294e9bfd3]::result::unwrap_failed
[INFO] [stdout]   12:     0x5b76e10f3728 - rns_embedded_ffi[ae9e6dd909d8c3a8]::tests::json_fixture
[INFO] [stdout]   13:     0x5b76e10f43d7 - rns_embedded_ffi[ae9e6dd909d8c3a8]::tests::ffi_v1_reports_capabilities_and_status
[INFO] [stdout]   14:     0x5b76e10f19b9 - <rns_embedded_ffi[ae9e6dd909d8c3a8]::tests::ffi_v1_reports_capabilities_and_status::{closure#0} as core[df12db4294e9bfd3]::ops::function::FnOnce<()>>::call_once
[INFO] [stdout]   15:     0x5b76e110e7ab - test[9d35eded1c95d3be]::__rust_begin_short_backtrace::<core[df12db4294e9bfd3]::result::Result<(), alloc[2182bb758b4b3781]::string::String>, fn() -> core[df12db4294e9bfd3]::result::Result<(), alloc[2182bb758b4b3781]::string::String>>
[INFO] [stdout]   16:     0x5b76e111be15 - test[9d35eded1c95d3be]::run_test::{closure#0}
[INFO] [stdout]   17:     0x5b76e11156d4 - std[70759c8f55707aa4]::sys::backtrace::__rust_begin_short_backtrace::<test[9d35eded1c95d3be]::run_test::{closure#1}, ()>
[INFO] [stdout]   18:     0x5b76e111ef72 - <std[70759c8f55707aa4]::thread::lifecycle::spawn_unchecked<test[9d35eded1c95d3be]::run_test::{closure#1}, ()>::{closure#1} as core[df12db4294e9bfd3]::ops::function::FnOnce<()>>::call_once::{shim:vtable#0}
[INFO] [stdout]   19:     0x5b76e11870f9 - <std[70759c8f55707aa4]::sys::thread::unix::Thread>::new::thread_start
[INFO] [stdout]   20:     0x733a2b045dfa - <unknown>
[INFO] [stdout]   21:     0x733a2b0d93d4 - clone
[INFO] [stdout]   22:                0x0 - <unknown>
[INFO] [stdout] 
[INFO] [stdout] ---- tests::error_code_registry_matches_contract_artifact stdout ----
[INFO] [stdout] 
[INFO] [stdout] thread 'tests::error_code_registry_matches_contract_artifact' (292) panicked at src/lib_parts/fixture_path_sections/core_tests.rs:50:71:
[INFO] [stdout] read contract: Os { code: 2, kind: NotFound, message: "No such file or directory" }
[INFO] [stdout] stack backtrace:
[INFO] [stdout]    0:     0x5b76e1188301 - <<std[70759c8f55707aa4]::sys::backtrace::BacktraceLock>::print::DisplayBacktrace as core[df12db4294e9bfd3]::fmt::Display>::fmt
[INFO] [stdout]    1:     0x5b76e119d3aa - core[df12db4294e9bfd3]::fmt::write
[INFO] [stdout]    2:     0x5b76e118c9dc - <alloc[2182bb758b4b3781]::vec::Vec<u8> as core[df12db4294e9bfd3]::io::write::Write>::write_fmt
[INFO] [stdout]    3:     0x5b76e11634c6 - std[70759c8f55707aa4]::panicking::default_hook::{closure#0}
[INFO] [stdout]    4:     0x5b76e117fed9 - std[70759c8f55707aa4]::panicking::default_hook
[INFO] [stdout]    5:     0x5b76e111b4c0 - test[9d35eded1c95d3be]::test_main_inner::<test[9d35eded1c95d3be]::test_main_static::{closure#0}>::{closure#0}
[INFO] [stdout]    6:     0x5b76e1180092 - std[70759c8f55707aa4]::panicking::panic_with_hook
[INFO] [stdout]    7:     0x5b76e1163572 - std[70759c8f55707aa4]::panicking::panic_handler::{closure#0}
[INFO] [stdout]    8:     0x5b76e115c0b9 - std[70759c8f55707aa4]::sys::backtrace::__rust_end_short_backtrace::<std[70759c8f55707aa4]::panicking::panic_handler::{closure#0}, !>
[INFO] [stdout]    9:     0x5b76e116435d - __rustc[8fa7c3cbc660c2b3]::rust_begin_unwind
[INFO] [stdout]   10:     0x5b76e119dadc - core[df12db4294e9bfd3]::panicking::panic_fmt
[INFO] [stdout]   11:     0x5b76e119d8b2 - core[df12db4294e9bfd3]::result::unwrap_failed
[INFO] [stdout]   12:     0x5b76e10f5851 - rns_embedded_ffi[ae9e6dd909d8c3a8]::tests::error_code_registry_matches_contract_artifact
[INFO] [stdout]   13:     0x5b76e10f1a79 - <rns_embedded_ffi[ae9e6dd909d8c3a8]::tests::error_code_registry_matches_contract_artifact::{closure#0} as core[df12db4294e9bfd3]::ops::function::FnOnce<()>>::call_once
[INFO] [stdout]   14:     0x5b76e110e7ab - test[9d35eded1c95d3be]::__rust_begin_short_backtrace::<core[df12db4294e9bfd3]::result::Result<(), alloc[2182bb758b4b3781]::string::String>, fn() -> core[df12db4294e9bfd3]::result::Result<(), alloc[2182bb758b4b3781]::string::String>>
[INFO] [stdout]   15:     0x5b76e111be15 - test[9d35eded1c95d3be]::run_test::{closure#0}
[INFO] [stdout]   16:     0x5b76e11156d4 - std[70759c8f55707aa4]::sys::backtrace::__rust_begin_short_backtrace::<test[9d35eded1c95d3be]::run_test::{closure#1}, ()>
[INFO] [stdout]   17:     0x5b76e111ef72 - <std[70759c8f55707aa4]::thread::lifecycle::spawn_unchecked<test[9d35eded1c95d3be]::run_test::{closure#1}, ()>::{closure#1} as core[df12db4294e9bfd3]::ops::function::FnOnce<()>>::call_once::{shim:vtable#0}
[INFO] [stdout]   18:     0x5b76e11870f9 - <std[70759c8f55707aa4]::sys::thread::unix::Thread>::new::thread_start
[INFO] [stdout]   19:     0x733a2b045dfa - <unknown>
[INFO] [stdout]   20:     0x733a2b0d93d4 - clone
[INFO] [stdout]   21:                0x0 - <unknown>
[INFO] [stdout] 
[INFO] [stdout] ---- tests::ffi_v1_restart_epoch_matches_fixture stdout ----
[INFO] [stdout] 
[INFO] [stdout] thread 'tests::ffi_v1_restart_epoch_matches_fixture' (300) panicked at src/lib_parts/fixture_path_sections/core_tests.rs:45:70:
[INFO] [stdout] read fixture: Os { code: 2, kind: NotFound, message: "No such file or directory" }
[INFO] [stdout] stack backtrace:
[INFO] [stdout]    0:     0x5b76e1188301 - <<std[70759c8f55707aa4]::sys::backtrace::BacktraceLock>::print::DisplayBacktrace as core[df12db4294e9bfd3]::fmt::Display>::fmt
[INFO] [stdout]    1:     0x5b76e119d3aa - core[df12db4294e9bfd3]::fmt::write
[INFO] [stdout]    2:     0x5b76e118c9dc - <alloc[2182bb758b4b3781]::vec::Vec<u8> as core[df12db4294e9bfd3]::io::write::Write>::write_fmt
[INFO] [stdout]    3:     0x5b76e11634c6 - std[70759c8f55707aa4]::panicking::default_hook::{closure#0}
[INFO] [stdout]    4:     0x5b76e117fed9 - std[70759c8f55707aa4]::panicking::default_hook
[INFO] [stdout]    5:     0x5b76e111b4c0 - test[9d35eded1c95d3be]::test_main_inner::<test[9d35eded1c95d3be]::test_main_static::{closure#0}>::{closure#0}
[INFO] [stdout]    6:     0x5b76e1180092 - std[70759c8f55707aa4]::panicking::panic_with_hook
[INFO] [stdout]    7:     0x5b76e1163572 - std[70759c8f55707aa4]::panicking::panic_handler::{closure#0}
[INFO] [stdout]    8:     0x5b76e115c0b9 - std[70759c8f55707aa4]::sys::backtrace::__rust_end_short_backtrace::<std[70759c8f55707aa4]::panicking::panic_handler::{closure#0}, !>
[INFO] [stdout]    9:     0x5b76e116435d - __rustc[8fa7c3cbc660c2b3]::rust_begin_unwind
[INFO] [stdout]   10:     0x5b76e119dadc - core[df12db4294e9bfd3]::panicking::panic_fmt
[INFO] [stdout]   11:     0x5b76e119d8b2 - core[df12db4294e9bfd3]::result::unwrap_failed
[INFO] [stdout]   12:     0x5b76e10f3728 - rns_embedded_ffi[ae9e6dd909d8c3a8]::tests::json_fixture
[INFO] [stdout]   13:     0x5b76e10f3cd0 - rns_embedded_ffi[ae9e6dd909d8c3a8]::tests::ffi_v1_restart_epoch_matches_fixture
[INFO] [stdout]   14:     0x5b76e10f1979 - <rns_embedded_ffi[ae9e6dd909d8c3a8]::tests::ffi_v1_restart_epoch_matches_fixture::{closure#0} as core[df12db4294e9bfd3]::ops::function::FnOnce<()>>::call_once
[INFO] [stdout]   15:     0x5b76e110e7ab - test[9d35eded1c95d3be]::__rust_begin_short_backtrace::<core[df12db4294e9bfd3]::result::Result<(), alloc[2182bb758b4b3781]::string::String>, fn() -> core[df12db4294e9bfd3]::result::Result<(), alloc[2182bb758b4b3781]::string::String>>
[INFO] [stdout]   16:     0x5b76e111be15 - test[9d35eded1c95d3be]::run_test::{closure#0}
[INFO] [stdout]   17:     0x5b76e11156d4 - std[70759c8f55707aa4]::sys::backtrace::__rust_begin_short_backtrace::<test[9d35eded1c95d3be]::run_test::{closure#1}, ()>
[INFO] [stdout]   18:     0x5b76e111ef72 - <std[70759c8f55707aa4]::thread::lifecycle::spawn_unchecked<test[9d35eded1c95d3be]::run_test::{closure#1}, ()>::{closure#1} as core[df12db4294e9bfd3]::ops::function::FnOnce<()>>::call_once::{shim:vtable#0}
[INFO] [stdout]   19:     0x5b76e11870f9 - <std[70759c8f55707aa4]::sys::thread::unix::Thread>::new::thread_start
[INFO] [stdout]   20:     0x733a2b045dfa - <unknown>
[INFO] [stdout]   21:     0x733a2b0d93d4 - clone
[INFO] [stdout]   22:                0x0 - <unknown>
[INFO] [stdout] 
[INFO] [stdout] ---- tests::ffi_legacy_truncation_reports_required_length stdout ----
[INFO] [stdout] 
[INFO] [stdout] thread 'tests::ffi_legacy_truncation_reports_required_length' (294) panicked at src/lib_parts/fixture_path_sections/core_tests.rs:45:70:
[INFO] [stdout] read fixture: Os { code: 2, kind: NotFound, message: "No such file or directory" }
[INFO] [stdout] stack backtrace:
[INFO] [stdout]    0:     0x5b76e1188301 - <<std[70759c8f55707aa4]::sys::backtrace::BacktraceLock>::print::DisplayBacktrace as core[df12db4294e9bfd3]::fmt::Display>::fmt
[INFO] [stdout]    1:     0x5b76e119d3aa - core[df12db4294e9bfd3]::fmt::write
[INFO] [stdout]    2:     0x5b76e118c9dc - <alloc[2182bb758b4b3781]::vec::Vec<u8> as core[df12db4294e9bfd3]::io::write::Write>::write_fmt
[INFO] [stdout]    3:     0x5b76e11634c6 - std[70759c8f55707aa4]::panicking::default_hook::{closure#0}
[INFO] [stdout]    4:     0x5b76e117fed9 - std[70759c8f55707aa4]::panicking::default_hook
[INFO] [stdout]    5:     0x5b76e111b4c0 - test[9d35eded1c95d3be]::test_main_inner::<test[9d35eded1c95d3be]::test_main_static::{closure#0}>::{closure#0}
[INFO] [stdout]    6:     0x5b76e1180092 - std[70759c8f55707aa4]::panicking::panic_with_hook
[INFO] [stdout]    7:     0x5b76e1163572 - std[70759c8f55707aa4]::panicking::panic_handler::{closure#0}
[INFO] [stdout]    8:     0x5b76e115c0b9 - std[70759c8f55707aa4]::sys::backtrace::__rust_end_short_backtrace::<std[70759c8f55707aa4]::panicking::panic_handler::{closure#0}, !>
[INFO] [stdout]    9:     0x5b76e116435d - __rustc[8fa7c3cbc660c2b3]::rust_begin_unwind
[INFO] [stdout]   10:     0x5b76e119dadc - core[df12db4294e9bfd3]::panicking::panic_fmt
[INFO] [stdout]   11:     0x5b76e119d8b2 - core[df12db4294e9bfd3]::result::unwrap_failed
[INFO] [stdout]   12:     0x5b76e10f3728 - rns_embedded_ffi[ae9e6dd909d8c3a8]::tests::json_fixture
[INFO] [stdout]   13:     0x5b76e10f59a5 - rns_embedded_ffi[ae9e6dd909d8c3a8]::tests::ffi_legacy_truncation_reports_required_length
[INFO] [stdout]   14:     0x5b76e10f1a99 - <rns_embedded_ffi[ae9e6dd909d8c3a8]::tests::ffi_legacy_truncation_reports_required_length::{closure#0} as core[df12db4294e9bfd3]::ops::function::FnOnce<()>>::call_once
[INFO] [stdout]   15:     0x5b76e110e7ab - test[9d35eded1c95d3be]::__rust_begin_short_backtrace::<core[df12db4294e9bfd3]::result::Result<(), alloc[2182bb758b4b3781]::string::String>, fn() -> core[df12db4294e9bfd3]::result::Result<(), alloc[2182bb758b4b3781]::string::String>>
[INFO] [stdout]   16:     0x5b76e111be15 - test[9d35eded1c95d3be]::run_test::{closure#0}
[INFO] [stdout]   17:     0x5b76e11156d4 - std[70759c8f55707aa4]::sys::backtrace::__rust_begin_short_backtrace::<test[9d35eded1c95d3be]::run_test::{closure#1}, ()>
[INFO] [stdout]   18:     0x5b76e111ef72 - <std[70759c8f55707aa4]::thread::lifecycle::spawn_unchecked<test[9d35eded1c95d3be]::run_test::{closure#1}, ()>::{closure#1} as core[df12db4294e9bfd3]::ops::function::FnOnce<()>>::call_once::{shim:vtable#0}
[INFO] [stdout]   19:     0x5b76e11870f9 - <std[70759c8f55707aa4]::sys::thread::unix::Thread>::new::thread_start
[INFO] [stdout]   20:     0x733a2b045dfa - <unknown>
[INFO] [stdout]   21:     0x733a2b0d93d4 - clone
[INFO] [stdout]   22:                0x0 - <unknown>
[INFO] [stdout] 
[INFO] [stdout] ---- tests::extension_ids_follow_registry_fixture stdout ----
[INFO] [stdout] 
[INFO] [stdout] thread 'tests::extension_ids_follow_registry_fixture' (293) panicked at src/lib_parts/fixture_path_sections/core_tests.rs:45:70:
[INFO] [stdout] read fixture: Os { code: 2, kind: NotFound, message: "No such file or directory" }
[INFO] [stdout] stack backtrace:
[INFO] [stdout]    0:     0x5b76e1188301 - <<std[70759c8f55707aa4]::sys::backtrace::BacktraceLock>::print::DisplayBacktrace as core[df12db4294e9bfd3]::fmt::Display>::fmt
[INFO] [stdout]    1:     0x5b76e119d3aa - core[df12db4294e9bfd3]::fmt::write
[INFO] [stdout]    2:     0x5b76e118c9dc - <alloc[2182bb758b4b3781]::vec::Vec<u8> as core[df12db4294e9bfd3]::io::write::Write>::write_fmt
[INFO] [stdout]    3:     0x5b76e11634c6 - std[70759c8f55707aa4]::panicking::default_hook::{closure#0}
[INFO] [stdout]    4:     0x5b76e117fed9 - std[70759c8f55707aa4]::panicking::default_hook
[INFO] [stdout]    5:     0x5b76e111b4c0 - test[9d35eded1c95d3be]::test_main_inner::<test[9d35eded1c95d3be]::test_main_static::{closure#0}>::{closure#0}
[INFO] [stdout]    6:     0x5b76e1180092 - std[70759c8f55707aa4]::panicking::panic_with_hook
[INFO] [stdout]    7:     0x5b76e1163572 - std[70759c8f55707aa4]::panicking::panic_handler::{closure#0}
[INFO] [stdout]    8:     0x5b76e115c0b9 - std[70759c8f55707aa4]::sys::backtrace::__rust_end_short_backtrace::<std[70759c8f55707aa4]::panicking::panic_handler::{closure#0}, !>
[INFO] [stdout]    9:     0x5b76e116435d - __rustc[8fa7c3cbc660c2b3]::rust_begin_unwind
[INFO] [stdout]   10:     0x5b76e119dadc - core[df12db4294e9bfd3]::panicking::panic_fmt
[INFO] [stdout]   11:     0x5b76e119d8b2 - core[df12db4294e9bfd3]::result::unwrap_failed
[INFO] [stdout]   12:     0x5b76e10f3728 - rns_embedded_ffi[ae9e6dd909d8c3a8]::tests::json_fixture
[INFO] [stdout]   13:     0x5b76e10f40b4 - rns_embedded_ffi[ae9e6dd909d8c3a8]::tests::extension_ids_follow_registry_fixture
[INFO] [stdout]   14:     0x5b76e10f1999 - <rns_embedded_ffi[ae9e6dd909d8c3a8]::tests::extension_ids_follow_registry_fixture::{closure#0} as core[df12db4294e9bfd3]::ops::function::FnOnce<()>>::call_once
[INFO] [stdout]   15:     0x5b76e110e7ab - test[9d35eded1c95d3be]::__rust_begin_short_backtrace::<core[df12db4294e9bfd3]::result::Result<(), alloc[2182bb758b4b3781]::string::String>, fn() -> core[df12db4294e9bfd3]::result::Result<(), alloc[2182bb758b4b3781]::string::String>>
[INFO] [stdout]   16:     0x5b76e111be15 - test[9d35eded1c95d3be]::run_test::{closure#0}
[INFO] [stdout]   17:     0x5b76e11156d4 - std[70759c8f55707aa4]::sys::backtrace::__rust_begin_short_backtrace::<test[9d35eded1c95d3be]::run_test::{closure#1}, ()>
[INFO] [stdout]   18:     0x5b76e111ef72 - <std[70759c8f55707aa4]::thread::lifecycle::spawn_unchecked<test[9d35eded1c95d3be]::run_test::{closure#1}, ()>::{closure#1} as core[df12db4294e9bfd3]::ops::function::FnOnce<()>>::call_once::{shim:vtable#0}
[INFO] [stdout]   19:     0x5b76e11870f9 - <std[70759c8f55707aa4]::sys::thread::unix::Thread>::new::thread_start
[INFO] [stdout]   20:     0x733a2b045dfa - <unknown>
[INFO] [stdout]   21:     0x733a2b0d93d4 - clone
[INFO] [stdout]   22:                0x0 - <unknown>
[INFO] [stdout] 
[INFO] [stdout] 
[INFO] [stdout] failures:
[INFO] [stdout]     tests::error_code_registry_matches_contract_artifact
[INFO] [stdout]     tests::extension_ids_follow_registry_fixture
[INFO] [stdout]     tests::ffi_legacy_truncation_reports_required_length
[INFO] [stdout]     tests::ffi_v1_reports_capabilities_and_status
[INFO] [stdout]     tests::ffi_v1_restart_epoch_matches_fixture
[INFO] [stdout]     tests::ffi_v1_timeout_and_gap_signaling_match_fixtures
[INFO] [stdout] 
[INFO] [stdout] test result: FAILED. 6 passed; 6 failed; 0 ignored; 0 measured; 0 filtered out; finished in 0.02s
[INFO] [stdout] 
[INFO] [stderr] error: test failed, to rerun pass `--lib`
[INFO] running `Command { std: "docker" "inspect" "ed5030bee36ad9753a092674f2c462e094e6178bf0de1d9871a6a6a45f271d47", kill_on_drop: false }`
[INFO] running `Command { std: "docker" "rm" "-f" "ed5030bee36ad9753a092674f2c462e094e6178bf0de1d9871a6a6a45f271d47", kill_on_drop: false }`
[INFO] [stdout] ed5030bee36ad9753a092674f2c462e094e6178bf0de1d9871a6a6a45f271d47
