[INFO] fetching crate rnix-lsp 0.2.5...
[INFO] testing rnix-lsp-0.2.5 against 1.99.0-beta.8+cargoflags=--release for beta-release-1.100-2
[INFO] extracting crate rnix-lsp 0.2.5 into /workspace/builds/worker-6-tc1/source
[INFO] started tweaking crates.io crate rnix-lsp 0.2.5
[INFO] finished tweaking crates.io crate rnix-lsp 0.2.5
[INFO] tweaked toml for crates.io crate rnix-lsp 0.2.5 written to /workspace/builds/worker-6-tc1/source/Cargo.toml
[INFO] validating manifest of crates.io crate rnix-lsp 0.2.5 on toolchain 1.99.0-beta.8
[INFO] running `Command { std: CARGO_HOME="/workspace/cargo-home" RUSTUP_HOME="/workspace/rustup-home" "/workspace/cargo-home/bin/cargo" "+1.99.0-beta.8" "metadata" "--manifest-path" "Cargo.toml" "--no-deps", kill_on_drop: false }`
[INFO] crate crates.io crate rnix-lsp 0.2.5 already has a lockfile, it will not be regenerated
[INFO] running `Command { std: CARGO_HOME="/workspace/cargo-home" RUSTUP_HOME="/workspace/rustup-home" "/workspace/cargo-home/bin/cargo" "+1.99.0-beta.8" "fetch" "--manifest-path" "Cargo.toml", kill_on_drop: false }`
[INFO] [stderr]     Updating crates.io index
[INFO] [stderr]  Downloading crates ...
[INFO] [stderr]   Downloaded text-size v1.1.0
[INFO] [stderr]   Downloaded serde_json v1.0.67
[INFO] [stderr]   Downloaded countme v2.0.4
[INFO] [stderr]   Downloaded lsp-server v0.5.2
[INFO] [stderr]   Downloaded rowan v0.12.6
[INFO] [stderr]   Downloaded cbitset v0.2.0
[INFO] [stderr]   Downloaded smol_str v0.1.18
[INFO] [stderr]   Downloaded serde_repr v0.1.7
[INFO] [stderr]   Downloaded redox_users v0.4.0
[INFO] [stderr]   Downloaded dirs-sys v0.3.6
[INFO] [stderr]   Downloaded globset v0.4.8
[INFO] [stderr]   Downloaded tinyvec v1.3.1
[INFO] [stderr]   Downloaded crossbeam-utils v0.6.6
[INFO] [stderr]   Downloaded nixpkgs-fmt-rnix v1.2.0
[INFO] [stderr]   Downloaded ignore v0.4.18
[INFO] [stderr]   Downloaded lsp-types v0.89.2
[INFO] [stderr]   Downloaded crossbeam-channel v0.3.9
[INFO] [stderr]   Downloaded rnix v0.10.2
[INFO] [stderr]   Downloaded syn v1.0.75
[INFO] running `Command { std: "docker" "create" "-v" "/var/lib/crater-agent-workspace/builds/worker-6-tc1/source:/opt/rustwide/workdir:ro,Z" "-v" "/var/lib/crater-agent-workspace/builds/worker-6-tc1/target:/opt/rustwide/target:rw,Z" "-v" "/var/lib/crater-agent-workspace/cargo-home:/opt/rustwide/cargo-home:ro,Z" "-v" "/var/lib/crater-agent-workspace/rustup-home:/opt/rustwide/rustup-home:ro,Z" "-m" "1610612736" "--network" "none" "ghcr.io/rust-lang/crates-build-env/linux@sha256:77db811e55d90add9212f6832c23229e3de5f1c1f9905e8cb07319ea15df73ac" "sleep" "infinity", kill_on_drop: false }`
[INFO] [stdout] 567728a69559c3f8f2fa69e578d748f1a75e6f84de3b520845dce2edbd35a3e0
[INFO] running `Command { std: "docker" "start" "567728a69559c3f8f2fa69e578d748f1a75e6f84de3b520845dce2edbd35a3e0", kill_on_drop: false }`
[INFO] running `Command { std: "docker" "inspect" "567728a69559c3f8f2fa69e578d748f1a75e6f84de3b520845dce2edbd35a3e0", kill_on_drop: false }`
[INFO] running `Command { std: "docker" "exec" "-e" "SOURCE_DIR=/opt/rustwide/workdir" "-e" "CARGO_HOME=/opt/rustwide/cargo-home" "-e" "RUSTUP_HOME=/opt/rustwide/rustup-home" "-e" "CARGO_TARGET_DIR=/opt/rustwide/target" "-w" "/opt/rustwide/workdir" "--user" "0:0" "567728a69559c3f8f2fa69e578d748f1a75e6f84de3b520845dce2edbd35a3e0" "/opt/rustwide/cargo-home/bin/cargo" "+1.99.0-beta.8" "metadata" "--no-deps" "--format-version=1", kill_on_drop: false }`
[INFO] running `Command { std: "docker" "inspect" "567728a69559c3f8f2fa69e578d748f1a75e6f84de3b520845dce2edbd35a3e0", kill_on_drop: false }`
[INFO] running `Command { std: "docker" "exec" "-e" "SOURCE_DIR=/opt/rustwide/workdir" "-e" "CARGO_HOME=/opt/rustwide/cargo-home" "-e" "RUSTUP_HOME=/opt/rustwide/rustup-home" "-e" "CARGO_TARGET_DIR=/opt/rustwide/target" "-e" "CARGO_INCREMENTAL=0" "-e" "RUST_BACKTRACE=full" "-e" "RUSTFLAGS=--cap-lints=warn" "-e" "RUSTDOCFLAGS=--cap-lints=warn" "-w" "/opt/rustwide/workdir" "--user" "0:0" "567728a69559c3f8f2fa69e578d748f1a75e6f84de3b520845dce2edbd35a3e0" "/opt/rustwide/cargo-home/bin/cargo" "+1.99.0-beta.8" "build" "--frozen" "--message-format=json" "--release", kill_on_drop: false }`
[INFO] [stderr]    Compiling proc-macro2 v1.0.29
[INFO] [stderr]    Compiling syn v1.0.75
[INFO] [stderr]    Compiling serde v1.0.130
[INFO] [stderr]    Compiling libc v0.2.101
[INFO] [stderr]    Compiling crossbeam-utils v0.8.5
[INFO] [stderr]    Compiling regex-syntax v0.6.25
[INFO] [stderr]    Compiling serde_json v1.0.67
[INFO] [stderr]    Compiling memchr v2.4.1
[INFO] [stderr]    Compiling memoffset v0.6.4
[INFO] [stderr]    Compiling tinyvec v1.3.1
[INFO] [stderr]    Compiling itoa v0.4.8
[INFO] [stderr]    Compiling rustc-hash v1.1.0
[INFO] [stderr]    Compiling once_cell v1.9.0
[INFO] [stderr]    Compiling unicode-bidi v0.3.6
[INFO] [stderr]    Compiling hashbrown v0.9.1
[INFO] [stderr]    Compiling countme v2.0.4
[INFO] [stderr]    Compiling crossbeam-utils v0.6.6
[INFO] [stderr]    Compiling cbitset v0.2.0
[INFO] [stderr]    Compiling vec_map v0.8.2
[INFO] [stderr]    Compiling smol_str v0.1.18
[INFO] [stderr]    Compiling ansi_term v0.12.1
[INFO] [stderr]    Compiling strsim v0.8.0
[INFO] [stderr]    Compiling termcolor v1.1.2
[INFO] [stderr]    Compiling thread_local v1.1.3
[INFO] [stderr]    Compiling crossbeam-channel v0.3.9
[INFO] [stderr]    Compiling quote v1.0.9
[INFO] [stderr]    Compiling crossbeam-channel v0.5.1
[INFO] [stderr]    Compiling aho-corasick v0.7.18
[INFO] [stderr]    Compiling bstr v0.2.17
[INFO] [stderr]    Compiling unicode-normalization v0.1.19
[INFO] [stderr]    Compiling atty v0.2.14
[INFO] [stderr]    Compiling dirs-sys v0.3.6
[INFO] [stderr]    Compiling clap v2.34.0
[INFO] [stderr]    Compiling dirs v3.0.2
[INFO] [stderr]    Compiling idna v0.2.3
[INFO] [stderr]    Compiling regex v1.5.4
[INFO] [stderr]    Compiling serde_derive v1.0.130
[INFO] [stderr]    Compiling serde_repr v0.1.7
[INFO] [stderr]    Compiling globset v0.4.8
[INFO] [stderr]    Compiling env_logger v0.9.0
[INFO] [stderr]    Compiling ignore v0.4.18
[INFO] [stderr]    Compiling text-size v1.1.0
[INFO] [stderr]    Compiling url v2.2.2
[INFO] [stderr]    Compiling rowan v0.12.6
[INFO] [stderr]    Compiling rnix v0.10.2
[INFO] [stderr]    Compiling lsp-types v0.89.2
[INFO] [stderr]    Compiling lsp-server v0.5.2
[INFO] [stderr]    Compiling nixpkgs-fmt-rnix v1.2.0
[INFO] [stderr]    Compiling rnix-lsp v0.2.5 (/opt/rustwide/workdir)
[INFO] [stderr]     Finished `release` profile [optimized] target(s) in 52.77s
[INFO] running `Command { std: "docker" "inspect" "567728a69559c3f8f2fa69e578d748f1a75e6f84de3b520845dce2edbd35a3e0", kill_on_drop: false }`
[INFO] running `Command { std: "docker" "exec" "-e" "SOURCE_DIR=/opt/rustwide/workdir" "-e" "CARGO_HOME=/opt/rustwide/cargo-home" "-e" "RUSTUP_HOME=/opt/rustwide/rustup-home" "-e" "CARGO_TARGET_DIR=/opt/rustwide/target" "-e" "CARGO_INCREMENTAL=0" "-e" "RUST_BACKTRACE=full" "-e" "RUSTFLAGS=--cap-lints=warn" "-e" "RUSTDOCFLAGS=--cap-lints=warn" "-w" "/opt/rustwide/workdir" "--user" "0:0" "567728a69559c3f8f2fa69e578d748f1a75e6f84de3b520845dce2edbd35a3e0" "/opt/rustwide/cargo-home/bin/cargo" "+1.99.0-beta.8" "test" "--frozen" "--no-run" "--message-format=json" "--release", kill_on_drop: false }`
[INFO] [stderr]    Compiling rnix-lsp v0.2.5 (/opt/rustwide/workdir)
[INFO] [stderr]     Finished `release` profile [optimized] target(s) in 2.43s
[INFO] running `Command { std: "docker" "inspect" "567728a69559c3f8f2fa69e578d748f1a75e6f84de3b520845dce2edbd35a3e0", kill_on_drop: false }`
[INFO] running `Command { std: "docker" "exec" "-e" "SOURCE_DIR=/opt/rustwide/workdir" "-e" "CARGO_HOME=/opt/rustwide/cargo-home" "-e" "RUSTUP_HOME=/opt/rustwide/rustup-home" "-e" "CARGO_TARGET_DIR=/opt/rustwide/target" "-e" "CARGO_INCREMENTAL=0" "-e" "RUST_BACKTRACE=full" "-e" "RUSTFLAGS=--cap-lints=warn" "-e" "RUSTDOCFLAGS=--cap-lints=warn" "-w" "/opt/rustwide/workdir" "--user" "0:0" "567728a69559c3f8f2fa69e578d748f1a75e6f84de3b520845dce2edbd35a3e0" "/opt/rustwide/cargo-home/bin/cargo" "+1.99.0-beta.8" "test" "--frozen" "--release", kill_on_drop: false }`
[INFO] [stderr]     Finished `release` profile [optimized] target(s) in 0.08s
[INFO] [stderr]      Running unittests src/main.rs (/opt/rustwide/target/release/deps/rnix_lsp-b8ddc1e5ae4748c7)
[INFO] [stdout] 
[INFO] [stdout] running 17 tests
[INFO] [stdout] test utils::tests::test_find_ident ... ok
[INFO] [stdout] test utils::tests::test_inherit_ident ... ok
[INFO] [stdout] test lookup::tests::test_builtin_from_dump_builtins ... ok
[INFO] [stdout] test utils::tests::test_lookup_pos_in_expr ... ok
[INFO] [stdout] test lookup::tests::test_builtin_fallback ... ok
[INFO] [stdout] test utils::tests::test_offset_across_multiple_lines ... ok
[INFO] [stdout] test utils::tests::test_populate_scope ... ok
[INFO] [stdout] test lookup::tests::test_find_inherit_scope ... ok
[INFO] [stdout] test lookup::tests::test_suggest_let_in_variable ... ok
[INFO] [stdout] test utils::tests::test_ident_attr_path ... ok
[INFO] [stdout] test lookup::tests::test_ident_traverse_attr_path ... ok
[INFO] [stdout] test utils::tests::test_populate_scope_legacy_let ... ok
[INFO] [stdout] test utils::tests::test_offset_too_large - should panic ... ok
[INFO] [stdout] test utils::tests::test_lookup_pos_out_of_range ... ok
[INFO] [stdout] test utils::tests::test_get_offset_from_nix_expr ... ok
[INFO] [stdout] test lookup::tests::test_provide_builtins_non_mac ... FAILED
[INFO] [stdout] test lookup::tests::test_provide_builtins ... ok
[INFO] [stdout] 
[INFO] [stdout] failures:
[INFO] [stdout] 
[INFO] [stdout] ---- lookup::tests::test_provide_builtins_non_mac stdout ----
[INFO] [stdout] 
[INFO] [stdout] thread 'lookup::tests::test_provide_builtins_non_mac' (1201) panicked at src/lookup.rs:331:9:
[INFO] [stdout] assertion failed: val.1.get("abort").unwrap().documentation.is_some()
[INFO] [stdout] stack backtrace:
[INFO] [stdout]    0:     0x5c9e961e9041 - <<std[70759c8f55707aa4]::sys::backtrace::BacktraceLock>::print::DisplayBacktrace as core[df12db4294e9bfd3]::fmt::Display>::fmt
[INFO] [stdout]    1:     0x5c9e961fec1a - core[df12db4294e9bfd3]::fmt::write
[INFO] [stdout]    2:     0x5c9e961ed58c - <alloc[2182bb758b4b3781]::vec::Vec<u8> as core[df12db4294e9bfd3]::io::write::Write>::write_fmt
[INFO] [stdout]    3:     0x5c9e961c51c6 - std[70759c8f55707aa4]::panicking::default_hook::{closure#0}
[INFO] [stdout]    4:     0x5c9e961e1439 - std[70759c8f55707aa4]::panicking::default_hook
[INFO] [stdout]    5:     0x5c9e960d93d0 - test[9d35eded1c95d3be]::test_main_inner::<test[9d35eded1c95d3be]::test_main_static::{closure#0}>::{closure#0}
[INFO] [stdout]    6:     0x5c9e961e15f2 - std[70759c8f55707aa4]::panicking::panic_with_hook
[INFO] [stdout]    7:     0x5c9e961c52a4 - std[70759c8f55707aa4]::panicking::panic_handler::{closure#0}
[INFO] [stdout]    8:     0x5c9e961bde39 - std[70759c8f55707aa4]::sys::backtrace::__rust_end_short_backtrace::<std[70759c8f55707aa4]::panicking::panic_handler::{closure#0}, !>
[INFO] [stdout]    9:     0x5c9e961c5e6d - __rustc[8fa7c3cbc660c2b3]::rust_begin_unwind
[INFO] [stdout]   10:     0x5c9e961ff37c - core[df12db4294e9bfd3]::panicking::panic_fmt
[INFO] [stdout]   11:     0x5c9e961ff342 - core[df12db4294e9bfd3]::panicking::panic
[INFO] [stdout]   12:     0x5c9e960caea8 - rnix_lsp[8684cd37f0297ac6]::lookup::tests::test_provide_builtins_non_mac
[INFO] [stdout]   13:     0x5c9e960bff59 - <rnix_lsp[8684cd37f0297ac6]::lookup::tests::test_provide_builtins_non_mac::{closure#0} as core[df12db4294e9bfd3]::ops::function::FnOnce<()>>::call_once
[INFO] [stdout]   14:     0x5c9e960cc6bb - test[9d35eded1c95d3be]::__rust_begin_short_backtrace::<core[df12db4294e9bfd3]::result::Result<(), alloc[2182bb758b4b3781]::string::String>, fn() -> core[df12db4294e9bfd3]::result::Result<(), alloc[2182bb758b4b3781]::string::String>>
[INFO] [stdout]   15:     0x5c9e960d9d25 - test[9d35eded1c95d3be]::run_test::{closure#0}
[INFO] [stdout]   16:     0x5c9e960d35e4 - std[70759c8f55707aa4]::sys::backtrace::__rust_begin_short_backtrace::<test[9d35eded1c95d3be]::run_test::{closure#1}, ()>
[INFO] [stdout]   17:     0x5c9e960dce82 - <std[70759c8f55707aa4]::thread::lifecycle::spawn_unchecked<test[9d35eded1c95d3be]::run_test::{closure#1}, ()>::{closure#1} as core[df12db4294e9bfd3]::ops::function::FnOnce<()>>::call_once::{shim:vtable#0}
[INFO] [stdout]   18:     0x5c9e961e85a9 - <std[70759c8f55707aa4]::sys::thread::unix::Thread>::new::thread_start
[INFO] [stdout]   19:     0x7a69b2b91dfa - <unknown>
[INFO] [stdout]   20:     0x7a69b2c253d4 - clone
[INFO] [stdout]   21:                0x0 - <unknown>
[INFO] [stdout] 
[INFO] [stdout] 
[INFO] [stdout] failures:
[INFO] [stdout]     lookup::tests::test_provide_builtins_non_mac
[INFO] [stdout] 
[INFO] [stdout] test result: FAILED. 16 passed; 1 failed; 0 ignored; 0 measured; 0 filtered out; finished in 0.07s
[INFO] [stdout] 
[INFO] [stderr] error: test failed, to rerun pass `--bin rnix-lsp`
[INFO] running `Command { std: "docker" "inspect" "567728a69559c3f8f2fa69e578d748f1a75e6f84de3b520845dce2edbd35a3e0", kill_on_drop: false }`
[INFO] running `Command { std: "docker" "rm" "-f" "567728a69559c3f8f2fa69e578d748f1a75e6f84de3b520845dce2edbd35a3e0", kill_on_drop: false }`
[INFO] [stdout] 567728a69559c3f8f2fa69e578d748f1a75e6f84de3b520845dce2edbd35a3e0
