[INFO] fetching crate rnix-hashes 0.2.0...
[INFO] testing rnix-hashes-0.2.0 against 1.99.0-beta.8+cargoflags=--release for beta-release-1.100-2
[INFO] extracting crate rnix-hashes 0.2.0 into /workspace/builds/worker-2-tc1/source
[INFO] started tweaking crates.io crate rnix-hashes 0.2.0
[INFO] finished tweaking crates.io crate rnix-hashes 0.2.0
[INFO] tweaked toml for crates.io crate rnix-hashes 0.2.0 written to /workspace/builds/worker-2-tc1/source/Cargo.toml
[INFO] validating manifest of crates.io crate rnix-hashes 0.2.0 on toolchain 1.99.0-beta.8
[INFO] running `Command { std: CARGO_HOME="/workspace/cargo-home" RUSTUP_HOME="/workspace/rustup-home" "/workspace/cargo-home/bin/cargo" "+1.99.0-beta.8" "metadata" "--manifest-path" "Cargo.toml" "--no-deps", kill_on_drop: false }`
[INFO] crate crates.io crate rnix-hashes 0.2.0 already has a lockfile, it will not be regenerated
[INFO] running `Command { std: CARGO_HOME="/workspace/cargo-home" RUSTUP_HOME="/workspace/rustup-home" "/workspace/cargo-home/bin/cargo" "+1.99.0-beta.8" "fetch" "--manifest-path" "Cargo.toml", kill_on_drop: false }`
[INFO] [stderr]     Blocking waiting for file lock on package cache
[INFO] [stderr]  Downloading crates ...
[INFO] [stderr]   Downloaded unindent v0.1.6
[INFO] [stderr]   Downloaded textwrap v0.9.0
[INFO] [stderr]   Downloaded bitflags v0.9.1
[INFO] [stderr]   Downloaded strsim v0.6.0
[INFO] [stderr]   Downloaded ansi_term v0.9.0
[INFO] [stderr]   Downloaded clap v2.27.1
[INFO] [stderr]   Downloaded libc v0.2.71
[INFO] running `Command { std: "docker" "create" "-v" "/var/lib/crater-agent-workspace/builds/worker-2-tc1/source:/opt/rustwide/workdir:ro,Z" "-v" "/var/lib/crater-agent-workspace/builds/worker-2-tc1/target:/opt/rustwide/target:rw,Z" "-v" "/var/lib/crater-agent-workspace/cargo-home:/opt/rustwide/cargo-home:ro,Z" "-v" "/var/lib/crater-agent-workspace/rustup-home:/opt/rustwide/rustup-home:ro,Z" "-m" "1610612736" "--network" "none" "ghcr.io/rust-lang/crates-build-env/linux@sha256:77db811e55d90add9212f6832c23229e3de5f1c1f9905e8cb07319ea15df73ac" "sleep" "infinity", kill_on_drop: false }`
[INFO] [stdout] 54ee12a1054c205f36445ba97c43a6d67b01075886354e53c75816e19670a54f
[INFO] running `Command { std: "docker" "start" "54ee12a1054c205f36445ba97c43a6d67b01075886354e53c75816e19670a54f", kill_on_drop: false }`
[INFO] running `Command { std: "docker" "inspect" "54ee12a1054c205f36445ba97c43a6d67b01075886354e53c75816e19670a54f", kill_on_drop: false }`
[INFO] running `Command { std: "docker" "exec" "-e" "SOURCE_DIR=/opt/rustwide/workdir" "-e" "CARGO_HOME=/opt/rustwide/cargo-home" "-e" "RUSTUP_HOME=/opt/rustwide/rustup-home" "-e" "CARGO_TARGET_DIR=/opt/rustwide/target" "-w" "/opt/rustwide/workdir" "--user" "0:0" "54ee12a1054c205f36445ba97c43a6d67b01075886354e53c75816e19670a54f" "/opt/rustwide/cargo-home/bin/cargo" "+1.99.0-beta.8" "metadata" "--no-deps" "--format-version=1", kill_on_drop: false }`
[INFO] running `Command { std: "docker" "inspect" "54ee12a1054c205f36445ba97c43a6d67b01075886354e53c75816e19670a54f", kill_on_drop: false }`
[INFO] running `Command { std: "docker" "exec" "-e" "SOURCE_DIR=/opt/rustwide/workdir" "-e" "CARGO_HOME=/opt/rustwide/cargo-home" "-e" "RUSTUP_HOME=/opt/rustwide/rustup-home" "-e" "CARGO_TARGET_DIR=/opt/rustwide/target" "-e" "CARGO_INCREMENTAL=0" "-e" "RUST_BACKTRACE=full" "-e" "RUSTFLAGS=--cap-lints=warn" "-e" "RUSTDOCFLAGS=--cap-lints=warn" "-w" "/opt/rustwide/workdir" "--user" "0:0" "54ee12a1054c205f36445ba97c43a6d67b01075886354e53c75816e19670a54f" "/opt/rustwide/cargo-home/bin/cargo" "+1.99.0-beta.8" "build" "--frozen" "--message-format=json" "--release", kill_on_drop: false }`
[INFO] [stderr]    Compiling libc v0.2.71
[INFO] [stderr]    Compiling unicode-width v0.1.7
[INFO] [stderr]    Compiling ansi_term v0.9.0
[INFO] [stderr]    Compiling strsim v0.6.0
[INFO] [stderr]    Compiling bitflags v0.9.1
[INFO] [stderr]    Compiling unindent v0.1.6
[INFO] [stderr]    Compiling base64 v0.12.3
[INFO] [stderr]    Compiling base16 v0.2.1
[INFO] [stderr]    Compiling textwrap v0.9.0
[INFO] [stderr]    Compiling atty v0.2.14
[INFO] [stderr]    Compiling clap v2.27.1
[INFO] [stderr]    Compiling rnix-hashes v0.2.0 (/opt/rustwide/workdir)
[INFO] [stdout] warning: unexpected `cfg` condition value: `std`
[INFO] [stdout]  --> src/base32.rs:3:11
[INFO] [stdout]   |
[INFO] [stdout] 3 | #[cfg(any(feature = "std", test))]
[INFO] [stdout]   |           ^^^^^^^^^^^^^^^ help: remove the condition
[INFO] [stdout]   |
[INFO] [stdout]   = note: no expected values for `feature`
[INFO] [stdout]   = help: consider adding `std` as a feature in `Cargo.toml`
[INFO] [stdout]   = note: see <https://doc.rust-lang.org/nightly/rustc/check-cfg/cargo-specifics.html> for more information about checking conditional configuration
[INFO] [stdout]   = note: `#[warn(unexpected_cfgs)]` on by default
[INFO] [stdout] 
[INFO] [stdout] 
[INFO] [stdout] warning: unexpected `cfg` condition value: `std`
[INFO] [stdout]   --> src/base32.rs:82:11
[INFO] [stdout]    |
[INFO] [stdout] 82 | #[cfg(any(feature = "std", test))]
[INFO] [stdout]    |           ^^^^^^^^^^^^^^^ help: remove the condition
[INFO] [stdout]    |
[INFO] [stdout]    = note: no expected values for `feature`
[INFO] [stdout]    = help: consider adding `std` as a feature in `Cargo.toml`
[INFO] [stdout]    = note: see <https://doc.rust-lang.org/nightly/rustc/check-cfg/cargo-specifics.html> for more information about checking conditional configuration
[INFO] [stdout] 
[INFO] [stdout] 
[INFO] [stdout] warning: unexpected `cfg` condition value: `std`
[INFO] [stdout]  --> src/hash/types.rs:2:11
[INFO] [stdout]   |
[INFO] [stdout] 2 | #[cfg(any(feature = "std", test))]
[INFO] [stdout]   |           ^^^^^^^^^^^^^^^ help: remove the condition
[INFO] [stdout]   |
[INFO] [stdout]   = note: no expected values for `feature`
[INFO] [stdout]   = help: consider adding `std` as a feature in `Cargo.toml`
[INFO] [stdout]   = note: see <https://doc.rust-lang.org/nightly/rustc/check-cfg/cargo-specifics.html> for more information about checking conditional configuration
[INFO] [stdout] 
[INFO] [stdout] 
[INFO] [stdout] warning: unexpected `cfg` condition value: `std`
[INFO] [stdout]   --> src/hash/types.rs:39:11
[INFO] [stdout]    |
[INFO] [stdout] 39 | #[cfg(any(feature = "std", test))]
[INFO] [stdout]    |           ^^^^^^^^^^^^^^^ help: remove the condition
[INFO] [stdout]    |
[INFO] [stdout]    = note: no expected values for `feature`
[INFO] [stdout]    = help: consider adding `std` as a feature in `Cargo.toml`
[INFO] [stdout]    = note: see <https://doc.rust-lang.org/nightly/rustc/check-cfg/cargo-specifics.html> for more information about checking conditional configuration
[INFO] [stdout] 
[INFO] [stdout] 
[INFO] [stderr]     Finished `release` profile [optimized] target(s) in 18.15s
[INFO] running `Command { std: "docker" "inspect" "54ee12a1054c205f36445ba97c43a6d67b01075886354e53c75816e19670a54f", kill_on_drop: false }`
[INFO] running `Command { std: "docker" "exec" "-e" "SOURCE_DIR=/opt/rustwide/workdir" "-e" "CARGO_HOME=/opt/rustwide/cargo-home" "-e" "RUSTUP_HOME=/opt/rustwide/rustup-home" "-e" "CARGO_TARGET_DIR=/opt/rustwide/target" "-e" "CARGO_INCREMENTAL=0" "-e" "RUST_BACKTRACE=full" "-e" "RUSTFLAGS=--cap-lints=warn" "-e" "RUSTDOCFLAGS=--cap-lints=warn" "-w" "/opt/rustwide/workdir" "--user" "0:0" "54ee12a1054c205f36445ba97c43a6d67b01075886354e53c75816e19670a54f" "/opt/rustwide/cargo-home/bin/cargo" "+1.99.0-beta.8" "test" "--frozen" "--no-run" "--message-format=json" "--release", kill_on_drop: false }`
[INFO] [stderr]    Compiling rnix-hashes v0.2.0 (/opt/rustwide/workdir)
[INFO] [stdout] warning: unexpected `cfg` condition value: `std`
[INFO] [stdout]  --> src/base32.rs:3:11
[INFO] [stdout]   |
[INFO] [stdout] 3 | #[cfg(any(feature = "std", test))]
[INFO] [stdout]   |           ^^^^^^^^^^^^^^^ help: remove the condition
[INFO] [stdout]   |
[INFO] [stdout]   = note: no expected values for `feature`
[INFO] [stdout]   = help: consider adding `std` as a feature in `Cargo.toml`
[INFO] [stdout]   = note: see <https://doc.rust-lang.org/nightly/rustc/check-cfg/cargo-specifics.html> for more information about checking conditional configuration
[INFO] [stdout]   = note: `#[warn(unexpected_cfgs)]` on by default
[INFO] [stdout] 
[INFO] [stdout] 
[INFO] [stdout] warning: unexpected `cfg` condition value: `std`
[INFO] [stdout]   --> src/base32.rs:82:11
[INFO] [stdout]    |
[INFO] [stdout] 82 | #[cfg(any(feature = "std", test))]
[INFO] [stdout]    |           ^^^^^^^^^^^^^^^ help: remove the condition
[INFO] [stdout]    |
[INFO] [stdout]    = note: no expected values for `feature`
[INFO] [stdout]    = help: consider adding `std` as a feature in `Cargo.toml`
[INFO] [stdout]    = note: see <https://doc.rust-lang.org/nightly/rustc/check-cfg/cargo-specifics.html> for more information about checking conditional configuration
[INFO] [stdout] 
[INFO] [stdout] 
[INFO] [stdout] warning: unexpected `cfg` condition value: `std`
[INFO] [stdout]  --> src/hash/types.rs:2:11
[INFO] [stdout]   |
[INFO] [stdout] 2 | #[cfg(any(feature = "std", test))]
[INFO] [stdout]   |           ^^^^^^^^^^^^^^^ help: remove the condition
[INFO] [stdout]   |
[INFO] [stdout]   = note: no expected values for `feature`
[INFO] [stdout]   = help: consider adding `std` as a feature in `Cargo.toml`
[INFO] [stdout]   = note: see <https://doc.rust-lang.org/nightly/rustc/check-cfg/cargo-specifics.html> for more information about checking conditional configuration
[INFO] [stdout] 
[INFO] [stdout] 
[INFO] [stdout] warning: unexpected `cfg` condition value: `std`
[INFO] [stdout]   --> src/hash/types.rs:39:11
[INFO] [stdout]    |
[INFO] [stdout] 39 | #[cfg(any(feature = "std", test))]
[INFO] [stdout]    |           ^^^^^^^^^^^^^^^ help: remove the condition
[INFO] [stdout]    |
[INFO] [stdout]    = note: no expected values for `feature`
[INFO] [stdout]    = help: consider adding `std` as a feature in `Cargo.toml`
[INFO] [stdout]    = note: see <https://doc.rust-lang.org/nightly/rustc/check-cfg/cargo-specifics.html> for more information about checking conditional configuration
[INFO] [stdout] 
[INFO] [stdout] 
[INFO] [stderr]     Finished `release` profile [optimized] target(s) in 0.73s
[INFO] running `Command { std: "docker" "inspect" "54ee12a1054c205f36445ba97c43a6d67b01075886354e53c75816e19670a54f", kill_on_drop: false }`
[INFO] running `Command { std: "docker" "exec" "-e" "SOURCE_DIR=/opt/rustwide/workdir" "-e" "CARGO_HOME=/opt/rustwide/cargo-home" "-e" "RUSTUP_HOME=/opt/rustwide/rustup-home" "-e" "CARGO_TARGET_DIR=/opt/rustwide/target" "-e" "CARGO_INCREMENTAL=0" "-e" "RUST_BACKTRACE=full" "-e" "RUSTFLAGS=--cap-lints=warn" "-e" "RUSTDOCFLAGS=--cap-lints=warn" "-w" "/opt/rustwide/workdir" "--user" "0:0" "54ee12a1054c205f36445ba97c43a6d67b01075886354e53c75816e19670a54f" "/opt/rustwide/cargo-home/bin/cargo" "+1.99.0-beta.8" "test" "--frozen" "--release", kill_on_drop: false }`
[INFO] [stderr] warning: unexpected `cfg` condition value: `std`
[INFO] [stderr]  --> src/base32.rs:3:11
[INFO] [stderr]   |
[INFO] [stderr] 3 | #[cfg(any(feature = "std", test))]
[INFO] [stderr]   |           ^^^^^^^^^^^^^^^ help: remove the condition
[INFO] [stderr]   |
[INFO] [stderr]   = note: no expected values for `feature`
[INFO] [stderr]   = help: consider adding `std` as a feature in `Cargo.toml`
[INFO] [stderr]   = note: see <https://doc.rust-lang.org/nightly/rustc/check-cfg/cargo-specifics.html> for more information about checking conditional configuration
[INFO] [stderr]   = note: `#[warn(unexpected_cfgs)]` on by default
[INFO] [stderr] 
[INFO] [stderr] warning: unexpected `cfg` condition value: `std`
[INFO] [stderr]   --> src/base32.rs:82:11
[INFO] [stderr]    |
[INFO] [stderr] 82 | #[cfg(any(feature = "std", test))]
[INFO] [stderr]    |           ^^^^^^^^^^^^^^^ help: remove the condition
[INFO] [stderr]    |
[INFO] [stderr]    = note: no expected values for `feature`
[INFO] [stderr]    = help: consider adding `std` as a feature in `Cargo.toml`
[INFO] [stderr]    = note: see <https://doc.rust-lang.org/nightly/rustc/check-cfg/cargo-specifics.html> for more information about checking conditional configuration
[INFO] [stderr] 
[INFO] [stderr] warning: unexpected `cfg` condition value: `std`
[INFO] [stderr]  --> src/hash/types.rs:2:11
[INFO] [stderr]   |
[INFO] [stderr] 2 | #[cfg(any(feature = "std", test))]
[INFO] [stderr]   |           ^^^^^^^^^^^^^^^ help: remove the condition
[INFO] [stderr]   |
[INFO] [stderr]   = note: no expected values for `feature`
[INFO] [stderr]   = help: consider adding `std` as a feature in `Cargo.toml`
[INFO] [stderr]   = note: see <https://doc.rust-lang.org/nightly/rustc/check-cfg/cargo-specifics.html> for more information about checking conditional configuration
[INFO] [stderr] 
[INFO] [stderr] warning: unexpected `cfg` condition value: `std`
[INFO] [stderr]   --> src/hash/types.rs:39:11
[INFO] [stderr]    |
[INFO] [stderr] 39 | #[cfg(any(feature = "std", test))]
[INFO] [stderr]    |           ^^^^^^^^^^^^^^^ help: remove the condition
[INFO] [stderr]    |
[INFO] [stderr]    = note: no expected values for `feature`
[INFO] [stderr]    = help: consider adding `std` as a feature in `Cargo.toml`
[INFO] [stderr]    = note: see <https://doc.rust-lang.org/nightly/rustc/check-cfg/cargo-specifics.html> for more information about checking conditional configuration
[INFO] [stderr] 
[INFO] [stderr] warning: `rnix-hashes` (bin "rnix-hashes" test) generated 4 warnings
[INFO] [stderr]     Finished `release` profile [optimized] target(s) in 0.02s
[INFO] [stderr]      Running unittests src/main.rs (/opt/rustwide/target/release/deps/rnix_hashes-fa01a3ffe170c8df)
[INFO] [stdout] 
[INFO] [stdout] running 13 tests
[INFO] [stdout] test hash::encoding::tests::test_find_encoding_sha256 ... ok
[INFO] [stdout] test hash::tests::test_opt_pbase32 ... ok
[INFO] [stdout] test hash::tests::test_opt_pbase16 ... ok
[INFO] [stdout] test hash::tests::test_opt_all ... FAILED
[INFO] [stdout] test hash::tests::test_opt_base16 ... ok
[INFO] [stdout] test hash::encoding::tests::test_get_encoding ... ok
[INFO] [stdout] test hash::tests::test_opt_base32 ... ok
[INFO] [stdout] test hash::tests::test_opt_base64 ... ok
[INFO] [stdout] test hash::types::tests::test_from_type ... ok
[INFO] [stdout] test hash::types::tests::test_into_type ... ok
[INFO] [stdout] test hash::tests::test_opt_pbase64 ... ok
[INFO] [stdout] test hash::types::tests::test_find_hash ... ok
[INFO] [stdout] test hash::tests::test_opt_sri ... FAILED
[INFO] [stdout] 
[INFO] [stdout] failures:
[INFO] [stdout] 
[INFO] [stdout] ---- hash::tests::test_opt_all stdout ----
[INFO] [stdout] 
[INFO] [stdout] thread 'hash::tests::test_opt_all' (336) panicked at src/hash.rs:218:9:
[INFO] [stdout] assertion `left == right` failed
[INFO] [stdout]   left: "SRI\tsha256-Y39OVtscIh6VSH4WBwCDM/eGPFEOxzXtgnHU708CnqU=\nbase16\t637f4e56db1c221e95487e1607008333f7863c510ec735ed8271d4ef4f029ea5\nbase32\t19cy097yzm3ihbnkbiqfa4y8dxrkhc00f5ky92aiw8hwvdb4wzv3\nbase64\tY39OVtscIh6VSH4WBwCDM/eGPFEOxzXtgnHU708CnqU=\n"
[INFO] [stdout]  right: "\n        SRI \tsha256-Y39OVtscIh6VSH4WBwCDM/eGPFEOxzXtgnHU708CnqU=\n        base16\t637f4e56db1c221e95487e1607008333f7863c510ec735ed8271d4ef4f029ea5\n        base32\t19cy097yzm3ihbnkbiqfa4y8dxrkhc00f5ky92aiw8hwvdb4wzv3\n        base64\tY39OVtscIh6VSH4WBwCDM/eGPFEOxzXtgnHU708CnqU=\n        "
[INFO] [stdout] stack backtrace:
[INFO] [stdout]    0:     0x5b1c452b2b41 - <<std[70759c8f55707aa4]::sys::backtrace::BacktraceLock>::print::DisplayBacktrace as core[df12db4294e9bfd3]::fmt::Display>::fmt
[INFO] [stdout]    1:     0x5b1c452c6ffa - core[df12db4294e9bfd3]::fmt::write
[INFO] [stdout]    2:     0x5b1c452b708c - <alloc[2182bb758b4b3781]::vec::Vec<u8> as core[df12db4294e9bfd3]::io::write::Write>::write_fmt
[INFO] [stdout]    3:     0x5b1c4528f136 - std[70759c8f55707aa4]::panicking::default_hook::{closure#0}
[INFO] [stdout]    4:     0x5b1c452ab2a9 - std[70759c8f55707aa4]::panicking::default_hook
[INFO] [stdout]    5:     0x5b1c45246590 - test[9d35eded1c95d3be]::test_main_inner::<test[9d35eded1c95d3be]::test_main_static::{closure#0}>::{closure#0}
[INFO] [stdout]    6:     0x5b1c452ab462 - std[70759c8f55707aa4]::panicking::panic_with_hook
[INFO] [stdout]    7:     0x5b1c4528f1e2 - std[70759c8f55707aa4]::panicking::panic_handler::{closure#0}
[INFO] [stdout]    8:     0x5b1c45287f39 - std[70759c8f55707aa4]::sys::backtrace::__rust_end_short_backtrace::<std[70759c8f55707aa4]::panicking::panic_handler::{closure#0}, !>
[INFO] [stdout]    9:     0x5b1c4528fddd - __rustc[8fa7c3cbc660c2b3]::rust_begin_unwind
[INFO] [stdout]   10:     0x5b1c452c772c - core[df12db4294e9bfd3]::panicking::panic_fmt
[INFO] [stdout]   11:     0x5b1c452c7643 - core[df12db4294e9bfd3]::panicking::assert_failed_inner
[INFO] [stdout]   12:     0x5b1c4523770d - core[df12db4294e9bfd3]::panicking::assert_failed::<alloc[2182bb758b4b3781]::string::String, &str>
[INFO] [stdout]   13:     0x5b1c452385b9 - <rnix_hashes[d1c39ba626866cb9]::hash::tests::test_opt_all::{closure#0} as core[df12db4294e9bfd3]::ops::function::FnOnce<()>>::call_once
[INFO] [stdout]   14:     0x5b1c4523987b - test[9d35eded1c95d3be]::__rust_begin_short_backtrace::<core[df12db4294e9bfd3]::result::Result<(), alloc[2182bb758b4b3781]::string::String>, fn() -> core[df12db4294e9bfd3]::result::Result<(), alloc[2182bb758b4b3781]::string::String>>
[INFO] [stdout]   15:     0x5b1c45246ee5 - test[9d35eded1c95d3be]::run_test::{closure#0}
[INFO] [stdout]   16:     0x5b1c452407a4 - std[70759c8f55707aa4]::sys::backtrace::__rust_begin_short_backtrace::<test[9d35eded1c95d3be]::run_test::{closure#1}, ()>
[INFO] [stdout]   17:     0x5b1c4524a042 - <std[70759c8f55707aa4]::thread::lifecycle::spawn_unchecked<test[9d35eded1c95d3be]::run_test::{closure#1}, ()>::{closure#1} as core[df12db4294e9bfd3]::ops::function::FnOnce<()>>::call_once::{shim:vtable#0}
[INFO] [stdout]   18:     0x5b1c452b2419 - <std[70759c8f55707aa4]::sys::thread::unix::Thread>::new::thread_start
[INFO] [stdout]   19:     0x7a76edfa3dfa - <unknown>
[INFO] [stdout]   20:     0x7a76ee0373d4 - clone
[INFO] [stdout]   21:                0x0 - <unknown>
[INFO] [stdout] 
[INFO] [stdout] ---- hash::tests::test_opt_sri stdout ----
[INFO] [stdout] 
[INFO] [stdout] thread 'hash::tests::test_opt_sri' (343) panicked at src/hash.rs:213:9:
[INFO] [stdout] assertion `left == right` failed
[INFO] [stdout]   left: "SRI\tsha256-Y39OVtscIh6VSH4WBwCDM/eGPFEOxzXtgnHU708CnqU="
[INFO] [stdout]  right: "SRI \tsha256-Y39OVtscIh6VSH4WBwCDM/eGPFEOxzXtgnHU708CnqU="
[INFO] [stdout] stack backtrace:
[INFO] [stdout]    0:     0x5b1c452b2b41 - <<std[70759c8f55707aa4]::sys::backtrace::BacktraceLock>::print::DisplayBacktrace as core[df12db4294e9bfd3]::fmt::Display>::fmt
[INFO] [stdout]    1:     0x5b1c452c6ffa - core[df12db4294e9bfd3]::fmt::write
[INFO] [stdout]    2:     0x5b1c452b708c - <alloc[2182bb758b4b3781]::vec::Vec<u8> as core[df12db4294e9bfd3]::io::write::Write>::write_fmt
[INFO] [stdout]    3:     0x5b1c4528f136 - std[70759c8f55707aa4]::panicking::default_hook::{closure#0}
[INFO] [stdout]    4:     0x5b1c452ab2a9 - std[70759c8f55707aa4]::panicking::default_hook
[INFO] [stdout]    5:     0x5b1c45246590 - test[9d35eded1c95d3be]::test_main_inner::<test[9d35eded1c95d3be]::test_main_static::{closure#0}>::{closure#0}
[INFO] [stdout]    6:     0x5b1c452ab462 - std[70759c8f55707aa4]::panicking::panic_with_hook
[INFO] [stdout]    7:     0x5b1c4528f1e2 - std[70759c8f55707aa4]::panicking::panic_handler::{closure#0}
[INFO] [stdout]    8:     0x5b1c45287f39 - std[70759c8f55707aa4]::sys::backtrace::__rust_end_short_backtrace::<std[70759c8f55707aa4]::panicking::panic_handler::{closure#0}, !>
[INFO] [stdout]    9:     0x5b1c4528fddd - __rustc[8fa7c3cbc660c2b3]::rust_begin_unwind
[INFO] [stdout]   10:     0x5b1c452c772c - core[df12db4294e9bfd3]::panicking::panic_fmt
[INFO] [stdout]   11:     0x5b1c452c7643 - core[df12db4294e9bfd3]::panicking::assert_failed_inner
[INFO] [stdout]   12:     0x5b1c4523770d - core[df12db4294e9bfd3]::panicking::assert_failed::<alloc[2182bb758b4b3781]::string::String, &str>
[INFO] [stdout]   13:     0x5b1c45238670 - <rnix_hashes[d1c39ba626866cb9]::hash::tests::test_opt_sri::{closure#0} as core[df12db4294e9bfd3]::ops::function::FnOnce<()>>::call_once
[INFO] [stdout]   14:     0x5b1c4523987b - test[9d35eded1c95d3be]::__rust_begin_short_backtrace::<core[df12db4294e9bfd3]::result::Result<(), alloc[2182bb758b4b3781]::string::String>, fn() -> core[df12db4294e9bfd3]::result::Result<(), alloc[2182bb758b4b3781]::string::String>>
[INFO] [stdout]   15:     0x5b1c45246ee5 - test[9d35eded1c95d3be]::run_test::{closure#0}
[INFO] [stdout]   16:     0x5b1c452407a4 - std[70759c8f55707aa4]::sys::backtrace::__rust_begin_short_backtrace::<test[9d35eded1c95d3be]::run_test::{closure#1}, ()>
[INFO] [stdout]   17:     0x5b1c4524a042 - <std[70759c8f55707aa4]::thread::lifecycle::spawn_unchecked<test[9d35eded1c95d3be]::run_test::{closure#1}, ()>::{closure#1} as core[df12db4294e9bfd3]::ops::function::FnOnce<()>>::call_once::{shim:vtable#0}
[INFO] [stdout]   18:     0x5b1c452b2419 - <std[70759c8f55707aa4]::sys::thread::unix::Thread>::new::thread_start
[INFO] [stdout]   19:     0x7a76edfa3dfa - <unknown>
[INFO] [stdout]   20:     0x7a76ee0373d4 - clone
[INFO] [stdout]   21:                0x0 - <unknown>
[INFO] [stdout] 
[INFO] [stdout] 
[INFO] [stdout] failures:
[INFO] [stdout]     hash::tests::test_opt_all
[INFO] [stdout]     hash::tests::test_opt_sri
[INFO] [stdout] 
[INFO] [stdout] test result: FAILED. 11 passed; 2 failed; 0 ignored; 0 measured; 0 filtered out; finished in 0.00s
[INFO] [stdout] 
[INFO] [stderr] error: test failed, to rerun pass `--bin rnix-hashes`
[INFO] running `Command { std: "docker" "inspect" "54ee12a1054c205f36445ba97c43a6d67b01075886354e53c75816e19670a54f", kill_on_drop: false }`
[INFO] running `Command { std: "docker" "rm" "-f" "54ee12a1054c205f36445ba97c43a6d67b01075886354e53c75816e19670a54f", kill_on_drop: false }`
[INFO] [stdout] 54ee12a1054c205f36445ba97c43a6d67b01075886354e53c75816e19670a54f
