[INFO] fetching crate rngpui-craby-codegen 0.2.2...
[INFO] testing rngpui-craby-codegen-0.2.2 against 1.100.0-beta.1+cargoflags=--release for beta-release-1.100-2
[INFO] extracting crate rngpui-craby-codegen 0.2.2 into /workspace/builds/worker-1-tc2/source
[INFO] started tweaking crates.io crate rngpui-craby-codegen 0.2.2
[INFO] finished tweaking crates.io crate rngpui-craby-codegen 0.2.2
[INFO] tweaked toml for crates.io crate rngpui-craby-codegen 0.2.2 written to /workspace/builds/worker-1-tc2/source/Cargo.toml
[INFO] validating manifest of crates.io crate rngpui-craby-codegen 0.2.2 on toolchain 1.100.0-beta.1
[INFO] running `Command { std: CARGO_HOME="/workspace/cargo-home" RUSTUP_HOME="/workspace/rustup-home" "/workspace/cargo-home/bin/cargo" "+1.100.0-beta.1" "metadata" "--manifest-path" "Cargo.toml" "--no-deps", kill_on_drop: false }`
[INFO] crate crates.io crate rngpui-craby-codegen 0.2.2 already has a lockfile, it will not be regenerated
[INFO] running `Command { std: CARGO_HOME="/workspace/cargo-home" RUSTUP_HOME="/workspace/rustup-home" "/workspace/cargo-home/bin/cargo" "+1.100.0-beta.1" "fetch" "--manifest-path" "Cargo.toml", kill_on_drop: false }`
[INFO] running `Command { std: "docker" "create" "-v" "/var/lib/crater-agent-workspace/builds/worker-1-tc2/source:/opt/rustwide/workdir:ro,Z" "-v" "/var/lib/crater-agent-workspace/builds/worker-1-tc2/target:/opt/rustwide/target:rw,Z" "-v" "/var/lib/crater-agent-workspace/cargo-home:/opt/rustwide/cargo-home:ro,Z" "-v" "/var/lib/crater-agent-workspace/rustup-home:/opt/rustwide/rustup-home:ro,Z" "-m" "1610612736" "--network" "none" "ghcr.io/rust-lang/crates-build-env/linux@sha256:77db811e55d90add9212f6832c23229e3de5f1c1f9905e8cb07319ea15df73ac" "sleep" "infinity", kill_on_drop: false }`
[INFO] [stdout] 96e03df0e6221b23c78f686d6430a726fe93e0ceb181edc3c19353097f6f224c
[INFO] running `Command { std: "docker" "start" "96e03df0e6221b23c78f686d6430a726fe93e0ceb181edc3c19353097f6f224c", kill_on_drop: false }`
[INFO] running `Command { std: "docker" "inspect" "96e03df0e6221b23c78f686d6430a726fe93e0ceb181edc3c19353097f6f224c", kill_on_drop: false }`
[INFO] running `Command { std: "docker" "exec" "-e" "SOURCE_DIR=/opt/rustwide/workdir" "-e" "CARGO_HOME=/opt/rustwide/cargo-home" "-e" "RUSTUP_HOME=/opt/rustwide/rustup-home" "-e" "CARGO_TARGET_DIR=/opt/rustwide/target" "-w" "/opt/rustwide/workdir" "--user" "0:0" "96e03df0e6221b23c78f686d6430a726fe93e0ceb181edc3c19353097f6f224c" "/opt/rustwide/cargo-home/bin/cargo" "+1.100.0-beta.1" "metadata" "--no-deps" "--format-version=1", kill_on_drop: false }`
[INFO] running `Command { std: "docker" "inspect" "96e03df0e6221b23c78f686d6430a726fe93e0ceb181edc3c19353097f6f224c", kill_on_drop: false }`
[INFO] running `Command { std: "docker" "exec" "-e" "SOURCE_DIR=/opt/rustwide/workdir" "-e" "CARGO_HOME=/opt/rustwide/cargo-home" "-e" "RUSTUP_HOME=/opt/rustwide/rustup-home" "-e" "CARGO_TARGET_DIR=/opt/rustwide/target" "-e" "CARGO_INCREMENTAL=0" "-e" "RUST_BACKTRACE=full" "-e" "RUSTFLAGS=--cap-lints=warn" "-e" "RUSTDOCFLAGS=--cap-lints=warn" "-w" "/opt/rustwide/workdir" "--user" "0:0" "96e03df0e6221b23c78f686d6430a726fe93e0ceb181edc3c19353097f6f224c" "/opt/rustwide/cargo-home/bin/cargo" "+1.100.0-beta.1" "build" "--frozen" "--message-format=json" "--release", kill_on_drop: false }`
[INFO] [stderr]    Compiling proc-macro2 v1.0.103
[INFO] [stderr]    Compiling cfg-if v1.0.1
[INFO] [stderr]    Compiling thiserror v2.0.16
[INFO] [stderr]    Compiling owo-colors v4.2.2
[INFO] [stderr]    Compiling rustversion v1.0.21
[INFO] [stderr]    Compiling unicode-width v0.2.1
[INFO] [stderr]    Compiling unicode-linebreak v0.1.5
[INFO] [stderr]    Compiling smawk v0.3.2
[INFO] [stderr]    Compiling str_indices v0.4.4
[INFO] [stderr]    Compiling phf_shared v0.13.1
[INFO] [stderr]    Compiling hashbrown v0.16.0
[INFO] [stderr]    Compiling bumpalo v3.19.0
[INFO] [stderr]    Compiling memchr v2.7.5
[INFO] [stderr]    Compiling oxc_estree v0.90.0
[INFO] [stderr]    Compiling cow-utils v0.1.3
[INFO] [stderr]    Compiling num-traits v0.2.19
[INFO] [stderr]    Compiling bitflags v2.9.4
[INFO] [stderr]    Compiling unicode-id-start v1.4.0
[INFO] [stderr]    Compiling typenum v1.18.0
[INFO] [stderr]    Compiling nonmax v0.5.5
[INFO] [stderr]    Compiling oxc_index v3.1.0
[INFO] [stderr]    Compiling textwrap v0.16.2
[INFO] [stderr]    Compiling ropey v1.6.1
[INFO] [stderr]    Compiling dragonbox_ecma v0.0.5
[INFO] [stderr]    Compiling phf_generator v0.13.1
[INFO] [stderr]    Compiling phf v0.13.1
[INFO] [stderr]    Compiling serde_json v1.0.141
[INFO] [stderr]    Compiling virtue v0.0.18
[INFO] [stderr]    Compiling deranged v0.4.0
[INFO] [stderr]    Compiling miniz_oxide v0.8.9
[INFO] [stderr]    Compiling quote v1.0.41
[INFO] [stderr]    Compiling castaway v0.2.4
[INFO] [stderr]    Compiling crc32fast v1.5.0
[INFO] [stderr]    Compiling compact_str v0.9.0
[INFO] [stderr]    Compiling aho-corasick v1.1.3
[INFO] [stderr]    Compiling regex-syntax v0.8.5
[INFO] [stderr]    Compiling syn v2.0.108
[INFO] [stderr]    Compiling unty v0.0.4
[INFO] [stderr]    Compiling self_cell v1.2.0
[INFO] [stderr]    Compiling time-core v0.1.4
[INFO] [stderr]    Compiling nom v8.0.0
[INFO] [stderr]    Compiling seq-macro v0.3.6
[INFO] [stderr]    Compiling generic-array v0.14.7
[INFO] [stderr]    Compiling libc v0.2.174
[INFO] [stderr]    Compiling oxc_data_structures v0.90.0
[INFO] [stderr]    Compiling time v0.3.41
[INFO] [stderr]    Compiling bincode_derive v2.0.1
[INFO] [stderr]    Compiling num-integer v0.1.46
[INFO] [stderr]    Compiling flate2 v1.1.2
[INFO] [stderr]    Compiling indexmap v2.11.4
[INFO] [stderr]    Compiling anstyle-parse v0.2.7
[INFO] [stderr]    Compiling oxc_allocator v0.90.0
[INFO] [stderr]    Compiling num-bigint v0.4.6
[INFO] [stderr]    Compiling bincode v2.0.1
[INFO] [stderr]    Compiling log v0.4.27
[INFO] [stderr]    Compiling crypto-common v0.1.6
[INFO] [stderr]    Compiling block-buffer v0.10.4
[INFO] [stderr]    Compiling anstyle v1.0.11
[INFO] [stderr]    Compiling digest v0.10.7
[INFO] [stderr]    Compiling anstyle-query v1.1.3
[INFO] [stderr]    Compiling winnow v0.7.13
[INFO] [stderr]    Compiling getrandom v0.3.3
[INFO] [stderr]    Compiling toml_datetime v0.7.3
[INFO] [stderr]    Compiling anstream v0.6.19
[INFO] [stderr]    Compiling serde_spanned v1.0.3
[INFO] [stderr]    Compiling jiff v0.2.15
[INFO] [stderr]    Compiling sha1 v0.10.6
[INFO] [stderr]    Compiling toml_writer v1.0.4
[INFO] [stderr]    Compiling convert_case v0.8.0
[INFO] [stderr]    Compiling xxhash-rust v0.8.15
[INFO] [stderr]    Compiling uuid v1.17.0
[INFO] [stderr]    Compiling regex-automata v0.4.9
[INFO] [stderr]    Compiling toml_parser v1.0.4
[INFO] [stderr]    Compiling thiserror-impl v2.0.16
[INFO] [stderr]    Compiling oxc-miette-derive v2.5.0
[INFO] [stderr]    Compiling phf_macros v0.13.1
[INFO] [stderr]    Compiling oxc_ast_macros v0.90.0
[INFO] [stderr]    Compiling serde_derive v1.0.228
[INFO] [stderr]    Compiling toml v0.9.8
[INFO] [stderr]    Compiling oxc-miette v2.5.0
[INFO] [stderr]    Compiling oxc_span v0.90.0
[INFO] [stderr]    Compiling oxc_diagnostics v0.90.0
[INFO] [stderr]    Compiling oxc_syntax v0.90.0
[INFO] [stderr]    Compiling oxc_regular_expression v0.90.0
[INFO] [stderr]    Compiling regex v1.11.1
[INFO] [stderr]    Compiling serde v1.0.228
[INFO] [stderr]    Compiling env_filter v0.1.3
[INFO] [stderr]    Compiling env_logger v0.11.8
[INFO] [stderr]    Compiling oxc_ast v0.90.0
[INFO] [stderr]    Compiling oxc-browserslist v2.1.2
[INFO] [stderr]    Compiling rngpui-craby-common v0.2.2
[INFO] [stderr]    Compiling oxc_ecmascript v0.90.0
[INFO] [stderr]    Compiling oxc_ast_visit v0.90.0
[INFO] [stderr]    Compiling oxc_parser v0.90.0
[INFO] [stderr]    Compiling oxc_semantic v0.90.0
[INFO] [stderr]    Compiling oxc_traverse v0.90.0
[INFO] [stderr]    Compiling oxc_transformer v0.90.0
[INFO] [stderr]    Compiling oxc_transformer_plugins v0.90.0
[INFO] [stderr]    Compiling oxc v0.90.0
[INFO] [stderr]    Compiling rngpui-craby-codegen v0.2.2 (/opt/rustwide/workdir)
[INFO] [stderr] warning: unused dependency `uuid`
[INFO] [stderr]   --> Cargo.toml:33:15
[INFO] [stderr]    |
[INFO] [stderr] 33 | [dependencies.uuid]
[INFO] [stderr]    |               ^^^^^
[INFO] [stderr]    |
[INFO] [stderr]    = note: `cargo::unused_dependencies` is set to `warn` by default
[INFO] [stderr] help: consider removing the dependency on `uuid`
[INFO] [stderr] warning: `rngpui-craby-codegen` (manifest) generated 1 warning
[INFO] [stderr]     Finished `release` profile [optimized] target(s) in 1m 57s
[INFO] running `Command { std: "docker" "inspect" "96e03df0e6221b23c78f686d6430a726fe93e0ceb181edc3c19353097f6f224c", kill_on_drop: false }`
[INFO] running `Command { std: "docker" "exec" "-e" "SOURCE_DIR=/opt/rustwide/workdir" "-e" "CARGO_HOME=/opt/rustwide/cargo-home" "-e" "RUSTUP_HOME=/opt/rustwide/rustup-home" "-e" "CARGO_TARGET_DIR=/opt/rustwide/target" "-e" "CARGO_INCREMENTAL=0" "-e" "RUST_BACKTRACE=full" "-e" "RUSTFLAGS=--cap-lints=warn" "-e" "RUSTDOCFLAGS=--cap-lints=warn" "-w" "/opt/rustwide/workdir" "--user" "0:0" "96e03df0e6221b23c78f686d6430a726fe93e0ceb181edc3c19353097f6f224c" "/opt/rustwide/cargo-home/bin/cargo" "+1.100.0-beta.1" "test" "--frozen" "--no-run" "--message-format=json" "--release", kill_on_drop: false }`
[INFO] [stderr]    Compiling getrandom v0.3.3
[INFO] [stderr]    Compiling console v0.15.11
[INFO] [stderr]    Compiling uuid v1.17.0
[INFO] [stderr]    Compiling rngpui-craby-codegen v0.2.2 (/opt/rustwide/workdir)
[INFO] [stderr]    Compiling insta v1.43.2
[INFO] [stderr] warning: unused dependency `uuid`
[INFO] [stderr]   --> Cargo.toml:33:15
[INFO] [stderr]    |
[INFO] [stderr] 33 | [dependencies.uuid]
[INFO] [stderr]    |               ^^^^^
[INFO] [stderr]    |
[INFO] [stderr]    = note: `cargo::unused_dependencies` is set to `warn` by default
[INFO] [stderr] help: consider removing the dependency on `uuid`
[INFO] [stderr] warning: `rngpui-craby-codegen` (manifest) generated 1 warning
[INFO] [stderr]     Finished `release` profile [optimized] target(s) in 19.98s
[INFO] running `Command { std: "docker" "inspect" "96e03df0e6221b23c78f686d6430a726fe93e0ceb181edc3c19353097f6f224c", kill_on_drop: false }`
[INFO] running `Command { std: "docker" "exec" "-e" "SOURCE_DIR=/opt/rustwide/workdir" "-e" "CARGO_HOME=/opt/rustwide/cargo-home" "-e" "RUSTUP_HOME=/opt/rustwide/rustup-home" "-e" "CARGO_TARGET_DIR=/opt/rustwide/target" "-e" "CARGO_INCREMENTAL=0" "-e" "RUST_BACKTRACE=full" "-e" "RUSTFLAGS=--cap-lints=warn" "-e" "RUSTDOCFLAGS=--cap-lints=warn" "-w" "/opt/rustwide/workdir" "--user" "0:0" "96e03df0e6221b23c78f686d6430a726fe93e0ceb181edc3c19353097f6f224c" "/opt/rustwide/cargo-home/bin/cargo" "+1.100.0-beta.1" "test" "--frozen" "--release", kill_on_drop: false }`
[INFO] [stderr] warning: unused dependency `uuid`
[INFO] [stderr]   --> Cargo.toml:33:15
[INFO] [stderr]    |
[INFO] [stderr] 33 | [dependencies.uuid]
[INFO] [stderr]    |               ^^^^^
[INFO] [stderr]    |
[INFO] [stderr]    = note: `cargo::unused_dependencies` is set to `warn` by default
[INFO] [stderr] help: consider removing the dependency on `uuid`
[INFO] [stderr] warning: `rngpui-craby-codegen` (manifest) generated 1 warning
[INFO] [stderr]     Finished `release` profile [optimized] target(s) in 0.13s
[INFO] [stderr]      Running unittests src/lib.rs (/opt/rustwide/target/release/build/rngpui-craby-codegen/7272e90d02e13155/out/rngpui_craby_codegen-7272e90d02e13155)
[INFO] [stdout] 
[INFO] [stdout] running 37 tests
[INFO] [stdout] test parser::native_spec_parser::tests::test_duplicate_spec ... ok
[INFO] [stdout] test parser::native_spec_parser::tests::test_invalid_enum_1 ... ok
[INFO] [stdout] test parser::native_spec_parser::tests::test_invalid_enum_2 ... ok
[INFO] [stdout] test parser::native_spec_parser::tests::test_invalid_spec_generic_2 ... ok
[INFO] [stdout] test parser::native_spec_parser::tests::test_non_spec_1 ... ok
[INFO] [stdout] test parser::native_spec_parser::tests::test_optional_1 ... ok
[INFO] [stdout] test parser::native_spec_parser::tests::test_non_spec_2 ... ok
[INFO] [stdout] test parser::native_spec_parser::tests::test_optional_method ... ok
[INFO] [stdout] test parser::native_spec_parser::tests::test_invalid_spec_generic_1 ... ok
[INFO] [stdout] test parser::native_spec_parser::tests::test_property_method ... ok
[INFO] [stdout] test parser::native_spec_parser::tests::test_hash ... ok
[INFO] [stdout] test generators::desktop_generator::tests::test_desktop_generator ... ok
[INFO] [stdout] test parser::native_spec_parser::tests::test_inline_union ... ok
[INFO] [stdout] test parser::native_spec_parser::tests::test_discriminated_union_alias ... ok
[INFO] [stdout] test generators::ios_generator::tests::test_ios_generator ... ok
[INFO] [stdout] test parser::native_spec_parser::tests::test_common_spec ... ok
[INFO] [stdout] test generators::android_generator::tests::test_android_generator ... ok
[INFO] [stdout] test parser::native_spec_parser::tests::test_optional_property_in_interface ... ok
[INFO] [stdout] test parser::native_spec_parser::tests::test_optional_property_in_type_alias ... ok
[INFO] [stdout] test parser::native_spec_parser::tests::test_ref_type ... ok
[INFO] [stdout] test parser::native_spec_parser::tests::test_spec_import_as_namespace ... ok
[INFO] [stdout] test parser::types::tests::test_to_id ... ok
[INFO] [stdout] test utils::tests::test_indent_str ... ok
[INFO] [stdout] test parser::native_spec_parser::tests::test_record_string_string_alias ... ok
[INFO] [stdout] test parser::native_spec_parser::tests::test_signals ... ok
[INFO] [stdout] test parser::native_spec_parser::tests::test_spec_import_without_type ... ok
[INFO] [stdout] test parser::native_spec_parser::tests::test_reserved_type ... ok
[INFO] [stdout] test parser::native_spec_parser::tests::test_record_string_string_index_signature_alias ... ok
[INFO] [stdout] test parser::native_spec_parser::tests::test_spec_import_as_namespace_type ... ok
[INFO] [stdout] test parser::native_spec_parser::tests::test_spec_interface ... ok
[INFO] [stdout] test parser::native_spec_parser::tests::test_multiple_specs ... ok
[INFO] [stdout] test parser::native_spec_parser::tests::test_reserved_method_name ... ok
[INFO] [stdout] test parser::native_spec_parser::tests::test_non_registry ... ok
[INFO] [stdout] test parser::native_spec_parser::tests::test_non_registry_call ... ok
[INFO] [stdout] test parser::native_spec_parser::tests::test_reserved_arg_name ... ok
[INFO] [stdout] test generators::rs_generator::tests::test_rs_generator ... FAILED
[INFO] [stdout] test generators::cxx_generator::tests::test_cxx_generator ... FAILED
[INFO] [stderr] error: test failed, to rerun pass `--lib`
[INFO] [stdout] 
[INFO] [stdout] failures:
[INFO] [stdout] 
[INFO] [stdout] ---- generators::rs_generator::tests::test_rs_generator stdout ----
[INFO] [stdout] ━━━━━━━━━━━━━━━━━━━━━━━━━━━━━━━ Snapshot Summary ━━━━━━━━━━━━━━━━━━━━━━━━━━━━━━━
[INFO] [stdout] Snapshot file: src/generators/snapshots/rngpui_craby_codegen__generators__rs_generator__tests__rs_generator.snap
[INFO] [stdout] Snapshot: rs_generator
[INFO] [stdout] Source: src/generators/rs_generator.rs:719
[INFO] [stdout] ────────────────────────────────────────────────────────────────────────────────
[INFO] [stdout] Expression: result
[INFO] [stdout] ────────────────────────────────────────────────────────────────────────────────
[INFO] [stdout] -old snapshot
[INFO] [stdout] +new results
[INFO] [stdout] ────────────┬───────────────────────────────────────────────────────────────────
[INFO] [stdout]   219   219 │         drop(Box::from_raw(signal));
[INFO] [stdout]   220   220 │     }
[INFO] [stdout]   221   221 │ }
[INFO] [stdout]   222   222 │ 
[INFO] [stdout]         223 │+/// Anchor function to ensure generated symbols are linked.
[INFO] [stdout]         224 │+#[inline(never)]
[INFO] [stdout]         225 │+pub(crate) fn __craby_link_anchor() {
[INFO] [stdout]         226 │+    std::hint::black_box(());
[INFO] [stdout]         227 │+}
[INFO] [stdout]         228 │+
[INFO] [stdout]   223   229 │ ./crates/lib/src/generated.rs
[INFO] [stdout]   224   230 │ // Hash: 5180f7a68b53b4c1
[INFO] [stdout]   225   231 │ #[rustfmt::skip]
[INFO] [stdout]   226   232 │ use rngpui_craby::prelude::*;
[INFO] [stdout] ────────────┴───────────────────────────────────────────────────────────────────
[INFO] [stdout] 
[INFO] [stdout] thread 'generators::rs_generator::tests::test_rs_generator' (2146) panicked at src/generators/rs_generator.rs:719:9:
[INFO] [stdout] called `Result::unwrap()` on an `Err` value: FileIo(Os { code: 30, kind: ReadOnlyFilesystem, message: "Read-only file system" }, "/opt/rustwide/workdir/src/generators/snapshots/rngpui_craby_codegen__generators__rs_generator__tests__rs_generator.snap.new")
[INFO] [stdout] stack backtrace:
[INFO] [stdout]    0:     0x63aefe2e7e31 - <<std[617be2ca0a6fd877]::sys::backtrace::BacktraceLock>::print::DisplayBacktrace as core[a373ad73a504971]::fmt::Display>::fmt
[INFO] [stdout]    1:     0x63aefe300e2a - core[a373ad73a504971]::fmt::write
[INFO] [stdout]    2:     0x63aefe2ecabc - <alloc[2e1b2a31b91974c5]::vec::Vec<u8> as core[a373ad73a504971]::io::write::Write>::write_fmt
[INFO] [stdout]    3:     0x63aefe2c13f6 - std[617be2ca0a6fd877]::panicking::default_hook::{closure#0}
[INFO] [stdout]    4:     0x63aefe2df629 - std[617be2ca0a6fd877]::panicking::default_hook
[INFO] [stdout]    5:     0x63aefe08ca30 - test[aada8e7e76ba119b]::test_main_inner::{closure#0}
[INFO] [stdout]    6:     0x63aefe2df7e2 - std[617be2ca0a6fd877]::panicking::panic_with_hook
[INFO] [stdout]    7:     0x63aefe2c14a2 - std[617be2ca0a6fd877]::panicking::panic_handler::{closure#0}
[INFO] [stdout]    8:     0x63aefe2b9749 - std[617be2ca0a6fd877]::sys::backtrace::__rust_end_short_backtrace::<std[617be2ca0a6fd877]::panicking::panic_handler::{closure#0}, !>
[INFO] [stdout]    9:     0x63aefe2c225d - __rustc[ea4f61d10b84890b]::rust_begin_unwind
[INFO] [stdout]   10:     0x63aefe30160c - core[a373ad73a504971]::panicking::panic_fmt
[INFO] [stdout]   11:     0x63aefe3013e2 - core[a373ad73a504971]::result::unwrap_failed
[INFO] [stdout]   12:     0x63aefe0678b1 - <rngpui_craby_codegen[cae056dc7ed86ebb]::generators::rs_generator::tests::test_rs_generator::{closure#0} as core[a373ad73a504971]::ops::function::FnOnce<()>>::call_once
[INFO] [stdout]   13:     0x63aefe07fe7b - test[aada8e7e76ba119b]::__rust_begin_short_backtrace::<core[a373ad73a504971]::result::Result<(), alloc[2e1b2a31b91974c5]::string::String>, fn() -> core[a373ad73a504971]::result::Result<(), alloc[2e1b2a31b91974c5]::string::String>>
[INFO] [stdout]   14:     0x63aefe08d055 - test[aada8e7e76ba119b]::run_test::{closure#0}
[INFO] [stdout]   15:     0x63aefe086944 - std[617be2ca0a6fd877]::sys::backtrace::__rust_begin_short_backtrace::<test[aada8e7e76ba119b]::run_test::{closure#1}, ()>
[INFO] [stdout]   16:     0x63aefe0900e2 - <std[617be2ca0a6fd877]::thread::lifecycle::spawn_unchecked<test[aada8e7e76ba119b]::run_test::{closure#1}, ()>::{closure#1} as core[a373ad73a504971]::ops::function::FnOnce<()>>::call_once::{shim:vtable#0}
[INFO] [stdout]   17:     0x63aefe2e6e0f - <std[617be2ca0a6fd877]::sys::thread::unix::Thread>::new::thread_start
[INFO] [stdout]   18:     0x725889861dfa - <unknown>
[INFO] [stdout]   19:     0x7258898f53d4 - clone
[INFO] [stdout]   20:                0x0 - <unknown>
[INFO] [stdout] 
[INFO] [stdout] ---- generators::cxx_generator::tests::test_cxx_generator stdout ----
[INFO] [stdout] ━━━━━━━━━━━━━━━━━━━━━━━━━━━━━━━ Snapshot Summary ━━━━━━━━━━━━━━━━━━━━━━━━━━━━━━━
[INFO] [stdout] Snapshot file: src/generators/snapshots/rngpui_craby_codegen__generators__cxx_generator__tests__cxx_generator.snap
[INFO] [stdout] Snapshot: cxx_generator
[INFO] [stdout] Source: src/generators/cxx_generator.rs:1296
[INFO] [stdout] ────────────────────────────────────────────────────────────────────────────────
[INFO] [stdout] Expression: result
[INFO] [stdout] ────────────────────────────────────────────────────────────────────────────────
[INFO] [stdout] -old snapshot
[INFO] [stdout] +new results
[INFO] [stdout] ────────────┬───────────────────────────────────────────────────────────────────
[INFO] [stdout]   937   937 │ #include "cxx.h"
[INFO] [stdout]   938   938 │ #include "ffi.rs.h"
[INFO] [stdout]   939   939 │ #include <condition_variable>
[INFO] [stdout]   940   940 │ #include <functional>
[INFO] [stdout]         941 │+#include <jsi/jsi.h>
[INFO] [stdout]   941   942 │ #include <mutex>
[INFO] [stdout]   942   943 │ #include <queue>
[INFO] [stdout]   943   944 │ #include <thread>
[INFO] [stdout]   944   945 │ #include <vector>
[INFO] [stdout] ┈┈┈┈┈┈┈┈┈┈┈┈┼┈┈┈┈┈┈┈┈┈┈┈┈┈┈┈┈┈┈┈┈┈┈┈┈┈┈┈┈┈┈┈┈┈┈┈┈┈┈┈┈┈┈┈┈┈┈┈┈┈┈┈┈┈┈┈┈┈┈┈┈┈┈┈┈┈┈┈
[INFO] [stdout]  1018  1019 │   const auto* rs_err = dynamic_cast<const rust::Error*>(&err);
[INFO] [stdout]  1019  1020 │   return std::string(rs_err ? rs_err->what() : err.what());
[INFO] [stdout]  1020  1021 │ }
[INFO] [stdout]  1021  1022 │ 
[INFO] [stdout]        1023 │+inline std::string jsonStringify(facebook::jsi::Runtime &rt, const facebook::jsi::Value &value) {
[INFO] [stdout]        1024 │+  auto json = rt.global().getPropertyAsObject(rt, "JSON");
[INFO] [stdout]        1025 │+  return json.getPropertyAsFunction(rt, "stringify").call(rt, value).asString(rt).utf8(rt);
[INFO] [stdout]        1026 │+}
[INFO] [stdout]        1027 │+
[INFO] [stdout]  1022  1028 │ } // namespace utils
[INFO] [stdout]  1023  1029 │ } // namespace testmodule
[INFO] [stdout]  1024  1030 │ } // namespace craby
[INFO] [stdout]  1025  1031 │ 
[INFO] [stdout] ────────────┴───────────────────────────────────────────────────────────────────
[INFO] [stdout] 
[INFO] [stdout] thread 'generators::cxx_generator::tests::test_cxx_generator' (2143) panicked at src/generators/cxx_generator.rs:1296:9:
[INFO] [stdout] called `Result::unwrap()` on an `Err` value: FileIo(Os { code: 30, kind: ReadOnlyFilesystem, message: "Read-only file system" }, "/opt/rustwide/workdir/src/generators/snapshots/rngpui_craby_codegen__generators__cxx_generator__tests__cxx_generator.snap.new")
[INFO] [stdout] stack backtrace:
[INFO] [stdout]    0:     0x63aefe2e7e31 - <<std[617be2ca0a6fd877]::sys::backtrace::BacktraceLock>::print::DisplayBacktrace as core[a373ad73a504971]::fmt::Display>::fmt
[INFO] [stdout]    1:     0x63aefe300e2a - core[a373ad73a504971]::fmt::write
[INFO] [stdout]    2:     0x63aefe2ecabc - <alloc[2e1b2a31b91974c5]::vec::Vec<u8> as core[a373ad73a504971]::io::write::Write>::write_fmt
[INFO] [stdout]    3:     0x63aefe2c13f6 - std[617be2ca0a6fd877]::panicking::default_hook::{closure#0}
[INFO] [stdout]    4:     0x63aefe2df629 - std[617be2ca0a6fd877]::panicking::default_hook
[INFO] [stdout]    5:     0x63aefe08ca30 - test[aada8e7e76ba119b]::test_main_inner::{closure#0}
[INFO] [stdout]    6:     0x63aefe2df7e2 - std[617be2ca0a6fd877]::panicking::panic_with_hook
[INFO] [stdout]    7:     0x63aefe2c14a2 - std[617be2ca0a6fd877]::panicking::panic_handler::{closure#0}
[INFO] [stdout]    8:     0x63aefe2b9749 - std[617be2ca0a6fd877]::sys::backtrace::__rust_end_short_backtrace::<std[617be2ca0a6fd877]::panicking::panic_handler::{closure#0}, !>
[INFO] [stdout]    9:     0x63aefe2c225d - __rustc[ea4f61d10b84890b]::rust_begin_unwind
[INFO] [stdout]   10:     0x63aefe30160c - core[a373ad73a504971]::panicking::panic_fmt
[INFO] [stdout]   11:     0x63aefe3013e2 - core[a373ad73a504971]::result::unwrap_failed
[INFO] [stdout]   12:     0x63aefe067ca1 - <rngpui_craby_codegen[cae056dc7ed86ebb]::generators::cxx_generator::tests::test_cxx_generator::{closure#0} as core[a373ad73a504971]::ops::function::FnOnce<()>>::call_once
[INFO] [stdout]   13:     0x63aefe07fe7b - test[aada8e7e76ba119b]::__rust_begin_short_backtrace::<core[a373ad73a504971]::result::Result<(), alloc[2e1b2a31b91974c5]::string::String>, fn() -> core[a373ad73a504971]::result::Result<(), alloc[2e1b2a31b91974c5]::string::String>>
[INFO] [stdout]   14:     0x63aefe08d055 - test[aada8e7e76ba119b]::run_test::{closure#0}
[INFO] [stdout]   15:     0x63aefe086944 - std[617be2ca0a6fd877]::sys::backtrace::__rust_begin_short_backtrace::<test[aada8e7e76ba119b]::run_test::{closure#1}, ()>
[INFO] [stdout]   16:     0x63aefe0900e2 - <std[617be2ca0a6fd877]::thread::lifecycle::spawn_unchecked<test[aada8e7e76ba119b]::run_test::{closure#1}, ()>::{closure#1} as core[a373ad73a504971]::ops::function::FnOnce<()>>::call_once::{shim:vtable#0}
[INFO] [stdout]   17:     0x63aefe2e6e0f - <std[617be2ca0a6fd877]::sys::thread::unix::Thread>::new::thread_start
[INFO] [stdout]   18:     0x725889861dfa - <unknown>
[INFO] [stdout]   19:     0x7258898f53d4 - clone
[INFO] [stdout]   20:                0x0 - <unknown>
[INFO] [stdout] 
[INFO] [stdout] 
[INFO] [stdout] failures:
[INFO] [stdout]     generators::cxx_generator::tests::test_cxx_generator
[INFO] [stdout]     generators::rs_generator::tests::test_rs_generator
[INFO] [stdout] 
[INFO] [stdout] test result: FAILED. 35 passed; 2 failed; 0 ignored; 0 measured; 0 filtered out; finished in 0.36s
[INFO] [stdout] 
[INFO] running `Command { std: "docker" "inspect" "96e03df0e6221b23c78f686d6430a726fe93e0ceb181edc3c19353097f6f224c", kill_on_drop: false }`
[INFO] running `Command { std: "docker" "rm" "-f" "96e03df0e6221b23c78f686d6430a726fe93e0ceb181edc3c19353097f6f224c", kill_on_drop: false }`
[INFO] [stdout] 96e03df0e6221b23c78f686d6430a726fe93e0ceb181edc3c19353097f6f224c
