[INFO] fetching crate rmt-flute 0.6.0...
[INFO] testing rmt-flute-0.6.0 against 1.100.0-beta.1+cargoflags=--release for beta-release-1.100-2
[INFO] extracting crate rmt-flute 0.6.0 into /workspace/builds/worker-1-tc2/source
[INFO] started tweaking crates.io crate rmt-flute 0.6.0
[INFO] removed 0 missing examples
[INFO] removed 0 missing tests
[INFO] finished tweaking crates.io crate rmt-flute 0.6.0
[INFO] tweaked toml for crates.io crate rmt-flute 0.6.0 written to /workspace/builds/worker-1-tc2/source/Cargo.toml
[INFO] validating manifest of crates.io crate rmt-flute 0.6.0 on toolchain 1.100.0-beta.1
[INFO] running `Command { std: CARGO_HOME="/workspace/cargo-home" RUSTUP_HOME="/workspace/rustup-home" "/workspace/cargo-home/bin/cargo" "+1.100.0-beta.1" "metadata" "--manifest-path" "Cargo.toml" "--no-deps", kill_on_drop: false }`
[INFO] crate crates.io crate rmt-flute 0.6.0 already has a lockfile, it will not be regenerated
[INFO] running `Command { std: CARGO_HOME="/workspace/cargo-home" RUSTUP_HOME="/workspace/rustup-home" "/workspace/cargo-home/bin/cargo" "+1.100.0-beta.1" "fetch" "--manifest-path" "Cargo.toml", kill_on_drop: false }`
[INFO] running `Command { std: "docker" "create" "-v" "/var/lib/crater-agent-workspace/builds/worker-1-tc2/source:/opt/rustwide/workdir:ro,Z" "-v" "/var/lib/crater-agent-workspace/builds/worker-1-tc2/target:/opt/rustwide/target:rw,Z" "-v" "/var/lib/crater-agent-workspace/cargo-home:/opt/rustwide/cargo-home:ro,Z" "-v" "/var/lib/crater-agent-workspace/rustup-home:/opt/rustwide/rustup-home:ro,Z" "-m" "1610612736" "--network" "none" "ghcr.io/rust-lang/crates-build-env/linux@sha256:77db811e55d90add9212f6832c23229e3de5f1c1f9905e8cb07319ea15df73ac" "sleep" "infinity", kill_on_drop: false }`
[INFO] [stdout] 4b68ac1a0b9ecab2a59e7e155a24344a9387205eb48be6c6a70b63a377ac67d7
[INFO] running `Command { std: "docker" "start" "4b68ac1a0b9ecab2a59e7e155a24344a9387205eb48be6c6a70b63a377ac67d7", kill_on_drop: false }`
[INFO] running `Command { std: "docker" "inspect" "4b68ac1a0b9ecab2a59e7e155a24344a9387205eb48be6c6a70b63a377ac67d7", kill_on_drop: false }`
[INFO] running `Command { std: "docker" "exec" "-e" "SOURCE_DIR=/opt/rustwide/workdir" "-e" "CARGO_HOME=/opt/rustwide/cargo-home" "-e" "RUSTUP_HOME=/opt/rustwide/rustup-home" "-e" "CARGO_TARGET_DIR=/opt/rustwide/target" "-w" "/opt/rustwide/workdir" "--user" "0:0" "4b68ac1a0b9ecab2a59e7e155a24344a9387205eb48be6c6a70b63a377ac67d7" "/opt/rustwide/cargo-home/bin/cargo" "+1.100.0-beta.1" "metadata" "--no-deps" "--format-version=1", kill_on_drop: false }`
[INFO] running `Command { std: "docker" "inspect" "4b68ac1a0b9ecab2a59e7e155a24344a9387205eb48be6c6a70b63a377ac67d7", kill_on_drop: false }`
[INFO] running `Command { std: "docker" "exec" "-e" "SOURCE_DIR=/opt/rustwide/workdir" "-e" "CARGO_HOME=/opt/rustwide/cargo-home" "-e" "RUSTUP_HOME=/opt/rustwide/rustup-home" "-e" "CARGO_TARGET_DIR=/opt/rustwide/target" "-e" "CARGO_INCREMENTAL=0" "-e" "RUST_BACKTRACE=full" "-e" "RUSTFLAGS=--cap-lints=warn" "-e" "RUSTDOCFLAGS=--cap-lints=warn" "-w" "/opt/rustwide/workdir" "--user" "0:0" "4b68ac1a0b9ecab2a59e7e155a24344a9387205eb48be6c6a70b63a377ac67d7" "/opt/rustwide/cargo-home/bin/cargo" "+1.100.0-beta.1" "build" "--frozen" "--message-format=json" "--release", kill_on_drop: false }`
[INFO] [stderr]    Compiling hex v0.4.3
[INFO] [stderr]    Compiling thiserror-impl v2.0.21
[INFO] [stderr]    Compiling broadcast-common v9.4.0
[INFO] [stderr]    Compiling thiserror v2.0.21
[INFO] [stderr]    Compiling rmt-flute v0.6.0 (/opt/rustwide/workdir)
[INFO] [stderr]     Finished `release` profile [optimized] target(s) in 2.96s
[INFO] running `Command { std: "docker" "inspect" "4b68ac1a0b9ecab2a59e7e155a24344a9387205eb48be6c6a70b63a377ac67d7", kill_on_drop: false }`
[INFO] running `Command { std: "docker" "exec" "-e" "SOURCE_DIR=/opt/rustwide/workdir" "-e" "CARGO_HOME=/opt/rustwide/cargo-home" "-e" "RUSTUP_HOME=/opt/rustwide/rustup-home" "-e" "CARGO_TARGET_DIR=/opt/rustwide/target" "-e" "CARGO_INCREMENTAL=0" "-e" "RUST_BACKTRACE=full" "-e" "RUSTFLAGS=--cap-lints=warn" "-e" "RUSTDOCFLAGS=--cap-lints=warn" "-w" "/opt/rustwide/workdir" "--user" "0:0" "4b68ac1a0b9ecab2a59e7e155a24344a9387205eb48be6c6a70b63a377ac67d7" "/opt/rustwide/cargo-home/bin/cargo" "+1.100.0-beta.1" "test" "--frozen" "--no-run" "--message-format=json" "--release", kill_on_drop: false }`
[INFO] [stderr]    Compiling serde_core v1.0.229
[INFO] [stderr]    Compiling serde_json v1.0.151
[INFO] [stderr]    Compiling rmt-flute v0.6.0 (/opt/rustwide/workdir)
[INFO] [stderr]     Finished `release` profile [optimized] target(s) in 9.92s
[INFO] running `Command { std: "docker" "inspect" "4b68ac1a0b9ecab2a59e7e155a24344a9387205eb48be6c6a70b63a377ac67d7", kill_on_drop: false }`
[INFO] running `Command { std: "docker" "exec" "-e" "SOURCE_DIR=/opt/rustwide/workdir" "-e" "CARGO_HOME=/opt/rustwide/cargo-home" "-e" "RUSTUP_HOME=/opt/rustwide/rustup-home" "-e" "CARGO_TARGET_DIR=/opt/rustwide/target" "-e" "CARGO_INCREMENTAL=0" "-e" "RUST_BACKTRACE=full" "-e" "RUSTFLAGS=--cap-lints=warn" "-e" "RUSTDOCFLAGS=--cap-lints=warn" "-w" "/opt/rustwide/workdir" "--user" "0:0" "4b68ac1a0b9ecab2a59e7e155a24344a9387205eb48be6c6a70b63a377ac67d7" "/opt/rustwide/cargo-home/bin/cargo" "+1.100.0-beta.1" "test" "--frozen" "--release", kill_on_drop: false }`
[INFO] [stderr]     Finished `release` profile [optimized] target(s) in 0.06s
[INFO] [stderr]      Running unittests src/lib.rs (/opt/rustwide/target/release/build/rmt-flute/adf3cde0dbfce6e7/out/rmt_flute-adf3cde0dbfce6e7)
[INFO] [stdout] 
[INFO] [stdout] running 50 tests
[INFO] [stdout] test alc::tests::mutating_payload_changes_wire ... ok
[INFO] [stdout] test ext::tests::fixed_ext_round_trip ... ok
[INFO] [stdout] test alc::tests::data_less_packet_has_no_fpid_or_payload ... ok
[INFO] [stdout] test fec::tests::exact_multiple_worked_example ... ok
[INFO] [stdout] test fec::tests::max_block_length_exceeding_total_symbols_yields_one_block ... ok
[INFO] [stdout] test alc::tests::alc_packet_round_trip ... ok
[INFO] [stdout] test fec::tests::mutating_transfer_length_changes_partition ... ok
[INFO] [stdout] test fec::tests::non_exact_multiple_worked_example ... ok
[INFO] [stdout] test fec::tests::rejects_zero_divisors ... ok
[INFO] [stdout] test alc::tests::fec_payload_id_128_exact_bytes ... ok
[INFO] [stdout] test ext::tests::rejects_zero_hel ... ok
[INFO] [stdout] test fec::tests::sub_symbol_object_rounds_up_to_one_symbol ... ok
[INFO] [stdout] test fec::tests::zero_length_object_has_no_symbols_or_blocks ... ok
[INFO] [stdout] test flute::tests::ext_cenc_preserves_nonzero_reserved_bits ... ok
[INFO] [stdout] test flute::tests::ext_cenc_round_trip ... ok
[INFO] [stdout] test flute::tests::ext_fdt_round_trip ... ok
[INFO] [stdout] test flute::tests::ext_fdt_max_instance_id ... ok
[INFO] [stdout] test lct::tests::a_toi_too_wide_for_the_two_bit_o_field_is_rejected_not_truncated ... ok
[INFO] [stdout] test lct::tests::mutating_codepoint_changes_wire ... ok
[INFO] [stdout] test ext::tests::variable_ext_round_trip ... ok
[INFO] [stdout] test lct::tests::minimal_header_exact_wire_bytes ... ok
[INFO] [stdout] test flute::tests::ext_fdt_rejects_overwide_instance_id ... ok
[INFO] [stdout] test lct::tests::rejects_bad_cci_length ... ok
[INFO] [stdout] test lct::tests::header_with_extension_chain ... ok
[INFO] [stdout] test lct::tests::flag_dependent_widths_round_trip ... ok
[INFO] [stdout] test ext::tests::multi_extension_chain_round_trips ... ok
[INFO] [stdout] test lct::tests::shared_h_bit_feeds_both_tsi_and_toi ... ok
[INFO] [stdout] test lct::tests::rejects_mismatched_h ... ok
[INFO] [stdout] test lct_ext::tests::ext_time_all_four_values_in_order ... ok
[INFO] [stdout] test lct_ext::tests::ext_type_round_trip ... ok
[INFO] [stdout] test lct_ext::tests::ext_time_preserves_trailing_bytes_past_the_declared_values ... ok
[INFO] [stdout] test lct_ext::tests::ext_time_rejects_sct_low_without_high ... ok
[INFO] [stdout] test lct_ext::tests::ext_time_sct_high_low_round_trip ... ok
[INFO] [stdout] test norm::tests::norm_ack_ack_type_id ... ok
[INFO] [stdout] test lct_ext::tests::ext_time_preserves_nonzero_reserved_use_bits ... ok
[INFO] [stdout] test norm::tests::ack_type_ranges ... ok
[INFO] [stdout] test norm::tests::common_header_exact_bytes ... ok
[INFO] [stdout] test norm::tests::message_type_round_trip ... ok
[INFO] [stdout] test norm::tests::norm_cmd_cc_real_probe_hdr_len_includes_send_time ... ok
[INFO] [stdout] test norm::tests::norm_info_with_ext_fti ... ok
[INFO] [stdout] test norm::tests::norm_cmd_squelch_real_probe_hdr_len_includes_fec_payload_id ... ok
[INFO] [stdout] test norm::tests::norm_data_round_trip_with_fec_payload_id ... ok
[INFO] [stdout] test norm::tests::sender_word_exact_bytes ... ok
[INFO] [stdout] test norm::tests::norm_info_mutated_field_changes_wire ... ok
[INFO] [stdout] test norm::tests::norm_info_round_trip ... ok
[INFO] [stdout] test norm::tests::norm_nack_round_trip ... ok
[INFO] [stdout] test norm::tests::norm_cmd_eot_round_trip ... ok
[INFO] [stdout] test norm::tests::norm_cmd_flush_real_probe_hdr_len_includes_fec_payload_id ... ok
[INFO] [stdout] test norm::tests::norm_data_with_ext_fti ... ok
[INFO] [stdout] test norm::tests::per_type_parsers_reject_the_wrong_message_type ... ok
[INFO] [stdout] 
[INFO] [stdout] test result: ok. 50 passed; 0 failed; 0 ignored; 0 measured; 0 filtered out; finished in 0.02s
[INFO] [stdout] 
[INFO] [stderr]      Running tests/fixture_flute_fdt.rs (/opt/rustwide/target/release/build/rmt-flute/9388c94782d54531/out/fixture_flute_fdt-9388c94782d54531)
[INFO] [stdout] 
[INFO] [stdout] running 5 tests
[INFO] [stdout] test truncated_header_is_rejected ... FAILED
[INFO] [stdout] test parses_flute_fdt_lct_widths ... FAILED
[INFO] [stdout] test parses_fec_payload_id_and_opaque_xml ... FAILED
[INFO] [stdout] test parses_ext_fdt ... FAILED
[INFO] [stdout] test byte_exact_round_trip ... FAILED
[INFO] [stdout] 
[INFO] [stdout] failures:
[INFO] [stdout] 
[INFO] [stdout] ---- truncated_header_is_rejected stdout ----
[INFO] [stdout] 
[INFO] [stdout] thread 'truncated_header_is_rejected' (418) panicked at tests/fixture_flute_fdt.rs:18:20:
[INFO] [stdout] fixture flute_fdt.bin must be committed: Os { code: 2, kind: NotFound, message: "No such file or directory" }
[INFO] [stdout] stack backtrace:
[INFO] [stdout]    0:     0x5b82ea109221 - <<std[617be2ca0a6fd877]::sys::backtrace::BacktraceLock>::print::DisplayBacktrace as core[a373ad73a504971]::fmt::Display>::fmt
[INFO] [stdout]    1:     0x5b82ea11d3fa - core[a373ad73a504971]::fmt::write
[INFO] [stdout]    2:     0x5b82ea10d43c - <alloc[2e1b2a31b91974c5]::vec::Vec<u8> as core[a373ad73a504971]::io::write::Write>::write_fmt
[INFO] [stdout]    3:     0x5b82ea0e5376 - std[617be2ca0a6fd877]::panicking::default_hook::{closure#0}
[INFO] [stdout]    4:     0x5b82ea1015a9 - std[617be2ca0a6fd877]::panicking::default_hook
[INFO] [stdout]    5:     0x5b82ea09c630 - test[aada8e7e76ba119b]::test_main_inner::{closure#0}
[INFO] [stdout]    6:     0x5b82ea101762 - std[617be2ca0a6fd877]::panicking::panic_with_hook
[INFO] [stdout]    7:     0x5b82ea0e5422 - std[617be2ca0a6fd877]::panicking::panic_handler::{closure#0}
[INFO] [stdout]    8:     0x5b82ea0ddfa9 - std[617be2ca0a6fd877]::sys::backtrace::__rust_end_short_backtrace::<std[617be2ca0a6fd877]::panicking::panic_handler::{closure#0}, !>
[INFO] [stdout]    9:     0x5b82ea0e602d - __rustc[ea4f61d10b84890b]::rust_begin_unwind
[INFO] [stdout]   10:     0x5b82ea11db2c - core[a373ad73a504971]::panicking::panic_fmt
[INFO] [stdout]   11:     0x5b82ea11d902 - core[a373ad73a504971]::result::unwrap_failed
[INFO] [stdout]   12:     0x5b82ea08f1d4 - <fixture_flute_fdt[52cb5cfc21065fd2]::truncated_header_is_rejected::{closure#0} as core[a373ad73a504971]::ops::function::FnOnce<()>>::call_once
[INFO] [stdout]   13:     0x5b82ea08fa7b - test[aada8e7e76ba119b]::__rust_begin_short_backtrace::<core[a373ad73a504971]::result::Result<(), alloc[2e1b2a31b91974c5]::string::String>, fn() -> core[a373ad73a504971]::result::Result<(), alloc[2e1b2a31b91974c5]::string::String>>
[INFO] [stdout]   14:     0x5b82ea09cc55 - test[aada8e7e76ba119b]::run_test::{closure#0}
[INFO] [stdout]   15:     0x5b82ea096544 - std[617be2ca0a6fd877]::sys::backtrace::__rust_begin_short_backtrace::<test[aada8e7e76ba119b]::run_test::{closure#1}, ()>
[INFO] [stdout]   16:     0x5b82ea09fce2 - <std[617be2ca0a6fd877]::thread::lifecycle::spawn_unchecked<test[aada8e7e76ba119b]::run_test::{closure#1}, ()>::{closure#1} as core[a373ad73a504971]::ops::function::FnOnce<()>>::call_once::{shim:vtable#0}
[INFO] [stdout]   17:     0x5b82ea10876f - <std[617be2ca0a6fd877]::sys::thread::unix::Thread>::new::thread_start
[INFO] [stdout]   18:     0x7852fc873dfa - <unknown>
[INFO] [stdout]   19:     0x7852fc9073d4 - clone
[INFO] [stdout]   20:                0x0 - <unknown>
[INFO] [stdout] 
[INFO] [stdout] ---- parses_flute_fdt_lct_widths stdout ----
[INFO] [stdout] 
[INFO] [stdout] thread 'parses_flute_fdt_lct_widths' (417) panicked at tests/fixture_flute_fdt.rs:18:20:
[INFO] [stdout] fixture flute_fdt.bin must be committed: Os { code: 2, kind: NotFound, message: "No such file or directory" }
[INFO] [stdout] stack backtrace:
[INFO] [stdout]    0:     0x5b82ea109221 - <<std[617be2ca0a6fd877]::sys::backtrace::BacktraceLock>::print::DisplayBacktrace as core[a373ad73a504971]::fmt::Display>::fmt
[INFO] [stdout]    1:     0x5b82ea11d3fa - core[a373ad73a504971]::fmt::write
[INFO] [stdout]    2:     0x5b82ea10d43c - <alloc[2e1b2a31b91974c5]::vec::Vec<u8> as core[a373ad73a504971]::io::write::Write>::write_fmt
[INFO] [stdout]    3:     0x5b82ea0e5376 - std[617be2ca0a6fd877]::panicking::default_hook::{closure#0}
[INFO] [stdout]    4:     0x5b82ea1015a9 - std[617be2ca0a6fd877]::panicking::default_hook
[INFO] [stdout]    5:     0x5b82ea09c630 - test[aada8e7e76ba119b]::test_main_inner::{closure#0}
[INFO] [stdout]    6:     0x5b82ea101762 - std[617be2ca0a6fd877]::panicking::panic_with_hook
[INFO] [stdout]    7:     0x5b82ea0e5422 - std[617be2ca0a6fd877]::panicking::panic_handler::{closure#0}
[INFO] [stdout]    8:     0x5b82ea0ddfa9 - std[617be2ca0a6fd877]::sys::backtrace::__rust_end_short_backtrace::<std[617be2ca0a6fd877]::panicking::panic_handler::{closure#0}, !>
[INFO] [stdout]    9:     0x5b82ea0e602d - __rustc[ea4f61d10b84890b]::rust_begin_unwind
[INFO] [stdout]   10:     0x5b82ea11db2c - core[a373ad73a504971]::panicking::panic_fmt
[INFO] [stdout]   11:     0x5b82ea11d902 - core[a373ad73a504971]::result::unwrap_failed
[INFO] [stdout]   12:     0x5b82ea08efb6 - <fixture_flute_fdt[52cb5cfc21065fd2]::parses_flute_fdt_lct_widths::{closure#0} as core[a373ad73a504971]::ops::function::FnOnce<()>>::call_once
[INFO] [stdout]   13:     0x5b82ea08fa7b - test[aada8e7e76ba119b]::__rust_begin_short_backtrace::<core[a373ad73a504971]::result::Result<(), alloc[2e1b2a31b91974c5]::string::String>, fn() -> core[a373ad73a504971]::result::Result<(), alloc[2e1b2a31b91974c5]::string::String>>
[INFO] [stdout]   14:     0x5b82ea09cc55 - test[aada8e7e76ba119b]::run_test::{closure#0}
[INFO] [stdout]   15:     0x5b82ea096544 - std[617be2ca0a6fd877]::sys::backtrace::__rust_begin_short_backtrace::<test[aada8e7e76ba119b]::run_test::{closure#1}, ()>
[INFO] [stdout]   16:     0x5b82ea09fce2 - <std[617be2ca0a6fd877]::thread::lifecycle::spawn_unchecked<test[aada8e7e76ba119b]::run_test::{closure#1}, ()>::{closure#1} as core[a373ad73a504971]::ops::function::FnOnce<()>>::call_once::{shim:vtable#0}
[INFO] [stdout]   17:     0x5b82ea10876f - <std[617be2ca0a6fd877]::sys::thread::unix::Thread>::new::thread_start
[INFO] [stdout]   18:     0x7852fc873dfa - <unknown>
[INFO] [stdout]   19:     0x7852fc9073d4 - clone
[INFO] [stdout]   20:                0x0 - <unknown>
[INFO] [stdout] 
[INFO] [stdout] ---- parses_fec_payload_id_and_opaque_xml stdout ----
[INFO] [stdout] 
[INFO] [stdout] thread 'parses_fec_payload_id_and_opaque_xml' (416) panicked at tests/fixture_flute_fdt.rs:18:20:
[INFO] [stdout] fixture flute_fdt.bin must be committed: Os { code: 2, kind: NotFound, message: "No such file or directory" }
[INFO] [stdout] stack backtrace:
[INFO] [stdout]    0:     0x5b82ea109221 - <<std[617be2ca0a6fd877]::sys::backtrace::BacktraceLock>::print::DisplayBacktrace as core[a373ad73a504971]::fmt::Display>::fmt
[INFO] [stdout]    1:     0x5b82ea11d3fa - core[a373ad73a504971]::fmt::write
[INFO] [stdout]    2:     0x5b82ea10d43c - <alloc[2e1b2a31b91974c5]::vec::Vec<u8> as core[a373ad73a504971]::io::write::Write>::write_fmt
[INFO] [stdout]    3:     0x5b82ea0e5376 - std[617be2ca0a6fd877]::panicking::default_hook::{closure#0}
[INFO] [stdout]    4:     0x5b82ea1015a9 - std[617be2ca0a6fd877]::panicking::default_hook
[INFO] [stdout]    5:     0x5b82ea09c630 - test[aada8e7e76ba119b]::test_main_inner::{closure#0}
[INFO] [stdout]    6:     0x5b82ea101762 - std[617be2ca0a6fd877]::panicking::panic_with_hook
[INFO] [stdout]    7:     0x5b82ea0e5422 - std[617be2ca0a6fd877]::panicking::panic_handler::{closure#0}
[INFO] [stdout]    8:     0x5b82ea0ddfa9 - std[617be2ca0a6fd877]::sys::backtrace::__rust_end_short_backtrace::<std[617be2ca0a6fd877]::panicking::panic_handler::{closure#0}, !>
[INFO] [stdout]    9:     0x5b82ea0e602d - __rustc[ea4f61d10b84890b]::rust_begin_unwind
[INFO] [stdout]   10:     0x5b82ea11db2c - core[a373ad73a504971]::panicking::panic_fmt
[INFO] [stdout]   11:     0x5b82ea11d902 - core[a373ad73a504971]::result::unwrap_failed
[INFO] [stdout]   12:     0x5b82ea08f894 - <fixture_flute_fdt[52cb5cfc21065fd2]::parses_fec_payload_id_and_opaque_xml::{closure#0} as core[a373ad73a504971]::ops::function::FnOnce<()>>::call_once
[INFO] [stdout]   13:     0x5b82ea08fa7b - test[aada8e7e76ba119b]::__rust_begin_short_backtrace::<core[a373ad73a504971]::result::Result<(), alloc[2e1b2a31b91974c5]::string::String>, fn() -> core[a373ad73a504971]::result::Result<(), alloc[2e1b2a31b91974c5]::string::String>>
[INFO] [stdout]   14:     0x5b82ea09cc55 - test[aada8e7e76ba119b]::run_test::{closure#0}
[INFO] [stdout]   15:     0x5b82ea096544 - std[617be2ca0a6fd877]::sys::backtrace::__rust_begin_short_backtrace::<test[aada8e7e76ba119b]::run_test::{closure#1}, ()>
[INFO] [stdout]   16:     0x5b82ea09fce2 - <std[617be2ca0a6fd877]::thread::lifecycle::spawn_unchecked<test[aada8e7e76ba119b]::run_test::{closure#1}, ()>::{closure#1} as core[a373ad73a504971]::ops::function::FnOnce<()>>::call_once::{shim:vtable#0}
[INFO] [stdout]   17:     0x5b82ea10876f - <std[617be2ca0a6fd877]::sys::thread::unix::Thread>::new::thread_start
[INFO] [stdout]   18:     0x7852fc873dfa - <unknown>
[INFO] [stdout]   19:     0x7852fc9073d4 - clone
[INFO] [stdout]   20:                0x0 - <unknown>
[INFO] [stdout] 
[INFO] [stdout] ---- parses_ext_fdt stdout ----
[INFO] [stdout] 
[INFO] [stdout] thread 'parses_ext_fdt' (415) panicked at tests/fixture_flute_fdt.rs:18:20:
[INFO] [stdout] fixture flute_fdt.bin must be committed: Os { code: 2, kind: NotFound, message: "No such file or directory" }
[INFO] [stdout] stack backtrace:
[INFO] [stdout]    0:     0x5b82ea109221 - <<std[617be2ca0a6fd877]::sys::backtrace::BacktraceLock>::print::DisplayBacktrace as core[a373ad73a504971]::fmt::Display>::fmt
[INFO] [stdout]    1:     0x5b82ea11d3fa - core[a373ad73a504971]::fmt::write
[INFO] [stdout]    2:     0x5b82ea10d43c - <alloc[2e1b2a31b91974c5]::vec::Vec<u8> as core[a373ad73a504971]::io::write::Write>::write_fmt
[INFO] [stdout]    3:     0x5b82ea0e5376 - std[617be2ca0a6fd877]::panicking::default_hook::{closure#0}
[INFO] [stdout]    4:     0x5b82ea1015a9 - std[617be2ca0a6fd877]::panicking::default_hook
[INFO] [stdout]    5:     0x5b82ea09c630 - test[aada8e7e76ba119b]::test_main_inner::{closure#0}
[INFO] [stdout]    6:     0x5b82ea101762 - std[617be2ca0a6fd877]::panicking::panic_with_hook
[INFO] [stdout]    7:     0x5b82ea0e5422 - std[617be2ca0a6fd877]::panicking::panic_handler::{closure#0}
[INFO] [stdout]    8:     0x5b82ea0ddfa9 - std[617be2ca0a6fd877]::sys::backtrace::__rust_end_short_backtrace::<std[617be2ca0a6fd877]::panicking::panic_handler::{closure#0}, !>
[INFO] [stdout]    9:     0x5b82ea0e602d - __rustc[ea4f61d10b84890b]::rust_begin_unwind
[INFO] [stdout]   10:     0x5b82ea11db2c - core[a373ad73a504971]::panicking::panic_fmt
[INFO] [stdout]   11:     0x5b82ea11d902 - core[a373ad73a504971]::result::unwrap_failed
[INFO] [stdout]   12:     0x5b82ea08e4fc - <fixture_flute_fdt[52cb5cfc21065fd2]::parses_ext_fdt::{closure#0} as core[a373ad73a504971]::ops::function::FnOnce<()>>::call_once
[INFO] [stdout]   13:     0x5b82ea08fa7b - test[aada8e7e76ba119b]::__rust_begin_short_backtrace::<core[a373ad73a504971]::result::Result<(), alloc[2e1b2a31b91974c5]::string::String>, fn() -> core[a373ad73a504971]::result::Result<(), alloc[2e1b2a31b91974c5]::string::String>>
[INFO] [stdout]   14:     0x5b82ea09cc55 - test[aada8e7e76ba119b]::run_test::{closure#0}
[INFO] [stdout]   15:     0x5b82ea096544 - std[617be2ca0a6fd877]::sys::backtrace::__rust_begin_short_backtrace::<test[aada8e7e76ba119b]::run_test::{closure#1}, ()>
[INFO] [stdout]   16:     0x5b82ea09fce2 - <std[617be2ca0a6fd877]::thread::lifecycle::spawn_unchecked<test[aada8e7e76ba119b]::run_test::{closure#1}, ()>::{closure#1} as core[a373ad73a504971]::ops::function::FnOnce<()>>::call_once::{shim:vtable#0}
[INFO] [stdout]   17:     0x5b82ea10876f - <std[617be2ca0a6fd877]::sys::thread::unix::Thread>::new::thread_start
[INFO] [stdout]   18:     0x7852fc873dfa - <unknown>
[INFO] [stdout]   19:     0x7852fc9073d4 - clone
[INFO] [stdout]   20:                0x0 - <unknown>
[INFO] [stdout] 
[INFO] [stdout] ---- byte_exact_round_trip stdout ----
[INFO] [stdout] 
[INFO] [stdout] thread 'byte_exact_round_trip' (414) panicked at tests/fixture_flute_fdt.rs:18:20:
[INFO] [stdout] fixture flute_fdt.bin must be committed: Os { code: 2, kind: NotFound, message: "No such file or directory" }
[INFO] [stdout] stack backtrace:
[INFO] [stdout]    0:     0x5b82ea109221 - <<std[617be2ca0a6fd877]::sys::backtrace::BacktraceLock>::print::DisplayBacktrace as core[a373ad73a504971]::fmt::Display>::fmt
[INFO] [stdout]    1:     0x5b82ea11d3fa - core[a373ad73a504971]::fmt::write
[INFO] [stdout]    2:     0x5b82ea10d43c - <alloc[2e1b2a31b91974c5]::vec::Vec<u8> as core[a373ad73a504971]::io::write::Write>::write_fmt
[INFO] [stdout]    3:     0x5b82ea0e5376 - std[617be2ca0a6fd877]::panicking::default_hook::{closure#0}
[INFO] [stdout]    4:     0x5b82ea1015a9 - std[617be2ca0a6fd877]::panicking::default_hook
[INFO] [stdout]    5:     0x5b82ea09c630 - test[aada8e7e76ba119b]::test_main_inner::{closure#0}
[INFO] [stdout]    6:     0x5b82ea101762 - std[617be2ca0a6fd877]::panicking::panic_with_hook
[INFO] [stdout]    7:     0x5b82ea0e5422 - std[617be2ca0a6fd877]::panicking::panic_handler::{closure#0}
[INFO] [stdout]    8:     0x5b82ea0ddfa9 - std[617be2ca0a6fd877]::sys::backtrace::__rust_end_short_backtrace::<std[617be2ca0a6fd877]::panicking::panic_handler::{closure#0}, !>
[INFO] [stdout]    9:     0x5b82ea0e602d - __rustc[ea4f61d10b84890b]::rust_begin_unwind
[INFO] [stdout]   10:     0x5b82ea11db2c - core[a373ad73a504971]::panicking::panic_fmt
[INFO] [stdout]   11:     0x5b82ea11d902 - core[a373ad73a504971]::result::unwrap_failed
[INFO] [stdout]   12:     0x5b82ea08eb9d - <fixture_flute_fdt[52cb5cfc21065fd2]::byte_exact_round_trip::{closure#0} as core[a373ad73a504971]::ops::function::FnOnce<()>>::call_once
[INFO] [stdout]   13:     0x5b82ea08fa7b - test[aada8e7e76ba119b]::__rust_begin_short_backtrace::<core[a373ad73a504971]::result::Result<(), alloc[2e1b2a31b91974c5]::string::String>, fn() -> core[a373ad73a504971]::result::Result<(), alloc[2e1b2a31b91974c5]::string::String>>
[INFO] [stdout]   14:     0x5b82ea09cc55 - test[aada8e7e76ba119b]::run_test::{closure#0}
[INFO] [stdout]   15:     0x5b82ea096544 - std[617be2ca0a6fd877]::sys::backtrace::__rust_begin_short_backtrace::<test[aada8e7e76ba119b]::run_test::{closure#1}, ()>
[INFO] [stdout]   16:     0x5b82ea09fce2 - <std[617be2ca0a6fd877]::thread::lifecycle::spawn_unchecked<test[aada8e7e76ba119b]::run_test::{closure#1}, ()>::{closure#1} as core[a373ad73a504971]::ops::function::FnOnce<()>>::call_once::{shim:vtable#0}
[INFO] [stdout]   17:     0x5b82ea10876f - <std[617be2ca0a6fd877]::sys::thread::unix::Thread>::new::thread_start
[INFO] [stdout]   18:     0x7852fc873dfa - <unknown>
[INFO] [stdout]   19:     0x7852fc9073d4 - clone
[INFO] [stdout]   20:                0x0 - <unknown>
[INFO] [stdout] 
[INFO] [stdout] 
[INFO] [stdout] failures:
[INFO] [stdout]     byte_exact_round_trip
[INFO] [stdout]     parses_ext_fdt
[INFO] [stdout]     parses_fec_payload_id_and_opaque_xml
[INFO] [stdout]     parses_flute_fdt_lct_widths
[INFO] [stdout]     truncated_header_is_rejected
[INFO] [stdout] 
[INFO] [stdout] test result: FAILED. 0 passed; 5 failed; 0 ignored; 0 measured; 0 filtered out; finished in 0.02s
[INFO] [stdout] 
[INFO] [stderr] error: test failed, to rerun pass `--test fixture_flute_fdt`
[INFO] running `Command { std: "docker" "inspect" "4b68ac1a0b9ecab2a59e7e155a24344a9387205eb48be6c6a70b63a377ac67d7", kill_on_drop: false }`
[INFO] running `Command { std: "docker" "rm" "-f" "4b68ac1a0b9ecab2a59e7e155a24344a9387205eb48be6c6a70b63a377ac67d7", kill_on_drop: false }`
[INFO] [stdout] 4b68ac1a0b9ecab2a59e7e155a24344a9387205eb48be6c6a70b63a377ac67d7
