[INFO] fetching crate rmqtt 0.24.0...
[INFO] testing rmqtt-0.24.0 against 1.100.0-beta.1+cargoflags=--release for beta-release-1.100-2
[INFO] extracting crate rmqtt 0.24.0 into /workspace/builds/worker-5-tc2/source
[INFO] started tweaking crates.io crate rmqtt 0.24.0
[INFO] finished tweaking crates.io crate rmqtt 0.24.0
[INFO] tweaked toml for crates.io crate rmqtt 0.24.0 written to /workspace/builds/worker-5-tc2/source/Cargo.toml
[INFO] validating manifest of crates.io crate rmqtt 0.24.0 on toolchain 1.100.0-beta.1
[INFO] running `Command { std: CARGO_HOME="/workspace/cargo-home" RUSTUP_HOME="/workspace/rustup-home" "/workspace/cargo-home/bin/cargo" "+1.100.0-beta.1" "metadata" "--manifest-path" "Cargo.toml" "--no-deps", kill_on_drop: false }`
[INFO] crate crates.io crate rmqtt 0.24.0 already has a lockfile, it will not be regenerated
[INFO] running `Command { std: CARGO_HOME="/workspace/cargo-home" RUSTUP_HOME="/workspace/rustup-home" "/workspace/cargo-home/bin/cargo" "+1.100.0-beta.1" "fetch" "--manifest-path" "Cargo.toml", kill_on_drop: false }`
[INFO] running `Command { std: "docker" "create" "-v" "/var/lib/crater-agent-workspace/builds/worker-5-tc2/source:/opt/rustwide/workdir:ro,Z" "-v" "/var/lib/crater-agent-workspace/builds/worker-5-tc2/target:/opt/rustwide/target:rw,Z" "-v" "/var/lib/crater-agent-workspace/cargo-home:/opt/rustwide/cargo-home:ro,Z" "-v" "/var/lib/crater-agent-workspace/rustup-home:/opt/rustwide/rustup-home:ro,Z" "-m" "1610612736" "--network" "none" "ghcr.io/rust-lang/crates-build-env/linux@sha256:77db811e55d90add9212f6832c23229e3de5f1c1f9905e8cb07319ea15df73ac" "sleep" "infinity", kill_on_drop: false }`
[INFO] [stdout] 249d0e6c981eda0e6c7b77459c31f7d6f580115e13c7c29014b345f1c6b05842
[INFO] running `Command { std: "docker" "start" "249d0e6c981eda0e6c7b77459c31f7d6f580115e13c7c29014b345f1c6b05842", kill_on_drop: false }`
[INFO] running `Command { std: "docker" "inspect" "249d0e6c981eda0e6c7b77459c31f7d6f580115e13c7c29014b345f1c6b05842", kill_on_drop: false }`
[INFO] running `Command { std: "docker" "exec" "-e" "SOURCE_DIR=/opt/rustwide/workdir" "-e" "CARGO_HOME=/opt/rustwide/cargo-home" "-e" "RUSTUP_HOME=/opt/rustwide/rustup-home" "-e" "CARGO_TARGET_DIR=/opt/rustwide/target" "-w" "/opt/rustwide/workdir" "--user" "0:0" "249d0e6c981eda0e6c7b77459c31f7d6f580115e13c7c29014b345f1c6b05842" "/opt/rustwide/cargo-home/bin/cargo" "+1.100.0-beta.1" "metadata" "--no-deps" "--format-version=1", kill_on_drop: false }`
[INFO] running `Command { std: "docker" "inspect" "249d0e6c981eda0e6c7b77459c31f7d6f580115e13c7c29014b345f1c6b05842", kill_on_drop: false }`
[INFO] running `Command { std: "docker" "exec" "-e" "SOURCE_DIR=/opt/rustwide/workdir" "-e" "CARGO_HOME=/opt/rustwide/cargo-home" "-e" "RUSTUP_HOME=/opt/rustwide/rustup-home" "-e" "CARGO_TARGET_DIR=/opt/rustwide/target" "-e" "CARGO_INCREMENTAL=0" "-e" "RUST_BACKTRACE=full" "-e" "RUSTFLAGS=--cap-lints=warn" "-e" "RUSTDOCFLAGS=--cap-lints=warn" "-w" "/opt/rustwide/workdir" "--user" "0:0" "249d0e6c981eda0e6c7b77459c31f7d6f580115e13c7c29014b345f1c6b05842" "/opt/rustwide/cargo-home/bin/cargo" "+1.100.0-beta.1" "build" "--frozen" "--message-format=json" "--release", kill_on_drop: false }`
[INFO] [stderr]    Compiling lock_api v0.4.14
[INFO] [stderr]    Compiling futures-channel v0.3.33
[INFO] [stderr]    Compiling find-msvc-tools v0.1.10
[INFO] [stderr]    Compiling getrandom v0.3.4
[INFO] [stderr]    Compiling syn v3.0.3
[INFO] [stderr]    Compiling parking_lot_core v0.9.12
[INFO] [stderr]    Compiling proc-macro-utils v0.10.0
[INFO] [stderr]    Compiling thiserror-impl v1.0.69
[INFO] [stderr]    Compiling portable-atomic v1.15.0
[INFO] [stderr]    Compiling tracing v0.1.44
[INFO] [stderr]    Compiling rustls v0.23.43
[INFO] [stderr]    Compiling hashbrown v0.15.5
[INFO] [stderr]    Compiling doc-comment v0.3.4
[INFO] [stderr]    Compiling regex-automata v0.4.18
[INFO] [stderr]    Compiling syn v1.0.109
[INFO] [stderr]    Compiling quinn-udp v0.5.15
[INFO] [stderr]    Compiling cc v1.4.2
[INFO] [stderr]    Compiling num-traits v0.2.19
[INFO] [stderr]    Compiling siphasher v1.0.3
[INFO] [stderr]    Compiling futures-util v0.3.33
[INFO] [stderr]    Compiling parking_lot v0.12.5
[INFO] [stderr]    Compiling spin v0.9.9
[INFO] [stderr]    Compiling dashmap v6.2.1
[INFO] [stderr]    Compiling rand_core v0.9.5
[INFO] [stderr]    Compiling ahash v0.8.12
[INFO] [stderr]    Compiling chrono v0.4.45
[INFO] [stderr]    Compiling quote-use-macros v0.8.4
[INFO] [stderr]    Compiling manyhow-macros v0.11.4
[INFO] [stderr]    Compiling serde_json v1.0.151
[INFO] [stderr]    Compiling quinn v0.11.11
[INFO] [stderr]    Compiling dequemap v0.3.0
[INFO] [stderr]    Compiling rand_pcg v0.10.2
[INFO] [stderr]    Compiling crossbeam-queue v0.3.13
[INFO] [stderr]    Compiling quote-use v0.8.4
[INFO] [stderr]    Compiling manyhow v0.11.4
[INFO] [stderr]    Compiling derive-where v1.6.1
[INFO] [stderr]    Compiling nonzero_ext v0.3.0
[INFO] [stderr]    Compiling either v1.17.0
[INFO] [stderr]    Compiling lru-slab v0.1.2
[INFO] [stderr]    Compiling std-ext v0.4.0
[INFO] [stderr]    Compiling iana-time-zone v0.1.65
[INFO] [stderr]    Compiling protobuf v3.7.2
[INFO] [stderr]    Compiling futures-lite v1.13.0
[INFO] [stderr]    Compiling attribute-derive-macro v0.10.5
[INFO] [stderr]    Compiling ring v0.17.14
[INFO] [stderr]    Compiling itertools v0.14.0
[INFO] [stderr]    Compiling thiserror v1.0.69
[INFO] [stderr]    Compiling rand_chacha v0.9.0
[INFO] [stderr]    Compiling protobuf-support v3.7.2
[INFO] [stderr]    Compiling fastbloom v0.17.0
[INFO] [stderr]    Compiling raw-cpuid v11.6.0
[INFO] [stderr]    Compiling prometheus v0.14.0
[INFO] [stderr]    Compiling percent-encoding v2.3.2
[INFO] [stderr]    Compiling form_urlencoded v1.2.2
[INFO] [stderr]    Compiling time v0.3.55
[INFO] [stderr]    Compiling nom v7.1.3
[INFO] [stderr]    Compiling rmqtt v0.24.0 (/opt/rustwide/workdir)
[INFO] [stderr]    Compiling attribute-derive v0.10.5
[INFO] [stderr]    Compiling strum_macros v0.26.4
[INFO] [stderr]    Compiling rand v0.9.5
[INFO] [stderr]    Compiling spinning_top v0.3.0
[INFO] [stderr]    Compiling socket2 v0.5.10
[INFO] [stderr]    Compiling futures-timer v3.0.4
[INFO] [stderr]    Compiling get-size-derive2 v0.9.0
[INFO] [stderr]    Compiling bytesize v1.3.3
[INFO] [stderr]    Compiling get-size2 v0.9.0
[INFO] [stderr]    Compiling prost-derive v0.13.5
[INFO] [stderr]    Compiling uuid v1.24.0
[INFO] [stderr]    Compiling regex v1.13.1
[INFO] [stderr]    Compiling futures-executor v0.3.33
[INFO] [stderr]    Compiling quanta v0.12.6
[INFO] [stderr]    Compiling futures v0.3.33
[INFO] [stderr]    Compiling queue-ext v0.4.2
[INFO] [stderr]    Compiling mpsc v0.3.0
[INFO] [stderr]    Compiling governor v0.10.4
[INFO] [stderr]    Compiling strum v0.26.3
[INFO] [stderr]    Compiling systemstat v0.2.7
[INFO] [stderr]    Compiling snafu-derive v0.6.10
[INFO] [stderr]    Compiling serde_derive v1.0.229
[INFO] [stderr]    Compiling thiserror-impl v2.0.20
[INFO] [stderr]    Compiling displaydoc v0.2.7
[INFO] [stderr]    Compiling tokio-macros v2.7.2
[INFO] [stderr]    Compiling async-trait v0.1.92
[INFO] [stderr]    Compiling tinystr v0.8.3
[INFO] [stderr]    Compiling zerotrie v0.2.4
[INFO] [stderr]    Compiling icu_collections v2.2.0
[INFO] [stderr]    Compiling icu_locale_core v2.2.0
[INFO] [stderr]    Compiling thiserror v2.0.20
[INFO] [stderr]    Compiling snafu v0.6.10
[INFO] [stderr]    Compiling cobs v0.3.0
[INFO] [stderr]    Compiling icu_provider v2.2.0
[INFO] [stderr]    Compiling serde v1.0.229
[INFO] [stderr]    Compiling icu_properties v2.2.0
[INFO] [stderr]    Compiling icu_normalizer v2.2.0
[INFO] [stderr]    Compiling bytes v1.12.1
[INFO] [stderr]    Compiling heapless v0.7.17
[INFO] [stderr]    Compiling idna_adapter v1.2.2
[INFO] [stderr]    Compiling postcard v1.1.3
[INFO] [stderr]    Compiling tokio v1.53.1
[INFO] [stderr]    Compiling bytestring v1.5.1
[INFO] [stderr]    Compiling proxy-protocol v0.5.0
[INFO] [stderr]    Compiling prost v0.13.5
[INFO] [stderr]    Compiling idna v1.1.0
[INFO] [stderr]    Compiling rmqtt-utils v0.1.6
[INFO] [stderr]    Compiling box-counter v0.4.0
[INFO] [stderr]    Compiling task-exec-queue v0.10.1
[INFO] [stderr]    Compiling url v2.5.8
[INFO] [stderr]    Compiling rust-box v0.18.0
[INFO] [stderr]    Compiling rustls-webpki v0.103.13
[INFO] [stderr]    Compiling tokio-util v0.7.19
[INFO] [stderr]    Compiling tower-resilience-core v0.10.1
[INFO] [stderr]    Compiling leaky-bucket v1.1.2
[INFO] [stderr]    Compiling tower v0.5.3
[INFO] [stderr]    Compiling rmqtt-codec v0.3.1
[INFO] [stderr]    Compiling tower-resilience-circuitbreaker v0.10.1
[INFO] [stderr]    Compiling rustls-platform-verifier v0.7.0
[INFO] [stderr]    Compiling quinn-proto v0.11.16
[INFO] [stderr]    Compiling rmqtt-net v0.5.0
[INFO] [stderr] warning: unused dependency `config`
[INFO] [stderr]   --> Cargo.toml:37:15
[INFO] [stderr]    |
[INFO] [stderr] 37 | [dependencies.config]
[INFO] [stderr]    |               ^^^^^^^
[INFO] [stderr]    |
[INFO] [stderr]    = note: `cargo::unused_dependencies` is set to `warn` by default
[INFO] [stderr] help: consider removing the dependency on `config`
[INFO] [stderr] warning: unused dependency `leaky-bucket`
[INFO] [stderr]   --> Cargo.toml:58:15
[INFO] [stderr]    |
[INFO] [stderr] 58 | [dependencies.leaky-bucket]
[INFO] [stderr]    |               ^^^^^^^^^^^^^
[INFO] [stderr]    |
[INFO] [stderr] help: consider removing the dependency on `leaky-bucket`
[INFO] [stderr] warning: unused dependency `prometheus`
[INFO] [stderr]   --> Cargo.toml:71:15
[INFO] [stderr]    |
[INFO] [stderr] 71 | [dependencies.prometheus]
[INFO] [stderr]    |               ^^^^^^^^^^^
[INFO] [stderr]    |
[INFO] [stderr] help: consider removing the dependency on `prometheus`
[INFO] [stderr] warning: unused dependency `prost`
[INFO] [stderr]   --> Cargo.toml:74:15
[INFO] [stderr]    |
[INFO] [stderr] 74 | [dependencies.prost]
[INFO] [stderr]    |               ^^^^^^
[INFO] [stderr]    |
[INFO] [stderr] help: consider removing the dependency on `prost`
[INFO] [stderr] warning: unused dependency `strum`
[INFO] [stderr]    --> Cargo.toml:107:15
[INFO] [stderr]     |
[INFO] [stderr] 107 | [dependencies.strum]
[INFO] [stderr]     |               ^^^^^^
[INFO] [stderr]     |
[INFO] [stderr] help: consider removing the dependency on `strum`
[INFO] [stderr] warning: unused dependency `tower-resilience-circuitbreaker`
[INFO] [stderr]    --> Cargo.toml:127:15
[INFO] [stderr]     |
[INFO] [stderr] 127 | [dependencies.tower-resilience-circuitbreaker]
[INFO] [stderr]     |               ^^^^^^^^^^^^^^^^^^^^^^^^^^^^^^^^
[INFO] [stderr]     |
[INFO] [stderr] help: consider removing the dependency on `tower-resilience-circuitbreaker`
[INFO] [stderr] warning: `rmqtt` (manifest) generated 6 warnings
[INFO] [stderr]     Finished `release` profile [optimized] target(s) in 2m 16s
[INFO] [stderr] warning: the following packages contain code that will be rejected by a future version of Rust: attribute-derive-macro v0.10.5
[INFO] [stderr] note: to see what the problems were, use the option `--future-incompat-report`, or run `cargo report future-incompatibilities --id 5`
[INFO] running `Command { std: "docker" "inspect" "249d0e6c981eda0e6c7b77459c31f7d6f580115e13c7c29014b345f1c6b05842", kill_on_drop: false }`
[INFO] running `Command { std: "docker" "exec" "-e" "SOURCE_DIR=/opt/rustwide/workdir" "-e" "CARGO_HOME=/opt/rustwide/cargo-home" "-e" "RUSTUP_HOME=/opt/rustwide/rustup-home" "-e" "CARGO_TARGET_DIR=/opt/rustwide/target" "-e" "CARGO_INCREMENTAL=0" "-e" "RUST_BACKTRACE=full" "-e" "RUSTFLAGS=--cap-lints=warn" "-e" "RUSTDOCFLAGS=--cap-lints=warn" "-w" "/opt/rustwide/workdir" "--user" "0:0" "249d0e6c981eda0e6c7b77459c31f7d6f580115e13c7c29014b345f1c6b05842" "/opt/rustwide/cargo-home/bin/cargo" "+1.100.0-beta.1" "test" "--frozen" "--no-run" "--message-format=json" "--release", kill_on_drop: false }`
[INFO] [stderr]    Compiling rmqtt v0.24.0 (/opt/rustwide/workdir)
[INFO] [stderr] warning: unused dependency `config`
[INFO] [stderr]   --> Cargo.toml:37:15
[INFO] [stderr]    |
[INFO] [stderr] 37 | [dependencies.config]
[INFO] [stderr]    |               ^^^^^^^
[INFO] [stderr]    |
[INFO] [stderr]    = note: `cargo::unused_dependencies` is set to `warn` by default
[INFO] [stderr] help: consider removing the dependency on `config`
[INFO] [stderr] warning: unused dependency `leaky-bucket`
[INFO] [stderr]   --> Cargo.toml:58:15
[INFO] [stderr]    |
[INFO] [stderr] 58 | [dependencies.leaky-bucket]
[INFO] [stderr]    |               ^^^^^^^^^^^^^
[INFO] [stderr]    |
[INFO] [stderr] help: consider removing the dependency on `leaky-bucket`
[INFO] [stderr] warning: unused dependency `prometheus`
[INFO] [stderr]   --> Cargo.toml:71:15
[INFO] [stderr]    |
[INFO] [stderr] 71 | [dependencies.prometheus]
[INFO] [stderr]    |               ^^^^^^^^^^^
[INFO] [stderr]    |
[INFO] [stderr] help: consider removing the dependency on `prometheus`
[INFO] [stderr] warning: unused dependency `prost`
[INFO] [stderr]   --> Cargo.toml:74:15
[INFO] [stderr]    |
[INFO] [stderr] 74 | [dependencies.prost]
[INFO] [stderr]    |               ^^^^^^
[INFO] [stderr]    |
[INFO] [stderr] help: consider removing the dependency on `prost`
[INFO] [stderr] warning: unused dependency `strum`
[INFO] [stderr]    --> Cargo.toml:107:15
[INFO] [stderr]     |
[INFO] [stderr] 107 | [dependencies.strum]
[INFO] [stderr]     |               ^^^^^^
[INFO] [stderr]     |
[INFO] [stderr] help: consider removing the dependency on `strum`
[INFO] [stderr] warning: unused dependency `tower-resilience-circuitbreaker`
[INFO] [stderr]    --> Cargo.toml:127:15
[INFO] [stderr]     |
[INFO] [stderr] 127 | [dependencies.tower-resilience-circuitbreaker]
[INFO] [stderr]     |               ^^^^^^^^^^^^^^^^^^^^^^^^^^^^^^^^
[INFO] [stderr]     |
[INFO] [stderr] help: consider removing the dependency on `tower-resilience-circuitbreaker`
[INFO] [stderr] warning: `rmqtt` (manifest) generated 6 warnings
[INFO] [stderr]     Finished `release` profile [optimized] target(s) in 10.04s
[INFO] [stderr] warning: the following packages contain code that will be rejected by a future version of Rust: attribute-derive-macro v0.10.5
[INFO] [stderr] note: to see what the problems were, use the option `--future-incompat-report`, or run `cargo report future-incompatibilities --id 5`
[INFO] running `Command { std: "docker" "inspect" "249d0e6c981eda0e6c7b77459c31f7d6f580115e13c7c29014b345f1c6b05842", kill_on_drop: false }`
[INFO] running `Command { std: "docker" "exec" "-e" "SOURCE_DIR=/opt/rustwide/workdir" "-e" "CARGO_HOME=/opt/rustwide/cargo-home" "-e" "RUSTUP_HOME=/opt/rustwide/rustup-home" "-e" "CARGO_TARGET_DIR=/opt/rustwide/target" "-e" "CARGO_INCREMENTAL=0" "-e" "RUST_BACKTRACE=full" "-e" "RUSTFLAGS=--cap-lints=warn" "-e" "RUSTDOCFLAGS=--cap-lints=warn" "-w" "/opt/rustwide/workdir" "--user" "0:0" "249d0e6c981eda0e6c7b77459c31f7d6f580115e13c7c29014b345f1c6b05842" "/opt/rustwide/cargo-home/bin/cargo" "+1.100.0-beta.1" "test" "--frozen" "--release", kill_on_drop: false }`
[INFO] [stderr] warning: unused dependency `config`
[INFO] [stderr]   --> Cargo.toml:37:15
[INFO] [stderr]    |
[INFO] [stderr] 37 | [dependencies.config]
[INFO] [stderr]    |               ^^^^^^^
[INFO] [stderr]    |
[INFO] [stderr]    = note: `cargo::unused_dependencies` is set to `warn` by default
[INFO] [stderr] help: consider removing the dependency on `config`
[INFO] [stderr] warning: unused dependency `leaky-bucket`
[INFO] [stderr]   --> Cargo.toml:58:15
[INFO] [stderr]    |
[INFO] [stderr] 58 | [dependencies.leaky-bucket]
[INFO] [stderr]    |               ^^^^^^^^^^^^^
[INFO] [stderr]    |
[INFO] [stderr] help: consider removing the dependency on `leaky-bucket`
[INFO] [stderr] warning: unused dependency `prometheus`
[INFO] [stderr]   --> Cargo.toml:71:15
[INFO] [stderr]    |
[INFO] [stderr] 71 | [dependencies.prometheus]
[INFO] [stderr]    |               ^^^^^^^^^^^
[INFO] [stderr]    |
[INFO] [stderr] help: consider removing the dependency on `prometheus`
[INFO] [stderr] warning: unused dependency `prost`
[INFO] [stderr]   --> Cargo.toml:74:15
[INFO] [stderr]    |
[INFO] [stderr] 74 | [dependencies.prost]
[INFO] [stderr]    |               ^^^^^^
[INFO] [stderr]    |
[INFO] [stderr] help: consider removing the dependency on `prost`
[INFO] [stderr] warning: unused dependency `strum`
[INFO] [stderr]    --> Cargo.toml:107:15
[INFO] [stderr]     |
[INFO] [stderr] 107 | [dependencies.strum]
[INFO] [stderr]     |               ^^^^^^
[INFO] [stderr]     |
[INFO] [stderr] help: consider removing the dependency on `strum`
[INFO] [stderr] warning: unused dependency `tower-resilience-circuitbreaker`
[INFO] [stderr]    --> Cargo.toml:127:15
[INFO] [stderr]     |
[INFO] [stderr] 127 | [dependencies.tower-resilience-circuitbreaker]
[INFO] [stderr]     |               ^^^^^^^^^^^^^^^^^^^^^^^^^^^^^^^^
[INFO] [stderr]     |
[INFO] [stderr] help: consider removing the dependency on `tower-resilience-circuitbreaker`
[INFO] [stderr] warning: `rmqtt` (manifest) generated 6 warnings
[INFO] [stderr]     Finished `release` profile [optimized] target(s) in 0.24s
[INFO] [stderr] warning: the following packages contain code that will be rejected by a future version of Rust: attribute-derive-macro v0.10.5
[INFO] [stderr] note: to see what the problems were, use the option `--future-incompat-report`, or run `cargo report future-incompatibilities --id 5`
[INFO] [stderr]      Running unittests src/lib.rs (/opt/rustwide/target/release/build/rmqtt/4d9192144e6324a7/out/rmqtt-4d9192144e6324a7)
[INFO] [stdout] 
[INFO] [stdout] running 15 tests
[INFO] [stdout] test inflight::tests::resume_collision_loses_stored_message ... ok
[INFO] [stdout] test topic::tests::test_level ... ok
[INFO] [stdout] test topic::tests::test_matches ... ok
[INFO] [stdout] test topic::tests::test_write_topic ... ok
[INFO] [stdout] test topic::tests::test_multi_wildcard_topic ... ok
[INFO] [stdout] test topic::tests::test_parse_topic ... ok
[INFO] [stdout] test inflight::tests::advance_next_id_isolates_transfer_id_space ... ok
[INFO] [stdout] test topic::tests::test_valid_topic ... ok
[INFO] [stdout] test inflight::tests::next_id_restarts_at_one_and_collides_with_transfer_ids ... ok
[INFO] [stdout] test trie::tests::topic ... ok
[INFO] [stdout] test types::test_reason ... ok
[INFO] [stdout] test topic::tests::test_single_wildcard_topic ... ok
[INFO] [stdout] test inflight::tests::push_back_same_packet_id_silently_overwrites ... ok
[INFO] [stdout] test trie::tests::topic_nodeid ... ok
[INFO] [stdout] test queue::test::channel ... ok
[INFO] [stdout] 
[INFO] [stdout] test result: ok. 15 passed; 0 failed; 0 ignored; 0 measured; 0 filtered out; finished in 1.91s
[INFO] [stdout] 
[INFO] [stderr]    Doc-tests rmqtt
[INFO] [stdout] 
[INFO] [stdout] running 17 tests
[INFO] [stdout] test src/server.rs - server (line 31) ... ignored
[INFO] [stdout] test src/server.rs - server (line 40) ... ignored
[INFO] [stdout] test src/session.rs - session (line 43) ... ignored
[INFO] [stdout] test src/topic.rs - topic (line 32) ... ignored
[INFO] [stdout] test src/topic.rs - topic (line 48) ... ignored
[INFO] [stdout] test src/trie.rs - trie (line 20) ... ignored
[INFO] [stdout] test src/topic.rs - topic (line 13) ... ok
[INFO] [stdout] test src/acl.rs - acl::AuthInfo (line 56) ... ok
[INFO] [stdout] test src/lib.rs - (line 30) - compile ... FAILED
[INFO] [stdout] test src/server.rs - server (line 67) - compile ... FAILED
[INFO] [stdout] test src/context.rs - context::ServerContextBuilder (line 83) ... ok
[INFO] [stdout] test src/acl.rs - acl::Action (line 328) ... ok
[INFO] [stdout] test src/topic.rs - topic::Topic::to_string_skip (line 260) ... ok
[INFO] [stdout] test src/acl.rs - acl::Permission (line 303) ... ok
[INFO] [stdout] test src/acl.rs - acl::Topic (line 356) ... ok
[INFO] [stdout] test src/acl.rs - acl::Rule (line 163) ... ok
[INFO] [stdout] test src/context.rs - context (line 38) ... ok
[INFO] [stdout] 
[INFO] [stdout] failures:
[INFO] [stdout] 
[INFO] [stdout] ---- src/lib.rs - (line 30) stdout ----
[INFO] [stdout] error[E0599]: no method named `ws` found for struct `Listener` in the current scope
[INFO] [stdout]   --> src/lib.rs:44:95
[INFO] [stdout]    |
[INFO] [stdout] 44 |       .listener(Builder::new().name("external/ws").laddr(([0, 0, 0, 0], 8080).into()).bind()?.ws()?)
[INFO] [stdout]    |                                                                                               ^^ method not found in `Listener`
[INFO] [stdout] 
[INFO] [stdout] error: aborting due to 1 previous error
[INFO] [stdout] 
[INFO] [stdout] For more information about this error, try `rustc --explain E0599`.
[INFO] [stdout] Couldn't compile the test.
[INFO] [stdout] ---- src/server.rs - server (line 67) stdout ----
[INFO] [stdout] error[E0599]: no method named `ws` found for struct `Listener` in the current scope
[INFO] [stdout]   --> src/server.rs:83:97
[INFO] [stdout]    |
[INFO] [stdout] 83 |         .listener(Builder::new().name("external/ws").laddr(([0, 0, 0, 0], 8080).into()).bind()?.ws()?)
[INFO] [stdout]    |                                                                                                 ^^ method not found in `Listener`
[INFO] [stdout] 
[INFO] [stdout] error: aborting due to 1 previous error
[INFO] [stdout] 
[INFO] [stdout] For more information about this error, try `rustc --explain E0599`.
[INFO] [stdout] Couldn't compile the test.
[INFO] [stdout] 
[INFO] [stdout] failures:
[INFO] [stdout]     src/lib.rs - (line 30)
[INFO] [stdout]     src/server.rs - server (line 67)
[INFO] [stdout] 
[INFO] [stdout] test result: FAILED. 9 passed; 2 failed; 6 ignored; 0 measured; 0 filtered out; finished in 2.72s
[INFO] [stdout] 
[INFO] [stderr] error: doctest failed, to rerun pass `--doc`
[INFO] running `Command { std: "docker" "inspect" "249d0e6c981eda0e6c7b77459c31f7d6f580115e13c7c29014b345f1c6b05842", kill_on_drop: false }`
[INFO] running `Command { std: "docker" "rm" "-f" "249d0e6c981eda0e6c7b77459c31f7d6f580115e13c7c29014b345f1c6b05842", kill_on_drop: false }`
[INFO] [stdout] 249d0e6c981eda0e6c7b77459c31f7d6f580115e13c7c29014b345f1c6b05842
