[INFO] fetching crate rmqtt-net 0.5.0...
[INFO] testing rmqtt-net-0.5.0 against 1.100.0-beta.1+cargoflags=--release for beta-release-1.100-2
[INFO] extracting crate rmqtt-net 0.5.0 into /workspace/builds/worker-3-tc2/source
[INFO] started tweaking crates.io crate rmqtt-net 0.5.0
[INFO] removed 0 missing examples
[INFO] finished tweaking crates.io crate rmqtt-net 0.5.0
[INFO] tweaked toml for crates.io crate rmqtt-net 0.5.0 written to /workspace/builds/worker-3-tc2/source/Cargo.toml
[INFO] validating manifest of crates.io crate rmqtt-net 0.5.0 on toolchain 1.100.0-beta.1
[INFO] running `Command { std: CARGO_HOME="/workspace/cargo-home" RUSTUP_HOME="/workspace/rustup-home" "/workspace/cargo-home/bin/cargo" "+1.100.0-beta.1" "metadata" "--manifest-path" "Cargo.toml" "--no-deps", kill_on_drop: false }`
[INFO] crate crates.io crate rmqtt-net 0.5.0 already has a lockfile, it will not be regenerated
[INFO] running `Command { std: CARGO_HOME="/workspace/cargo-home" RUSTUP_HOME="/workspace/rustup-home" "/workspace/cargo-home/bin/cargo" "+1.100.0-beta.1" "fetch" "--manifest-path" "Cargo.toml", kill_on_drop: false }`
[INFO] running `Command { std: "docker" "create" "-v" "/var/lib/crater-agent-workspace/builds/worker-3-tc2/source:/opt/rustwide/workdir:ro,Z" "-v" "/var/lib/crater-agent-workspace/builds/worker-3-tc2/target:/opt/rustwide/target:rw,Z" "-v" "/var/lib/crater-agent-workspace/cargo-home:/opt/rustwide/cargo-home:ro,Z" "-v" "/var/lib/crater-agent-workspace/rustup-home:/opt/rustwide/rustup-home:ro,Z" "-m" "1610612736" "--network" "none" "ghcr.io/rust-lang/crates-build-env/linux@sha256:77db811e55d90add9212f6832c23229e3de5f1c1f9905e8cb07319ea15df73ac" "sleep" "infinity", kill_on_drop: false }`
[INFO] [stdout] e6259206fd31528bb66c728a55fb509cddd4386a947d2aa90574b31d3b13494d
[INFO] running `Command { std: "docker" "start" "e6259206fd31528bb66c728a55fb509cddd4386a947d2aa90574b31d3b13494d", kill_on_drop: false }`
[INFO] running `Command { std: "docker" "inspect" "e6259206fd31528bb66c728a55fb509cddd4386a947d2aa90574b31d3b13494d", kill_on_drop: false }`
[INFO] running `Command { std: "docker" "exec" "-e" "SOURCE_DIR=/opt/rustwide/workdir" "-e" "CARGO_HOME=/opt/rustwide/cargo-home" "-e" "RUSTUP_HOME=/opt/rustwide/rustup-home" "-e" "CARGO_TARGET_DIR=/opt/rustwide/target" "-w" "/opt/rustwide/workdir" "--user" "0:0" "e6259206fd31528bb66c728a55fb509cddd4386a947d2aa90574b31d3b13494d" "/opt/rustwide/cargo-home/bin/cargo" "+1.100.0-beta.1" "metadata" "--no-deps" "--format-version=1", kill_on_drop: false }`
[INFO] running `Command { std: "docker" "inspect" "e6259206fd31528bb66c728a55fb509cddd4386a947d2aa90574b31d3b13494d", kill_on_drop: false }`
[INFO] running `Command { std: "docker" "exec" "-e" "SOURCE_DIR=/opt/rustwide/workdir" "-e" "CARGO_HOME=/opt/rustwide/cargo-home" "-e" "RUSTUP_HOME=/opt/rustwide/rustup-home" "-e" "CARGO_TARGET_DIR=/opt/rustwide/target" "-e" "CARGO_INCREMENTAL=0" "-e" "RUST_BACKTRACE=full" "-e" "RUSTFLAGS=--cap-lints=warn" "-e" "RUSTDOCFLAGS=--cap-lints=warn" "-w" "/opt/rustwide/workdir" "--user" "0:0" "e6259206fd31528bb66c728a55fb509cddd4386a947d2aa90574b31d3b13494d" "/opt/rustwide/cargo-home/bin/cargo" "+1.100.0-beta.1" "build" "--frozen" "--message-format=json" "--release", kill_on_drop: false }`
[INFO] [stderr]    Compiling proc-macro2 v1.0.107
[INFO] [stderr]    Compiling quote v1.0.47
[INFO] [stderr]    Compiling libc v0.2.189
[INFO] [stderr]    Compiling serde_core v1.0.229
[INFO] [stderr]    Compiling serde v1.0.229
[INFO] [stderr]    Compiling shlex v2.0.1
[INFO] [stderr]    Compiling find-msvc-tools v0.1.10
[INFO] [stderr]    Compiling pin-project-lite v0.2.17
[INFO] [stderr]    Compiling cfg-if v1.0.4
[INFO] [stderr]    Compiling memchr v2.8.3
[INFO] [stderr]    Compiling once_cell v1.21.4
[INFO] [stderr]    Compiling log v0.4.33
[INFO] [stderr]    Compiling zeroize v1.9.0
[INFO] [stderr]    Compiling rand_core v0.10.1
[INFO] [stderr]    Compiling autocfg v1.5.1
[INFO] [stderr]    Compiling futures-sink v0.3.33
[INFO] [stderr]    Compiling untrusted v0.9.0
[INFO] [stderr]    Compiling cfg_aliases v0.2.2
[INFO] [stderr]    Compiling futures-core v0.3.33
[INFO] [stderr]    Compiling portable-atomic v1.15.0
[INFO] [stderr]    Compiling rustls-pki-types v1.15.1
[INFO] [stderr]    Compiling zmij v1.0.23
[INFO] [stderr]    Compiling syn v1.0.109
[INFO] [stderr]    Compiling cc v1.4.2
[INFO] [stderr]    Compiling getrandom v0.4.3
[INFO] [stderr]    Compiling slab v0.4.12
[INFO] [stderr]    Compiling libm v0.2.16
[INFO] [stderr]    Compiling rustls v0.23.43
[INFO] [stderr]    Compiling tracing-core v0.1.36
[INFO] [stderr]    Compiling thiserror v2.0.20
[INFO] [stderr]    Compiling anyhow v1.0.104
[INFO] [stderr]    Compiling doc-comment v0.3.4
[INFO] [stderr]    Compiling subtle v2.6.1
[INFO] [stderr]    Compiling openssl-probe v0.2.1
[INFO] [stderr]    Compiling serde_json v1.0.151
[INFO] [stderr]    Compiling regex-syntax v0.8.11
[INFO] [stderr]    Compiling cpufeatures v0.3.0
[INFO] [stderr]    Compiling num-traits v0.2.19
[INFO] [stderr]    Compiling chacha20 v0.10.1
[INFO] [stderr]    Compiling rustls-native-certs v0.8.4
[INFO] [stderr]    Compiling futures-channel v0.3.33
[INFO] [stderr]    Compiling quinn-udp v0.5.15
[INFO] [stderr]    Compiling tinyvec_macros v0.1.1
[INFO] [stderr]    Compiling siphasher v1.0.3
[INFO] [stderr]    Compiling futures-io v0.3.33
[INFO] [stderr]    Compiling itoa v1.0.18
[INFO] [stderr]    Compiling aho-corasick v1.1.5
[INFO] [stderr]    Compiling tracing v0.1.44
[INFO] [stderr]    Compiling foldhash v0.2.0
[INFO] [stderr]    Compiling iana-time-zone v0.1.65
[INFO] [stderr]    Compiling futures-task v0.3.33
[INFO] [stderr]    Compiling syn v3.0.3
[INFO] [stderr]    Compiling syn v2.0.119
[INFO] [stderr]    Compiling ring v0.17.14
[INFO] [stderr]    Compiling tinyvec v1.12.0
[INFO] [stderr]    Compiling chrono v0.4.45
[INFO] [stderr]    Compiling rand_pcg v0.10.2
[INFO] [stderr]    Compiling quinn v0.11.11
[INFO] [stderr]    Compiling rustc-hash v2.1.3
[INFO] [stderr]    Compiling lru-slab v0.1.2
[INFO] [stderr]    Compiling nonzero_ext v0.3.0
[INFO] [stderr]    Compiling bitflags v2.13.1
[INFO] [stderr]    Compiling getrandom v0.2.17
[INFO] [stderr]    Compiling socket2 v0.6.5
[INFO] [stderr]    Compiling mio v1.2.2
[INFO] [stderr]    Compiling socket2 v0.5.10
[INFO] [stderr]    Compiling rand v0.10.2
[INFO] [stderr]    Compiling fastbloom v0.17.0
[INFO] [stderr]    Compiling regex-automata v0.4.18
[INFO] [stderr]    Compiling serde_derive v1.0.229
[INFO] [stderr]    Compiling thiserror-impl v2.0.20
[INFO] [stderr]    Compiling futures-macro v0.3.33
[INFO] [stderr]    Compiling thiserror-impl v1.0.69
[INFO] [stderr]    Compiling futures-util v0.3.33
[INFO] [stderr]    Compiling snafu-derive v0.6.10
[INFO] [stderr]    Compiling thiserror v1.0.69
[INFO] [stderr]    Compiling snafu v0.6.10
[INFO] [stderr]    Compiling regex v1.13.1
[INFO] [stderr]    Compiling bytes v1.12.1
[INFO] [stderr]    Compiling tokio v1.53.1
[INFO] [stderr]    Compiling bytestring v1.5.1
[INFO] [stderr]    Compiling proxy-protocol v0.5.0
[INFO] [stderr]    Compiling rmqtt-utils v0.1.6
[INFO] [stderr]    Compiling futures-executor v0.3.33
[INFO] [stderr]    Compiling futures v0.3.33
[INFO] [stderr]    Compiling tokio-util v0.7.19
[INFO] [stderr]    Compiling rmqtt-codec v0.3.1
[INFO] [stderr]    Compiling rustls-webpki v0.103.13
[INFO] [stderr]    Compiling rustls-platform-verifier v0.7.0
[INFO] [stderr]    Compiling quinn-proto v0.11.16
[INFO] [stderr]    Compiling rmqtt-net v0.5.0 (/opt/rustwide/workdir)
[INFO] [stderr] warning: unused dependency `quinn`
[INFO] [stderr]   --> Cargo.toml:20:15
[INFO] [stderr]    |
[INFO] [stderr] 20 | [dependencies.quinn]
[INFO] [stderr]    |               ^^^^^^
[INFO] [stderr]    |
[INFO] [stderr]    = note: `cargo::unused_dependencies` is set to `warn` by default
[INFO] [stderr] help: consider removing the dependency on `quinn`
[INFO] [stderr] warning: `rmqtt-net` (manifest) generated 1 warning
[INFO] [stderr]     Finished `release` profile [optimized] target(s) in 1m 19s
[INFO] running `Command { std: "docker" "inspect" "e6259206fd31528bb66c728a55fb509cddd4386a947d2aa90574b31d3b13494d", kill_on_drop: false }`
[INFO] running `Command { std: "docker" "exec" "-e" "SOURCE_DIR=/opt/rustwide/workdir" "-e" "CARGO_HOME=/opt/rustwide/cargo-home" "-e" "RUSTUP_HOME=/opt/rustwide/rustup-home" "-e" "CARGO_TARGET_DIR=/opt/rustwide/target" "-e" "CARGO_INCREMENTAL=0" "-e" "RUST_BACKTRACE=full" "-e" "RUSTFLAGS=--cap-lints=warn" "-e" "RUSTDOCFLAGS=--cap-lints=warn" "-w" "/opt/rustwide/workdir" "--user" "0:0" "e6259206fd31528bb66c728a55fb509cddd4386a947d2aa90574b31d3b13494d" "/opt/rustwide/cargo-home/bin/cargo" "+1.100.0-beta.1" "test" "--frozen" "--no-run" "--message-format=json" "--release", kill_on_drop: false }`
[INFO] [stderr]    Compiling log v0.4.33
[INFO] [stderr]    Compiling parking_lot_core v0.9.12
[INFO] [stderr]    Compiling smallvec v1.15.2
[INFO] [stderr]    Compiling lock_api v0.4.14
[INFO] [stderr]    Compiling syn v3.0.3
[INFO] [stderr]    Compiling errno v0.3.14
[INFO] [stderr]    Compiling time-core v0.1.9
[INFO] [stderr]    Compiling num-conv v0.2.2
[INFO] [stderr]    Compiling deranged v0.5.8
[INFO] [stderr]    Compiling num_threads v0.1.7
[INFO] [stderr]    Compiling powerfmt v0.2.0
[INFO] [stderr]    Compiling colored v3.1.1
[INFO] [stderr]    Compiling tracing v0.1.44
[INFO] [stderr]    Compiling rustls-platform-verifier v0.7.0
[INFO] [stderr]    Compiling signal-hook-registry v1.4.8
[INFO] [stderr]    Compiling time-macros v0.2.32
[INFO] [stderr]    Compiling parking_lot v0.12.5
[INFO] [stderr]    Compiling quinn-udp v0.5.15
[INFO] [stderr]    Compiling time v0.3.55
[INFO] [stderr]    Compiling serde_derive v1.0.229
[INFO] [stderr]    Compiling tokio-macros v2.7.2
[INFO] [stderr]    Compiling thiserror-impl v2.0.20
[INFO] [stderr]    Compiling thiserror v2.0.20
[INFO] [stderr]    Compiling simple_logger v5.2.0
[INFO] [stderr]    Compiling serde v1.0.229
[INFO] [stderr]    Compiling bytes v1.12.1
[INFO] [stderr]    Compiling tokio v1.53.1
[INFO] [stderr]    Compiling bytestring v1.5.1
[INFO] [stderr]    Compiling quinn-proto v0.11.16
[INFO] [stderr]    Compiling proxy-protocol v0.5.0
[INFO] [stderr]    Compiling rmqtt-utils v0.1.6
[INFO] [stderr]    Compiling tokio-util v0.7.19
[INFO] [stderr]    Compiling quinn v0.11.11
[INFO] [stderr]    Compiling rmqtt-codec v0.3.1
[INFO] [stderr]    Compiling rmqtt-net v0.5.0 (/opt/rustwide/workdir)
[INFO] [stderr] warning: unused dependency `quinn`
[INFO] [stderr]   --> Cargo.toml:20:15
[INFO] [stderr]    |
[INFO] [stderr] 20 | [dependencies.quinn]
[INFO] [stderr]    |               ^^^^^^
[INFO] [stderr]    |
[INFO] [stderr]    = note: `cargo::unused_dependencies` is set to `warn` by default
[INFO] [stderr] help: consider removing the dependency on `quinn`
[INFO] [stderr] warning: `rmqtt-net` (manifest) generated 1 warning
[INFO] [stderr]     Finished `release` profile [optimized] target(s) in 36.77s
[INFO] running `Command { std: "docker" "inspect" "e6259206fd31528bb66c728a55fb509cddd4386a947d2aa90574b31d3b13494d", kill_on_drop: false }`
[INFO] running `Command { std: "docker" "exec" "-e" "SOURCE_DIR=/opt/rustwide/workdir" "-e" "CARGO_HOME=/opt/rustwide/cargo-home" "-e" "RUSTUP_HOME=/opt/rustwide/rustup-home" "-e" "CARGO_TARGET_DIR=/opt/rustwide/target" "-e" "CARGO_INCREMENTAL=0" "-e" "RUST_BACKTRACE=full" "-e" "RUSTFLAGS=--cap-lints=warn" "-e" "RUSTDOCFLAGS=--cap-lints=warn" "-w" "/opt/rustwide/workdir" "--user" "0:0" "e6259206fd31528bb66c728a55fb509cddd4386a947d2aa90574b31d3b13494d" "/opt/rustwide/cargo-home/bin/cargo" "+1.100.0-beta.1" "test" "--frozen" "--release", kill_on_drop: false }`
[INFO] [stderr] warning: unused dependency `quinn`
[INFO] [stderr]   --> Cargo.toml:20:15
[INFO] [stderr]    |
[INFO] [stderr] 20 | [dependencies.quinn]
[INFO] [stderr]    |               ^^^^^^
[INFO] [stderr]    |
[INFO] [stderr]    = note: `cargo::unused_dependencies` is set to `warn` by default
[INFO] [stderr] help: consider removing the dependency on `quinn`
[INFO] [stderr] warning: `rmqtt-net` (manifest) generated 1 warning
[INFO] [stderr]     Finished `release` profile [optimized] target(s) in 0.17s
[INFO] [stderr]      Running unittests src/lib.rs (/opt/rustwide/target/release/build/rmqtt-net/6c4a9da47c9d44ed/out/rmqtt_net-6c4a9da47c9d44ed)
[INFO] [stdout] 
[INFO] [stdout] running 0 tests
[INFO] [stdout] 
[INFO] [stderr]    Doc-tests rmqtt_net
[INFO] [stdout] test result: ok. 0 passed; 0 failed; 0 ignored; 0 measured; 0 filtered out; finished in 0.00s
[INFO] [stdout] 
[INFO] [stdout] 
[INFO] [stdout] running 6 tests
[INFO] [stdout] test src/builder.rs - builder (line 5) - compile ... ok
[INFO] [stdout] test src/lib.rs - (line 9) - compile ... ok
[INFO] [stdout] test src/builder.rs - builder::Listener (line 625) ... ok
[INFO] [stdout] test src/builder.rs - builder::Builder (line 184) ... ok
[INFO] [stdout] test src/stream.rs - stream::v5::MqttStream<Io> (line 365) ... FAILED
[INFO] [stdout] test src/stream.rs - stream::v3::MqttStream<Io> (line 138) ... FAILED
[INFO] [stdout] 
[INFO] [stdout] failures:
[INFO] [stdout] 
[INFO] [stdout] ---- src/stream.rs - stream::v5::MqttStream<Io> (line 365) stdout ----
[INFO] [stdout] error[E0560]: struct `rmqtt_net::v5::MqttStream<tokio::net::TcpStream>` has no field named `cert_info`
[INFO] [stdout]    --> src/stream.rs:382:5
[INFO] [stdout]     |
[INFO] [stdout] 382 |     cert_info: None
[INFO] [stdout]     |     ^^^^^^^^^ `rmqtt_net::v5::MqttStream<_>` does not have this field
[INFO] [stdout]     |
[INFO] [stdout]     = note: all struct fields are already assigned
[INFO] [stdout] 
[INFO] [stdout] error: aborting due to 1 previous error
[INFO] [stdout] 
[INFO] [stdout] For more information about this error, try `rustc --explain E0560`.
[INFO] [stdout] Couldn't compile the test.
[INFO] [stdout] ---- src/stream.rs - stream::v3::MqttStream<Io> (line 138) stdout ----
[INFO] [stdout] error[E0560]: struct `rmqtt_net::v3::MqttStream<tokio::net::TcpStream>` has no field named `cert_info`
[INFO] [stdout]    --> src/stream.rs:154:5
[INFO] [stdout]     |
[INFO] [stdout] 154 |     cert_info: None,
[INFO] [stdout]     |     ^^^^^^^^^ `rmqtt_net::v3::MqttStream<_>` does not have this field
[INFO] [stdout]     |
[INFO] [stdout]     = note: all struct fields are already assigned
[INFO] [stdout] 
[INFO] [stdout] error: aborting due to 1 previous error
[INFO] [stdout] 
[INFO] [stdout] For more information about this error, try `rustc --explain E0560`.
[INFO] [stdout] Couldn't compile the test.
[INFO] [stdout] 
[INFO] [stdout] failures:
[INFO] [stdout]     src/stream.rs - stream::v3::MqttStream<Io> (line 138)
[INFO] [stdout]     src/stream.rs - stream::v5::MqttStream<Io> (line 365)
[INFO] [stdout] 
[INFO] [stdout] test result: FAILED. 4 passed; 2 failed; 0 ignored; 0 measured; 0 filtered out; finished in 0.25s
[INFO] [stdout] 
[INFO] [stderr] error: doctest failed, to rerun pass `--doc`
[INFO] running `Command { std: "docker" "inspect" "e6259206fd31528bb66c728a55fb509cddd4386a947d2aa90574b31d3b13494d", kill_on_drop: false }`
[INFO] running `Command { std: "docker" "rm" "-f" "e6259206fd31528bb66c728a55fb509cddd4386a947d2aa90574b31d3b13494d", kill_on_drop: false }`
[INFO] [stdout] e6259206fd31528bb66c728a55fb509cddd4386a947d2aa90574b31d3b13494d
