[INFO] fetching crate rmp_fs 1.0.4...
[INFO] testing rmp_fs-1.0.4 against 1.100.0-beta.1+cargoflags=--release for beta-release-1.100-2
[INFO] extracting crate rmp_fs 1.0.4 into /workspace/builds/worker-4-tc2/source
[INFO] removed /workspace/builds/worker-4-tc2/source/.cargo/config
[INFO] started tweaking crates.io crate rmp_fs 1.0.4
[INFO] finished tweaking crates.io crate rmp_fs 1.0.4
[INFO] tweaked toml for crates.io crate rmp_fs 1.0.4 written to /workspace/builds/worker-4-tc2/source/Cargo.toml
[INFO] validating manifest of crates.io crate rmp_fs 1.0.4 on toolchain 1.100.0-beta.1
[INFO] running `Command { std: CARGO_HOME="/workspace/cargo-home" RUSTUP_HOME="/workspace/rustup-home" "/workspace/cargo-home/bin/cargo" "+1.100.0-beta.1" "metadata" "--manifest-path" "Cargo.toml" "--no-deps", kill_on_drop: false }`
[INFO] crate crates.io crate rmp_fs 1.0.4 already has a lockfile, it will not be regenerated
[INFO] running `Command { std: CARGO_HOME="/workspace/cargo-home" RUSTUP_HOME="/workspace/rustup-home" "/workspace/cargo-home/bin/cargo" "+1.100.0-beta.1" "fetch" "--manifest-path" "Cargo.toml", kill_on_drop: false }`
[INFO] running `Command { std: "docker" "create" "-v" "/var/lib/crater-agent-workspace/builds/worker-4-tc2/source:/opt/rustwide/workdir:ro,Z" "-v" "/var/lib/crater-agent-workspace/builds/worker-4-tc2/target:/opt/rustwide/target:rw,Z" "-v" "/var/lib/crater-agent-workspace/cargo-home:/opt/rustwide/cargo-home:ro,Z" "-v" "/var/lib/crater-agent-workspace/rustup-home:/opt/rustwide/rustup-home:ro,Z" "-m" "1610612736" "--network" "none" "ghcr.io/rust-lang/crates-build-env/linux@sha256:77db811e55d90add9212f6832c23229e3de5f1c1f9905e8cb07319ea15df73ac" "sleep" "infinity", kill_on_drop: false }`
[INFO] [stdout] 60d40c64f79b9e6632d1cd37a4cc3e0089cca1e133ab667da238c816104f32f4
[INFO] running `Command { std: "docker" "start" "60d40c64f79b9e6632d1cd37a4cc3e0089cca1e133ab667da238c816104f32f4", kill_on_drop: false }`
[INFO] running `Command { std: "docker" "inspect" "60d40c64f79b9e6632d1cd37a4cc3e0089cca1e133ab667da238c816104f32f4", kill_on_drop: false }`
[INFO] running `Command { std: "docker" "exec" "-e" "SOURCE_DIR=/opt/rustwide/workdir" "-e" "CARGO_HOME=/opt/rustwide/cargo-home" "-e" "RUSTUP_HOME=/opt/rustwide/rustup-home" "-e" "CARGO_TARGET_DIR=/opt/rustwide/target" "-w" "/opt/rustwide/workdir" "--user" "0:0" "60d40c64f79b9e6632d1cd37a4cc3e0089cca1e133ab667da238c816104f32f4" "/opt/rustwide/cargo-home/bin/cargo" "+1.100.0-beta.1" "metadata" "--no-deps" "--format-version=1", kill_on_drop: false }`
[INFO] running `Command { std: "docker" "inspect" "60d40c64f79b9e6632d1cd37a4cc3e0089cca1e133ab667da238c816104f32f4", kill_on_drop: false }`
[INFO] running `Command { std: "docker" "exec" "-e" "SOURCE_DIR=/opt/rustwide/workdir" "-e" "CARGO_HOME=/opt/rustwide/cargo-home" "-e" "RUSTUP_HOME=/opt/rustwide/rustup-home" "-e" "CARGO_TARGET_DIR=/opt/rustwide/target" "-e" "CARGO_INCREMENTAL=0" "-e" "RUST_BACKTRACE=full" "-e" "RUSTFLAGS=--cap-lints=warn" "-e" "RUSTDOCFLAGS=--cap-lints=warn" "-w" "/opt/rustwide/workdir" "--user" "0:0" "60d40c64f79b9e6632d1cd37a4cc3e0089cca1e133ab667da238c816104f32f4" "/opt/rustwide/cargo-home/bin/cargo" "+1.100.0-beta.1" "build" "--frozen" "--message-format=json" "--release", kill_on_drop: false }`
[INFO] [stderr]    Compiling proc-macro2 v1.0.49
[INFO] [stderr]    Compiling autocfg v1.1.0
[INFO] [stderr]    Compiling quote v1.0.23
[INFO] [stderr]    Compiling unicode-ident v1.0.6
[INFO] [stderr]    Compiling paste v1.0.11
[INFO] [stderr]    Compiling syn v1.0.107
[INFO] [stderr]    Compiling serde v1.0.152
[INFO] [stderr]    Compiling serde_derive v1.0.152
[INFO] [stderr]    Compiling byteorder v1.4.3
[INFO] [stderr]    Compiling num-traits v0.2.15
[INFO] [stderr]    Compiling rmp v0.8.11
[INFO] [stderr]    Compiling rmp-serde v1.1.1
[INFO] [stderr]    Compiling rmp_fs v1.0.4 (/opt/rustwide/workdir)
[INFO] [stderr]     Finished `release` profile [optimized] target(s) in 7.55s
[INFO] running `Command { std: "docker" "inspect" "60d40c64f79b9e6632d1cd37a4cc3e0089cca1e133ab667da238c816104f32f4", kill_on_drop: false }`
[INFO] running `Command { std: "docker" "exec" "-e" "SOURCE_DIR=/opt/rustwide/workdir" "-e" "CARGO_HOME=/opt/rustwide/cargo-home" "-e" "RUSTUP_HOME=/opt/rustwide/rustup-home" "-e" "CARGO_TARGET_DIR=/opt/rustwide/target" "-e" "CARGO_INCREMENTAL=0" "-e" "RUST_BACKTRACE=full" "-e" "RUSTFLAGS=--cap-lints=warn" "-e" "RUSTDOCFLAGS=--cap-lints=warn" "-w" "/opt/rustwide/workdir" "--user" "0:0" "60d40c64f79b9e6632d1cd37a4cc3e0089cca1e133ab667da238c816104f32f4" "/opt/rustwide/cargo-home/bin/cargo" "+1.100.0-beta.1" "test" "--frozen" "--no-run" "--message-format=json" "--release", kill_on_drop: false }`
[INFO] [stderr]    Compiling libc v0.2.139
[INFO] [stderr]    Compiling fastrand v1.8.0
[INFO] [stderr]    Compiling tempfile v3.3.0
[INFO] [stderr]    Compiling rmp_fs v1.0.4 (/opt/rustwide/workdir)
[INFO] [stdout] warning: use of deprecated constant `std::f32::INFINITY`: replaced by the `INFINITY` associated constant on `f32`
[INFO] [stdout]    --> src/lib.rs:181:32
[INFO] [stdout]     |
[INFO] [stdout] 181 |             value9 : std::f32::INFINITY,
[INFO] [stdout]     |                                ^^^^^^^^
[INFO] [stdout]     |
[INFO] [stdout]     = note: `#[warn(deprecated)]` on by default
[INFO] [stdout] 
[INFO] [stdout] 
[INFO] [stdout] warning: use of deprecated constant `std::f64::MAX`: replaced by the `MAX` associated constant on `f64`
[INFO] [stdout]    --> src/lib.rs:182:33
[INFO] [stdout]     |
[INFO] [stdout] 182 |             value10 : std::f64::MAX,
[INFO] [stdout]     |                                 ^^^
[INFO] [stdout] 
[INFO] [stdout] 
[INFO] [stdout] warning: use of deprecated associated function `core::num::<impl u16>::max_value`: replaced by the `MAX` associated constant on this type
[INFO] [stdout]    --> src/lib.rs:173:27
[INFO] [stdout]     |
[INFO] [stdout] 173 |             value1 : u16::max_value(),
[INFO] [stdout]     |                           ^^^^^^^^^
[INFO] [stdout] 
[INFO] [stdout] 
[INFO] [stdout] warning: use of deprecated associated function `core::num::<impl i32>::min_value`: replaced by the `MIN` associated constant on this type
[INFO] [stdout]    --> src/lib.rs:174:27
[INFO] [stdout]     |
[INFO] [stdout] 174 |             value2 : i32::min_value(),
[INFO] [stdout]     |                           ^^^^^^^^^
[INFO] [stdout] 
[INFO] [stdout] 
[INFO] [stdout] warning: use of deprecated associated function `core::num::<impl u8>::max_value`: replaced by the `MAX` associated constant on this type
[INFO] [stdout]    --> src/lib.rs:175:26
[INFO] [stdout]     |
[INFO] [stdout] 175 |             value3 : u8::max_value(),
[INFO] [stdout]     |                          ^^^^^^^^^
[INFO] [stdout] 
[INFO] [stdout] 
[INFO] [stdout] warning: use of deprecated associated function `core::num::<impl i16>::min_value`: replaced by the `MIN` associated constant on this type
[INFO] [stdout]    --> src/lib.rs:176:27
[INFO] [stdout]     |
[INFO] [stdout] 176 |             value4 : i16::min_value(),
[INFO] [stdout]     |                           ^^^^^^^^^
[INFO] [stdout] 
[INFO] [stdout] 
[INFO] [stdout] warning: use of deprecated associated function `core::num::<impl u32>::max_value`: replaced by the `MAX` associated constant on this type
[INFO] [stdout]    --> src/lib.rs:177:27
[INFO] [stdout]     |
[INFO] [stdout] 177 |             value5 : u32::max_value(),
[INFO] [stdout]     |                           ^^^^^^^^^
[INFO] [stdout] 
[INFO] [stdout] 
[INFO] [stdout] warning: use of deprecated associated function `core::num::<impl u64>::max_value`: replaced by the `MAX` associated constant on this type
[INFO] [stdout]    --> src/lib.rs:178:27
[INFO] [stdout]     |
[INFO] [stdout] 178 |             value6 : u64::max_value(),
[INFO] [stdout]     |                           ^^^^^^^^^
[INFO] [stdout] 
[INFO] [stdout] 
[INFO] [stdout] warning: use of deprecated associated function `core::num::<impl i64>::min_value`: replaced by the `MIN` associated constant on this type
[INFO] [stdout]    --> src/lib.rs:179:27
[INFO] [stdout]     |
[INFO] [stdout] 179 |             value7 : i64::min_value(),
[INFO] [stdout]     |                           ^^^^^^^^^
[INFO] [stdout] 
[INFO] [stdout] 
[INFO] [stderr]     Finished `release` profile [optimized] target(s) in 5.34s
[INFO] running `Command { std: "docker" "inspect" "60d40c64f79b9e6632d1cd37a4cc3e0089cca1e133ab667da238c816104f32f4", kill_on_drop: false }`
[INFO] running `Command { std: "docker" "exec" "-e" "SOURCE_DIR=/opt/rustwide/workdir" "-e" "CARGO_HOME=/opt/rustwide/cargo-home" "-e" "RUSTUP_HOME=/opt/rustwide/rustup-home" "-e" "CARGO_TARGET_DIR=/opt/rustwide/target" "-e" "CARGO_INCREMENTAL=0" "-e" "RUST_BACKTRACE=full" "-e" "RUSTFLAGS=--cap-lints=warn" "-e" "RUSTDOCFLAGS=--cap-lints=warn" "-w" "/opt/rustwide/workdir" "--user" "0:0" "60d40c64f79b9e6632d1cd37a4cc3e0089cca1e133ab667da238c816104f32f4" "/opt/rustwide/cargo-home/bin/cargo" "+1.100.0-beta.1" "test" "--frozen" "--release", kill_on_drop: false }`
[INFO] [stderr] warning: use of deprecated constant `std::f32::INFINITY`: replaced by the `INFINITY` associated constant on `f32`
[INFO] [stderr]    --> src/lib.rs:181:32
[INFO] [stderr]     |
[INFO] [stderr] 181 |             value9 : std::f32::INFINITY,
[INFO] [stderr]     |                                ^^^^^^^^
[INFO] [stderr]     |
[INFO] [stderr]     = note: `#[warn(deprecated)]` on by default
[INFO] [stderr] 
[INFO] [stderr] warning: use of deprecated constant `std::f64::MAX`: replaced by the `MAX` associated constant on `f64`
[INFO] [stderr]    --> src/lib.rs:182:33
[INFO] [stderr]     |
[INFO] [stderr] 182 |             value10 : std::f64::MAX,
[INFO] [stderr]     |                                 ^^^
[INFO] [stderr] 
[INFO] [stderr] warning: use of deprecated associated function `core::num::<impl u16>::max_value`: replaced by the `MAX` associated constant on this type
[INFO] [stderr]    --> src/lib.rs:173:27
[INFO] [stderr]     |
[INFO] [stderr] 173 |             value1 : u16::max_value(),
[INFO] [stderr]     |                           ^^^^^^^^^
[INFO] [stderr] 
[INFO] [stderr] warning: use of deprecated associated function `core::num::<impl i32>::min_value`: replaced by the `MIN` associated constant on this type
[INFO] [stderr]    --> src/lib.rs:174:27
[INFO] [stderr]     |
[INFO] [stderr] 174 |             value2 : i32::min_value(),
[INFO] [stderr]     |                           ^^^^^^^^^
[INFO] [stderr] 
[INFO] [stderr] warning: use of deprecated associated function `core::num::<impl u8>::max_value`: replaced by the `MAX` associated constant on this type
[INFO] [stderr]    --> src/lib.rs:175:26
[INFO] [stderr]     |
[INFO] [stderr] 175 |             value3 : u8::max_value(),
[INFO] [stderr]     |                          ^^^^^^^^^
[INFO] [stderr] 
[INFO] [stderr] warning: use of deprecated associated function `core::num::<impl i16>::min_value`: replaced by the `MIN` associated constant on this type
[INFO] [stderr]    --> src/lib.rs:176:27
[INFO] [stderr]     |
[INFO] [stderr] 176 |             value4 : i16::min_value(),
[INFO] [stderr]     |                           ^^^^^^^^^
[INFO] [stderr] 
[INFO] [stderr] warning: use of deprecated associated function `core::num::<impl u32>::max_value`: replaced by the `MAX` associated constant on this type
[INFO] [stderr]    --> src/lib.rs:177:27
[INFO] [stderr]     |
[INFO] [stderr] 177 |             value5 : u32::max_value(),
[INFO] [stderr]     |                           ^^^^^^^^^
[INFO] [stderr] 
[INFO] [stderr] warning: use of deprecated associated function `core::num::<impl u64>::max_value`: replaced by the `MAX` associated constant on this type
[INFO] [stderr]    --> src/lib.rs:178:27
[INFO] [stderr]     |
[INFO] [stderr] 178 |             value6 : u64::max_value(),
[INFO] [stderr]     |                           ^^^^^^^^^
[INFO] [stderr] 
[INFO] [stderr] warning: use of deprecated associated function `core::num::<impl i64>::min_value`: replaced by the `MIN` associated constant on this type
[INFO] [stderr]    --> src/lib.rs:179:27
[INFO] [stderr]     |
[INFO] [stderr] 179 |             value7 : i64::min_value(),
[INFO] [stderr]     |                           ^^^^^^^^^
[INFO] [stderr] 
[INFO] [stderr] warning: `rmp_fs` (lib test) generated 9 warnings
[INFO] [stderr]     Finished `release` profile [optimized] target(s) in 0.05s
[INFO] [stderr]      Running unittests src/lib.rs (/opt/rustwide/target/release/build/rmp_fs/ce2c9d2a78ade28a/out/rmp_fs-ce2c9d2a78ade28a)
[INFO] [stdout] 
[INFO] [stdout] running 4 tests
[INFO] [stdout] test tests::test_save_load_rmp_file_01 ... FAILED
[INFO] [stdout] test tests::test_save_load_rmp_file_03 ... FAILED
[INFO] [stdout] test tests::test_save_load_rmp_file_02 ... FAILED
[INFO] [stdout] test tests::test_save_load_rmp_file_04 ... FAILED
[INFO] [stdout] 
[INFO] [stdout] failures:
[INFO] [stdout] 
[INFO] [stderr] error: test failed, to rerun pass `--lib`
[INFO] [stdout] ---- tests::test_save_load_rmp_file_01 stdout ----
[INFO] [stdout] Some(Os { code: 30, kind: ReadOnlyFilesystem, message: "Read-only file system" })
[INFO] [stdout] 
[INFO] [stdout] thread 'tests::test_save_load_rmp_file_01' (685) panicked at src/lib.rs:191:13:
[INFO] [stdout] assertion failed: false
[INFO] [stdout] stack backtrace:
[INFO] [stdout]    0:     0x651ac42f32c1 - <<std[617be2ca0a6fd877]::sys::backtrace::BacktraceLock>::print::DisplayBacktrace as core[a373ad73a504971]::fmt::Display>::fmt
[INFO] [stdout]    1:     0x651ac4308a2a - core[a373ad73a504971]::fmt::write
[INFO] [stdout]    2:     0x651ac42f75fc - <alloc[2e1b2a31b91974c5]::vec::Vec<u8> as core[a373ad73a504971]::io::write::Write>::write_fmt
[INFO] [stdout]    3:     0x651ac42cf546 - std[617be2ca0a6fd877]::panicking::default_hook::{closure#0}
[INFO] [stdout]    4:     0x651ac42eb879 - std[617be2ca0a6fd877]::panicking::default_hook
[INFO] [stdout]    5:     0x651ac4287070 - test[aada8e7e76ba119b]::test_main_inner::{closure#0}
[INFO] [stdout]    6:     0x651ac42eba32 - std[617be2ca0a6fd877]::panicking::panic_with_hook
[INFO] [stdout]    7:     0x651ac42cf624 - std[617be2ca0a6fd877]::panicking::panic_handler::{closure#0}
[INFO] [stdout]    8:     0x651ac42c8229 - std[617be2ca0a6fd877]::sys::backtrace::__rust_end_short_backtrace::<std[617be2ca0a6fd877]::panicking::panic_handler::{closure#0}, !>
[INFO] [stdout]    9:     0x651ac42d01fd - __rustc[ea4f61d10b84890b]::rust_begin_unwind
[INFO] [stdout]   10:     0x651ac430915c - core[a373ad73a504971]::panicking::panic_fmt
[INFO] [stdout]   11:     0x651ac4309122 - core[a373ad73a504971]::panicking::panic
[INFO] [stdout]   12:     0x651ac426c306 - <rmp_fs[9046bf9e42939c2]::tests::test_save_load_rmp_file_01::{closure#0} as core[a373ad73a504971]::ops::function::FnOnce<()>>::call_once
[INFO] [stdout]   13:     0x651ac427a4bb - test[aada8e7e76ba119b]::__rust_begin_short_backtrace::<core[a373ad73a504971]::result::Result<(), alloc[2e1b2a31b91974c5]::string::String>, fn() -> core[a373ad73a504971]::result::Result<(), alloc[2e1b2a31b91974c5]::string::String>>
[INFO] [stdout]   14:     0x651ac4287695 - test[aada8e7e76ba119b]::run_test::{closure#0}
[INFO] [stdout]   15:     0x651ac4280f84 - std[617be2ca0a6fd877]::sys::backtrace::__rust_begin_short_backtrace::<test[aada8e7e76ba119b]::run_test::{closure#1}, ()>
[INFO] [stdout]   16:     0x651ac428a722 - <std[617be2ca0a6fd877]::thread::lifecycle::spawn_unchecked<test[aada8e7e76ba119b]::run_test::{closure#1}, ()>::{closure#1} as core[a373ad73a504971]::ops::function::FnOnce<()>>::call_once::{shim:vtable#0}
[INFO] [stdout]   17:     0x651ac42f2b1f - <std[617be2ca0a6fd877]::sys::thread::unix::Thread>::new::thread_start
[INFO] [stdout]   18:     0x747069f4edfa - <unknown>
[INFO] [stdout]   19:     0x747069fe23d4 - clone
[INFO] [stdout]   20:                0x0 - <unknown>
[INFO] [stdout] 
[INFO] [stdout] ---- tests::test_save_load_rmp_file_03 stdout ----
[INFO] [stdout] Some(Os { code: 30, kind: ReadOnlyFilesystem, message: "Read-only file system" })
[INFO] [stdout] 
[INFO] [stdout] thread 'tests::test_save_load_rmp_file_03' (687) panicked at src/lib.rs:225:13:
[INFO] [stdout] assertion failed: false
[INFO] [stdout] stack backtrace:
[INFO] [stdout]    0:     0x651ac42f32c1 - <<std[617be2ca0a6fd877]::sys::backtrace::BacktraceLock>::print::DisplayBacktrace as core[a373ad73a504971]::fmt::Display>::fmt
[INFO] [stdout]    1:     0x651ac4308a2a - core[a373ad73a504971]::fmt::write
[INFO] [stdout]    2:     0x651ac42f75fc - <alloc[2e1b2a31b91974c5]::vec::Vec<u8> as core[a373ad73a504971]::io::write::Write>::write_fmt
[INFO] [stdout]    3:     0x651ac42cf546 - std[617be2ca0a6fd877]::panicking::default_hook::{closure#0}
[INFO] [stdout]    4:     0x651ac42eb879 - std[617be2ca0a6fd877]::panicking::default_hook
[INFO] [stdout]    5:     0x651ac4287070 - test[aada8e7e76ba119b]::test_main_inner::{closure#0}
[INFO] [stdout]    6:     0x651ac42eba32 - std[617be2ca0a6fd877]::panicking::panic_with_hook
[INFO] [stdout]    7:     0x651ac42cf624 - std[617be2ca0a6fd877]::panicking::panic_handler::{closure#0}
[INFO] [stdout]    8:     0x651ac42c8229 - std[617be2ca0a6fd877]::sys::backtrace::__rust_end_short_backtrace::<std[617be2ca0a6fd877]::panicking::panic_handler::{closure#0}, !>
[INFO] [stdout]    9:     0x651ac42d01fd - __rustc[ea4f61d10b84890b]::rust_begin_unwind
[INFO] [stdout]   10:     0x651ac430915c - core[a373ad73a504971]::panicking::panic_fmt
[INFO] [stdout]   11:     0x651ac4309122 - core[a373ad73a504971]::panicking::panic
[INFO] [stdout]   12:     0x651ac426c770 - <rmp_fs[9046bf9e42939c2]::tests::test_save_load_rmp_file_03::{closure#0} as core[a373ad73a504971]::ops::function::FnOnce<()>>::call_once
[INFO] [stdout]   13:     0x651ac427a4bb - test[aada8e7e76ba119b]::__rust_begin_short_backtrace::<core[a373ad73a504971]::result::Result<(), alloc[2e1b2a31b91974c5]::string::String>, fn() -> core[a373ad73a504971]::result::Result<(), alloc[2e1b2a31b91974c5]::string::String>>
[INFO] [stdout]   14:     0x651ac4287695 - test[aada8e7e76ba119b]::run_test::{closure#0}
[INFO] [stdout]   15:     0x651ac4280f84 - std[617be2ca0a6fd877]::sys::backtrace::__rust_begin_short_backtrace::<test[aada8e7e76ba119b]::run_test::{closure#1}, ()>
[INFO] [stdout]   16:     0x651ac428a722 - <std[617be2ca0a6fd877]::thread::lifecycle::spawn_unchecked<test[aada8e7e76ba119b]::run_test::{closure#1}, ()>::{closure#1} as core[a373ad73a504971]::ops::function::FnOnce<()>>::call_once::{shim:vtable#0}
[INFO] [stdout]   17:     0x651ac42f2b1f - <std[617be2ca0a6fd877]::sys::thread::unix::Thread>::new::thread_start
[INFO] [stdout]   18:     0x747069f4edfa - <unknown>
[INFO] [stdout]   19:     0x747069fe23d4 - clone
[INFO] [stdout]   20:                0x0 - <unknown>
[INFO] [stdout] 
[INFO] [stdout] ---- tests::test_save_load_rmp_file_02 stdout ----
[INFO] [stdout] Some(Os { code: 30, kind: ReadOnlyFilesystem, message: "Read-only file system" })
[INFO] [stdout] 
[INFO] [stdout] thread 'tests::test_save_load_rmp_file_02' (686) panicked at src/lib.rs:208:13:
[INFO] [stdout] assertion failed: false
[INFO] [stdout] stack backtrace:
[INFO] [stdout]    0:     0x651ac42f32c1 - <<std[617be2ca0a6fd877]::sys::backtrace::BacktraceLock>::print::DisplayBacktrace as core[a373ad73a504971]::fmt::Display>::fmt
[INFO] [stdout]    1:     0x651ac4308a2a - core[a373ad73a504971]::fmt::write
[INFO] [stdout]    2:     0x651ac42f75fc - <alloc[2e1b2a31b91974c5]::vec::Vec<u8> as core[a373ad73a504971]::io::write::Write>::write_fmt
[INFO] [stdout]    3:     0x651ac42cf546 - std[617be2ca0a6fd877]::panicking::default_hook::{closure#0}
[INFO] [stdout]    4:     0x651ac42eb879 - std[617be2ca0a6fd877]::panicking::default_hook
[INFO] [stdout]    5:     0x651ac4287070 - test[aada8e7e76ba119b]::test_main_inner::{closure#0}
[INFO] [stdout]    6:     0x651ac42eba32 - std[617be2ca0a6fd877]::panicking::panic_with_hook
[INFO] [stdout]    7:     0x651ac42cf624 - std[617be2ca0a6fd877]::panicking::panic_handler::{closure#0}
[INFO] [stdout]    8:     0x651ac42c8229 - std[617be2ca0a6fd877]::sys::backtrace::__rust_end_short_backtrace::<std[617be2ca0a6fd877]::panicking::panic_handler::{closure#0}, !>
[INFO] [stdout]    9:     0x651ac42d01fd - __rustc[ea4f61d10b84890b]::rust_begin_unwind
[INFO] [stdout]   10:     0x651ac430915c - core[a373ad73a504971]::panicking::panic_fmt
[INFO] [stdout]   11:     0x651ac4309122 - core[a373ad73a504971]::panicking::panic
[INFO] [stdout]   12:     0x651ac426c57e - <rmp_fs[9046bf9e42939c2]::tests::test_save_load_rmp_file_02::{closure#0} as core[a373ad73a504971]::ops::function::FnOnce<()>>::call_once
[INFO] [stdout]   13:     0x651ac427a4bb - test[aada8e7e76ba119b]::__rust_begin_short_backtrace::<core[a373ad73a504971]::result::Result<(), alloc[2e1b2a31b91974c5]::string::String>, fn() -> core[a373ad73a504971]::result::Result<(), alloc[2e1b2a31b91974c5]::string::String>>
[INFO] [stdout]   14:     0x651ac4287695 - test[aada8e7e76ba119b]::run_test::{closure#0}
[INFO] [stdout]   15:     0x651ac4280f84 - std[617be2ca0a6fd877]::sys::backtrace::__rust_begin_short_backtrace::<test[aada8e7e76ba119b]::run_test::{closure#1}, ()>
[INFO] [stdout]   16:     0x651ac428a722 - <std[617be2ca0a6fd877]::thread::lifecycle::spawn_unchecked<test[aada8e7e76ba119b]::run_test::{closure#1}, ()>::{closure#1} as core[a373ad73a504971]::ops::function::FnOnce<()>>::call_once::{shim:vtable#0}
[INFO] [stdout]   17:     0x651ac42f2b1f - <std[617be2ca0a6fd877]::sys::thread::unix::Thread>::new::thread_start
[INFO] [stdout]   18:     0x747069f4edfa - <unknown>
[INFO] [stdout]   19:     0x747069fe23d4 - clone
[INFO] [stdout]   20:                0x0 - <unknown>
[INFO] [stdout] 
[INFO] [stdout] ---- tests::test_save_load_rmp_file_04 stdout ----
[INFO] [stdout] Some(Os { code: 30, kind: ReadOnlyFilesystem, message: "Read-only file system" })
[INFO] [stdout] 
[INFO] [stdout] thread 'tests::test_save_load_rmp_file_04' (688) panicked at src/lib.rs:246:13:
[INFO] [stdout] assertion failed: false
[INFO] [stdout] stack backtrace:
[INFO] [stdout]    0:     0x651ac42f32c1 - <<std[617be2ca0a6fd877]::sys::backtrace::BacktraceLock>::print::DisplayBacktrace as core[a373ad73a504971]::fmt::Display>::fmt
[INFO] [stdout]    1:     0x651ac4308a2a - core[a373ad73a504971]::fmt::write
[INFO] [stdout]    2:     0x651ac42f75fc - <alloc[2e1b2a31b91974c5]::vec::Vec<u8> as core[a373ad73a504971]::io::write::Write>::write_fmt
[INFO] [stdout]    3:     0x651ac42cf546 - std[617be2ca0a6fd877]::panicking::default_hook::{closure#0}
[INFO] [stdout]    4:     0x651ac42eb879 - std[617be2ca0a6fd877]::panicking::default_hook
[INFO] [stdout]    5:     0x651ac4287070 - test[aada8e7e76ba119b]::test_main_inner::{closure#0}
[INFO] [stdout]    6:     0x651ac42eba32 - std[617be2ca0a6fd877]::panicking::panic_with_hook
[INFO] [stdout]    7:     0x651ac42cf624 - std[617be2ca0a6fd877]::panicking::panic_handler::{closure#0}
[INFO] [stdout]    8:     0x651ac42c8229 - std[617be2ca0a6fd877]::sys::backtrace::__rust_end_short_backtrace::<std[617be2ca0a6fd877]::panicking::panic_handler::{closure#0}, !>
[INFO] [stdout]    9:     0x651ac42d01fd - __rustc[ea4f61d10b84890b]::rust_begin_unwind
[INFO] [stdout]   10:     0x651ac430915c - core[a373ad73a504971]::panicking::panic_fmt
[INFO] [stdout]   11:     0x651ac4309122 - core[a373ad73a504971]::panicking::panic
[INFO] [stdout]   12:     0x651ac426cc38 - <rmp_fs[9046bf9e42939c2]::tests::test_save_load_rmp_file_04::{closure#0} as core[a373ad73a504971]::ops::function::FnOnce<()>>::call_once
[INFO] [stdout]   13:     0x651ac427a4bb - test[aada8e7e76ba119b]::__rust_begin_short_backtrace::<core[a373ad73a504971]::result::Result<(), alloc[2e1b2a31b91974c5]::string::String>, fn() -> core[a373ad73a504971]::result::Result<(), alloc[2e1b2a31b91974c5]::string::String>>
[INFO] [stdout]   14:     0x651ac4287695 - test[aada8e7e76ba119b]::run_test::{closure#0}
[INFO] [stdout]   15:     0x651ac4280f84 - std[617be2ca0a6fd877]::sys::backtrace::__rust_begin_short_backtrace::<test[aada8e7e76ba119b]::run_test::{closure#1}, ()>
[INFO] [stdout]   16:     0x651ac428a722 - <std[617be2ca0a6fd877]::thread::lifecycle::spawn_unchecked<test[aada8e7e76ba119b]::run_test::{closure#1}, ()>::{closure#1} as core[a373ad73a504971]::ops::function::FnOnce<()>>::call_once::{shim:vtable#0}
[INFO] [stdout]   17:     0x651ac42f2b1f - <std[617be2ca0a6fd877]::sys::thread::unix::Thread>::new::thread_start
[INFO] [stdout]   18:     0x747069f4edfa - <unknown>
[INFO] [stdout]   19:     0x747069fe23d4 - clone
[INFO] [stdout]   20:                0x0 - <unknown>
[INFO] [stdout] 
[INFO] [stdout] 
[INFO] [stdout] failures:
[INFO] [stdout]     tests::test_save_load_rmp_file_01
[INFO] [stdout]     tests::test_save_load_rmp_file_02
[INFO] [stdout]     tests::test_save_load_rmp_file_03
[INFO] [stdout]     tests::test_save_load_rmp_file_04
[INFO] [stdout] 
[INFO] [stdout] test result: FAILED. 0 passed; 4 failed; 0 ignored; 0 measured; 0 filtered out; finished in 0.00s
[INFO] [stdout] 
[INFO] running `Command { std: "docker" "inspect" "60d40c64f79b9e6632d1cd37a4cc3e0089cca1e133ab667da238c816104f32f4", kill_on_drop: false }`
[INFO] running `Command { std: "docker" "rm" "-f" "60d40c64f79b9e6632d1cd37a4cc3e0089cca1e133ab667da238c816104f32f4", kill_on_drop: false }`
[INFO] [stdout] 60d40c64f79b9e6632d1cd37a4cc3e0089cca1e133ab667da238c816104f32f4
