[INFO] fetching crate rma 0.4.0...
[INFO] testing rma-0.4.0 against 1.100.0-beta.1+cargoflags=--release for beta-release-1.100-2
[INFO] extracting crate rma 0.4.0 into /workspace/builds/worker-5-tc2/source
[INFO] started tweaking crates.io crate rma 0.4.0
[INFO] removed 0 missing tests
[INFO] finished tweaking crates.io crate rma 0.4.0
[INFO] tweaked toml for crates.io crate rma 0.4.0 written to /workspace/builds/worker-5-tc2/source/Cargo.toml
[INFO] validating manifest of crates.io crate rma 0.4.0 on toolchain 1.100.0-beta.1
[INFO] running `Command { std: CARGO_HOME="/workspace/cargo-home" RUSTUP_HOME="/workspace/rustup-home" "/workspace/cargo-home/bin/cargo" "+1.100.0-beta.1" "metadata" "--manifest-path" "Cargo.toml" "--no-deps", kill_on_drop: false }`
[INFO] crate crates.io crate rma 0.4.0 already has a lockfile, it will not be regenerated
[INFO] running `Command { std: CARGO_HOME="/workspace/cargo-home" RUSTUP_HOME="/workspace/rustup-home" "/workspace/cargo-home/bin/cargo" "+1.100.0-beta.1" "fetch" "--manifest-path" "Cargo.toml", kill_on_drop: false }`
[INFO] [stderr] warning: `package.homepage` is redundant with `package.repository`
[INFO] [stderr]   --> Cargo.toml:69:12
[INFO] [stderr]    |
[INFO] [stderr] 69 | homepage = "https://github.com/bogwi/r-math"
[INFO] [stderr]    |            ^^^^^^^^^^^^^^^^^^^^^^^^^^^^^^^^^
[INFO] [stderr] ...
[INFO] [stderr] 74 | repository = "https://github.com/bogwi/r-math"
[INFO] [stderr]    |              ---------------------------------
[INFO] [stderr]    |
[INFO] [stderr]    = note: `cargo::redundant_homepage` is set to `warn` by default
[INFO] [stderr] help: consider removing `package.homepage`
[INFO] [stderr] warning: `rma` (manifest) generated 1 warning
[INFO] running `Command { std: "docker" "create" "-v" "/var/lib/crater-agent-workspace/builds/worker-5-tc2/source:/opt/rustwide/workdir:ro,Z" "-v" "/var/lib/crater-agent-workspace/builds/worker-5-tc2/target:/opt/rustwide/target:rw,Z" "-v" "/var/lib/crater-agent-workspace/cargo-home:/opt/rustwide/cargo-home:ro,Z" "-v" "/var/lib/crater-agent-workspace/rustup-home:/opt/rustwide/rustup-home:ro,Z" "-m" "1610612736" "--network" "none" "ghcr.io/rust-lang/crates-build-env/linux@sha256:77db811e55d90add9212f6832c23229e3de5f1c1f9905e8cb07319ea15df73ac" "sleep" "infinity", kill_on_drop: false }`
[INFO] [stdout] 2dd0335e0e5680876e52df49b8ba8873509aa81279fb9a36629c9c9620230931
[INFO] running `Command { std: "docker" "start" "2dd0335e0e5680876e52df49b8ba8873509aa81279fb9a36629c9c9620230931", kill_on_drop: false }`
[INFO] running `Command { std: "docker" "inspect" "2dd0335e0e5680876e52df49b8ba8873509aa81279fb9a36629c9c9620230931", kill_on_drop: false }`
[INFO] running `Command { std: "docker" "exec" "-e" "SOURCE_DIR=/opt/rustwide/workdir" "-e" "CARGO_HOME=/opt/rustwide/cargo-home" "-e" "RUSTUP_HOME=/opt/rustwide/rustup-home" "-e" "CARGO_TARGET_DIR=/opt/rustwide/target" "-w" "/opt/rustwide/workdir" "--user" "0:0" "2dd0335e0e5680876e52df49b8ba8873509aa81279fb9a36629c9c9620230931" "/opt/rustwide/cargo-home/bin/cargo" "+1.100.0-beta.1" "metadata" "--no-deps" "--format-version=1", kill_on_drop: false }`
[INFO] running `Command { std: "docker" "inspect" "2dd0335e0e5680876e52df49b8ba8873509aa81279fb9a36629c9c9620230931", kill_on_drop: false }`
[INFO] running `Command { std: "docker" "exec" "-e" "SOURCE_DIR=/opt/rustwide/workdir" "-e" "CARGO_HOME=/opt/rustwide/cargo-home" "-e" "RUSTUP_HOME=/opt/rustwide/rustup-home" "-e" "CARGO_TARGET_DIR=/opt/rustwide/target" "-e" "CARGO_INCREMENTAL=0" "-e" "RUST_BACKTRACE=full" "-e" "RUSTFLAGS=--cap-lints=warn" "-e" "RUSTDOCFLAGS=--cap-lints=warn" "-w" "/opt/rustwide/workdir" "--user" "0:0" "2dd0335e0e5680876e52df49b8ba8873509aa81279fb9a36629c9c9620230931" "/opt/rustwide/cargo-home/bin/cargo" "+1.100.0-beta.1" "build" "--frozen" "--message-format=json" "--release", kill_on_drop: false }`
[INFO] [stderr] warning: `package.homepage` is redundant with `package.repository`
[INFO] [stderr]   --> Cargo.toml:69:12
[INFO] [stderr]    |
[INFO] [stderr] 69 | homepage = "https://github.com/bogwi/r-math"
[INFO] [stderr]    |            ^^^^^^^^^^^^^^^^^^^^^^^^^^^^^^^^^
[INFO] [stderr] ...
[INFO] [stderr] 74 | repository = "https://github.com/bogwi/r-math"
[INFO] [stderr]    |              ---------------------------------
[INFO] [stderr]    |
[INFO] [stderr]    = note: `cargo::redundant_homepage` is set to `warn` by default
[INFO] [stderr] help: consider removing `package.homepage`
[INFO] [stderr] warning: `rma` (manifest) generated 1 warning
[INFO] [stderr]    Compiling libc v0.2.172
[INFO] [stderr]    Compiling num-traits v0.2.19
[INFO] [stderr]    Compiling getrandom v0.2.16
[INFO] [stderr]    Compiling rand_core v0.6.4
[INFO] [stderr]    Compiling num-integer v0.1.46
[INFO] [stderr]    Compiling rand_chacha v0.3.1
[INFO] [stderr]    Compiling rand v0.8.5
[INFO] [stderr]    Compiling num-bigint v0.4.6
[INFO] [stderr]    Compiling rma v0.4.0 (/opt/rustwide/workdir)
[INFO] [stderr]     Finished `release` profile [optimized] target(s) in 13.73s
[INFO] running `Command { std: "docker" "inspect" "2dd0335e0e5680876e52df49b8ba8873509aa81279fb9a36629c9c9620230931", kill_on_drop: false }`
[INFO] running `Command { std: "docker" "exec" "-e" "SOURCE_DIR=/opt/rustwide/workdir" "-e" "CARGO_HOME=/opt/rustwide/cargo-home" "-e" "RUSTUP_HOME=/opt/rustwide/rustup-home" "-e" "CARGO_TARGET_DIR=/opt/rustwide/target" "-e" "CARGO_INCREMENTAL=0" "-e" "RUST_BACKTRACE=full" "-e" "RUSTFLAGS=--cap-lints=warn" "-e" "RUSTDOCFLAGS=--cap-lints=warn" "-w" "/opt/rustwide/workdir" "--user" "0:0" "2dd0335e0e5680876e52df49b8ba8873509aa81279fb9a36629c9c9620230931" "/opt/rustwide/cargo-home/bin/cargo" "+1.100.0-beta.1" "test" "--frozen" "--no-run" "--message-format=json" "--release", kill_on_drop: false }`
[INFO] [stderr] warning: `package.homepage` is redundant with `package.repository`
[INFO] [stderr]   --> Cargo.toml:69:12
[INFO] [stderr]    |
[INFO] [stderr] 69 | homepage = "https://github.com/bogwi/r-math"
[INFO] [stderr]    |            ^^^^^^^^^^^^^^^^^^^^^^^^^^^^^^^^^
[INFO] [stderr] ...
[INFO] [stderr] 74 | repository = "https://github.com/bogwi/r-math"
[INFO] [stderr]    |              ---------------------------------
[INFO] [stderr]    |
[INFO] [stderr]    = note: `cargo::redundant_homepage` is set to `warn` by default
[INFO] [stderr] help: consider removing `package.homepage`
[INFO] [stderr] warning: `rma` (manifest) generated 1 warning
[INFO] [stderr]    Compiling proc-macro2 v1.0.95
[INFO] [stderr]    Compiling getrandom v0.3.3
[INFO] [stderr]    Compiling rustix v1.0.7
[INFO] [stderr]    Compiling bitflags v2.9.1
[INFO] [stderr]    Compiling linux-raw-sys v0.9.4
[INFO] [stderr]    Compiling clap_builder v4.5.38
[INFO] [stderr]    Compiling rand v0.8.5
[INFO] [stderr]    Compiling regex-automata v0.4.9
[INFO] [stderr]    Compiling num-integer v0.1.46
[INFO] [stderr]    Compiling rand_core v0.9.3
[INFO] [stderr]    Compiling wait-timeout v0.2.1
[INFO] [stderr]    Compiling rand v0.9.1
[INFO] [stderr]    Compiling quote v1.0.40
[INFO] [stderr]    Compiling rand_xorshift v0.4.0
[INFO] [stderr]    Compiling rand_chacha v0.9.0
[INFO] [stderr]    Compiling num-bigint v0.4.6
[INFO] [stderr]    Compiling syn v2.0.101
[INFO] [stderr]    Compiling plotters v0.3.7
[INFO] [stderr]    Compiling is-terminal v0.4.16
[INFO] [stderr]    Compiling regex v1.11.1
[INFO] [stderr]    Compiling clap v4.5.38
[INFO] [stderr]    Compiling tempfile v3.20.0
[INFO] [stderr]    Compiling rusty-fork v0.3.0
[INFO] [stderr]    Compiling rma v0.4.0 (/opt/rustwide/workdir)
[INFO] [stderr]    Compiling serde_derive v1.0.219
[INFO] [stderr]    Compiling proptest v1.7.0
[INFO] [stderr]    Compiling serde v1.0.219
[INFO] [stderr]    Compiling serde_json v1.0.140
[INFO] [stderr]    Compiling ciborium v0.2.2
[INFO] [stderr]    Compiling tinytemplate v1.2.1
[INFO] [stderr]    Compiling criterion v0.5.1
[INFO] [stderr]     Finished `release` profile [optimized] target(s) in 1m 37s
[INFO] running `Command { std: "docker" "inspect" "2dd0335e0e5680876e52df49b8ba8873509aa81279fb9a36629c9c9620230931", kill_on_drop: false }`
[INFO] running `Command { std: "docker" "exec" "-e" "SOURCE_DIR=/opt/rustwide/workdir" "-e" "CARGO_HOME=/opt/rustwide/cargo-home" "-e" "RUSTUP_HOME=/opt/rustwide/rustup-home" "-e" "CARGO_TARGET_DIR=/opt/rustwide/target" "-e" "CARGO_INCREMENTAL=0" "-e" "RUST_BACKTRACE=full" "-e" "RUSTFLAGS=--cap-lints=warn" "-e" "RUSTDOCFLAGS=--cap-lints=warn" "-w" "/opt/rustwide/workdir" "--user" "0:0" "2dd0335e0e5680876e52df49b8ba8873509aa81279fb9a36629c9c9620230931" "/opt/rustwide/cargo-home/bin/cargo" "+1.100.0-beta.1" "test" "--frozen" "--release", kill_on_drop: false }`
[INFO] [stderr] warning: `package.homepage` is redundant with `package.repository`
[INFO] [stderr]   --> Cargo.toml:69:12
[INFO] [stderr]    |
[INFO] [stderr] 69 | homepage = "https://github.com/bogwi/r-math"
[INFO] [stderr]    |            ^^^^^^^^^^^^^^^^^^^^^^^^^^^^^^^^^
[INFO] [stderr] ...
[INFO] [stderr] 74 | repository = "https://github.com/bogwi/r-math"
[INFO] [stderr]    |              ---------------------------------
[INFO] [stderr]    |
[INFO] [stderr]    = note: `cargo::redundant_homepage` is set to `warn` by default
[INFO] [stderr] help: consider removing `package.homepage`
[INFO] [stderr] warning: `rma` (manifest) generated 1 warning
[INFO] [stderr]     Finished `release` profile [optimized] target(s) in 0.16s
[INFO] [stderr]      Running unittests src/lib.rs (/opt/rustwide/target/release/build/rma/6089bbb65c7f18dc/out/rma-6089bbb65c7f18dc)
[INFO] [stdout] 
[INFO] [stdout] running 128 tests
[INFO] [stdout] test berlekamp::tests::test_another_from_wikipedia_x4_plus_1_gf3 ... ok
[INFO] [stdout] test berlekamp::tests::test_gf11_xp_minus_x_all_roots ... ok
[INFO] [stdout] test berlekamp::tests::test_gf13_x_squared_minus_3 ... ok
[INFO] [stdout] test berlekamp::tests::test_gf2_x4_plus_x3_plus_x2_plus_x_plus_1_irreducible ... ok
[INFO] [stdout] test berlekamp::tests::test_cubic_roots ... ok
[INFO] [stdout] test berlekamp::tests::test_constant_nonzero_polynomial ... ok
[INFO] [stdout] test berlekamp::tests::test_gf2_x5_plus_x_plus_1_reducible ... ok
[INFO] [stdout] test berlekamp::tests::test_gf2_x6_plus_x5_plus_x4_plus_x3_plus_x2_plus_x_plus_1 ... ok
[INFO] [stdout] test berlekamp::tests::test_gf2_x_cubed_plus_1_reducible_square_free_not_all_linear ... ok
[INFO] [stdout] test berlekamp::tests::test_gf2_x4_plus_x_plus_1_irreducible ... ok
[INFO] [stdout] test berlekamp::tests::test_gf2_f_prime_is_zero_x4_x2_1 ... ok
[INFO] [stdout] test berlekamp::tests::test_gf2_x5_plus_x2_plus_1_irreducible ... ok
[INFO] [stdout] test berlekamp::tests::test_gf3_f_prime_is_zero_x6_x3_1 ... ok
[INFO] [stdout] test berlekamp::tests::test_gf2_x_squared_repeated_root_0 ... ok
[INFO] [stdout] test berlekamp::tests::test_gf3_f_prime_is_zero_x_cubed_minus_1 ... ok
[INFO] [stdout] test berlekamp::tests::test_gf2_x_cubed_plus_x_squared_plus_x_plus_1_repeated_root_1_mult_3 ... ok
[INFO] [stdout] test berlekamp::tests::test_gf3_repeated_factors_x_minus_1_sq_x_minus_2 ... ok
[INFO] [stdout] test berlekamp::tests::test_gf3_x_squared_plus_x_plus_2_irreducible ... ok
[INFO] [stdout] test berlekamp::tests::test_gf5_non_monic_becomes_monic_irreducible ... ok
[INFO] [stdout] test berlekamp::tests::test_gf5_x4_plus_1_product_of_irreducibles_no_roots ... ok
[INFO] [stdout] test berlekamp::tests::test_gf2_x_cubed_repeated_root_0_mult_3 ... ok
[INFO] [stdout] test berlekamp::tests::test_gf2_x_squared_plus_x_plus_1_irreducible ... ok
[INFO] [stdout] test berlekamp::tests::test_gf5_x_minus_1_cubed_x_minus_2_squared ... ok
[INFO] [stdout] test berlekamp::tests::test_gf3_x_cubed_plus_2x_all_roots ... ok
[INFO] [stdout] test berlekamp::tests::test_gf3_x_cubed_plus_2x_plus_1_irreducible ... ok
[INFO] [stdout] test berlekamp::tests::test_gf3_x_cubed_plus_x_reducible_square_free_not_all_linear ... ok
[INFO] [stdout] test berlekamp::tests::test_irreducible_over_gf3_reducible_over_gf9 ... ok
[INFO] [stdout] test berlekamp::tests::test_gf5_x_squared_plus_3_irreducible ... ok
[INFO] [stdout] test berlekamp::tests::test_high_degree_all_roots ... ok
[INFO] [stdout] test berlekamp::tests::test_gf5_x5_minus_x_all_roots ... ok
[INFO] [stdout] test berlekamp::tests::test_irreducible_over_gf2 ... ok
[INFO] [stdout] test berlekamp::tests::test_gf5_x_squared_plus_2_irreducible ... ok
[INFO] [stdout] test berlekamp::tests::test_gf7_x3_plus_2x2_plus_x_plus_2_some_roots ... ok
[INFO] [stdout] test berlekamp::tests::test_irreducible_large_prime_gf101_x2_plus_1 ... ok
[INFO] [stdout] test berlekamp::tests::test_linear_root ... ok
[INFO] [stdout] test berlekamp::tests::test_poly_add_mul ... ok
[INFO] [stdout] test berlekamp::tests::test_poly_derivative ... ok
[INFO] [stdout] test berlekamp::tests::test_poly_from_paper_x8_plus_x6_plus_x4_plus_x3_plus_1_gf2 ... ok
[INFO] [stdout] test berlekamp::tests::test_poly_gcd ... ok
[INFO] [stdout] test berlekamp::tests::test_poly_x_to_p_minus_x_plus_1_gf_p ... ok
[INFO] [stdout] test berlekamp::tests::test_product_of_all_linear_factors_gf3 ... ok
[INFO] [stdout] test chakravala::tests::test_chakravala_d_2 ... ok
[INFO] [stdout] test berlekamp::tests::test_repeated_root ... ok
[INFO] [stdout] test berlekamp::tests::test_quadratic_roots ... ok
[INFO] [stdout] test berlekamp::tests::test_zero_polynomial ... ok
[INFO] [stdout] test chakravala::tests::test_chakravala_d_13 ... ok
[INFO] [stdout] test berlekamp::tests::test_reducible_large_prime_gf101_x2_minus_4 ... ok
[INFO] [stdout] test cuthill_mckee::tests::test_csc_to_adjlist_index_out_of_bounds ... ok
[INFO] [stdout] test cuthill_mckee::tests::test_csr_to_adjlist_invalid_indptr ... ok
[INFO] [stdout] test cuthill_mckee::tests::test_cuthill_mckee_abcf_properties ... ok
[INFO] [stdout] test cuthill_mckee::tests::test_cuthill_mckee_csc_equivalence ... ok
[INFO] [stdout] test cuthill_mckee::tests::test_cuthill_mckee_disconnected ... ok
[INFO] [stdout] test cuthill_mckee::tests::test_cuthill_mckee_empty_adjlist ... ok
[INFO] [stdout] test cuthill_mckee::tests::test_reverse_cuthill_mckee_abcf_properties ... ok
[INFO] [stdout] test fast_minimum_degree::tests::test_fast_minimum_degree_bipartite_graph ... ok
[INFO] [stdout] test fast_minimum_degree::tests::test_fast_minimum_degree_complete_graph ... ok
[INFO] [stdout] test chakravala::tests::test_chakravala_d_61 ... ok
[INFO] [stdout] test chakravala::tests::test_chakravala_perfect_square ... ok
[INFO] [stdout] test chakravala::tests::test_chakravala_d_67 ... ok
[INFO] [stdout] test cuthill_mckee::tests::test_cuthill_mckee_invalid_adjlist ... ok
[INFO] [stdout] test fast_minimum_degree::tests::test_fast_minimum_degree_degree_progression ... ok
[INFO] [stdout] test cuthill_mckee::tests::test_cuthill_mckee_single_node ... ok
[INFO] [stdout] test fast_minimum_degree::tests::test_fast_minimum_degree_consistency ... ok
[INFO] [stdout] test fast_minimum_degree::tests::test_fast_minimum_degree_disconnected ... ok
[INFO] [stdout] test fast_minimum_degree::tests::test_fast_minimum_degree_duplicate_edges ... ok
[INFO] [stdout] test fast_minimum_degree::tests::test_fast_minimum_degree_empty ... ok
[INFO] [stdout] test fast_minimum_degree::tests::test_fast_minimum_degree_error_handling ... ok
[INFO] [stdout] test fast_minimum_degree::tests::test_fast_minimum_degree_fill_in_validation ... ok
[INFO] [stdout] test fast_minimum_degree::tests::test_fast_minimum_degree_invalid_neighbor ... ok
[INFO] [stdout] test fast_minimum_degree::tests::test_fast_minimum_degree_optimal_ordering ... ok
[INFO] [stdout] test fast_minimum_degree::tests::test_fast_minimum_degree_large_sparse_graph ... ok
[INFO] [stdout] test fast_minimum_degree::tests::test_fast_minimum_degree_path_graph ... ok
[INFO] [stdout] test fast_minimum_degree::tests::test_fast_minimum_degree_grid_graph ... ok
[INFO] [stdout] test fast_minimum_degree::tests::test_fast_minimum_degree_self_loops_ignored ... ok
[INFO] [stdout] test fast_minimum_degree::tests::test_fast_minimum_degree_simple ... ok
[INFO] [stdout] test fast_minimum_degree::tests::test_fast_minimum_degree_star ... ok
[INFO] [stdout] test fast_minimum_degree::tests::test_fast_minimum_degree_multiple_components ... ok
[INFO] [stdout] test fast_minimum_degree::tests::test_fast_minimum_degree_tree_with_high_degree_vertex ... ok
[INFO] [stdout] test fast_minimum_degree::tests::test_fast_minimum_degree_wheel_graph ... ok
[INFO] [stdout] test freivalds::tests::test_freivalds_all_ones ... ok
[INFO] [stdout] test fast_minimum_degree::tests::test_fast_minimum_degree_with_stats ... ok
[INFO] [stdout] test fast_minimum_degree::tests::test_fast_minimum_degree_single_vertex ... ok
[INFO] [stdout] test freivalds::tests::test_freivalds_all_zeros ... ok
[INFO] [stdout] test freivalds::tests::test_freivalds_correct ... ok
[INFO] [stdout] test freivalds::tests::test_freivalds_large_values ... ok
[INFO] [stdout] test freivalds::tests::test_freivalds_mismatched_sizes ... ok
[INFO] [stdout] test freivalds::tests::test_freivalds_scalar_correct ... ok
[INFO] [stdout] test cuthill_mckee::tests::test_csc_to_adjlist_invalid_indptr ... ok
[INFO] [stdout] test cuthill_mckee::tests::test_csr_to_adjlist_index_out_of_bounds ... ok
[INFO] [stdout] test fast_minimum_degree::tests::test_fast_minimum_degree_cycle ... ok
[INFO] [stdout] test freivalds::tests::test_freivalds_scalar_incorrect ... ok
[INFO] [stdout] test freivalds::tests::test_freivalds_scalar_zero_matrix ... ok
[INFO] [stdout] test freivalds::tests::test_freivalds_signed_all_zeros ... ok
[INFO] [stdout] test freivalds::tests::test_freivalds_signed_basic ... ok
[INFO] [stdout] test freivalds::tests::test_freivalds_scalar_mismatched_sizes ... ok
[INFO] [stdout] test freivalds::tests::test_freivalds_scalar_large_values ... ok
[INFO] [stdout] test freivalds::tests::test_freivalds_incorrect ... ok
[INFO] [stdout] test freivalds::tests::test_freivalds_scalar_k_zero ... ok
[INFO] [stdout] test freivalds::tests::test_freivalds_k_zero ... ok
[INFO] [stdout] test freivalds::tests::test_freivalds_larger_matrix ... ok
[INFO] [stdout] test freivalds::tests::test_freivalds_signed_identity ... ok
[INFO] [stdout] test freivalds::tests::test_freivalds_scalar_negatives ... ok
[INFO] [stdout] test freivalds::tests::test_freivalds_signed_large_negative ... ok
[INFO] [stdout] test freivalds::tests::test_freivalds_signed_mixed_sign ... ok
[INFO] [stdout] test tonelli_shanks::tests::test_edge_case_one ... ok
[INFO] [stdout] test freivalds::tests::test_freivalds_signed_incorrect ... ok
[INFO] [stdout] test freivalds::tests::test_freivalds_signed_k_zero ... ok
[INFO] [stdout] test freivalds::tests::test_freivalds_single_element ... ok
[INFO] [stdout] test freivalds::tests::test_freivalds_signed_negative_modulo ... ok
[INFO] [stdout] test freivalds::tests::test_freivalds_zero_matrix ... ok
[INFO] [stdout] test tonelli_shanks::tests::test_edge_case_zero ... ok
[INFO] [stdout] test tonelli_shanks::tests::test_known_large_prime_6digit ... ok
[INFO] [stdout] test tonelli_shanks::tests::test_known_large_prime_10digit ... ok
[INFO] [stdout] test tonelli_shanks::tests::test_known_large_prime_14digit ... ok
[INFO] [stdout] test tonelli_shanks::tests::test_known_large_prime_13digit ... ok
[INFO] [stdout] test tonelli_shanks::tests::test_non_residue ... ok
[INFO] [stdout] test tonelli_shanks::tests::test_nist_p192_prime ... ok
[INFO] [stdout] test tonelli_shanks::tests::test_non_residue_hard_p ... ok
[INFO] [stdout] test tonelli_shanks::tests::test_nist_p256_prime ... ok
[INFO] [stdout] test tonelli_shanks::tests::test_mersenne_prime ... ok
[INFO] [stdout] test tonelli_shanks::tests::test_tonelli_shanks_basic ... ok
[INFO] [stdout] test tonelli_shanks::tests::test_tonelli_shanks_non_residue ... ok
[INFO] [stdout] test tonelli_shanks::tests::test_nist_p224_prime ... ok
[INFO] [stdout] test tonelli_shanks::tests::test_safe_prime ... ok
[INFO] [stdout] test tonelli_shanks::tests::test_nist_p384_prime ... ok
[INFO] [stdout] test tonelli_shanks::tests::test_nist_p521_prime ... ok
[INFO] [stdout] test tonelli_shanks::tests::test_random_residues_and_nonresidues_521bit ... ok
[INFO] [stdout] test tonelli_shanks::tests::test_random_1024bit_prime ... ok
[INFO] [stdout] 
[INFO] [stdout] test result: ok. 128 passed; 0 failed; 0 ignored; 0 measured; 0 filtered out; finished in 7.31s
[INFO] [stdout] 
[INFO] [stderr]      Running tests/chakravala_tests.rs (/opt/rustwide/target/release/build/rma/5e425001613b60e9/out/chakravala_tests-5e425001613b60e9)
[INFO] [stdout] 
[INFO] [stdout] running 3 tests
[INFO] [stdout] test perfect_square_returns_none ... ok
[INFO] [stdout] test fundamental_solution_small_d ... ok
[INFO] [stdout] test prop::solves_pell_equation ... ok
[INFO] [stderr]      Running tests/cuthill_mckee_integration.rs (/opt/rustwide/target/release/build/rma/7eff499c10d54894/out/cuthill_mckee_integration-7eff499c10d54894)
[INFO] [stdout] 
[INFO] [stdout] test result: ok. 3 passed; 0 failed; 0 ignored; 0 measured; 0 filtered out; finished in 0.01s
[INFO] [stdout] 
[INFO] [stdout] 
[INFO] [stdout] running 3 tests
[INFO] [stdout] test test_read_matrix_market_corrupted_files ... ok
[INFO] [stderr] error: test failed, to rerun pass `--test cuthill_mckee_integration`
[INFO] [stdout] test test_cuthill_mckee_serialization_roundtrip_csc ... FAILED
[INFO] [stdout] test test_cuthill_mckee_serialization_roundtrip_csr ... FAILED
[INFO] [stdout] 
[INFO] [stdout] failures:
[INFO] [stdout] 
[INFO] [stdout] ---- test_cuthill_mckee_serialization_roundtrip_csc stdout ----
[INFO] [stdout] 
[INFO] [stdout] thread 'test_cuthill_mckee_serialization_roundtrip_csc' (1094) panicked at tests/cuthill_mckee_integration.rs:66:49:
[INFO] [stdout] called `Result::unwrap()` on an `Err` value: Os { code: 30, kind: ReadOnlyFilesystem, message: "Read-only file system" }
[INFO] [stdout] stack backtrace:
[INFO] [stdout]    0:     0x5cde3342c921 - <<std[617be2ca0a6fd877]::sys::backtrace::BacktraceLock>::print::DisplayBacktrace as core[a373ad73a504971]::fmt::Display>::fmt
[INFO] [stdout]    1:     0x5cde3344111a - core[a373ad73a504971]::fmt::write
[INFO] [stdout]    2:     0x5cde33430b3c - <alloc[2e1b2a31b91974c5]::vec::Vec<u8> as core[a373ad73a504971]::io::write::Write>::write_fmt
[INFO] [stdout]    3:     0x5cde33408926 - std[617be2ca0a6fd877]::panicking::default_hook::{closure#0}
[INFO] [stdout]    4:     0x5cde33424e99 - std[617be2ca0a6fd877]::panicking::default_hook
[INFO] [stdout]    5:     0x5cde333b5070 - test[aada8e7e76ba119b]::test_main_inner::{closure#0}
[INFO] [stdout]    6:     0x5cde33425052 - std[617be2ca0a6fd877]::panicking::panic_with_hook
[INFO] [stdout]    7:     0x5cde334089d2 - std[617be2ca0a6fd877]::panicking::panic_handler::{closure#0}
[INFO] [stdout]    8:     0x5cde33401639 - std[617be2ca0a6fd877]::sys::backtrace::__rust_end_short_backtrace::<std[617be2ca0a6fd877]::panicking::panic_handler::{closure#0}, !>
[INFO] [stdout]    9:     0x5cde334095dd - __rustc[ea4f61d10b84890b]::rust_begin_unwind
[INFO] [stdout]   10:     0x5cde3344184c - core[a373ad73a504971]::panicking::panic_fmt
[INFO] [stdout]   11:     0x5cde33441622 - core[a373ad73a504971]::result::unwrap_failed
[INFO] [stdout]   12:     0x5cde333a7973 - <cuthill_mckee_integration[f0e12e971cfa999c]::test_cuthill_mckee_serialization_roundtrip_csc::{closure#0} as core[a373ad73a504971]::ops::function::FnOnce<()>>::call_once
[INFO] [stdout]   13:     0x5cde333a84bb - test[aada8e7e76ba119b]::__rust_begin_short_backtrace::<core[a373ad73a504971]::result::Result<(), alloc[2e1b2a31b91974c5]::string::String>, fn() -> core[a373ad73a504971]::result::Result<(), alloc[2e1b2a31b91974c5]::string::String>>
[INFO] [stdout]   14:     0x5cde333b5695 - test[aada8e7e76ba119b]::run_test::{closure#0}
[INFO] [stdout]   15:     0x5cde333aef84 - std[617be2ca0a6fd877]::sys::backtrace::__rust_begin_short_backtrace::<test[aada8e7e76ba119b]::run_test::{closure#1}, ()>
[INFO] [stdout]   16:     0x5cde333b8722 - <std[617be2ca0a6fd877]::thread::lifecycle::spawn_unchecked<test[aada8e7e76ba119b]::run_test::{closure#1}, ()>::{closure#1} as core[a373ad73a504971]::ops::function::FnOnce<()>>::call_once::{shim:vtable#0}
[INFO] [stdout]   17:     0x5cde3342c17f - <std[617be2ca0a6fd877]::sys::thread::unix::Thread>::new::thread_start
[INFO] [stdout]   18:     0x70473c714dfa - <unknown>
[INFO] [stdout]   19:     0x70473c7a83d4 - clone
[INFO] [stdout]   20:                0x0 - <unknown>
[INFO] [stdout] 
[INFO] [stdout] ---- test_cuthill_mckee_serialization_roundtrip_csr stdout ----
[INFO] [stdout] 
[INFO] [stdout] thread 'test_cuthill_mckee_serialization_roundtrip_csr' (1095) panicked at tests/cuthill_mckee_integration.rs:22:49:
[INFO] [stdout] called `Result::unwrap()` on an `Err` value: Os { code: 30, kind: ReadOnlyFilesystem, message: "Read-only file system" }
[INFO] [stdout] stack backtrace:
[INFO] [stdout]    0:     0x5cde3342c921 - <<std[617be2ca0a6fd877]::sys::backtrace::BacktraceLock>::print::DisplayBacktrace as core[a373ad73a504971]::fmt::Display>::fmt
[INFO] [stdout]    1:     0x5cde3344111a - core[a373ad73a504971]::fmt::write
[INFO] [stdout]    2:     0x5cde33430b3c - <alloc[2e1b2a31b91974c5]::vec::Vec<u8> as core[a373ad73a504971]::io::write::Write>::write_fmt
[INFO] [stdout]    3:     0x5cde33408926 - std[617be2ca0a6fd877]::panicking::default_hook::{closure#0}
[INFO] [stdout]    4:     0x5cde33424e99 - std[617be2ca0a6fd877]::panicking::default_hook
[INFO] [stdout]    5:     0x5cde333b5070 - test[aada8e7e76ba119b]::test_main_inner::{closure#0}
[INFO] [stdout]    6:     0x5cde33425052 - std[617be2ca0a6fd877]::panicking::panic_with_hook
[INFO] [stdout]    7:     0x5cde334089d2 - std[617be2ca0a6fd877]::panicking::panic_handler::{closure#0}
[INFO] [stdout]    8:     0x5cde33401639 - std[617be2ca0a6fd877]::sys::backtrace::__rust_end_short_backtrace::<std[617be2ca0a6fd877]::panicking::panic_handler::{closure#0}, !>
[INFO] [stdout]    9:     0x5cde334095dd - __rustc[ea4f61d10b84890b]::rust_begin_unwind
[INFO] [stdout]   10:     0x5cde3344184c - core[a373ad73a504971]::panicking::panic_fmt
[INFO] [stdout]   11:     0x5cde33441622 - core[a373ad73a504971]::result::unwrap_failed
[INFO] [stdout]   12:     0x5cde333a80e3 - <cuthill_mckee_integration[f0e12e971cfa999c]::test_cuthill_mckee_serialization_roundtrip_csr::{closure#0} as core[a373ad73a504971]::ops::function::FnOnce<()>>::call_once
[INFO] [stdout]   13:     0x5cde333a84bb - test[aada8e7e76ba119b]::__rust_begin_short_backtrace::<core[a373ad73a504971]::result::Result<(), alloc[2e1b2a31b91974c5]::string::String>, fn() -> core[a373ad73a504971]::result::Result<(), alloc[2e1b2a31b91974c5]::string::String>>
[INFO] [stdout]   14:     0x5cde333b5695 - test[aada8e7e76ba119b]::run_test::{closure#0}
[INFO] [stdout]   15:     0x5cde333aef84 - std[617be2ca0a6fd877]::sys::backtrace::__rust_begin_short_backtrace::<test[aada8e7e76ba119b]::run_test::{closure#1}, ()>
[INFO] [stdout]   16:     0x5cde333b8722 - <std[617be2ca0a6fd877]::thread::lifecycle::spawn_unchecked<test[aada8e7e76ba119b]::run_test::{closure#1}, ()>::{closure#1} as core[a373ad73a504971]::ops::function::FnOnce<()>>::call_once::{shim:vtable#0}
[INFO] [stdout]   17:     0x5cde3342c17f - <std[617be2ca0a6fd877]::sys::thread::unix::Thread>::new::thread_start
[INFO] [stdout]   18:     0x70473c714dfa - <unknown>
[INFO] [stdout]   19:     0x70473c7a83d4 - clone
[INFO] [stdout]   20:                0x0 - <unknown>
[INFO] [stdout] 
[INFO] [stdout] 
[INFO] [stdout] failures:
[INFO] [stdout]     test_cuthill_mckee_serialization_roundtrip_csc
[INFO] [stdout]     test_cuthill_mckee_serialization_roundtrip_csr
[INFO] [stdout] 
[INFO] [stdout] test result: FAILED. 1 passed; 2 failed; 0 ignored; 0 measured; 0 filtered out; finished in 0.01s
[INFO] [stdout] 
[INFO] running `Command { std: "docker" "inspect" "2dd0335e0e5680876e52df49b8ba8873509aa81279fb9a36629c9c9620230931", kill_on_drop: false }`
[INFO] running `Command { std: "docker" "rm" "-f" "2dd0335e0e5680876e52df49b8ba8873509aa81279fb9a36629c9c9620230931", kill_on_drop: false }`
[INFO] [stdout] 2dd0335e0e5680876e52df49b8ba8873509aa81279fb9a36629c9c9620230931
