[INFO] fetching crate rls-analysis 0.18.3...
[INFO] testing rls-analysis-0.18.3 against 1.100.0-beta.1+cargoflags=--release for beta-release-1.100-2
[INFO] extracting crate rls-analysis 0.18.3 into /workspace/builds/worker-0-tc2/source
[INFO] started tweaking crates.io crate rls-analysis 0.18.3
[INFO] finished tweaking crates.io crate rls-analysis 0.18.3
[INFO] tweaked toml for crates.io crate rls-analysis 0.18.3 written to /workspace/builds/worker-0-tc2/source/Cargo.toml
[INFO] validating manifest of crates.io crate rls-analysis 0.18.3 on toolchain 1.100.0-beta.1
[INFO] running `Command { std: CARGO_HOME="/workspace/cargo-home" RUSTUP_HOME="/workspace/rustup-home" "/workspace/cargo-home/bin/cargo" "+1.100.0-beta.1" "metadata" "--manifest-path" "Cargo.toml" "--no-deps", kill_on_drop: false }`
[INFO] crate crates.io crate rls-analysis 0.18.3 already has a lockfile, it will not be regenerated
[INFO] running `Command { std: CARGO_HOME="/workspace/cargo-home" RUSTUP_HOME="/workspace/rustup-home" "/workspace/cargo-home/bin/cargo" "+1.100.0-beta.1" "fetch" "--manifest-path" "Cargo.toml", kill_on_drop: false }`
[INFO] running `Command { std: "docker" "create" "-v" "/var/lib/crater-agent-workspace/builds/worker-0-tc2/source:/opt/rustwide/workdir:ro,Z" "-v" "/var/lib/crater-agent-workspace/builds/worker-0-tc2/target:/opt/rustwide/target:rw,Z" "-v" "/var/lib/crater-agent-workspace/cargo-home:/opt/rustwide/cargo-home:ro,Z" "-v" "/var/lib/crater-agent-workspace/rustup-home:/opt/rustwide/rustup-home:ro,Z" "-m" "1610612736" "--network" "none" "ghcr.io/rust-lang/crates-build-env/linux@sha256:77db811e55d90add9212f6832c23229e3de5f1c1f9905e8cb07319ea15df73ac" "sleep" "infinity", kill_on_drop: false }`
[INFO] [stdout] e2fbc5914e2e47ca7e6a3982068bd750119a86ae73ad79b7cb38d5172cda5665
[INFO] running `Command { std: "docker" "start" "e2fbc5914e2e47ca7e6a3982068bd750119a86ae73ad79b7cb38d5172cda5665", kill_on_drop: false }`
[INFO] running `Command { std: "docker" "inspect" "e2fbc5914e2e47ca7e6a3982068bd750119a86ae73ad79b7cb38d5172cda5665", kill_on_drop: false }`
[INFO] running `Command { std: "docker" "exec" "-e" "SOURCE_DIR=/opt/rustwide/workdir" "-e" "CARGO_HOME=/opt/rustwide/cargo-home" "-e" "RUSTUP_HOME=/opt/rustwide/rustup-home" "-e" "CARGO_TARGET_DIR=/opt/rustwide/target" "-w" "/opt/rustwide/workdir" "--user" "0:0" "e2fbc5914e2e47ca7e6a3982068bd750119a86ae73ad79b7cb38d5172cda5665" "/opt/rustwide/cargo-home/bin/cargo" "+1.100.0-beta.1" "metadata" "--no-deps" "--format-version=1", kill_on_drop: false }`
[INFO] running `Command { std: "docker" "inspect" "e2fbc5914e2e47ca7e6a3982068bd750119a86ae73ad79b7cb38d5172cda5665", kill_on_drop: false }`
[INFO] running `Command { std: "docker" "exec" "-e" "SOURCE_DIR=/opt/rustwide/workdir" "-e" "CARGO_HOME=/opt/rustwide/cargo-home" "-e" "RUSTUP_HOME=/opt/rustwide/rustup-home" "-e" "CARGO_TARGET_DIR=/opt/rustwide/target" "-e" "CARGO_INCREMENTAL=0" "-e" "RUST_BACKTRACE=full" "-e" "RUSTFLAGS=--cap-lints=warn" "-e" "RUSTDOCFLAGS=--cap-lints=warn" "-w" "/opt/rustwide/workdir" "--user" "0:0" "e2fbc5914e2e47ca7e6a3982068bd750119a86ae73ad79b7cb38d5172cda5665" "/opt/rustwide/cargo-home/bin/cargo" "+1.100.0-beta.1" "build" "--frozen" "--message-format=json" "--release", kill_on_drop: false }`
[INFO] [stderr]    Compiling serde v1.0.106
[INFO] [stderr]    Compiling proc-macro2 v1.0.10
[INFO] [stderr]    Compiling unicode-xid v0.2.0
[INFO] [stderr]    Compiling ryu v1.0.4
[INFO] [stderr]    Compiling syn v1.0.18
[INFO] [stderr]    Compiling fst v0.4.7
[INFO] [stderr]    Compiling log v0.4.8
[INFO] [stderr]    Compiling itoa v0.4.5
[INFO] [stderr]    Compiling either v1.5.3
[INFO] [stderr]    Compiling cfg-if v0.1.10
[INFO] [stderr]    Compiling json v0.12.4
[INFO] [stderr]    Compiling itertools v0.10.3
[INFO] [stderr]    Compiling quote v1.0.3
[INFO] [stderr]    Compiling derive-new v0.5.8
[INFO] [stderr]    Compiling rls-span v0.5.2
[INFO] [stderr]    Compiling serde_json v1.0.51
[INFO] [stderr]    Compiling rls-data v0.19.0
[INFO] [stderr]    Compiling rls-analysis v0.18.3 (/opt/rustwide/workdir)
[INFO] [stdout] warning: unused imports: `SigElement` and `Signature`
[INFO] [stdout]  --> src/raw.rs:5:5
[INFO] [stdout]   |
[INFO] [stdout] 5 |     SigElement, Signature, SpanData,
[INFO] [stdout]   |     ^^^^^^^^^^  ^^^^^^^^^
[INFO] [stdout]   |
[INFO] [stdout]   = note: `#[warn(unused_imports)]` (part of `#[warn(unused)]`) on by default
[INFO] [stdout] 
[INFO] [stdout] 
[INFO] [stdout] warning: trailing semicolon in macro used in expression position
[INFO] [stdout]   --> src/raw.rs:56:24
[INFO] [stdout]    |
[INFO] [stdout] 56 |         .inspect(|dir| trace!("Considering analysis files at {}", dir.path.display()))
[INFO] [stdout]    |                        ^^^^^^^^^^^^^^^^^^^^^^^^^^^^^^^^^^^^^^^^^^^^^^^^^^^^^^^^^^^^^^
[INFO] [stdout]    |
[INFO] [stdout]    = warning: this was previously accepted by the compiler but is being phased out; it will become a hard error in a future release!
[INFO] [stdout]    = note: for more information, see issue #79813 <https://github.com/rust-lang/rust/issues/79813>
[INFO] [stdout]    = note: `#[warn(semicolon_in_expressions_from_non_local_macros)]` (part of `#[warn(future_incompatible)]`) on by default
[INFO] [stdout]    = note: this warning originates in the macro `trace` (in Nightly builds, run with -Z macro-backtrace for more info)
[INFO] [stdout] 
[INFO] [stdout] 
[INFO] [stdout] warning: use of deprecated module `std::u64`: all constants in this module replaced by associated constants on the type
[INFO] [stdout]   --> src/lib.rs:35:10
[INFO] [stdout]    |
[INFO] [stdout] 35 | use std::u64;
[INFO] [stdout]    |          ^^^
[INFO] [stdout]    |
[INFO] [stdout]    = note: `#[warn(deprecated)]` on by default
[INFO] [stdout] 
[INFO] [stdout] 
[INFO] [stdout] warning: use of deprecated constant `std::u64::MAX`: replaced by the `MAX` associated constant on this type
[INFO] [stdout]   --> src/lib.rs:89:30
[INFO] [stdout]    |
[INFO] [stdout] 89 | pub const NULL: Id = Id(u64::MAX);
[INFO] [stdout]    |                              ^^^
[INFO] [stdout] 
[INFO] [stdout] 
[INFO] [stdout] warning: use of deprecated module `std::u32`: all constants in this module replaced by associated constants on the type
[INFO] [stdout]   --> src/lowering.rs:17:10
[INFO] [stdout]    |
[INFO] [stdout] 17 | use std::u32;
[INFO] [stdout]    |          ^^^
[INFO] [stdout] 
[INFO] [stdout] 
[INFO] [stdout] warning: use of deprecated constant `std::u32::MAX`: replaced by the `MAX` associated constant on this type
[INFO] [stdout]    --> src/lowering.rs:495:29
[INFO] [stdout]     |
[INFO] [stdout] 495 |         if id.krate == u32::MAX || id.index == u32::MAX {
[INFO] [stdout]     |                             ^^^
[INFO] [stdout] 
[INFO] [stdout] 
[INFO] [stdout] warning: use of deprecated constant `std::u32::MAX`: replaced by the `MAX` associated constant on this type
[INFO] [stdout]    --> src/lowering.rs:495:53
[INFO] [stdout]     |
[INFO] [stdout] 495 |         if id.krate == u32::MAX || id.index == u32::MAX {
[INFO] [stdout]     |                                                     ^^^
[INFO] [stdout] 
[INFO] [stdout] 
[INFO] [stdout] warning: use of deprecated associated function `core::num::<impl usize>::max_value`: replaced by the `MAX` associated constant on this type
[INFO] [stdout]   --> src/symbol_query.rs:29:57
[INFO] [stdout]    |
[INFO] [stdout] 29 |         SymbolQuery { query_string, mode, limit: usize::max_value(), greater_than: String::new() }
[INFO] [stdout]    |                                                         ^^^^^^^^^
[INFO] [stdout] 
[INFO] [stdout] 
[INFO] [stdout] warning: field `idents` is never read
[INFO] [stdout]   --> src/analysis.rs:51:9
[INFO] [stdout]    |
[INFO] [stdout] 34 | pub struct PerCrateAnalysis {
[INFO] [stdout]    |            ---------------- field in this struct
[INFO] [stdout] ...
[INFO] [stdout] 51 |     pub idents: HashMap<PathBuf, IdentsByLine>,
[INFO] [stdout]    |         ^^^^^^
[INFO] [stdout]    |
[INFO] [stdout]    = note: `#[warn(dead_code)]` (part of `#[warn(unused)]`) on by default
[INFO] [stdout] 
[INFO] [stdout] 
[INFO] [stdout] warning: fields `column_end`, `id`, and `kind` are never read
[INFO] [stdout]    --> src/analysis.rs:117:9
[INFO] [stdout]     |
[INFO] [stdout] 116 | pub struct IdentBound {
[INFO] [stdout]     |            ---------- fields in this struct
[INFO] [stdout] 117 |     pub column_end: Column<ZeroIndexed>,
[INFO] [stdout]     |         ^^^^^^^^^^
[INFO] [stdout] 118 |     pub id: Id,
[INFO] [stdout]     |         ^^
[INFO] [stdout] 119 |     pub kind: IdentKind,
[INFO] [stdout]     |         ^^^^
[INFO] [stdout]     |
[INFO] [stdout]     = note: `IdentBound` has derived impls for the traits `Debug` and `Clone`, but these are intentionally ignored during dead code analysis
[INFO] [stdout] 
[INFO] [stdout] 
[INFO] [stdout] warning: struct `Signature` is never constructed
[INFO] [stdout]    --> src/analysis.rs:140:12
[INFO] [stdout]     |
[INFO] [stdout] 140 | pub struct Signature {
[INFO] [stdout]     |            ^^^^^^^^^
[INFO] [stdout] 
[INFO] [stdout] 
[INFO] [stdout] warning: struct `SigElement` is never constructed
[INFO] [stdout]    --> src/analysis.rs:150:12
[INFO] [stdout]     |
[INFO] [stdout] 150 | pub struct SigElement {
[INFO] [stdout]     |            ^^^^^^^^^^
[INFO] [stdout] 
[INFO] [stdout] 
[INFO] [stdout] warning: field `path` is never read
[INFO] [stdout]  --> src/listings/mod.rs:7:9
[INFO] [stdout]   |
[INFO] [stdout] 6 | pub struct DirectoryListing {
[INFO] [stdout]   |            ---------------- field in this struct
[INFO] [stdout] 7 |     pub path: Vec<String>,
[INFO] [stdout]   |         ^^^^
[INFO] [stdout]   |
[INFO] [stdout]   = note: `DirectoryListing` has derived impls for the traits `Clone` and `Debug`, but these are intentionally ignored during dead code analysis
[INFO] [stdout] 
[INFO] [stdout] 
[INFO] [stderr]     Finished `release` profile [optimized] target(s) in 17.06s
[INFO] [stderr] warning: the following packages contain code that will be rejected by a future version of Rust: rls-analysis v0.18.3 (/opt/rustwide/workdir)
[INFO] [stderr] note: to see what the problems were, use the option `--future-incompat-report`, or run `cargo report future-incompatibilities --id 2`
[INFO] running `Command { std: "docker" "inspect" "e2fbc5914e2e47ca7e6a3982068bd750119a86ae73ad79b7cb38d5172cda5665", kill_on_drop: false }`
[INFO] running `Command { std: "docker" "exec" "-e" "SOURCE_DIR=/opt/rustwide/workdir" "-e" "CARGO_HOME=/opt/rustwide/cargo-home" "-e" "RUSTUP_HOME=/opt/rustwide/rustup-home" "-e" "CARGO_TARGET_DIR=/opt/rustwide/target" "-e" "CARGO_INCREMENTAL=0" "-e" "RUST_BACKTRACE=full" "-e" "RUSTFLAGS=--cap-lints=warn" "-e" "RUSTDOCFLAGS=--cap-lints=warn" "-w" "/opt/rustwide/workdir" "--user" "0:0" "e2fbc5914e2e47ca7e6a3982068bd750119a86ae73ad79b7cb38d5172cda5665" "/opt/rustwide/cargo-home/bin/cargo" "+1.100.0-beta.1" "test" "--frozen" "--no-run" "--message-format=json" "--release", kill_on_drop: false }`
[INFO] [stderr]    Compiling memchr v2.3.3
[INFO] [stderr]    Compiling libc v0.2.69
[INFO] [stderr]    Compiling regex-syntax v0.6.17
[INFO] [stderr]    Compiling humantime v2.1.0
[INFO] [stderr]    Compiling termcolor v1.1.0
[INFO] [stderr]    Compiling thread_local v1.0.1
[INFO] [stdout] warning: unused imports: `SigElement` and `Signature`
[INFO] [stdout]  --> src/raw.rs:5:5
[INFO] [stdout]   |
[INFO] [stdout] 5 |     SigElement, Signature, SpanData,
[INFO] [stdout]   |     ^^^^^^^^^^  ^^^^^^^^^
[INFO] [stdout]   |
[INFO] [stdout]   = note: `#[warn(unused_imports)]` (part of `#[warn(unused)]`) on by default
[INFO] [stdout] 
[INFO] [stdout] 
[INFO] [stdout] warning: trailing semicolon in macro used in expression position
[INFO] [stdout]   --> src/raw.rs:56:24
[INFO] [stdout]    |
[INFO] [stdout] 56 |         .inspect(|dir| trace!("Considering analysis files at {}", dir.path.display()))
[INFO] [stdout]    |                        ^^^^^^^^^^^^^^^^^^^^^^^^^^^^^^^^^^^^^^^^^^^^^^^^^^^^^^^^^^^^^^
[INFO] [stdout]    |
[INFO] [stdout]    = warning: this was previously accepted by the compiler but is being phased out; it will become a hard error in a future release!
[INFO] [stdout]    = note: for more information, see issue #79813 <https://github.com/rust-lang/rust/issues/79813>
[INFO] [stdout]    = note: `#[warn(semicolon_in_expressions_from_non_local_macros)]` (part of `#[warn(future_incompatible)]`) on by default
[INFO] [stdout]    = note: this warning originates in the macro `trace` (in Nightly builds, run with -Z macro-backtrace for more info)
[INFO] [stdout] 
[INFO] [stdout] 
[INFO] [stdout] warning: use of deprecated module `std::u64`: all constants in this module replaced by associated constants on the type
[INFO] [stdout]   --> src/lib.rs:35:10
[INFO] [stdout]    |
[INFO] [stdout] 35 | use std::u64;
[INFO] [stdout]    |          ^^^
[INFO] [stdout]    |
[INFO] [stdout]    = note: `#[warn(deprecated)]` on by default
[INFO] [stdout] 
[INFO] [stdout] 
[INFO] [stdout] warning: use of deprecated constant `std::u64::MAX`: replaced by the `MAX` associated constant on this type
[INFO] [stdout]   --> src/lib.rs:89:30
[INFO] [stdout]    |
[INFO] [stdout] 89 | pub const NULL: Id = Id(u64::MAX);
[INFO] [stdout]    |                              ^^^
[INFO] [stdout] 
[INFO] [stdout] 
[INFO] [stdout] warning: use of deprecated module `std::u32`: all constants in this module replaced by associated constants on the type
[INFO] [stdout]   --> src/lowering.rs:17:10
[INFO] [stdout]    |
[INFO] [stdout] 17 | use std::u32;
[INFO] [stdout]    |          ^^^
[INFO] [stdout] 
[INFO] [stdout] 
[INFO] [stdout] warning: use of deprecated constant `std::u32::MAX`: replaced by the `MAX` associated constant on this type
[INFO] [stdout]    --> src/lowering.rs:495:29
[INFO] [stdout]     |
[INFO] [stdout] 495 |         if id.krate == u32::MAX || id.index == u32::MAX {
[INFO] [stdout]     |                             ^^^
[INFO] [stdout] 
[INFO] [stdout] 
[INFO] [stdout] warning: use of deprecated constant `std::u32::MAX`: replaced by the `MAX` associated constant on this type
[INFO] [stdout]    --> src/lowering.rs:495:53
[INFO] [stdout]     |
[INFO] [stdout] 495 |         if id.krate == u32::MAX || id.index == u32::MAX {
[INFO] [stdout]     |                                                     ^^^
[INFO] [stdout] 
[INFO] [stdout] 
[INFO] [stdout] warning: use of deprecated associated function `core::num::<impl usize>::max_value`: replaced by the `MAX` associated constant on this type
[INFO] [stdout]   --> src/symbol_query.rs:29:57
[INFO] [stdout]    |
[INFO] [stdout] 29 |         SymbolQuery { query_string, mode, limit: usize::max_value(), greater_than: String::new() }
[INFO] [stdout]    |                                                         ^^^^^^^^^
[INFO] [stdout] 
[INFO] [stdout] 
[INFO] [stdout] warning: field `idents` is never read
[INFO] [stdout]   --> src/analysis.rs:51:9
[INFO] [stdout]    |
[INFO] [stdout] 34 | pub struct PerCrateAnalysis {
[INFO] [stdout]    |            ---------------- field in this struct
[INFO] [stdout] ...
[INFO] [stdout] 51 |     pub idents: HashMap<PathBuf, IdentsByLine>,
[INFO] [stdout]    |         ^^^^^^
[INFO] [stdout]    |
[INFO] [stdout]    = note: `#[warn(dead_code)]` (part of `#[warn(unused)]`) on by default
[INFO] [stdout] 
[INFO] [stdout] 
[INFO] [stdout] warning: fields `column_end`, `id`, and `kind` are never read
[INFO] [stdout]    --> src/analysis.rs:117:9
[INFO] [stdout]     |
[INFO] [stdout] 116 | pub struct IdentBound {
[INFO] [stdout]     |            ---------- fields in this struct
[INFO] [stdout] 117 |     pub column_end: Column<ZeroIndexed>,
[INFO] [stdout]     |         ^^^^^^^^^^
[INFO] [stdout] 118 |     pub id: Id,
[INFO] [stdout]     |         ^^
[INFO] [stdout] 119 |     pub kind: IdentKind,
[INFO] [stdout]     |         ^^^^
[INFO] [stdout]     |
[INFO] [stdout]     = note: `IdentBound` has derived impls for the traits `Debug` and `Clone`, but these are intentionally ignored during dead code analysis
[INFO] [stdout] 
[INFO] [stdout] 
[INFO] [stdout] warning: struct `Signature` is never constructed
[INFO] [stdout]    --> src/analysis.rs:140:12
[INFO] [stdout]     |
[INFO] [stdout] 140 | pub struct Signature {
[INFO] [stdout]     |            ^^^^^^^^^
[INFO] [stdout] 
[INFO] [stdout] 
[INFO] [stdout] warning: struct `SigElement` is never constructed
[INFO] [stdout]    --> src/analysis.rs:150:12
[INFO] [stdout]     |
[INFO] [stdout] 150 | pub struct SigElement {
[INFO] [stdout]     |            ^^^^^^^^^^
[INFO] [stdout] 
[INFO] [stdout] 
[INFO] [stdout] warning: field `path` is never read
[INFO] [stdout]  --> src/listings/mod.rs:7:9
[INFO] [stdout]   |
[INFO] [stdout] 6 | pub struct DirectoryListing {
[INFO] [stdout]   |            ---------------- field in this struct
[INFO] [stdout] 7 |     pub path: Vec<String>,
[INFO] [stdout]   |         ^^^^
[INFO] [stdout]   |
[INFO] [stdout]   = note: `DirectoryListing` has derived impls for the traits `Clone` and `Debug`, but these are intentionally ignored during dead code analysis
[INFO] [stdout] 
[INFO] [stdout] 
[INFO] [stderr]    Compiling aho-corasick v0.7.10
[INFO] [stderr]    Compiling atty v0.2.14
[INFO] [stderr]    Compiling regex v1.3.7
[INFO] [stderr]    Compiling env_logger v0.9.0
[INFO] [stderr]    Compiling rls-analysis v0.18.3 (/opt/rustwide/workdir)
[INFO] [stdout] warning: unused imports: `SigElement` and `Signature`
[INFO] [stdout]  --> src/raw.rs:5:5
[INFO] [stdout]   |
[INFO] [stdout] 5 |     SigElement, Signature, SpanData,
[INFO] [stdout]   |     ^^^^^^^^^^  ^^^^^^^^^
[INFO] [stdout]   |
[INFO] [stdout]   = note: `#[warn(unused_imports)]` (part of `#[warn(unused)]`) on by default
[INFO] [stdout] 
[INFO] [stdout] 
[INFO] [stdout] warning: trailing semicolon in macro used in expression position
[INFO] [stdout]   --> src/raw.rs:56:24
[INFO] [stdout]    |
[INFO] [stdout] 56 |         .inspect(|dir| trace!("Considering analysis files at {}", dir.path.display()))
[INFO] [stdout]    |                        ^^^^^^^^^^^^^^^^^^^^^^^^^^^^^^^^^^^^^^^^^^^^^^^^^^^^^^^^^^^^^^
[INFO] [stdout]    |
[INFO] [stdout]    = warning: this was previously accepted by the compiler but is being phased out; it will become a hard error in a future release!
[INFO] [stdout]    = note: for more information, see issue #79813 <https://github.com/rust-lang/rust/issues/79813>
[INFO] [stdout]    = note: `#[warn(semicolon_in_expressions_from_non_local_macros)]` (part of `#[warn(future_incompatible)]`) on by default
[INFO] [stdout]    = note: this warning originates in the macro `trace` (in Nightly builds, run with -Z macro-backtrace for more info)
[INFO] [stdout] 
[INFO] [stdout] 
[INFO] [stdout] warning: use of deprecated module `std::u64`: all constants in this module replaced by associated constants on the type
[INFO] [stdout]   --> src/lib.rs:35:10
[INFO] [stdout]    |
[INFO] [stdout] 35 | use std::u64;
[INFO] [stdout]    |          ^^^
[INFO] [stdout]    |
[INFO] [stdout]    = note: `#[warn(deprecated)]` on by default
[INFO] [stdout] 
[INFO] [stdout] 
[INFO] [stdout] warning: use of deprecated constant `std::u64::MAX`: replaced by the `MAX` associated constant on this type
[INFO] [stdout]   --> src/lib.rs:89:30
[INFO] [stdout]    |
[INFO] [stdout] 89 | pub const NULL: Id = Id(u64::MAX);
[INFO] [stdout]    |                              ^^^
[INFO] [stdout] 
[INFO] [stdout] 
[INFO] [stdout] warning: use of deprecated module `std::u32`: all constants in this module replaced by associated constants on the type
[INFO] [stdout]   --> src/lowering.rs:17:10
[INFO] [stdout]    |
[INFO] [stdout] 17 | use std::u32;
[INFO] [stdout]    |          ^^^
[INFO] [stdout] 
[INFO] [stdout] 
[INFO] [stdout] warning: use of deprecated constant `std::u32::MAX`: replaced by the `MAX` associated constant on this type
[INFO] [stdout]    --> src/lowering.rs:495:29
[INFO] [stdout]     |
[INFO] [stdout] 495 |         if id.krate == u32::MAX || id.index == u32::MAX {
[INFO] [stdout]     |                             ^^^
[INFO] [stdout] 
[INFO] [stdout] 
[INFO] [stdout] warning: use of deprecated constant `std::u32::MAX`: replaced by the `MAX` associated constant on this type
[INFO] [stdout]    --> src/lowering.rs:495:53
[INFO] [stdout]     |
[INFO] [stdout] 495 |         if id.krate == u32::MAX || id.index == u32::MAX {
[INFO] [stdout]     |                                                     ^^^
[INFO] [stdout] 
[INFO] [stdout] 
[INFO] [stdout] warning: use of deprecated associated function `core::num::<impl usize>::max_value`: replaced by the `MAX` associated constant on this type
[INFO] [stdout]   --> src/symbol_query.rs:29:57
[INFO] [stdout]    |
[INFO] [stdout] 29 |         SymbolQuery { query_string, mode, limit: usize::max_value(), greater_than: String::new() }
[INFO] [stdout]    |                                                         ^^^^^^^^^
[INFO] [stdout] 
[INFO] [stdout] 
[INFO] [stdout] warning: field `idents` is never read
[INFO] [stdout]   --> src/analysis.rs:51:9
[INFO] [stdout]    |
[INFO] [stdout] 34 | pub struct PerCrateAnalysis {
[INFO] [stdout]    |            ---------------- field in this struct
[INFO] [stdout] ...
[INFO] [stdout] 51 |     pub idents: HashMap<PathBuf, IdentsByLine>,
[INFO] [stdout]    |         ^^^^^^
[INFO] [stdout]    |
[INFO] [stdout]    = note: `#[warn(dead_code)]` (part of `#[warn(unused)]`) on by default
[INFO] [stdout] 
[INFO] [stdout] 
[INFO] [stdout] warning: fields `column_end`, `id`, and `kind` are never read
[INFO] [stdout]    --> src/analysis.rs:117:9
[INFO] [stdout]     |
[INFO] [stdout] 116 | pub struct IdentBound {
[INFO] [stdout]     |            ---------- fields in this struct
[INFO] [stdout] 117 |     pub column_end: Column<ZeroIndexed>,
[INFO] [stdout]     |         ^^^^^^^^^^
[INFO] [stdout] 118 |     pub id: Id,
[INFO] [stdout]     |         ^^
[INFO] [stdout] 119 |     pub kind: IdentKind,
[INFO] [stdout]     |         ^^^^
[INFO] [stdout]     |
[INFO] [stdout]     = note: `IdentBound` has derived impls for the traits `Debug` and `Clone`, but these are intentionally ignored during dead code analysis
[INFO] [stdout] 
[INFO] [stdout] 
[INFO] [stdout] warning: struct `Signature` is never constructed
[INFO] [stdout]    --> src/analysis.rs:140:12
[INFO] [stdout]     |
[INFO] [stdout] 140 | pub struct Signature {
[INFO] [stdout]     |            ^^^^^^^^^
[INFO] [stdout] 
[INFO] [stdout] 
[INFO] [stdout] warning: struct `SigElement` is never constructed
[INFO] [stdout]    --> src/analysis.rs:150:12
[INFO] [stdout]     |
[INFO] [stdout] 150 | pub struct SigElement {
[INFO] [stdout]     |            ^^^^^^^^^^
[INFO] [stdout] 
[INFO] [stdout] 
[INFO] [stdout] warning: field `path` is never read
[INFO] [stdout]  --> src/listings/mod.rs:7:9
[INFO] [stdout]   |
[INFO] [stdout] 6 | pub struct DirectoryListing {
[INFO] [stdout]   |            ---------------- field in this struct
[INFO] [stdout] 7 |     pub path: Vec<String>,
[INFO] [stdout]   |         ^^^^
[INFO] [stdout]   |
[INFO] [stdout]   = note: `DirectoryListing` has derived impls for the traits `Clone` and `Debug`, but these are intentionally ignored during dead code analysis
[INFO] [stdout] 
[INFO] [stdout] 
[INFO] [stderr]     Finished `release` profile [optimized] target(s) in 22.93s
[INFO] [stderr] warning: the following packages contain code that will be rejected by a future version of Rust: rls-analysis v0.18.3 (/opt/rustwide/workdir)
[INFO] [stderr] note: to see what the problems were, use the option `--future-incompat-report`, or run `cargo report future-incompatibilities --id 3`
[INFO] running `Command { std: "docker" "inspect" "e2fbc5914e2e47ca7e6a3982068bd750119a86ae73ad79b7cb38d5172cda5665", kill_on_drop: false }`
[INFO] running `Command { std: "docker" "exec" "-e" "SOURCE_DIR=/opt/rustwide/workdir" "-e" "CARGO_HOME=/opt/rustwide/cargo-home" "-e" "RUSTUP_HOME=/opt/rustwide/rustup-home" "-e" "CARGO_TARGET_DIR=/opt/rustwide/target" "-e" "CARGO_INCREMENTAL=0" "-e" "RUST_BACKTRACE=full" "-e" "RUSTFLAGS=--cap-lints=warn" "-e" "RUSTDOCFLAGS=--cap-lints=warn" "-w" "/opt/rustwide/workdir" "--user" "0:0" "e2fbc5914e2e47ca7e6a3982068bd750119a86ae73ad79b7cb38d5172cda5665" "/opt/rustwide/cargo-home/bin/cargo" "+1.100.0-beta.1" "test" "--frozen" "--release", kill_on_drop: false }`
[INFO] [stderr] warning: unused imports: `SigElement` and `Signature`
[INFO] [stderr]  --> src/raw.rs:5:5
[INFO] [stderr]   |
[INFO] [stderr] 5 |     SigElement, Signature, SpanData,
[INFO] [stderr]   |     ^^^^^^^^^^  ^^^^^^^^^
[INFO] [stderr]   |
[INFO] [stderr]   = note: `#[warn(unused_imports)]` (part of `#[warn(unused)]`) on by default
[INFO] [stderr] 
[INFO] [stderr] warning: trailing semicolon in macro used in expression position
[INFO] [stderr]   --> src/raw.rs:56:24
[INFO] [stderr]    |
[INFO] [stderr] 56 |         .inspect(|dir| trace!("Considering analysis files at {}", dir.path.display()))
[INFO] [stderr]    |                        ^^^^^^^^^^^^^^^^^^^^^^^^^^^^^^^^^^^^^^^^^^^^^^^^^^^^^^^^^^^^^^
[INFO] [stderr]    |
[INFO] [stderr]    = warning: this was previously accepted by the compiler but is being phased out; it will become a hard error in a future release!
[INFO] [stderr]    = note: for more information, see issue #79813 <https://github.com/rust-lang/rust/issues/79813>
[INFO] [stderr]    = note: `#[warn(semicolon_in_expressions_from_non_local_macros)]` (part of `#[warn(future_incompatible)]`) on by default
[INFO] [stderr]    = note: this warning originates in the macro `trace` (in Nightly builds, run with -Z macro-backtrace for more info)
[INFO] [stderr] 
[INFO] [stderr] warning: use of deprecated module `std::u64`: all constants in this module replaced by associated constants on the type
[INFO] [stderr]   --> src/lib.rs:35:10
[INFO] [stderr]    |
[INFO] [stderr] 35 | use std::u64;
[INFO] [stderr]    |          ^^^
[INFO] [stderr]    |
[INFO] [stderr]    = note: `#[warn(deprecated)]` on by default
[INFO] [stderr] 
[INFO] [stderr] warning: use of deprecated constant `std::u64::MAX`: replaced by the `MAX` associated constant on this type
[INFO] [stderr]   --> src/lib.rs:89:30
[INFO] [stderr]    |
[INFO] [stderr] 89 | pub const NULL: Id = Id(u64::MAX);
[INFO] [stderr]    |                              ^^^
[INFO] [stderr] 
[INFO] [stderr] warning: use of deprecated module `std::u32`: all constants in this module replaced by associated constants on the type
[INFO] [stderr]   --> src/lowering.rs:17:10
[INFO] [stderr]    |
[INFO] [stderr] 17 | use std::u32;
[INFO] [stderr]    |          ^^^
[INFO] [stderr] 
[INFO] [stderr] warning: use of deprecated constant `std::u32::MAX`: replaced by the `MAX` associated constant on this type
[INFO] [stderr]    --> src/lowering.rs:495:29
[INFO] [stderr]     |
[INFO] [stderr] 495 |         if id.krate == u32::MAX || id.index == u32::MAX {
[INFO] [stderr]     |                             ^^^
[INFO] [stderr] 
[INFO] [stderr] warning: use of deprecated constant `std::u32::MAX`: replaced by the `MAX` associated constant on this type
[INFO] [stderr]    --> src/lowering.rs:495:53
[INFO] [stderr]     |
[INFO] [stderr] 495 |         if id.krate == u32::MAX || id.index == u32::MAX {
[INFO] [stderr]     |                                                     ^^^
[INFO] [stderr] 
[INFO] [stderr] warning: use of deprecated associated function `core::num::<impl usize>::max_value`: replaced by the `MAX` associated constant on this type
[INFO] [stderr]   --> src/symbol_query.rs:29:57
[INFO] [stderr]    |
[INFO] [stderr] 29 |         SymbolQuery { query_string, mode, limit: usize::max_value(), greater_than: String::new() }
[INFO] [stderr]    |                                                         ^^^^^^^^^
[INFO] [stderr] 
[INFO] [stderr] warning: field `idents` is never read
[INFO] [stderr]   --> src/analysis.rs:51:9
[INFO] [stderr]    |
[INFO] [stderr] 34 | pub struct PerCrateAnalysis {
[INFO] [stderr]    |            ---------------- field in this struct
[INFO] [stderr] ...
[INFO] [stderr] 51 |     pub idents: HashMap<PathBuf, IdentsByLine>,
[INFO] [stderr]    |         ^^^^^^
[INFO] [stderr]    |
[INFO] [stderr]    = note: `#[warn(dead_code)]` (part of `#[warn(unused)]`) on by default
[INFO] [stderr] 
[INFO] [stderr] warning: fields `column_end`, `id`, and `kind` are never read
[INFO] [stderr]    --> src/analysis.rs:117:9
[INFO] [stderr]     |
[INFO] [stderr] 116 | pub struct IdentBound {
[INFO] [stderr]     |            ---------- fields in this struct
[INFO] [stderr] 117 |     pub column_end: Column<ZeroIndexed>,
[INFO] [stderr]     |         ^^^^^^^^^^
[INFO] [stderr] 118 |     pub id: Id,
[INFO] [stderr]     |         ^^
[INFO] [stderr] 119 |     pub kind: IdentKind,
[INFO] [stderr]     |         ^^^^
[INFO] [stderr]     |
[INFO] [stderr]     = note: `IdentBound` has derived impls for the traits `Debug` and `Clone`, but these are intentionally ignored during dead code analysis
[INFO] [stderr] 
[INFO] [stderr] warning: struct `Signature` is never constructed
[INFO] [stderr]    --> src/analysis.rs:140:12
[INFO] [stderr]     |
[INFO] [stderr] 140 | pub struct Signature {
[INFO] [stderr]     |            ^^^^^^^^^
[INFO] [stderr] 
[INFO] [stderr] warning: struct `SigElement` is never constructed
[INFO] [stderr]    --> src/analysis.rs:150:12
[INFO] [stderr]     |
[INFO] [stderr] 150 | pub struct SigElement {
[INFO] [stderr]     |            ^^^^^^^^^^
[INFO] [stderr] 
[INFO] [stderr] warning: field `path` is never read
[INFO] [stderr]  --> src/listings/mod.rs:7:9
[INFO] [stderr]   |
[INFO] [stderr] 6 | pub struct DirectoryListing {
[INFO] [stderr]   |            ---------------- field in this struct
[INFO] [stderr] 7 |     pub path: Vec<String>,
[INFO] [stderr]   |         ^^^^
[INFO] [stderr]   |
[INFO] [stderr]   = note: `DirectoryListing` has derived impls for the traits `Clone` and `Debug`, but these are intentionally ignored during dead code analysis
[INFO] [stderr] 
[INFO] [stderr] warning: `rls-analysis` (lib) generated 13 warnings (run `cargo fix --lib -p rls-analysis` to apply 1 suggestion)
[INFO] [stderr] warning: `rls-analysis` (lib test) generated 13 warnings (13 duplicates)
[INFO] [stderr]     Finished `release` profile [optimized] target(s) in 0.08s
[INFO] [stderr] warning: the following packages contain code that will be rejected by a future version of Rust: rls-analysis v0.18.3 (/opt/rustwide/workdir)
[INFO] [stderr] note: to see what the problems were, use the option `--future-incompat-report`, or run `cargo report future-incompatibilities --id 3`
[INFO] [stderr]      Running unittests src/lib.rs (/opt/rustwide/target/release/build/rls-analysis/a360a99043be1fc7/out/rls_analysis-a360a99043be1fc7)
[INFO] [stdout] 
[INFO] [stdout] running 12 tests
[INFO] [stdout] test loader::tests::unix_path ... ok
[INFO] [stdout] test test::doc_urls_resolve_correctly ... FAILED
[INFO] [stdout] test test::test_all_ref_unique ... FAILED
[INFO] [stdout] test test::test_self ... FAILED
[INFO] [stdout] test test::test_types ... FAILED
[INFO] [stdout] test test::test_child_count ... FAILED
[INFO] [stdout] test test::test_hello ... FAILED
[INFO] [stdout] test test::test_extern_fn ... FAILED
[INFO] [stdout] test loader::tests::windows_path ... ok
[INFO] [stdout] test symbol_query::tests::test_automaton ... ok
[INFO] [stdout] test test::smoke ... ok
[INFO] [stdout] test loader::tests::target_triple ... ok
[INFO] [stdout] 
[INFO] [stdout] failures:
[INFO] [stdout] 
[INFO] [stdout] ---- test::doc_urls_resolve_correctly stdout ----
[INFO] [stdout] 
[INFO] [stdout] thread 'test::doc_urls_resolve_correctly' (845) panicked at src/test/mod.rs:55:9:
[INFO] [stdout] assertion `left == right` failed
[INFO] [stdout]   left: 0
[INFO] [stdout]  right: 1
[INFO] [stdout] stack backtrace:
[INFO] [stdout]    0:     0x5862145ddda1 - <<std[617be2ca0a6fd877]::sys::backtrace::BacktraceLock>::print::DisplayBacktrace as core[a373ad73a504971]::fmt::Display>::fmt
[INFO] [stdout]    1:     0x5862145f336a - core[a373ad73a504971]::fmt::write
[INFO] [stdout]    2:     0x5862145e242c - <alloc[2e1b2a31b91974c5]::vec::Vec<u8> as core[a373ad73a504971]::io::write::Write>::write_fmt
[INFO] [stdout]    3:     0x5862145b98a6 - std[617be2ca0a6fd877]::panicking::default_hook::{closure#0}
[INFO] [stdout]    4:     0x5862145d6229 - std[617be2ca0a6fd877]::panicking::default_hook
[INFO] [stdout]    5:     0x58621456ef10 - test[aada8e7e76ba119b]::test_main_inner::{closure#0}
[INFO] [stdout]    6:     0x5862145d63e2 - std[617be2ca0a6fd877]::panicking::panic_with_hook
[INFO] [stdout]    7:     0x5862145b9952 - std[617be2ca0a6fd877]::panicking::panic_handler::{closure#0}
[INFO] [stdout]    8:     0x5862145b2599 - std[617be2ca0a6fd877]::sys::backtrace::__rust_end_short_backtrace::<std[617be2ca0a6fd877]::panicking::panic_handler::{closure#0}, !>
[INFO] [stdout]    9:     0x5862145ba55d - __rustc[ea4f61d10b84890b]::rust_begin_unwind
[INFO] [stdout]   10:     0x5862145f3a9c - core[a373ad73a504971]::panicking::panic_fmt
[INFO] [stdout]   11:     0x5862145f39b3 - core[a373ad73a504971]::panicking::assert_failed_inner
[INFO] [stdout]   12:     0x5862145efc08 - core[a373ad73a504971]::panicking::assert_failed::<usize, usize>
[INFO] [stdout]   13:     0x586214537146 - rls_analysis[48e2f9d0d917e1ed]::test::doc_urls_resolve_correctly::assert_url_for_type::<core[a373ad73a504971]::option::Option<&str>>
[INFO] [stdout]   14:     0x58621453c912 - <rls_analysis[48e2f9d0d917e1ed]::test::doc_urls_resolve_correctly::{closure#0} as core[a373ad73a504971]::ops::function::FnOnce<()>>::call_once
[INFO] [stdout]   15:     0x58621456235b - test[aada8e7e76ba119b]::__rust_begin_short_backtrace::<core[a373ad73a504971]::result::Result<(), alloc[2e1b2a31b91974c5]::string::String>, fn() -> core[a373ad73a504971]::result::Result<(), alloc[2e1b2a31b91974c5]::string::String>>
[INFO] [stdout]   16:     0x58621456f535 - test[aada8e7e76ba119b]::run_test::{closure#0}
[INFO] [stdout]   17:     0x586214568e24 - std[617be2ca0a6fd877]::sys::backtrace::__rust_begin_short_backtrace::<test[aada8e7e76ba119b]::run_test::{closure#1}, ()>
[INFO] [stdout]   18:     0x5862145725c2 - <std[617be2ca0a6fd877]::thread::lifecycle::spawn_unchecked<test[aada8e7e76ba119b]::run_test::{closure#1}, ()>::{closure#1} as core[a373ad73a504971]::ops::function::FnOnce<()>>::call_once::{shim:vtable#0}
[INFO] [stdout]   19:     0x5862145dd5ff - <std[617be2ca0a6fd877]::sys::thread::unix::Thread>::new::thread_start
[INFO] [stdout]   20:     0x742734c23dfa - <unknown>
[INFO] [stdout]   21:     0x742734cb73d4 - clone
[INFO] [stdout]   22:                0x0 - <unknown>
[INFO] [stdout] 
[INFO] [stdout] ---- test::test_all_ref_unique stdout ----
[INFO] [stdout] 
[INFO] [stdout] thread 'test::test_all_ref_unique' (848) panicked at src/test/mod.rs:367:5:
[INFO] [stdout] assertion `left == right` failed
[INFO] [stdout]   left: 0
[INFO] [stdout]  right: 4
[INFO] [stdout] stack backtrace:
[INFO] [stdout]    0:     0x5862145ddda1 - <<std[617be2ca0a6fd877]::sys::backtrace::BacktraceLock>::print::DisplayBacktrace as core[a373ad73a504971]::fmt::Display>::fmt
[INFO] [stdout]    1:     0x5862145f336a - core[a373ad73a504971]::fmt::write
[INFO] [stdout]    2:     0x5862145e242c - <alloc[2e1b2a31b91974c5]::vec::Vec<u8> as core[a373ad73a504971]::io::write::Write>::write_fmt
[INFO] [stdout]    3:     0x5862145b98a6 - std[617be2ca0a6fd877]::panicking::default_hook::{closure#0}
[INFO] [stdout]    4:     0x5862145d6229 - std[617be2ca0a6fd877]::panicking::default_hook
[INFO] [stdout]    5:     0x58621456ef10 - test[aada8e7e76ba119b]::test_main_inner::{closure#0}
[INFO] [stdout]    6:     0x5862145d63e2 - std[617be2ca0a6fd877]::panicking::panic_with_hook
[INFO] [stdout]    7:     0x5862145b9952 - std[617be2ca0a6fd877]::panicking::panic_handler::{closure#0}
[INFO] [stdout]    8:     0x5862145b2599 - std[617be2ca0a6fd877]::sys::backtrace::__rust_end_short_backtrace::<std[617be2ca0a6fd877]::panicking::panic_handler::{closure#0}, !>
[INFO] [stdout]    9:     0x5862145ba55d - __rustc[ea4f61d10b84890b]::rust_begin_unwind
[INFO] [stdout]   10:     0x5862145f3a9c - core[a373ad73a504971]::panicking::panic_fmt
[INFO] [stdout]   11:     0x5862145f39b3 - core[a373ad73a504971]::panicking::assert_failed_inner
[INFO] [stdout]   12:     0x5862145efc08 - core[a373ad73a504971]::panicking::assert_failed::<usize, usize>
[INFO] [stdout]   13:     0x58621453c763 - <rls_analysis[48e2f9d0d917e1ed]::test::test_all_ref_unique::{closure#0} as core[a373ad73a504971]::ops::function::FnOnce<()>>::call_once
[INFO] [stdout]   14:     0x58621456235b - test[aada8e7e76ba119b]::__rust_begin_short_backtrace::<core[a373ad73a504971]::result::Result<(), alloc[2e1b2a31b91974c5]::string::String>, fn() -> core[a373ad73a504971]::result::Result<(), alloc[2e1b2a31b91974c5]::string::String>>
[INFO] [stdout]   15:     0x58621456f535 - test[aada8e7e76ba119b]::run_test::{closure#0}
[INFO] [stdout]   16:     0x586214568e24 - std[617be2ca0a6fd877]::sys::backtrace::__rust_begin_short_backtrace::<test[aada8e7e76ba119b]::run_test::{closure#1}, ()>
[INFO] [stdout]   17:     0x5862145725c2 - <std[617be2ca0a6fd877]::thread::lifecycle::spawn_unchecked<test[aada8e7e76ba119b]::run_test::{closure#1}, ()>::{closure#1} as core[a373ad73a504971]::ops::function::FnOnce<()>>::call_once::{shim:vtable#0}
[INFO] [stdout]   18:     0x5862145dd5ff - <std[617be2ca0a6fd877]::sys::thread::unix::Thread>::new::thread_start
[INFO] [stdout]   19:     0x742734c23dfa - <unknown>
[INFO] [stdout]   20:     0x742734cb73d4 - clone
[INFO] [stdout]   21:                0x0 - <unknown>
[INFO] [stdout] 
[INFO] [stdout] ---- test::test_self stdout ----
[INFO] [stdout] 
[INFO] [stdout] thread 'test::test_self' (852) panicked at src/test/mod.rs:341:5:
[INFO] [stdout] assertion `left == right` failed
[INFO] [stdout]   left: 0
[INFO] [stdout]  right: 2
[INFO] [stdout] stack backtrace:
[INFO] [stdout]    0:     0x5862145ddda1 - <<std[617be2ca0a6fd877]::sys::backtrace::BacktraceLock>::print::DisplayBacktrace as core[a373ad73a504971]::fmt::Display>::fmt
[INFO] [stdout]    1:     0x5862145f336a - core[a373ad73a504971]::fmt::write
[INFO] [stdout]    2:     0x5862145e242c - <alloc[2e1b2a31b91974c5]::vec::Vec<u8> as core[a373ad73a504971]::io::write::Write>::write_fmt
[INFO] [stdout]    3:     0x5862145b98a6 - std[617be2ca0a6fd877]::panicking::default_hook::{closure#0}
[INFO] [stdout]    4:     0x5862145d6229 - std[617be2ca0a6fd877]::panicking::default_hook
[INFO] [stdout]    5:     0x58621456ef10 - test[aada8e7e76ba119b]::test_main_inner::{closure#0}
[INFO] [stdout]    6:     0x5862145d63e2 - std[617be2ca0a6fd877]::panicking::panic_with_hook
[INFO] [stdout]    7:     0x5862145b9952 - std[617be2ca0a6fd877]::panicking::panic_handler::{closure#0}
[INFO] [stdout]    8:     0x5862145b2599 - std[617be2ca0a6fd877]::sys::backtrace::__rust_end_short_backtrace::<std[617be2ca0a6fd877]::panicking::panic_handler::{closure#0}, !>
[INFO] [stdout]    9:     0x5862145ba55d - __rustc[ea4f61d10b84890b]::rust_begin_unwind
[INFO] [stdout]   10:     0x5862145f3a9c - core[a373ad73a504971]::panicking::panic_fmt
[INFO] [stdout]   11:     0x5862145f39b3 - core[a373ad73a504971]::panicking::assert_failed_inner
[INFO] [stdout]   12:     0x5862145efc08 - core[a373ad73a504971]::panicking::assert_failed::<usize, usize>
[INFO] [stdout]   13:     0x58621453ce68 - <rls_analysis[48e2f9d0d917e1ed]::test::test_self::{closure#0} as core[a373ad73a504971]::ops::function::FnOnce<()>>::call_once
[INFO] [stdout]   14:     0x58621456235b - test[aada8e7e76ba119b]::__rust_begin_short_backtrace::<core[a373ad73a504971]::result::Result<(), alloc[2e1b2a31b91974c5]::string::String>, fn() -> core[a373ad73a504971]::result::Result<(), alloc[2e1b2a31b91974c5]::string::String>>
[INFO] [stdout]   15:     0x58621456f535 - test[aada8e7e76ba119b]::run_test::{closure#0}
[INFO] [stdout]   16:     0x586214568e24 - std[617be2ca0a6fd877]::sys::backtrace::__rust_begin_short_backtrace::<test[aada8e7e76ba119b]::run_test::{closure#1}, ()>
[INFO] [stdout]   17:     0x5862145725c2 - <std[617be2ca0a6fd877]::thread::lifecycle::spawn_unchecked<test[aada8e7e76ba119b]::run_test::{closure#1}, ()>::{closure#1} as core[a373ad73a504971]::ops::function::FnOnce<()>>::call_once::{shim:vtable#0}
[INFO] [stdout]   18:     0x5862145dd5ff - <std[617be2ca0a6fd877]::sys::thread::unix::Thread>::new::thread_start
[INFO] [stdout]   19:     0x742734c23dfa - <unknown>
[INFO] [stdout]   20:     0x742734cb73d4 - clone
[INFO] [stdout]   21:                0x0 - <unknown>
[INFO] [stdout] 
[INFO] [stdout] ---- test::test_types stdout ----
[INFO] [stdout] name: Foo
[INFO] [stdout] 
[INFO] [stdout] thread 'test::test_types' (853) panicked at src/test/mod.rs:260:9:
[INFO] [stdout] assertion `left == right` failed
[INFO] [stdout]   left: 0
[INFO] [stdout]  right: 1
[INFO] [stdout] stack backtrace:
[INFO] [stdout]    0:     0x5862145ddda1 - <<std[617be2ca0a6fd877]::sys::backtrace::BacktraceLock>::print::DisplayBacktrace as core[a373ad73a504971]::fmt::Display>::fmt
[INFO] [stdout]    1:     0x5862145f336a - core[a373ad73a504971]::fmt::write
[INFO] [stdout]    2:     0x5862145e242c - <alloc[2e1b2a31b91974c5]::vec::Vec<u8> as core[a373ad73a504971]::io::write::Write>::write_fmt
[INFO] [stdout]    3:     0x5862145b98a6 - std[617be2ca0a6fd877]::panicking::default_hook::{closure#0}
[INFO] [stdout]    4:     0x5862145d6229 - std[617be2ca0a6fd877]::panicking::default_hook
[INFO] [stdout]    5:     0x58621456ef10 - test[aada8e7e76ba119b]::test_main_inner::{closure#0}
[INFO] [stdout]    6:     0x5862145d63e2 - std[617be2ca0a6fd877]::panicking::panic_with_hook
[INFO] [stdout]    7:     0x5862145b9952 - std[617be2ca0a6fd877]::panicking::panic_handler::{closure#0}
[INFO] [stdout]    8:     0x5862145b2599 - std[617be2ca0a6fd877]::sys::backtrace::__rust_end_short_backtrace::<std[617be2ca0a6fd877]::panicking::panic_handler::{closure#0}, !>
[INFO] [stdout]    9:     0x5862145ba55d - __rustc[ea4f61d10b84890b]::rust_begin_unwind
[INFO] [stdout]   10:     0x5862145f3a9c - core[a373ad73a504971]::panicking::panic_fmt
[INFO] [stdout]   11:     0x5862145f39b3 - core[a373ad73a504971]::panicking::assert_failed_inner
[INFO] [stdout]   12:     0x5862145efc08 - core[a373ad73a504971]::panicking::assert_failed::<usize, usize>
[INFO] [stdout]   13:     0x586214537e23 - rls_analysis[48e2f9d0d917e1ed]::test::test_types::assert_type
[INFO] [stdout]   14:     0x58621453b414 - <rls_analysis[48e2f9d0d917e1ed]::test::test_types::{closure#0} as core[a373ad73a504971]::ops::function::FnOnce<()>>::call_once
[INFO] [stdout]   15:     0x58621456235b - test[aada8e7e76ba119b]::__rust_begin_short_backtrace::<core[a373ad73a504971]::result::Result<(), alloc[2e1b2a31b91974c5]::string::String>, fn() -> core[a373ad73a504971]::result::Result<(), alloc[2e1b2a31b91974c5]::string::String>>
[INFO] [stdout]   16:     0x58621456f535 - test[aada8e7e76ba119b]::run_test::{closure#0}
[INFO] [stdout]   17:     0x586214568e24 - std[617be2ca0a6fd877]::sys::backtrace::__rust_begin_short_backtrace::<test[aada8e7e76ba119b]::run_test::{closure#1}, ()>
[INFO] [stdout]   18:     0x5862145725c2 - <std[617be2ca0a6fd877]::thread::lifecycle::spawn_unchecked<test[aada8e7e76ba119b]::run_test::{closure#1}, ()>::{closure#1} as core[a373ad73a504971]::ops::function::FnOnce<()>>::call_once::{shim:vtable#0}
[INFO] [stdout]   19:     0x5862145dd5ff - <std[617be2ca0a6fd877]::sys::thread::unix::Thread>::new::thread_start
[INFO] [stdout]   20:     0x742734c23dfa - <unknown>
[INFO] [stdout]   21:     0x742734cb73d4 - clone
[INFO] [stdout]   22:                0x0 - <unknown>
[INFO] [stdout] 
[INFO] [stdout] ---- test::test_child_count stdout ----
[INFO] [stdout] 
[INFO] [stdout] thread 'test::test_child_count' (849) panicked at src/test/mod.rs:329:17:
[INFO] [stdout] index out of bounds: the len is 0 but the index is 0
[INFO] [stdout] stack backtrace:
[INFO] [stdout]    0:     0x5862145ddda1 - <<std[617be2ca0a6fd877]::sys::backtrace::BacktraceLock>::print::DisplayBacktrace as core[a373ad73a504971]::fmt::Display>::fmt
[INFO] [stdout]    1:     0x5862145f336a - core[a373ad73a504971]::fmt::write
[INFO] [stdout]    2:     0x5862145e242c - <alloc[2e1b2a31b91974c5]::vec::Vec<u8> as core[a373ad73a504971]::io::write::Write>::write_fmt
[INFO] [stdout]    3:     0x5862145b98a6 - std[617be2ca0a6fd877]::panicking::default_hook::{closure#0}
[INFO] [stdout]    4:     0x5862145d6229 - std[617be2ca0a6fd877]::panicking::default_hook
[INFO] [stdout]    5:     0x58621456ef10 - test[aada8e7e76ba119b]::test_main_inner::{closure#0}
[INFO] [stdout]    6:     0x5862145d63e2 - std[617be2ca0a6fd877]::panicking::panic_with_hook
[INFO] [stdout]    7:     0x5862145b9952 - std[617be2ca0a6fd877]::panicking::panic_handler::{closure#0}
[INFO] [stdout]    8:     0x5862145b2599 - std[617be2ca0a6fd877]::sys::backtrace::__rust_end_short_backtrace::<std[617be2ca0a6fd877]::panicking::panic_handler::{closure#0}, !>
[INFO] [stdout]    9:     0x5862145ba55d - __rustc[ea4f61d10b84890b]::rust_begin_unwind
[INFO] [stdout]   10:     0x5862145f3a9c - core[a373ad73a504971]::panicking::panic_fmt
[INFO] [stdout]   11:     0x5862145f38ec - core[a373ad73a504971]::panicking::panic_bounds_check
[INFO] [stdout]   12:     0x58621453c38c - <rls_analysis[48e2f9d0d917e1ed]::test::test_child_count::{closure#0} as core[a373ad73a504971]::ops::function::FnOnce<()>>::call_once
[INFO] [stdout]   13:     0x58621456235b - test[aada8e7e76ba119b]::__rust_begin_short_backtrace::<core[a373ad73a504971]::result::Result<(), alloc[2e1b2a31b91974c5]::string::String>, fn() -> core[a373ad73a504971]::result::Result<(), alloc[2e1b2a31b91974c5]::string::String>>
[INFO] [stdout]   14:     0x58621456f535 - test[aada8e7e76ba119b]::run_test::{closure#0}
[INFO] [stdout]   15:     0x586214568e24 - std[617be2ca0a6fd877]::sys::backtrace::__rust_begin_short_backtrace::<test[aada8e7e76ba119b]::run_test::{closure#1}, ()>
[INFO] [stdout]   16:     0x5862145725c2 - <std[617be2ca0a6fd877]::thread::lifecycle::spawn_unchecked<test[aada8e7e76ba119b]::run_test::{closure#1}, ()>::{closure#1} as core[a373ad73a504971]::ops::function::FnOnce<()>>::call_once::{shim:vtable#0}
[INFO] [stdout]   17:     0x5862145dd5ff - <std[617be2ca0a6fd877]::sys::thread::unix::Thread>::new::thread_start
[INFO] [stdout]   18:     0x742734c23dfa - <unknown>
[INFO] [stdout]   19:     0x742734cb73d4 - clone
[INFO] [stdout]   20:                0x0 - <unknown>
[INFO] [stdout] 
[INFO] [stdout] ---- test::test_hello stdout ----
[INFO] [stdout] 
[INFO] [stdout] thread 'test::test_hello' (851) panicked at src/test/mod.rs:153:5:
[INFO] [stdout] assertion `left == right` failed
[INFO] [stdout]   left: 0
[INFO] [stdout]  right: 1
[INFO] [stdout] stack backtrace:
[INFO] [stdout]    0:     0x5862145ddda1 - <<std[617be2ca0a6fd877]::sys::backtrace::BacktraceLock>::print::DisplayBacktrace as core[a373ad73a504971]::fmt::Display>::fmt
[INFO] [stdout]    1:     0x5862145f336a - core[a373ad73a504971]::fmt::write
[INFO] [stdout]    2:     0x5862145e242c - <alloc[2e1b2a31b91974c5]::vec::Vec<u8> as core[a373ad73a504971]::io::write::Write>::write_fmt
[INFO] [stdout]    3:     0x5862145b98a6 - std[617be2ca0a6fd877]::panicking::default_hook::{closure#0}
[INFO] [stdout]    4:     0x5862145d6229 - std[617be2ca0a6fd877]::panicking::default_hook
[INFO] [stdout]    5:     0x58621456ef10 - test[aada8e7e76ba119b]::test_main_inner::{closure#0}
[INFO] [stdout]    6:     0x5862145d63e2 - std[617be2ca0a6fd877]::panicking::panic_with_hook
[INFO] [stdout]    7:     0x5862145b9952 - std[617be2ca0a6fd877]::panicking::panic_handler::{closure#0}
[INFO] [stdout]    8:     0x5862145b2599 - std[617be2ca0a6fd877]::sys::backtrace::__rust_end_short_backtrace::<std[617be2ca0a6fd877]::panicking::panic_handler::{closure#0}, !>
[INFO] [stdout]    9:     0x5862145ba55d - __rustc[ea4f61d10b84890b]::rust_begin_unwind
[INFO] [stdout]   10:     0x5862145f3a9c - core[a373ad73a504971]::panicking::panic_fmt
[INFO] [stdout]   11:     0x5862145f39b3 - core[a373ad73a504971]::panicking::assert_failed_inner
[INFO] [stdout]   12:     0x5862145efc08 - core[a373ad73a504971]::panicking::assert_failed::<usize, usize>
[INFO] [stdout]   13:     0x58621453a05b - <rls_analysis[48e2f9d0d917e1ed]::test::test_hello::{closure#0} as core[a373ad73a504971]::ops::function::FnOnce<()>>::call_once
[INFO] [stdout]   14:     0x58621456235b - test[aada8e7e76ba119b]::__rust_begin_short_backtrace::<core[a373ad73a504971]::result::Result<(), alloc[2e1b2a31b91974c5]::string::String>, fn() -> core[a373ad73a504971]::result::Result<(), alloc[2e1b2a31b91974c5]::string::String>>
[INFO] [stdout]   15:     0x58621456f535 - test[aada8e7e76ba119b]::run_test::{closure#0}
[INFO] [stdout]   16:     0x586214568e24 - std[617be2ca0a6fd877]::sys::backtrace::__rust_begin_short_backtrace::<test[aada8e7e76ba119b]::run_test::{closure#1}, ()>
[INFO] [stdout]   17:     0x5862145725c2 - <std[617be2ca0a6fd877]::thread::lifecycle::spawn_unchecked<test[aada8e7e76ba119b]::run_test::{closure#1}, ()>::{closure#1} as core[a373ad73a504971]::ops::function::FnOnce<()>>::call_once::{shim:vtable#0}
[INFO] [stdout]   18:     0x5862145dd5ff - <std[617be2ca0a6fd877]::sys::thread::unix::Thread>::new::thread_start
[INFO] [stdout]   19:     0x742734c23dfa - <unknown>
[INFO] [stdout]   20:     0x742734cb73d4 - clone
[INFO] [stdout]   21:                0x0 - <unknown>
[INFO] [stdout] 
[INFO] [stdout] ---- test::test_extern_fn stdout ----
[INFO] [stdout] 
[INFO] [stdout] thread 'test::test_extern_fn' (850) panicked at src/test/mod.rs:354:5:
[INFO] [stdout] assertion `left == right` failed
[INFO] [stdout]   left: 0
[INFO] [stdout]  right: 2
[INFO] [stdout] stack backtrace:
[INFO] [stdout]    0:     0x5862145ddda1 - <<std[617be2ca0a6fd877]::sys::backtrace::BacktraceLock>::print::DisplayBacktrace as core[a373ad73a504971]::fmt::Display>::fmt
[INFO] [stdout]    1:     0x5862145f336a - core[a373ad73a504971]::fmt::write
[INFO] [stdout]    2:     0x5862145e242c - <alloc[2e1b2a31b91974c5]::vec::Vec<u8> as core[a373ad73a504971]::io::write::Write>::write_fmt
[INFO] [stdout]    3:     0x5862145b98a6 - std[617be2ca0a6fd877]::panicking::default_hook::{closure#0}
[INFO] [stdout]    4:     0x5862145d6229 - std[617be2ca0a6fd877]::panicking::default_hook
[INFO] [stdout]    5:     0x58621456ef10 - test[aada8e7e76ba119b]::test_main_inner::{closure#0}
[INFO] [stdout]    6:     0x5862145d63e2 - std[617be2ca0a6fd877]::panicking::panic_with_hook
[INFO] [stdout]    7:     0x5862145b9952 - std[617be2ca0a6fd877]::panicking::panic_handler::{closure#0}
[INFO] [stdout]    8:     0x5862145b2599 - std[617be2ca0a6fd877]::sys::backtrace::__rust_end_short_backtrace::<std[617be2ca0a6fd877]::panicking::panic_handler::{closure#0}, !>
[INFO] [stdout]    9:     0x5862145ba55d - __rustc[ea4f61d10b84890b]::rust_begin_unwind
[INFO] [stdout]   10:     0x5862145f3a9c - core[a373ad73a504971]::panicking::panic_fmt
[INFO] [stdout]   11:     0x5862145f39b3 - core[a373ad73a504971]::panicking::assert_failed_inner
[INFO] [stdout]   12:     0x5862145efc08 - core[a373ad73a504971]::panicking::assert_failed::<usize, usize>
[INFO] [stdout]   13:     0x58621453c138 - <rls_analysis[48e2f9d0d917e1ed]::test::test_extern_fn::{closure#0} as core[a373ad73a504971]::ops::function::FnOnce<()>>::call_once
[INFO] [stdout]   14:     0x58621456235b - test[aada8e7e76ba119b]::__rust_begin_short_backtrace::<core[a373ad73a504971]::result::Result<(), alloc[2e1b2a31b91974c5]::string::String>, fn() -> core[a373ad73a504971]::result::Result<(), alloc[2e1b2a31b91974c5]::string::String>>
[INFO] [stdout]   15:     0x58621456f535 - test[aada8e7e76ba119b]::run_test::{closure#0}
[INFO] [stdout]   16:     0x586214568e24 - std[617be2ca0a6fd877]::sys::backtrace::__rust_begin_short_backtrace::<test[aada8e7e76ba119b]::run_test::{closure#1}, ()>
[INFO] [stdout]   17:     0x5862145725c2 - <std[617be2ca0a6fd877]::thread::lifecycle::spawn_unchecked<test[aada8e7e76ba119b]::run_test::{closure#1}, ()>::{closure#1} as core[a373ad73a504971]::ops::function::FnOnce<()>>::call_once::{shim:vtable#0}
[INFO] [stdout]   18:     0x5862145dd5ff - <std[617be2ca0a6fd877]::sys::thread::unix::Thread>::new::thread_start
[INFO] [stdout]   19:     0x742734c23dfa - <unknown>
[INFO] [stdout]   20:     0x742734cb73d4 - clone
[INFO] [stdout]   21:                0x0 - <unknown>
[INFO] [stdout] 
[INFO] [stdout] 
[INFO] [stdout] failures:
[INFO] [stdout]     test::doc_urls_resolve_correctly
[INFO] [stdout]     test::test_all_ref_unique
[INFO] [stdout]     test::test_child_count
[INFO] [stdout]     test::test_extern_fn
[INFO] [stdout]     test::test_hello
[INFO] [stdout]     test::test_self
[INFO] [stdout]     test::test_types
[INFO] [stdout] 
[INFO] [stdout] test result: FAILED. 5 passed; 7 failed; 0 ignored; 0 measured; 0 filtered out; finished in 0.07s
[INFO] [stdout] 
[INFO] [stderr] error: test failed, to rerun pass `--lib`
[INFO] running `Command { std: "docker" "inspect" "e2fbc5914e2e47ca7e6a3982068bd750119a86ae73ad79b7cb38d5172cda5665", kill_on_drop: false }`
[INFO] running `Command { std: "docker" "rm" "-f" "e2fbc5914e2e47ca7e6a3982068bd750119a86ae73ad79b7cb38d5172cda5665", kill_on_drop: false }`
[INFO] [stdout] e2fbc5914e2e47ca7e6a3982068bd750119a86ae73ad79b7cb38d5172cda5665
