[INFO] fetching crate rlibupnp 0.1.1...
[INFO] testing rlibupnp-0.1.1 against 1.100.0-beta.1+cargoflags=--release for beta-release-1.100-2
[INFO] extracting crate rlibupnp 0.1.1 into /workspace/builds/worker-5-tc2/source
[INFO] started tweaking crates.io crate rlibupnp 0.1.1
[INFO] finished tweaking crates.io crate rlibupnp 0.1.1
[INFO] tweaked toml for crates.io crate rlibupnp 0.1.1 written to /workspace/builds/worker-5-tc2/source/Cargo.toml
[INFO] validating manifest of crates.io crate rlibupnp 0.1.1 on toolchain 1.100.0-beta.1
[INFO] running `Command { std: CARGO_HOME="/workspace/cargo-home" RUSTUP_HOME="/workspace/rustup-home" "/workspace/cargo-home/bin/cargo" "+1.100.0-beta.1" "metadata" "--manifest-path" "Cargo.toml" "--no-deps", kill_on_drop: false }`
[INFO] crate crates.io crate rlibupnp 0.1.1 already has a lockfile, it will not be regenerated
[INFO] running `Command { std: CARGO_HOME="/workspace/cargo-home" RUSTUP_HOME="/workspace/rustup-home" "/workspace/cargo-home/bin/cargo" "+1.100.0-beta.1" "fetch" "--manifest-path" "Cargo.toml", kill_on_drop: false }`
[INFO] running `Command { std: "docker" "create" "-v" "/var/lib/crater-agent-workspace/builds/worker-5-tc2/source:/opt/rustwide/workdir:ro,Z" "-v" "/var/lib/crater-agent-workspace/builds/worker-5-tc2/target:/opt/rustwide/target:rw,Z" "-v" "/var/lib/crater-agent-workspace/cargo-home:/opt/rustwide/cargo-home:ro,Z" "-v" "/var/lib/crater-agent-workspace/rustup-home:/opt/rustwide/rustup-home:ro,Z" "-m" "1610612736" "--network" "none" "ghcr.io/rust-lang/crates-build-env/linux@sha256:77db811e55d90add9212f6832c23229e3de5f1c1f9905e8cb07319ea15df73ac" "sleep" "infinity", kill_on_drop: false }`
[INFO] [stdout] 3f235e65e7d92930d71d4615a3cbed49b2d58b4c5e5e2b1f7365a7af27236734
[INFO] running `Command { std: "docker" "start" "3f235e65e7d92930d71d4615a3cbed49b2d58b4c5e5e2b1f7365a7af27236734", kill_on_drop: false }`
[INFO] running `Command { std: "docker" "inspect" "3f235e65e7d92930d71d4615a3cbed49b2d58b4c5e5e2b1f7365a7af27236734", kill_on_drop: false }`
[INFO] running `Command { std: "docker" "exec" "-e" "SOURCE_DIR=/opt/rustwide/workdir" "-e" "CARGO_HOME=/opt/rustwide/cargo-home" "-e" "RUSTUP_HOME=/opt/rustwide/rustup-home" "-e" "CARGO_TARGET_DIR=/opt/rustwide/target" "-w" "/opt/rustwide/workdir" "--user" "0:0" "3f235e65e7d92930d71d4615a3cbed49b2d58b4c5e5e2b1f7365a7af27236734" "/opt/rustwide/cargo-home/bin/cargo" "+1.100.0-beta.1" "metadata" "--no-deps" "--format-version=1", kill_on_drop: false }`
[INFO] running `Command { std: "docker" "inspect" "3f235e65e7d92930d71d4615a3cbed49b2d58b4c5e5e2b1f7365a7af27236734", kill_on_drop: false }`
[INFO] running `Command { std: "docker" "exec" "-e" "SOURCE_DIR=/opt/rustwide/workdir" "-e" "CARGO_HOME=/opt/rustwide/cargo-home" "-e" "RUSTUP_HOME=/opt/rustwide/rustup-home" "-e" "CARGO_TARGET_DIR=/opt/rustwide/target" "-e" "CARGO_INCREMENTAL=0" "-e" "RUST_BACKTRACE=full" "-e" "RUSTFLAGS=--cap-lints=warn" "-e" "RUSTDOCFLAGS=--cap-lints=warn" "-w" "/opt/rustwide/workdir" "--user" "0:0" "3f235e65e7d92930d71d4615a3cbed49b2d58b4c5e5e2b1f7365a7af27236734" "/opt/rustwide/cargo-home/bin/cargo" "+1.100.0-beta.1" "build" "--frozen" "--message-format=json" "--release", kill_on_drop: false }`
[INFO] [stderr]    Compiling roxmltree v0.20.0
[INFO] [stderr]    Compiling rlibupnp v0.1.1 (/opt/rustwide/workdir)
[INFO] [stdout] warning: unused variable: `src_addr`
[INFO] [stdout]   --> src/upnp/upnp.rs:27:27
[INFO] [stdout]    |
[INFO] [stdout] 27 |                 Ok((size, src_addr)) => {
[INFO] [stdout]    |                           ^^^^^^^^ help: if this is intentional, prefix it with an underscore: `_src_addr`
[INFO] [stdout]    |
[INFO] [stdout]    = note: `#[warn(unused_variables)]` (part of `#[warn(unused)]`) on by default
[INFO] [stdout] 
[INFO] [stdout] 
[INFO] [stdout] warning: unused variable: `e`
[INFO] [stdout]   --> src/upnp/upnp.rs:37:21
[INFO] [stdout]    |
[INFO] [stdout] 37 |                 Err(e) => {
[INFO] [stdout]    |                     ^ help: if this is intentional, prefix it with an underscore: `_e`
[INFO] [stdout] 
[INFO] [stdout] 
[INFO] [stderr]     Finished `release` profile [optimized] target(s) in 2.21s
[INFO] running `Command { std: "docker" "inspect" "3f235e65e7d92930d71d4615a3cbed49b2d58b4c5e5e2b1f7365a7af27236734", kill_on_drop: false }`
[INFO] running `Command { std: "docker" "exec" "-e" "SOURCE_DIR=/opt/rustwide/workdir" "-e" "CARGO_HOME=/opt/rustwide/cargo-home" "-e" "RUSTUP_HOME=/opt/rustwide/rustup-home" "-e" "CARGO_TARGET_DIR=/opt/rustwide/target" "-e" "CARGO_INCREMENTAL=0" "-e" "RUST_BACKTRACE=full" "-e" "RUSTFLAGS=--cap-lints=warn" "-e" "RUSTDOCFLAGS=--cap-lints=warn" "-w" "/opt/rustwide/workdir" "--user" "0:0" "3f235e65e7d92930d71d4615a3cbed49b2d58b4c5e5e2b1f7365a7af27236734" "/opt/rustwide/cargo-home/bin/cargo" "+1.100.0-beta.1" "test" "--frozen" "--no-run" "--message-format=json" "--release", kill_on_drop: false }`
[INFO] [stderr]    Compiling rlibupnp v0.1.1 (/opt/rustwide/workdir)
[INFO] [stdout] warning: unused variable: `src_addr`
[INFO] [stdout]   --> src/upnp/upnp.rs:27:27
[INFO] [stdout]    |
[INFO] [stdout] 27 |                 Ok((size, src_addr)) => {
[INFO] [stdout]    |                           ^^^^^^^^ help: if this is intentional, prefix it with an underscore: `_src_addr`
[INFO] [stdout]    |
[INFO] [stdout]    = note: `#[warn(unused_variables)]` (part of `#[warn(unused)]`) on by default
[INFO] [stdout] 
[INFO] [stdout] 
[INFO] [stdout] warning: unused variable: `e`
[INFO] [stdout]   --> src/upnp/upnp.rs:37:21
[INFO] [stdout]    |
[INFO] [stdout] 37 |                 Err(e) => {
[INFO] [stdout]    |                     ^ help: if this is intentional, prefix it with an underscore: `_e`
[INFO] [stdout] 
[INFO] [stdout] 
[INFO] [stdout] warning: unused variable: `src_addr`
[INFO] [stdout]   --> src/upnp/upnp.rs:27:27
[INFO] [stdout]    |
[INFO] [stdout] 27 |                 Ok((size, src_addr)) => {
[INFO] [stdout]    |                           ^^^^^^^^ help: if this is intentional, prefix it with an underscore: `_src_addr`
[INFO] [stdout]    |
[INFO] [stdout]    = note: `#[warn(unused_variables)]` (part of `#[warn(unused)]`) on by default
[INFO] [stdout] 
[INFO] [stdout] 
[INFO] [stdout] warning: unused variable: `e`
[INFO] [stdout]   --> src/upnp/upnp.rs:37:21
[INFO] [stdout]    |
[INFO] [stdout] 37 |                 Err(e) => {
[INFO] [stdout]    |                     ^ help: if this is intentional, prefix it with an underscore: `_e`
[INFO] [stdout] 
[INFO] [stdout] 
[INFO] [stderr]     Finished `release` profile [optimized] target(s) in 1.23s
[INFO] running `Command { std: "docker" "inspect" "3f235e65e7d92930d71d4615a3cbed49b2d58b4c5e5e2b1f7365a7af27236734", kill_on_drop: false }`
[INFO] running `Command { std: "docker" "exec" "-e" "SOURCE_DIR=/opt/rustwide/workdir" "-e" "CARGO_HOME=/opt/rustwide/cargo-home" "-e" "RUSTUP_HOME=/opt/rustwide/rustup-home" "-e" "CARGO_TARGET_DIR=/opt/rustwide/target" "-e" "CARGO_INCREMENTAL=0" "-e" "RUST_BACKTRACE=full" "-e" "RUSTFLAGS=--cap-lints=warn" "-e" "RUSTDOCFLAGS=--cap-lints=warn" "-w" "/opt/rustwide/workdir" "--user" "0:0" "3f235e65e7d92930d71d4615a3cbed49b2d58b4c5e5e2b1f7365a7af27236734" "/opt/rustwide/cargo-home/bin/cargo" "+1.100.0-beta.1" "test" "--frozen" "--release", kill_on_drop: false }`
[INFO] [stderr] warning: unused variable: `src_addr`
[INFO] [stderr]   --> src/upnp/upnp.rs:27:27
[INFO] [stderr]    |
[INFO] [stderr] 27 |                 Ok((size, src_addr)) => {
[INFO] [stderr]    |                           ^^^^^^^^ help: if this is intentional, prefix it with an underscore: `_src_addr`
[INFO] [stderr]    |
[INFO] [stderr]    = note: `#[warn(unused_variables)]` (part of `#[warn(unused)]`) on by default
[INFO] [stderr] 
[INFO] [stderr] warning: unused variable: `e`
[INFO] [stderr]   --> src/upnp/upnp.rs:37:21
[INFO] [stderr]    |
[INFO] [stderr] 37 |                 Err(e) => {
[INFO] [stderr]    |                     ^ help: if this is intentional, prefix it with an underscore: `_e`
[INFO] [stderr] 
[INFO] [stderr] warning: `rlibupnp` (lib) generated 2 warnings (run `cargo fix --lib -p rlibupnp` to apply 2 suggestions)
[INFO] [stderr] warning: `rlibupnp` (lib test) generated 2 warnings (2 duplicates)
[INFO] [stderr]     Finished `release` profile [optimized] target(s) in 0.01s
[INFO] [stderr]      Running unittests src/lib.rs (/opt/rustwide/target/release/build/rlibupnp/b15c18e20d5427de/out/rlibupnp-b15c18e20d5427de)
[INFO] [stdout] 
[INFO] [stdout] running 1 test
[INFO] [stdout] test tests::test ... FAILED
[INFO] [stdout] 
[INFO] [stdout] failures:
[INFO] [stdout] 
[INFO] [stderr] error: test failed, to rerun pass `--lib`
[INFO] [stdout] ---- tests::test stdout ----
[INFO] [stdout] 
[INFO] [stdout] thread 'tests::test' (167) panicked at src/lib.rs:13:64:
[INFO] [stdout] Cannot find gateway: Os { code: 99, kind: AddrNotAvailable, message: "Cannot assign requested address" }
[INFO] [stdout] stack backtrace:
[INFO] [stdout]    0:     0x62c61ac04211 - <<std[617be2ca0a6fd877]::sys::backtrace::BacktraceLock>::print::DisplayBacktrace as core[a373ad73a504971]::fmt::Display>::fmt
[INFO] [stdout]    1:     0x62c61ac18b0a - core[a373ad73a504971]::fmt::write
[INFO] [stdout]    2:     0x62c61ac0871c - <alloc[2e1b2a31b91974c5]::vec::Vec<u8> as core[a373ad73a504971]::io::write::Write>::write_fmt
[INFO] [stdout]    3:     0x62c61abdf906 - std[617be2ca0a6fd877]::panicking::default_hook::{closure#0}
[INFO] [stdout]    4:     0x62c61abfc219 - std[617be2ca0a6fd877]::panicking::default_hook
[INFO] [stdout]    5:     0x62c61ab98130 - test[aada8e7e76ba119b]::test_main_inner::{closure#0}
[INFO] [stdout]    6:     0x62c61abfc3d2 - std[617be2ca0a6fd877]::panicking::panic_with_hook
[INFO] [stdout]    7:     0x62c61abdf9b2 - std[617be2ca0a6fd877]::panicking::panic_handler::{closure#0}
[INFO] [stdout]    8:     0x62c61abd8619 - std[617be2ca0a6fd877]::sys::backtrace::__rust_end_short_backtrace::<std[617be2ca0a6fd877]::panicking::panic_handler::{closure#0}, !>
[INFO] [stdout]    9:     0x62c61abe07ad - __rustc[ea4f61d10b84890b]::rust_begin_unwind
[INFO] [stdout]   10:     0x62c61ac1923c - core[a373ad73a504971]::panicking::panic_fmt
[INFO] [stdout]   11:     0x62c61ac19012 - core[a373ad73a504971]::result::unwrap_failed
[INFO] [stdout]   12:     0x62c61ab7c546 - <rlibupnp[78f79ff812ffa863]::tests::test::{closure#0} as core[a373ad73a504971]::ops::function::FnOnce<()>>::call_once
[INFO] [stdout]   13:     0x62c61ab8b57b - test[aada8e7e76ba119b]::__rust_begin_short_backtrace::<core[a373ad73a504971]::result::Result<(), alloc[2e1b2a31b91974c5]::string::String>, fn() -> core[a373ad73a504971]::result::Result<(), alloc[2e1b2a31b91974c5]::string::String>>
[INFO] [stdout]   14:     0x62c61ab98755 - test[aada8e7e76ba119b]::run_test::{closure#0}
[INFO] [stdout]   15:     0x62c61ab92044 - std[617be2ca0a6fd877]::sys::backtrace::__rust_begin_short_backtrace::<test[aada8e7e76ba119b]::run_test::{closure#1}, ()>
[INFO] [stdout]   16:     0x62c61ab9b7e2 - <std[617be2ca0a6fd877]::thread::lifecycle::spawn_unchecked<test[aada8e7e76ba119b]::run_test::{closure#1}, ()>::{closure#1} as core[a373ad73a504971]::ops::function::FnOnce<()>>::call_once::{shim:vtable#0}
[INFO] [stdout]   17:     0x62c61ac033df - <std[617be2ca0a6fd877]::sys::thread::unix::Thread>::new::thread_start
[INFO] [stdout]   18:     0x7ce6af8b0dfa - <unknown>
[INFO] [stdout]   19:     0x7ce6af9443d4 - clone
[INFO] [stdout]   20:                0x0 - <unknown>
[INFO] [stdout] 
[INFO] [stdout] 
[INFO] [stdout] failures:
[INFO] [stdout]     tests::test
[INFO] [stdout] 
[INFO] [stdout] test result: FAILED. 0 passed; 1 failed; 0 ignored; 0 measured; 0 filtered out; finished in 0.01s
[INFO] [stdout] 
[INFO] running `Command { std: "docker" "inspect" "3f235e65e7d92930d71d4615a3cbed49b2d58b4c5e5e2b1f7365a7af27236734", kill_on_drop: false }`
[INFO] running `Command { std: "docker" "rm" "-f" "3f235e65e7d92930d71d4615a3cbed49b2d58b4c5e5e2b1f7365a7af27236734", kill_on_drop: false }`
[INFO] [stdout] 3f235e65e7d92930d71d4615a3cbed49b2d58b4c5e5e2b1f7365a7af27236734
