[INFO] fetching crate rk-expose 0.3.3...
[INFO] testing rk-expose-0.3.3 against 1.99.0-beta.8+cargoflags=--release for beta-release-1.100-2
[INFO] extracting crate rk-expose 0.3.3 into /workspace/builds/worker-3-tc1/source
[INFO] removed /workspace/builds/worker-3-tc1/source/.cargo/config.toml
[INFO] started tweaking crates.io crate rk-expose 0.3.3
[INFO] removed 0 missing tests
[INFO] finished tweaking crates.io crate rk-expose 0.3.3
[INFO] tweaked toml for crates.io crate rk-expose 0.3.3 written to /workspace/builds/worker-3-tc1/source/Cargo.toml
[INFO] validating manifest of crates.io crate rk-expose 0.3.3 on toolchain 1.99.0-beta.8
[INFO] running `Command { std: CARGO_HOME="/workspace/cargo-home" RUSTUP_HOME="/workspace/rustup-home" "/workspace/cargo-home/bin/cargo" "+1.99.0-beta.8" "metadata" "--manifest-path" "Cargo.toml" "--no-deps", kill_on_drop: false }`
[INFO] crate crates.io crate rk-expose 0.3.3 already has a lockfile, it will not be regenerated
[INFO] running `Command { std: CARGO_HOME="/workspace/cargo-home" RUSTUP_HOME="/workspace/rustup-home" "/workspace/cargo-home/bin/cargo" "+1.99.0-beta.8" "fetch" "--manifest-path" "Cargo.toml", kill_on_drop: false }`
[INFO] running `Command { std: "docker" "create" "-v" "/var/lib/crater-agent-workspace/builds/worker-3-tc1/source:/opt/rustwide/workdir:ro,Z" "-v" "/var/lib/crater-agent-workspace/builds/worker-3-tc1/target:/opt/rustwide/target:rw,Z" "-v" "/var/lib/crater-agent-workspace/cargo-home:/opt/rustwide/cargo-home:ro,Z" "-v" "/var/lib/crater-agent-workspace/rustup-home:/opt/rustwide/rustup-home:ro,Z" "-m" "1610612736" "--network" "none" "ghcr.io/rust-lang/crates-build-env/linux@sha256:77db811e55d90add9212f6832c23229e3de5f1c1f9905e8cb07319ea15df73ac" "sleep" "infinity", kill_on_drop: false }`
[INFO] [stdout] ab291407e2104701f57b1c05c10d8b6d10e1bff5a58d031ce4112093c4d41ef3
[INFO] running `Command { std: "docker" "start" "ab291407e2104701f57b1c05c10d8b6d10e1bff5a58d031ce4112093c4d41ef3", kill_on_drop: false }`
[INFO] running `Command { std: "docker" "inspect" "ab291407e2104701f57b1c05c10d8b6d10e1bff5a58d031ce4112093c4d41ef3", kill_on_drop: false }`
[INFO] running `Command { std: "docker" "exec" "-e" "SOURCE_DIR=/opt/rustwide/workdir" "-e" "CARGO_HOME=/opt/rustwide/cargo-home" "-e" "RUSTUP_HOME=/opt/rustwide/rustup-home" "-e" "CARGO_TARGET_DIR=/opt/rustwide/target" "-w" "/opt/rustwide/workdir" "--user" "0:0" "ab291407e2104701f57b1c05c10d8b6d10e1bff5a58d031ce4112093c4d41ef3" "/opt/rustwide/cargo-home/bin/cargo" "+1.99.0-beta.8" "metadata" "--no-deps" "--format-version=1", kill_on_drop: false }`
[INFO] running `Command { std: "docker" "inspect" "ab291407e2104701f57b1c05c10d8b6d10e1bff5a58d031ce4112093c4d41ef3", kill_on_drop: false }`
[INFO] running `Command { std: "docker" "exec" "-e" "SOURCE_DIR=/opt/rustwide/workdir" "-e" "CARGO_HOME=/opt/rustwide/cargo-home" "-e" "RUSTUP_HOME=/opt/rustwide/rustup-home" "-e" "CARGO_TARGET_DIR=/opt/rustwide/target" "-e" "CARGO_INCREMENTAL=0" "-e" "RUST_BACKTRACE=full" "-e" "RUSTFLAGS=--cap-lints=warn" "-e" "RUSTDOCFLAGS=--cap-lints=warn" "-w" "/opt/rustwide/workdir" "--user" "0:0" "ab291407e2104701f57b1c05c10d8b6d10e1bff5a58d031ce4112093c4d41ef3" "/opt/rustwide/cargo-home/bin/cargo" "+1.99.0-beta.8" "build" "--frozen" "--message-format=json" "--release", kill_on_drop: false }`
[INFO] [stderr]    Compiling serde_core v1.0.229
[INFO] [stderr]    Compiling typenum v1.20.1
[INFO] [stderr]    Compiling clap_lex v1.1.0
[INFO] [stderr]    Compiling anstyle v1.0.14
[INFO] [stderr]    Compiling heapless v0.8.0
[INFO] [stderr]    Compiling byteorder v1.5.0
[INFO] [stderr]    Compiling serde v1.0.229
[INFO] [stderr]    Compiling stable_deref_trait v1.2.1
[INFO] [stderr]    Compiling memchr v2.8.3
[INFO] [stderr]    Compiling zmij v1.0.23
[INFO] [stderr]    Compiling cpufeatures v0.3.0
[INFO] [stderr]    Compiling cfg-if v1.0.4
[INFO] [stderr]    Compiling libc v0.2.189
[INFO] [stderr]    Compiling itoa v1.0.18
[INFO] [stderr]    Compiling anyhow v1.0.104
[INFO] [stderr]    Compiling clap_derive v4.6.4
[INFO] [stderr]    Compiling serde_derive v1.0.229
[INFO] [stderr]    Compiling syn v2.0.119
[INFO] [stderr]    Compiling clap_builder v4.6.6
[INFO] [stderr]    Compiling hash32 v0.3.1
[INFO] [stderr]    Compiling bstr v1.13.1
[INFO] [stderr]    Compiling hybrid-array v0.4.14
[INFO] [stderr]    Compiling memmap2 v0.9.11
[INFO] [stderr]    Compiling clap v4.6.6
[INFO] [stderr]    Compiling clap_complete v4.6.9
[INFO] [stderr]    Compiling crypto-common v0.2.2
[INFO] [stderr]    Compiling block-buffer v0.12.1
[INFO] [stderr]    Compiling strum_macros v0.28.0
[INFO] [stderr]    Compiling digest v0.11.3
[INFO] [stderr]    Compiling sha2 v0.11.0
[INFO] [stderr]    Compiling serde_json v1.0.151
[INFO] [stderr]    Compiling faster-hex v0.10.0
[INFO] [stderr]    Compiling strum v0.28.0
[INFO] [stderr]    Compiling rk-expose v0.3.3 (/opt/rustwide/workdir)
[INFO] [stderr]     Finished `release` profile [optimized] target(s) in 29.86s
[INFO] running `Command { std: "docker" "inspect" "ab291407e2104701f57b1c05c10d8b6d10e1bff5a58d031ce4112093c4d41ef3", kill_on_drop: false }`
[INFO] running `Command { std: "docker" "exec" "-e" "SOURCE_DIR=/opt/rustwide/workdir" "-e" "CARGO_HOME=/opt/rustwide/cargo-home" "-e" "RUSTUP_HOME=/opt/rustwide/rustup-home" "-e" "CARGO_TARGET_DIR=/opt/rustwide/target" "-e" "CARGO_INCREMENTAL=0" "-e" "RUST_BACKTRACE=full" "-e" "RUSTFLAGS=--cap-lints=warn" "-e" "RUSTDOCFLAGS=--cap-lints=warn" "-w" "/opt/rustwide/workdir" "--user" "0:0" "ab291407e2104701f57b1c05c10d8b6d10e1bff5a58d031ce4112093c4d41ef3" "/opt/rustwide/cargo-home/bin/cargo" "+1.99.0-beta.8" "test" "--frozen" "--no-run" "--message-format=json" "--release", kill_on_drop: false }`
[INFO] [stderr]    Compiling typenum v1.20.1
[INFO] [stderr]    Compiling byteorder v1.5.0
[INFO] [stderr]    Compiling clap_lex v1.1.0
[INFO] [stderr]    Compiling anstyle v1.0.14
[INFO] [stderr]    Compiling memchr v2.8.3
[INFO] [stderr]    Compiling serde_core v1.0.229
[INFO] [stderr]    Compiling stable_deref_trait v1.2.1
[INFO] [stderr]    Compiling libc v0.2.189
[INFO] [stderr]    Compiling zmij v1.0.23
[INFO] [stderr]    Compiling itoa v1.0.18
[INFO] [stderr]    Compiling cpufeatures v0.3.0
[INFO] [stderr]    Compiling cfg-if v1.0.4
[INFO] [stderr]    Compiling strum v0.28.0
[INFO] [stderr]    Compiling anyhow v1.0.104
[INFO] [stderr]    Compiling hash32 v0.3.1
[INFO] [stderr]    Compiling clap_builder v4.6.6
[INFO] [stderr]    Compiling heapless v0.8.0
[INFO] [stderr]    Compiling bstr v1.13.1
[INFO] [stderr]    Compiling hybrid-array v0.4.14
[INFO] [stderr]    Compiling memmap2 v0.9.11
[INFO] [stderr]    Compiling block-buffer v0.12.1
[INFO] [stderr]    Compiling crypto-common v0.2.2
[INFO] [stderr]    Compiling digest v0.11.3
[INFO] [stderr]    Compiling sha2 v0.11.0
[INFO] [stderr]    Compiling clap v4.6.6
[INFO] [stderr]    Compiling clap_complete v4.6.9
[INFO] [stderr]    Compiling serde v1.0.229
[INFO] [stderr]    Compiling serde_json v1.0.151
[INFO] [stderr]    Compiling faster-hex v0.10.0
[INFO] [stderr]    Compiling rk-expose v0.3.3 (/opt/rustwide/workdir)
[INFO] [stderr]     Finished `release` profile [optimized] target(s) in 22.63s
[INFO] running `Command { std: "docker" "inspect" "ab291407e2104701f57b1c05c10d8b6d10e1bff5a58d031ce4112093c4d41ef3", kill_on_drop: false }`
[INFO] running `Command { std: "docker" "exec" "-e" "SOURCE_DIR=/opt/rustwide/workdir" "-e" "CARGO_HOME=/opt/rustwide/cargo-home" "-e" "RUSTUP_HOME=/opt/rustwide/rustup-home" "-e" "CARGO_TARGET_DIR=/opt/rustwide/target" "-e" "CARGO_INCREMENTAL=0" "-e" "RUST_BACKTRACE=full" "-e" "RUSTFLAGS=--cap-lints=warn" "-e" "RUSTDOCFLAGS=--cap-lints=warn" "-w" "/opt/rustwide/workdir" "--user" "0:0" "ab291407e2104701f57b1c05c10d8b6d10e1bff5a58d031ce4112093c4d41ef3" "/opt/rustwide/cargo-home/bin/cargo" "+1.99.0-beta.8" "test" "--frozen" "--release", kill_on_drop: false }`
[INFO] [stderr]     Finished `release` profile [optimized] target(s) in 0.07s
[INFO] [stderr]      Running unittests src/main.rs (/opt/rustwide/target/release/deps/rk_expose-a922b91464b66029)
[INFO] [stdout] 
[INFO] [stdout] running 9 tests
[INFO] [stdout] test single_getdents::tests::path_is_correct ... ok
[INFO] [stdout] test single_getdents::tests::dot_is_dir ... ok
[INFO] [stdout] test single_getdents::tests::inodes_are_nonzero ... ok
[INFO] [stdout] test single_getdents::tests::nonexistent_path_returns_error ... ok
[INFO] [stdout] test probe::tests::find_existing_procs ... ok
[INFO] [stdout] test single_getdents::tests::includes_dot_entries ... ok
[INFO] [stdout] test single_getdents::tests::lists_proc_pid_1 ... ok
[INFO] [stdout] test tests::find_existing_procs ... ok
[INFO] [stdout] test tests::find_existing_files ... ok
[INFO] [stdout] 
[INFO] [stdout] test result: ok. 9 passed; 0 failed; 0 ignored; 0 measured; 0 filtered out; finished in 0.04s
[INFO] [stdout] 
[INFO] [stderr]      Running tests/cli.rs (/opt/rustwide/target/release/deps/cli-aa2d90859fed5120)
[INFO] [stdout] 
[INFO] [stdout] running 2 tests
[INFO] [stdout] make: Entering directory '/opt/rustwide/workdir/tests/trivial-rootkit'
[INFO] [stdout] gcc -Wall -Wextra -fPIC -shared -O2 -o rootkit.so rootkit.c -ldl
[INFO] [stdout] test regular ... ok
[INFO] [stderr] /usr/bin/x86_64-linux-gnu-ld.bfd: cannot open output file rootkit.so: Read-only file system
[INFO] [stderr] collect2: error: ld returned 1 exit status
[INFO] [stderr] make: *** [Makefile:8: rootkit.so] Error 1
[INFO] [stdout] make: Leaving directory '/opt/rustwide/workdir/tests/trivial-rootkit'
[INFO] [stdout] test preload ... FAILED
[INFO] [stdout] 
[INFO] [stdout] failures:
[INFO] [stdout] 
[INFO] [stdout] ---- preload stdout ----
[INFO] [stdout] 
[INFO] [stdout] thread 'preload' (944) panicked at tests/cli.rs:44:5:
[INFO] [stdout] make failed
[INFO] [stdout] stack backtrace:
[INFO] [stdout]    0:     0x5faf29065e27 - <unknown>
[INFO] [stdout]    1:     0x5faf29050134 - <unknown>
[INFO] [stdout]    2:     0x5faf290653eb - <unknown>
[INFO] [stdout]    3:     0x5faf29064fe9 - <unknown>
[INFO] [stdout]    4:     0x5faf29064c6a - <unknown>
[INFO] [stdout]    5:     0x5faf290647a3 - <unknown>
[INFO] [stdout]    6:     0x5faf2908a922 - <unknown>
[INFO] [stdout]    7:     0x5faf2908a8a9 - <unknown>
[INFO] [stdout]    8:     0x5faf2908adac - <unknown>
[INFO] [stdout]    9:     0x5faf2904ffcb - <unknown>
[INFO] [stdout]   10:     0x5faf2904e754 - <unknown>
[INFO] [stdout]   11:     0x5faf290a101b - <unknown>
[INFO] [stdout]   12:     0x5faf2909d502 - <unknown>
[INFO] [stdout]   13:     0x5faf2909cd2c - <unknown>
[INFO] [stdout]   14:     0x5faf290b76fc - <unknown>
[INFO] [stdout]   15:     0x5faf2908c0aa - <unknown>
[INFO] [stdout]   16:     0x710e90772dfa - <unknown>
[INFO] [stdout]   17:     0x710e908063d4 - clone
[INFO] [stdout]   18:                0x0 - <unknown>
[INFO] [stdout] 
[INFO] [stdout] 
[INFO] [stdout] failures:
[INFO] [stdout]     preload
[INFO] [stdout] 
[INFO] [stdout] test result: FAILED. 1 passed; 1 failed; 0 ignored; 0 measured; 0 filtered out; finished in 0.21s
[INFO] [stdout] 
[INFO] [stderr] error: test failed, to rerun pass `--test cli`
[INFO] running `Command { std: "docker" "inspect" "ab291407e2104701f57b1c05c10d8b6d10e1bff5a58d031ce4112093c4d41ef3", kill_on_drop: false }`
[INFO] running `Command { std: "docker" "rm" "-f" "ab291407e2104701f57b1c05c10d8b6d10e1bff5a58d031ce4112093c4d41ef3", kill_on_drop: false }`
[INFO] [stdout] ab291407e2104701f57b1c05c10d8b6d10e1bff5a58d031ce4112093c4d41ef3
